Oct 20 03:56:44.588643 dv-neutron-861124-3-hyperv devstack@placement-api.service[105711]: INFO placement.requestlog [req-7c489fef-12bc-4d4c-ad5b-ed151c2ddda3 req-53f20cf9-3561-49f1-8d63-828711bab1b3 service placement] 10.222.0.16 "GET /placement/resource_providers/443eb79c-4c31-41a9-86a5-de2126e6dde1/allocations" status: 200 len: 55 microversion: 1.0
Oct 20 03:56:44.589015 dv-neutron-861124-3-hyperv devstack@placement-api.service[105711]: [pid: 105711|app: 0|req: 460/925] 10.222.0.16 () {58 vars in 1390 bytes} [Thu Oct 20 03:56:44 2022] GET /placement/resource_providers/443eb79c-4c31-41a9-86a5-de2126e6dde1/allocations => generated 55 bytes in 21 msecs (HTTP/1.1 200) 6 headers in 223 bytes (1 switches on core 0)
Oct 20 03:56:51.065989 dv-neutron-861124-3-hyperv devstack@placement-api.service[105712]: DEBUG placement.requestlog [req-5240e992-1e3c-4b88-b049-0828bb27ae1e req-d7347313-5d8c-4d13-a87a-338420e90e3c None None] Starting request: 10.222.0.15 "GET /placement/allocation_candidates?limit=1000&resources=DISK_GB%3A1%2CMEMORY_MB%3A1024%2CVCPU%3A1&root_required=%21COMPUTE_STATUS_DISABLED" {{(pid=105712) __call__ /opt/stack/placement/placement/requestlog.py:55}}
Oct 20 03:56:51.217827 dv-neutron-861124-3-hyperv devstack@placement-api.service[105712]: DEBUG placement.objects.research_context [req-5240e992-1e3c-4b88-b049-0828bb27ae1e req-d7347313-5d8c-4d13-a87a-338420e90e3c service placement] getting providers with 1 DISK_GB {{(pid=105712) __init__ /opt/stack/placement/placement/objects/research_context.py:136}}
Oct 20 03:56:51.222584 dv-neutron-861124-3-hyperv devstack@placement-api.service[105712]: DEBUG placement.objects.research_context [req-5240e992-1e3c-4b88-b049-0828bb27ae1e req-d7347313-5d8c-4d13-a87a-338420e90e3c service placement] getting providers with 1024 MEMORY_MB {{(pid=105712) __init__ /opt/stack/placement/placement/objects/research_context.py:136}}
Oct 20 03:56:51.227526 dv-neutron-861124-3-hyperv devstack@placement-api.service[105712]: DEBUG placement.objects.research_context [req-5240e992-1e3c-4b88-b049-0828bb27ae1e req-d7347313-5d8c-4d13-a87a-338420e90e3c service placement] getting providers with 1 VCPU {{(pid=105712) __init__ /opt/stack/placement/placement/objects/research_context.py:136}}
Oct 20 03:56:51.232850 dv-neutron-861124-3-hyperv devstack@placement-api.service[105712]: DEBUG placement.objects.research_context [req-5240e992-1e3c-4b88-b049-0828bb27ae1e req-d7347313-5d8c-4d13-a87a-338420e90e3c service placement] found 1 providers with available 1 DISK_GB {{(pid=105712) get_provider_ids_matching /opt/stack/placement/placement/objects/research_context.py:563}}
Oct 20 03:56:51.233115 dv-neutron-861124-3-hyperv devstack@placement-api.service[105712]: DEBUG placement.objects.research_context [req-5240e992-1e3c-4b88-b049-0828bb27ae1e req-d7347313-5d8c-4d13-a87a-338420e90e3c service placement] found 1 providers with available 1024 MEMORY_MB {{(pid=105712) get_provider_ids_matching /opt/stack/placement/placement/objects/research_context.py:563}}
Oct 20 03:56:51.233374 dv-neutron-861124-3-hyperv devstack@placement-api.service[105712]: DEBUG placement.objects.research_context [req-5240e992-1e3c-4b88-b049-0828bb27ae1e req-d7347313-5d8c-4d13-a87a-338420e90e3c service placement] found 1 providers after filtering by previous result {{(pid=105712) get_provider_ids_matching /opt/stack/placement/placement/objects/research_context.py:594}}
Oct 20 03:56:51.233622 dv-neutron-861124-3-hyperv devstack@placement-api.service[105712]: DEBUG placement.objects.research_context [req-5240e992-1e3c-4b88-b049-0828bb27ae1e req-d7347313-5d8c-4d13-a87a-338420e90e3c service placement] found 1 providers with available 1 VCPU {{(pid=105712) get_provider_ids_matching /opt/stack/placement/placement/objects/research_context.py:563}}
Oct 20 03:56:51.233876 dv-neutron-861124-3-hyperv devstack@placement-api.service[105712]: DEBUG placement.objects.research_context [req-5240e992-1e3c-4b88-b049-0828bb27ae1e req-d7347313-5d8c-4d13-a87a-338420e90e3c service placement] found 1 providers after filtering by previous result {{(pid=105712) get_provider_ids_matching /opt/stack/placement/placement/objects/research_context.py:594}}
Oct 20 03:56:51.243580 dv-neutron-861124-3-hyperv devstack@placement-api.service[105712]: DEBUG placement.objects.allocation_candidate [req-5240e992-1e3c-4b88-b049-0828bb27ae1e req-d7347313-5d8c-4d13-a87a-338420e90e3c service placement] RequestGroup(use_same_provider=False, resources={DISK_GB:1, MEMORY_MB:1024, VCPU:1}, traits=(), aggregates=[]) (suffix '') returned 1 matches {{(pid=105712) _get_by_requests /opt/stack/placement/placement/objects/allocation_candidate.py:156}}
Oct 20 03:56:51.243916 dv-neutron-861124-3-hyperv devstack@placement-api.service[105712]: DEBUG placement.objects.allocation_candidate [req-5240e992-1e3c-4b88-b049-0828bb27ae1e req-d7347313-5d8c-4d13-a87a-338420e90e3c service placement] Merging candidates yields 1 allocation requests and 1 provider summaries {{(pid=105712) _merge_candidates /opt/stack/placement/placement/objects/allocation_candidate.py:809}}
Oct 20 03:56:51.245371 dv-neutron-861124-3-hyperv devstack@placement-api.service[105712]: INFO placement.requestlog [req-5240e992-1e3c-4b88-b049-0828bb27ae1e req-d7347313-5d8c-4d13-a87a-338420e90e3c service placement] 10.222.0.15 "GET /placement/allocation_candidates?limit=1000&resources=DISK_GB%3A1%2CMEMORY_MB%3A1024%2CVCPU%3A1&root_required=%21COMPUTE_STATUS_DISABLED" status: 200 len: 764 microversion: 1.36
Oct 20 03:56:51.245721 dv-neutron-861124-3-hyperv devstack@placement-api.service[105712]: [pid: 105712|app: 0|req: 466/926] 10.222.0.15 () {60 vars in 1506 bytes} [Thu Oct 20 03:56:51 2022] GET /placement/allocation_candidates?limit=1000&resources=DISK_GB%3A1%2CMEMORY_MB%3A1024%2CVCPU%3A1&root_required=%21COMPUTE_STATUS_DISABLED => generated 764 bytes in 180 msecs (HTTP/1.1 200) 8 headers in 296 bytes (1 switches on core 0)
Oct 20 03:56:52.294965 dv-neutron-861124-3-hyperv devstack@placement-api.service[105711]: DEBUG placement.requestlog [req-5240e992-1e3c-4b88-b049-0828bb27ae1e req-8a6270da-0957-49b7-bd6e-a36fb3d35fed None None] Starting request: 10.222.0.15 "GET /placement/allocations/9965b412-9885-4da0-bcc8-8969d7ca1e1e" {{(pid=105711) __call__ /opt/stack/placement/placement/requestlog.py:55}}
Oct 20 03:56:52.305443 dv-neutron-861124-3-hyperv devstack@placement-api.service[105711]: INFO placement.requestlog [req-5240e992-1e3c-4b88-b049-0828bb27ae1e req-8a6270da-0957-49b7-bd6e-a36fb3d35fed service placement] 10.222.0.15 "GET /placement/allocations/9965b412-9885-4da0-bcc8-8969d7ca1e1e" status: 200 len: 19 microversion: 1.28
Oct 20 03:56:52.305770 dv-neutron-861124-3-hyperv devstack@placement-api.service[105711]: [pid: 105711|app: 0|req: 461/927] 10.222.0.15 () {60 vars in 1380 bytes} [Thu Oct 20 03:56:52 2022] GET /placement/allocations/9965b412-9885-4da0-bcc8-8969d7ca1e1e => generated 19 bytes in 11 msecs (HTTP/1.1 200) 8 headers in 295 bytes (1 switches on core 0)
Oct 20 03:56:52.311302 dv-neutron-861124-3-hyperv devstack@placement-api.service[105712]: DEBUG placement.requestlog [req-5240e992-1e3c-4b88-b049-0828bb27ae1e req-80568b34-ccc1-44bc-bea8-a8f35cd1b8f9 None None] Starting request: 10.222.0.15 "PUT /placement/allocations/9965b412-9885-4da0-bcc8-8969d7ca1e1e" {{(pid=105712) __call__ /opt/stack/placement/placement/requestlog.py:55}}
Oct 20 03:56:52.373119 dv-neutron-861124-3-hyperv devstack@placement-api.service[105712]: DEBUG placement.handlers.allocation [req-5240e992-1e3c-4b88-b049-0828bb27ae1e req-80568b34-ccc1-44bc-bea8-a8f35cd1b8f9 service placement] Successfully wrote allocations [, , ] {{(pid=105712) _update_consumers_and_create_allocations /opt/stack/placement/placement/handlers/allocation.py:462}}
Oct 20 03:56:52.376501 dv-neutron-861124-3-hyperv devstack@placement-api.service[105712]: INFO placement.requestlog [req-5240e992-1e3c-4b88-b049-0828bb27ae1e req-80568b34-ccc1-44bc-bea8-a8f35cd1b8f9 service placement] 10.222.0.15 "PUT /placement/allocations/9965b412-9885-4da0-bcc8-8969d7ca1e1e" status: 204 len: 0 microversion: 1.36
Oct 20 03:56:52.376859 dv-neutron-861124-3-hyperv devstack@placement-api.service[105712]: [pid: 105712|app: 0|req: 467/928] 10.222.0.15 () {64 vars in 1433 bytes} [Thu Oct 20 03:56:52 2022] PUT /placement/allocations/9965b412-9885-4da0-bcc8-8969d7ca1e1e => generated 0 bytes in 66 msecs (HTTP/1.1 204) 5 headers in 199 bytes (2 switches on core 0)
Oct 20 03:56:54.655960 dv-neutron-861124-3-hyperv devstack@placement-api.service[105711]: DEBUG placement.requestlog [req-5240e992-1e3c-4b88-b049-0828bb27ae1e req-eda1ca9b-561f-4eda-a432-bb5a546e1758 None None] Starting request: 10.222.0.16 "GET /placement/allocations/9965b412-9885-4da0-bcc8-8969d7ca1e1e" {{(pid=105711) __call__ /opt/stack/placement/placement/requestlog.py:55}}
Oct 20 03:56:54.672080 dv-neutron-861124-3-hyperv devstack@placement-api.service[105711]: INFO placement.requestlog [req-5240e992-1e3c-4b88-b049-0828bb27ae1e req-eda1ca9b-561f-4eda-a432-bb5a546e1758 service placement] 10.222.0.16 "GET /placement/allocations/9965b412-9885-4da0-bcc8-8969d7ca1e1e" status: 200 len: 259 microversion: 1.28
Oct 20 03:56:54.672439 dv-neutron-861124-3-hyperv devstack@placement-api.service[105711]: [pid: 105711|app: 0|req: 462/929] 10.222.0.16 () {60 vars in 1377 bytes} [Thu Oct 20 03:56:54 2022] GET /placement/allocations/9965b412-9885-4da0-bcc8-8969d7ca1e1e => generated 259 bytes in 17 msecs (HTTP/1.1 200) 8 headers in 296 bytes (1 switches on core 0)
Oct 20 03:56:54.787693 dv-neutron-861124-3-hyperv devstack@placement-api.service[105712]: DEBUG placement.requestlog [req-5240e992-1e3c-4b88-b049-0828bb27ae1e req-1dc8eb85-318c-4fb8-a7e0-18b1e9716ea0 None None] Starting request: 10.222.0.16 "GET /placement/resource_providers/443eb79c-4c31-41a9-86a5-de2126e6dde1/allocations" {{(pid=105712) __call__ /opt/stack/placement/placement/requestlog.py:55}}
Oct 20 03:56:54.807102 dv-neutron-861124-3-hyperv devstack@placement-api.service[105712]: INFO placement.requestlog [req-5240e992-1e3c-4b88-b049-0828bb27ae1e req-1dc8eb85-318c-4fb8-a7e0-18b1e9716ea0 service placement] 10.222.0.16 "GET /placement/resource_providers/443eb79c-4c31-41a9-86a5-de2126e6dde1/allocations" status: 200 len: 154 microversion: 1.0
Oct 20 03:56:54.807439 dv-neutron-861124-3-hyperv devstack@placement-api.service[105712]: [pid: 105712|app: 0|req: 468/930] 10.222.0.16 () {58 vars in 1390 bytes} [Thu Oct 20 03:56:54 2022] GET /placement/resource_providers/443eb79c-4c31-41a9-86a5-de2126e6dde1/allocations => generated 154 bytes in 20 msecs (HTTP/1.1 200) 6 headers in 224 bytes (1 switches on core 0)
Oct 20 03:56:54.813713 dv-neutron-861124-3-hyperv devstack@placement-api.service[105711]: DEBUG placement.requestlog [req-5240e992-1e3c-4b88-b049-0828bb27ae1e req-a4ed3d75-e7bd-45f5-bb68-a425de23e76d None None] Starting request: 10.222.0.16 "GET /placement/allocations/9965b412-9885-4da0-bcc8-8969d7ca1e1e" {{(pid=105711) __call__ /opt/stack/placement/placement/requestlog.py:55}}
Oct 20 03:56:54.828473 dv-neutron-861124-3-hyperv devstack@placement-api.service[105711]: INFO placement.requestlog [req-5240e992-1e3c-4b88-b049-0828bb27ae1e req-a4ed3d75-e7bd-45f5-bb68-a425de23e76d service placement] 10.222.0.16 "GET /placement/allocations/9965b412-9885-4da0-bcc8-8969d7ca1e1e" status: 200 len: 259 microversion: 1.28
Oct 20 03:56:54.828814 dv-neutron-861124-3-hyperv devstack@placement-api.service[105711]: [pid: 105711|app: 0|req: 463/931] 10.222.0.16 () {60 vars in 1377 bytes} [Thu Oct 20 03:56:54 2022] GET /placement/allocations/9965b412-9885-4da0-bcc8-8969d7ca1e1e => generated 259 bytes in 15 msecs (HTTP/1.1 200) 8 headers in 296 bytes (1 switches on core 0)
Oct 20 03:57:04.804999 dv-neutron-861124-3-hyperv devstack@placement-api.service[105712]: DEBUG dbcounter [-] [105712] Writing DB stats placement:SELECT=39,placement:INSERT=4,placement:DELETE=2,placement:UPDATE=2 {{(pid=105712) stat_writer /usr/local/lib/python3.8/dist-packages/dbcounter.py:114}}
Oct 20 03:57:04.826377 dv-neutron-861124-3-hyperv devstack@placement-api.service[105711]: DEBUG dbcounter [-] [105711] Writing DB stats placement:SELECT=27,placement:DELETE=2 {{(pid=105711) stat_writer /usr/local/lib/python3.8/dist-packages/dbcounter.py:114}}
Oct 20 03:57:45.504084 dv-neutron-861124-3-hyperv devstack@placement-api.service[105712]: DEBUG placement.requestlog [req-739badf6-7a8d-44c5-a7da-502f1b682ccf req-cd959c8b-f302-467a-8038-5868e1dc925b None None] Starting request: 10.222.0.16 "GET /placement/resource_providers/443eb79c-4c31-41a9-86a5-de2126e6dde1/allocations" {{(pid=105712) __call__ /opt/stack/placement/placement/requestlog.py:55}}
Oct 20 03:57:45.570155 dv-neutron-861124-3-hyperv devstack@placement-api.service[105712]: INFO placement.requestlog [req-739badf6-7a8d-44c5-a7da-502f1b682ccf req-cd959c8b-f302-467a-8038-5868e1dc925b service placement] 10.222.0.16 "GET /placement/resource_providers/443eb79c-4c31-41a9-86a5-de2126e6dde1/allocations" status: 200 len: 154 microversion: 1.0
Oct 20 03:57:45.570508 dv-neutron-861124-3-hyperv devstack@placement-api.service[105712]: [pid: 105712|app: 0|req: 469/932] 10.222.0.16 () {58 vars in 1390 bytes} [Thu Oct 20 03:57:45 2022] GET /placement/resource_providers/443eb79c-4c31-41a9-86a5-de2126e6dde1/allocations => generated 154 bytes in 67 msecs (HTTP/1.1 200) 6 headers in 224 bytes (1 switches on core 0)
Oct 20 03:57:45.646473 dv-neutron-861124-3-hyperv devstack@placement-api.service[105711]: DEBUG placement.requestlog [req-739badf6-7a8d-44c5-a7da-502f1b682ccf req-271dc249-1f04-4efd-b9fb-fb4609a11df6 None None] Starting request: 10.222.0.16 "GET /placement/resource_providers?in_tree=443eb79c-4c31-41a9-86a5-de2126e6dde1" {{(pid=105711) __call__ /opt/stack/placement/placement/requestlog.py:55}}
Oct 20 03:57:45.668706 dv-neutron-861124-3-hyperv devstack@placement-api.service[105711]: INFO placement.requestlog [req-739badf6-7a8d-44c5-a7da-502f1b682ccf req-271dc249-1f04-4efd-b9fb-fb4609a11df6 service placement] 10.222.0.16 "GET /placement/resource_providers?in_tree=443eb79c-4c31-41a9-86a5-de2126e6dde1" status: 200 len: 865 microversion: 1.14
Oct 20 03:57:45.669066 dv-neutron-861124-3-hyperv devstack@placement-api.service[105711]: [pid: 105711|app: 0|req: 464/933] 10.222.0.16 () {60 vars in 1376 bytes} [Thu Oct 20 03:57:45 2022] GET /placement/resource_providers?in_tree=443eb79c-4c31-41a9-86a5-de2126e6dde1 => generated 865 bytes in 23 msecs (HTTP/1.1 200) 6 headers in 225 bytes (1 switches on core 0)
Oct 20 03:57:45.676541 dv-neutron-861124-3-hyperv devstack@placement-api.service[105712]: DEBUG placement.requestlog [req-739badf6-7a8d-44c5-a7da-502f1b682ccf req-0943b2cb-6177-4a32-80e8-3847b1c03f4e None None] Starting request: 10.222.0.16 "GET /placement/resource_providers/443eb79c-4c31-41a9-86a5-de2126e6dde1/inventories" {{(pid=105712) __call__ /opt/stack/placement/placement/requestlog.py:55}}
Oct 20 03:57:45.694515 dv-neutron-861124-3-hyperv devstack@placement-api.service[105712]: INFO placement.requestlog [req-739badf6-7a8d-44c5-a7da-502f1b682ccf req-0943b2cb-6177-4a32-80e8-3847b1c03f4e service placement] 10.222.0.16 "GET /placement/resource_providers/443eb79c-4c31-41a9-86a5-de2126e6dde1/inventories" status: 200 len: 397 microversion: 1.0
Oct 20 03:57:45.694946 dv-neutron-861124-3-hyperv devstack@placement-api.service[105712]: [pid: 105712|app: 0|req: 470/934] 10.222.0.16 () {58 vars in 1390 bytes} [Thu Oct 20 03:57:45 2022] GET /placement/resource_providers/443eb79c-4c31-41a9-86a5-de2126e6dde1/inventories => generated 397 bytes in 19 msecs (HTTP/1.1 200) 6 headers in 224 bytes (1 switches on core 0)
Oct 20 03:57:45.703832 dv-neutron-861124-3-hyperv devstack@placement-api.service[105711]: DEBUG placement.requestlog [req-739badf6-7a8d-44c5-a7da-502f1b682ccf req-fc32e7ce-8053-478a-88e5-4fc725f61a4b None None] Starting request: 10.222.0.16 "GET /placement/resource_providers/443eb79c-4c31-41a9-86a5-de2126e6dde1/aggregates" {{(pid=105711) __call__ /opt/stack/placement/placement/requestlog.py:55}}
Oct 20 03:57:45.716643 dv-neutron-861124-3-hyperv devstack@placement-api.service[105711]: INFO placement.requestlog [req-739badf6-7a8d-44c5-a7da-502f1b682ccf req-fc32e7ce-8053-478a-88e5-4fc725f61a4b service placement] 10.222.0.16 "GET /placement/resource_providers/443eb79c-4c31-41a9-86a5-de2126e6dde1/aggregates" status: 200 len: 54 microversion: 1.19
Oct 20 03:57:45.716994 dv-neutron-861124-3-hyperv devstack@placement-api.service[105711]: [pid: 105711|app: 0|req: 465/935] 10.222.0.16 () {60 vars in 1431 bytes} [Thu Oct 20 03:57:45 2022] GET /placement/resource_providers/443eb79c-4c31-41a9-86a5-de2126e6dde1/aggregates => generated 54 bytes in 13 msecs (HTTP/1.1 200) 8 headers in 295 bytes (1 switches on core 0)
Oct 20 03:57:45.740017 dv-neutron-861124-3-hyperv devstack@placement-api.service[105712]: DEBUG placement.requestlog [req-739badf6-7a8d-44c5-a7da-502f1b682ccf req-6900db3f-2be8-4d76-a68d-d50d238cad3e None None] Starting request: 10.222.0.16 "GET /placement/resource_providers/443eb79c-4c31-41a9-86a5-de2126e6dde1/traits" {{(pid=105712) __call__ /opt/stack/placement/placement/requestlog.py:55}}
Oct 20 03:57:45.767354 dv-neutron-861124-3-hyperv devstack@placement-api.service[105712]: INFO placement.requestlog [req-739badf6-7a8d-44c5-a7da-502f1b682ccf req-6900db3f-2be8-4d76-a68d-d50d238cad3e service placement] 10.222.0.16 "GET /placement/resource_providers/443eb79c-4c31-41a9-86a5-de2126e6dde1/traits" status: 200 len: 300 microversion: 1.6
Oct 20 03:57:45.767605 dv-neutron-861124-3-hyperv devstack@placement-api.service[105712]: [pid: 105712|app: 0|req: 471/936] 10.222.0.16 () {60 vars in 1418 bytes} [Thu Oct 20 03:57:45 2022] GET /placement/resource_providers/443eb79c-4c31-41a9-86a5-de2126e6dde1/traits => generated 300 bytes in 29 msecs (HTTP/1.1 200) 6 headers in 224 bytes (1 switches on core 0)
Oct 20 03:57:45.814526 dv-neutron-861124-3-hyperv devstack@placement-api.service[105711]: DEBUG placement.requestlog [req-739badf6-7a8d-44c5-a7da-502f1b682ccf req-d5da85b2-e966-40e3-b5f2-626c6c7d3a7d None None] Starting request: 10.222.0.16 "GET /placement/resource_providers/443eb79c-4c31-41a9-86a5-de2126e6dde1/allocations" {{(pid=105711) __call__ /opt/stack/placement/placement/requestlog.py:55}}
Oct 20 03:57:45.833758 dv-neutron-861124-3-hyperv devstack@placement-api.service[105711]: INFO placement.requestlog [req-739badf6-7a8d-44c5-a7da-502f1b682ccf req-d5da85b2-e966-40e3-b5f2-626c6c7d3a7d service placement] 10.222.0.16 "GET /placement/resource_providers/443eb79c-4c31-41a9-86a5-de2126e6dde1/allocations" status: 200 len: 154 microversion: 1.0
Oct 20 03:57:45.834073 dv-neutron-861124-3-hyperv devstack@placement-api.service[105711]: [pid: 105711|app: 0|req: 466/937] 10.222.0.16 () {58 vars in 1390 bytes} [Thu Oct 20 03:57:45 2022] GET /placement/resource_providers/443eb79c-4c31-41a9-86a5-de2126e6dde1/allocations => generated 154 bytes in 20 msecs (HTTP/1.1 200) 6 headers in 224 bytes (1 switches on core 0)
Oct 20 03:57:45.841219 dv-neutron-861124-3-hyperv devstack@placement-api.service[105712]: DEBUG placement.requestlog [req-739badf6-7a8d-44c5-a7da-502f1b682ccf req-cdff2f57-de05-4f69-b820-480c235bf6d1 None None] Starting request: 10.222.0.16 "GET /placement/allocations/9965b412-9885-4da0-bcc8-8969d7ca1e1e" {{(pid=105712) __call__ /opt/stack/placement/placement/requestlog.py:55}}
Oct 20 03:57:45.856023 dv-neutron-861124-3-hyperv devstack@placement-api.service[105712]: INFO placement.requestlog [req-739badf6-7a8d-44c5-a7da-502f1b682ccf req-cdff2f57-de05-4f69-b820-480c235bf6d1 service placement] 10.222.0.16 "GET /placement/allocations/9965b412-9885-4da0-bcc8-8969d7ca1e1e" status: 200 len: 259 microversion: 1.28
Oct 20 03:57:45.856370 dv-neutron-861124-3-hyperv devstack@placement-api.service[105712]: [pid: 105712|app: 0|req: 472/938] 10.222.0.16 () {60 vars in 1377 bytes} [Thu Oct 20 03:57:45 2022] GET /placement/allocations/9965b412-9885-4da0-bcc8-8969d7ca1e1e => generated 259 bytes in 15 msecs (HTTP/1.1 200) 8 headers in 296 bytes (1 switches on core 0)
Oct 20 03:57:55.831686 dv-neutron-861124-3-hyperv devstack@placement-api.service[105711]: DEBUG dbcounter [-] [105711] Writing DB stats placement:SELECT=13 {{(pid=105711) stat_writer /usr/local/lib/python3.8/dist-packages/dbcounter.py:114}}
Oct 20 03:57:55.853893 dv-neutron-861124-3-hyperv devstack@placement-api.service[105712]: DEBUG dbcounter [-] [105712] Writing DB stats placement:SELECT=21 {{(pid=105712) stat_writer /usr/local/lib/python3.8/dist-packages/dbcounter.py:114}}
Oct 20 03:58:46.571912 dv-neutron-861124-3-hyperv devstack@placement-api.service[105711]: DEBUG placement.requestlog [req-003df02c-9222-4ae7-94c6-0c82b8511d86 req-ab95400a-30ae-4a80-acc1-ef6b655ab3ef None None] Starting request: 10.222.0.16 "GET /placement/resource_providers/443eb79c-4c31-41a9-86a5-de2126e6dde1/allocations" {{(pid=105711) __call__ /opt/stack/placement/placement/requestlog.py:55}}
Oct 20 03:58:46.591325 dv-neutron-861124-3-hyperv devstack@placement-api.service[105711]: INFO placement.requestlog [req-003df02c-9222-4ae7-94c6-0c82b8511d86 req-ab95400a-30ae-4a80-acc1-ef6b655ab3ef service placement] 10.222.0.16 "GET /placement/resource_providers/443eb79c-4c31-41a9-86a5-de2126e6dde1/allocations" status: 200 len: 154 microversion: 1.0
Oct 20 03:58:46.591651 dv-neutron-861124-3-hyperv devstack@placement-api.service[105711]: [pid: 105711|app: 0|req: 467/939] 10.222.0.16 () {58 vars in 1390 bytes} [Thu Oct 20 03:58:46 2022] GET /placement/resource_providers/443eb79c-4c31-41a9-86a5-de2126e6dde1/allocations => generated 154 bytes in 20 msecs (HTTP/1.1 200) 6 headers in 224 bytes (1 switches on core 0)
Oct 20 03:58:46.598220 dv-neutron-861124-3-hyperv devstack@placement-api.service[105712]: DEBUG placement.requestlog [req-003df02c-9222-4ae7-94c6-0c82b8511d86 req-13d8d65c-31c0-43f9-9a05-b9ca9f150691 None None] Starting request: 10.222.0.16 "GET /placement/allocations/9965b412-9885-4da0-bcc8-8969d7ca1e1e" {{(pid=105712) __call__ /opt/stack/placement/placement/requestlog.py:55}}
Oct 20 03:58:46.613917 dv-neutron-861124-3-hyperv devstack@placement-api.service[105712]: INFO placement.requestlog [req-003df02c-9222-4ae7-94c6-0c82b8511d86 req-13d8d65c-31c0-43f9-9a05-b9ca9f150691 service placement] 10.222.0.16 "GET /placement/allocations/9965b412-9885-4da0-bcc8-8969d7ca1e1e" status: 200 len: 259 microversion: 1.28
Oct 20 03:58:46.614864 dv-neutron-861124-3-hyperv devstack@placement-api.service[105712]: [pid: 105712|app: 0|req: 473/940] 10.222.0.16 () {60 vars in 1377 bytes} [Thu Oct 20 03:58:46 2022] GET /placement/allocations/9965b412-9885-4da0-bcc8-8969d7ca1e1e => generated 259 bytes in 17 msecs (HTTP/1.1 200) 8 headers in 296 bytes (1 switches on core 0)
Oct 20 03:58:46.852432 dv-neutron-861124-3-hyperv devstack@placement-api.service[105711]: DEBUG placement.requestlog [req-003df02c-9222-4ae7-94c6-0c82b8511d86 req-99be0b2b-21c5-46bd-a986-73bdaea6eb08 None None] Starting request: 10.222.0.16 "DELETE /placement/allocations/9965b412-9885-4da0-bcc8-8969d7ca1e1e" {{(pid=105711) __call__ /opt/stack/placement/placement/requestlog.py:55}}
Oct 20 03:58:46.881573 dv-neutron-861124-3-hyperv devstack@placement-api.service[105711]: DEBUG placement.handlers.allocation [req-003df02c-9222-4ae7-94c6-0c82b8511d86 req-99be0b2b-21c5-46bd-a986-73bdaea6eb08 service placement] Successfully deleted allocations [, , ] {{(pid=105711) delete_allocations /opt/stack/placement/placement/handlers/allocation.py:627}}
Oct 20 03:58:46.882062 dv-neutron-861124-3-hyperv devstack@placement-api.service[105711]: INFO placement.requestlog [req-003df02c-9222-4ae7-94c6-0c82b8511d86 req-99be0b2b-21c5-46bd-a986-73bdaea6eb08 service placement] 10.222.0.16 "DELETE /placement/allocations/9965b412-9885-4da0-bcc8-8969d7ca1e1e" status: 204 len: 0 microversion: 1.0
Oct 20 03:58:46.882464 dv-neutron-861124-3-hyperv devstack@placement-api.service[105711]: [pid: 105711|app: 0|req: 468/941] 10.222.0.16 () {60 vars in 1355 bytes} [Thu Oct 20 03:58:46 2022] DELETE /placement/allocations/9965b412-9885-4da0-bcc8-8969d7ca1e1e => generated 0 bytes in 30 msecs (HTTP/1.1 204) 5 headers in 198 bytes (1 switches on core 0)
Oct 20 03:58:47.460928 dv-neutron-861124-3-hyperv devstack@placement-api.service[105712]: DEBUG placement.requestlog [req-4cdd70c5-41af-4ecf-ac25-216b86b64a37 req-8ce8253b-ff07-469d-9ec1-cb10d116deb5 None None] Starting request: 10.222.0.16 "GET /placement/resource_providers/443eb79c-4c31-41a9-86a5-de2126e6dde1/allocations" {{(pid=105712) __call__ /opt/stack/placement/placement/requestlog.py:55}}
Oct 20 03:58:47.476548 dv-neutron-861124-3-hyperv devstack@placement-api.service[105712]: INFO placement.requestlog [req-4cdd70c5-41af-4ecf-ac25-216b86b64a37 req-8ce8253b-ff07-469d-9ec1-cb10d116deb5 service placement] 10.222.0.16 "GET /placement/resource_providers/443eb79c-4c31-41a9-86a5-de2126e6dde1/allocations" status: 200 len: 55 microversion: 1.0
Oct 20 03:58:47.476819 dv-neutron-861124-3-hyperv devstack@placement-api.service[105712]: [pid: 105712|app: 0|req: 474/942] 10.222.0.16 () {58 vars in 1390 bytes} [Thu Oct 20 03:58:47 2022] GET /placement/resource_providers/443eb79c-4c31-41a9-86a5-de2126e6dde1/allocations => generated 55 bytes in 16 msecs (HTTP/1.1 200) 6 headers in 223 bytes (1 switches on core 0)
Oct 20 03:58:47.509282 dv-neutron-861124-3-hyperv devstack@placement-api.service[105711]: DEBUG placement.requestlog [req-4cdd70c5-41af-4ecf-ac25-216b86b64a37 req-42b307c3-8429-48e5-adb4-95758a32b84a None None] Starting request: 10.222.0.16 "GET /placement/resource_providers/443eb79c-4c31-41a9-86a5-de2126e6dde1/allocations" {{(pid=105711) __call__ /opt/stack/placement/placement/requestlog.py:55}}
Oct 20 03:58:47.524557 dv-neutron-861124-3-hyperv devstack@placement-api.service[105711]: INFO placement.requestlog [req-4cdd70c5-41af-4ecf-ac25-216b86b64a37 req-42b307c3-8429-48e5-adb4-95758a32b84a service placement] 10.222.0.16 "GET /placement/resource_providers/443eb79c-4c31-41a9-86a5-de2126e6dde1/allocations" status: 200 len: 55 microversion: 1.0
Oct 20 03:58:47.524880 dv-neutron-861124-3-hyperv devstack@placement-api.service[105711]: [pid: 105711|app: 0|req: 469/943] 10.222.0.16 () {58 vars in 1390 bytes} [Thu Oct 20 03:58:47 2022] GET /placement/resource_providers/443eb79c-4c31-41a9-86a5-de2126e6dde1/allocations => generated 55 bytes in 16 msecs (HTTP/1.1 200) 6 headers in 223 bytes (1 switches on core 0)
Oct 20 03:58:51.246692 dv-neutron-861124-3-hyperv devstack@placement-api.service[105712]: DEBUG placement.requestlog [None req-73837b94-6230-49bc-bf83-5c2375c02ada None None] Starting request: 10.222.0.15 "GET /placement/resource_providers/2d94ce8a-4477-44aa-95a9-fe9712bd7495/aggregates" {{(pid=105712) __call__ /opt/stack/placement/placement/requestlog.py:55}}
Oct 20 03:58:51.347231 dv-neutron-861124-3-hyperv devstack@placement-api.service[105712]: INFO placement.requestlog [None req-73837b94-6230-49bc-bf83-5c2375c02ada service placement] 10.222.0.15 "GET /placement/resource_providers/2d94ce8a-4477-44aa-95a9-fe9712bd7495/aggregates" status: 404 len: 235 microversion: 1.1
Oct 20 03:58:51.347581 dv-neutron-861124-3-hyperv devstack@placement-api.service[105712]: [pid: 105712|app: 0|req: 475/944] 10.222.0.15 () {58 vars in 1362 bytes} [Thu Oct 20 03:58:51 2022] GET /placement/resource_providers/2d94ce8a-4477-44aa-95a9-fe9712bd7495/aggregates => generated 235 bytes in 101 msecs (HTTP/1.1 404) 5 headers in 202 bytes (2 switches on core 0)
Oct 20 03:58:51.353941 dv-neutron-861124-3-hyperv devstack@placement-api.service[105711]: DEBUG placement.requestlog [None req-bdd61dae-af73-46c0-be94-9f06048e30ef None None] Starting request: 10.222.0.15 "DELETE /placement/resource_providers/2d94ce8a-4477-44aa-95a9-fe9712bd7495" {{(pid=105711) __call__ /opt/stack/placement/placement/requestlog.py:55}}
Oct 20 03:58:51.365256 dv-neutron-861124-3-hyperv devstack@placement-api.service[105711]: DEBUG placement.wsgi_wrapper [None req-bdd61dae-af73-46c0-be94-9f06048e30ef service placement] Placement API returning an error response: No resource provider with uuid 2d94ce8a-4477-44aa-95a9-fe9712bd7495 found for delete {{(pid=105711) call_func /opt/stack/placement/placement/wsgi_wrapper.py:31}}
Oct 20 03:58:51.366000 dv-neutron-861124-3-hyperv devstack@placement-api.service[105711]: INFO placement.requestlog [None req-bdd61dae-af73-46c0-be94-9f06048e30ef service placement] 10.222.0.15 "DELETE /placement/resource_providers/2d94ce8a-4477-44aa-95a9-fe9712bd7495" status: 404 len: 246 microversion: 1.1
Oct 20 03:58:51.366539 dv-neutron-861124-3-hyperv devstack@placement-api.service[105711]: [pid: 105711|app: 0|req: 470/945] 10.222.0.15 () {60 vars in 1351 bytes} [Thu Oct 20 03:58:51 2022] DELETE /placement/resource_providers/2d94ce8a-4477-44aa-95a9-fe9712bd7495 => generated 246 bytes in 13 msecs (HTTP/1.1 404) 6 headers in 231 bytes (1 switches on core 0)
Oct 20 03:58:54.460494 dv-neutron-861124-3-hyperv devstack@placement-api.service[105712]: DEBUG placement.requestlog [None req-bfaff686-a3fb-47b7-9652-ed566e100101 None None] Starting request: 10.222.0.15 "GET /placement/resource_providers/f793be24-e817-42ff-9b8e-d482d091f732/aggregates" {{(pid=105712) __call__ /opt/stack/placement/placement/requestlog.py:55}}
Oct 20 03:58:54.543452 dv-neutron-861124-3-hyperv devstack@placement-api.service[105712]: INFO placement.requestlog [None req-bfaff686-a3fb-47b7-9652-ed566e100101 service placement] 10.222.0.15 "GET /placement/resource_providers/f793be24-e817-42ff-9b8e-d482d091f732/aggregates" status: 404 len: 235 microversion: 1.1
Oct 20 03:58:54.543890 dv-neutron-861124-3-hyperv devstack@placement-api.service[105712]: [pid: 105712|app: 0|req: 476/946] 10.222.0.15 () {58 vars in 1362 bytes} [Thu Oct 20 03:58:54 2022] GET /placement/resource_providers/f793be24-e817-42ff-9b8e-d482d091f732/aggregates => generated 235 bytes in 84 msecs (HTTP/1.1 404) 5 headers in 202 bytes (1 switches on core 0)
Oct 20 03:58:54.555889 dv-neutron-861124-3-hyperv devstack@placement-api.service[105711]: DEBUG placement.requestlog [None req-90fb0cc5-7119-47a8-b46a-59b4ac98d45e None None] Starting request: 10.222.0.15 "DELETE /placement/resource_providers/f793be24-e817-42ff-9b8e-d482d091f732" {{(pid=105711) __call__ /opt/stack/placement/placement/requestlog.py:55}}
Oct 20 03:58:54.568440 dv-neutron-861124-3-hyperv devstack@placement-api.service[105711]: DEBUG placement.wsgi_wrapper [None req-90fb0cc5-7119-47a8-b46a-59b4ac98d45e service placement] Placement API returning an error response: No resource provider with uuid f793be24-e817-42ff-9b8e-d482d091f732 found for delete {{(pid=105711) call_func /opt/stack/placement/placement/wsgi_wrapper.py:31}}
Oct 20 03:58:54.572450 dv-neutron-861124-3-hyperv devstack@placement-api.service[105711]: INFO placement.requestlog [None req-90fb0cc5-7119-47a8-b46a-59b4ac98d45e service placement] 10.222.0.15 "DELETE /placement/resource_providers/f793be24-e817-42ff-9b8e-d482d091f732" status: 404 len: 246 microversion: 1.1
Oct 20 03:58:54.572883 dv-neutron-861124-3-hyperv devstack@placement-api.service[105711]: [pid: 105711|app: 0|req: 471/947] 10.222.0.15 () {60 vars in 1351 bytes} [Thu Oct 20 03:58:54 2022] DELETE /placement/resource_providers/f793be24-e817-42ff-9b8e-d482d091f732 => generated 246 bytes in 17 msecs (HTTP/1.1 404) 6 headers in 231 bytes (1 switches on core 0)
Oct 20 03:59:04.345702 dv-neutron-861124-3-hyperv devstack@placement-api.service[105712]: DEBUG placement.requestlog [req-45359923-05f7-4165-863e-4ae599d8c8b5 req-3da0d583-12e2-4bb8-b315-213582765411 None None] Starting request: 10.222.0.15 "GET /placement/allocation_candidates?limit=1000&resources=DISK_GB%3A1%2CMEMORY_MB%3A1024%2CVCPU%3A1&root_required=%21COMPUTE_STATUS_DISABLED" {{(pid=105712) __call__ /opt/stack/placement/placement/requestlog.py:55}}
Oct 20 03:59:04.387770 dv-neutron-861124-3-hyperv devstack@placement-api.service[105712]: DEBUG placement.objects.research_context [req-45359923-05f7-4165-863e-4ae599d8c8b5 req-3da0d583-12e2-4bb8-b315-213582765411 service placement] getting providers with 1 DISK_GB {{(pid=105712) __init__ /opt/stack/placement/placement/objects/research_context.py:136}}
Oct 20 03:59:04.393248 dv-neutron-861124-3-hyperv devstack@placement-api.service[105712]: DEBUG placement.objects.research_context [req-45359923-05f7-4165-863e-4ae599d8c8b5 req-3da0d583-12e2-4bb8-b315-213582765411 service placement] getting providers with 1024 MEMORY_MB {{(pid=105712) __init__ /opt/stack/placement/placement/objects/research_context.py:136}}
Oct 20 03:59:04.399715 dv-neutron-861124-3-hyperv devstack@placement-api.service[105712]: DEBUG placement.objects.research_context [req-45359923-05f7-4165-863e-4ae599d8c8b5 req-3da0d583-12e2-4bb8-b315-213582765411 service placement] getting providers with 1 VCPU {{(pid=105712) __init__ /opt/stack/placement/placement/objects/research_context.py:136}}
Oct 20 03:59:04.408265 dv-neutron-861124-3-hyperv devstack@placement-api.service[105712]: DEBUG placement.objects.research_context [req-45359923-05f7-4165-863e-4ae599d8c8b5 req-3da0d583-12e2-4bb8-b315-213582765411 service placement] found 1 providers with available 1 DISK_GB {{(pid=105712) get_provider_ids_matching /opt/stack/placement/placement/objects/research_context.py:563}}
Oct 20 03:59:04.408781 dv-neutron-861124-3-hyperv devstack@placement-api.service[105712]: DEBUG placement.objects.research_context [req-45359923-05f7-4165-863e-4ae599d8c8b5 req-3da0d583-12e2-4bb8-b315-213582765411 service placement] found 1 providers with available 1024 MEMORY_MB {{(pid=105712) get_provider_ids_matching /opt/stack/placement/placement/objects/research_context.py:563}}
Oct 20 03:59:04.409317 dv-neutron-861124-3-hyperv devstack@placement-api.service[105712]: DEBUG placement.objects.research_context [req-45359923-05f7-4165-863e-4ae599d8c8b5 req-3da0d583-12e2-4bb8-b315-213582765411 service placement] found 1 providers after filtering by previous result {{(pid=105712) get_provider_ids_matching /opt/stack/placement/placement/objects/research_context.py:594}}
Oct 20 03:59:04.409576 dv-neutron-861124-3-hyperv devstack@placement-api.service[105712]: DEBUG placement.objects.research_context [req-45359923-05f7-4165-863e-4ae599d8c8b5 req-3da0d583-12e2-4bb8-b315-213582765411 service placement] found 1 providers with available 1 VCPU {{(pid=105712) get_provider_ids_matching /opt/stack/placement/placement/objects/research_context.py:563}}
Oct 20 03:59:04.409831 dv-neutron-861124-3-hyperv devstack@placement-api.service[105712]: DEBUG placement.objects.research_context [req-45359923-05f7-4165-863e-4ae599d8c8b5 req-3da0d583-12e2-4bb8-b315-213582765411 service placement] found 1 providers after filtering by previous result {{(pid=105712) get_provider_ids_matching /opt/stack/placement/placement/objects/research_context.py:594}}
Oct 20 03:59:04.421432 dv-neutron-861124-3-hyperv devstack@placement-api.service[105712]: DEBUG placement.objects.allocation_candidate [req-45359923-05f7-4165-863e-4ae599d8c8b5 req-3da0d583-12e2-4bb8-b315-213582765411 service placement] RequestGroup(use_same_provider=False, resources={DISK_GB:1, MEMORY_MB:1024, VCPU:1}, traits=(), aggregates=[]) (suffix '') returned 1 matches {{(pid=105712) _get_by_requests /opt/stack/placement/placement/objects/allocation_candidate.py:156}}
Oct 20 03:59:04.421653 dv-neutron-861124-3-hyperv devstack@placement-api.service[105712]: DEBUG placement.objects.allocation_candidate [req-45359923-05f7-4165-863e-4ae599d8c8b5 req-3da0d583-12e2-4bb8-b315-213582765411 service placement] Merging candidates yields 1 allocation requests and 1 provider summaries {{(pid=105712) _merge_candidates /opt/stack/placement/placement/objects/allocation_candidate.py:809}}
Oct 20 03:59:04.423667 dv-neutron-861124-3-hyperv devstack@placement-api.service[105712]: INFO placement.requestlog [req-45359923-05f7-4165-863e-4ae599d8c8b5 req-3da0d583-12e2-4bb8-b315-213582765411 service placement] 10.222.0.15 "GET /placement/allocation_candidates?limit=1000&resources=DISK_GB%3A1%2CMEMORY_MB%3A1024%2CVCPU%3A1&root_required=%21COMPUTE_STATUS_DISABLED" status: 200 len: 764 microversion: 1.36
Oct 20 03:59:04.423966 dv-neutron-861124-3-hyperv devstack@placement-api.service[105712]: [pid: 105712|app: 0|req: 477/948] 10.222.0.15 () {60 vars in 1506 bytes} [Thu Oct 20 03:59:04 2022] GET /placement/allocation_candidates?limit=1000&resources=DISK_GB%3A1%2CMEMORY_MB%3A1024%2CVCPU%3A1&root_required=%21COMPUTE_STATUS_DISABLED => generated 764 bytes in 79 msecs (HTTP/1.1 200) 8 headers in 296 bytes (1 switches on core 0)
Oct 20 03:59:04.469827 dv-neutron-861124-3-hyperv devstack@placement-api.service[105711]: DEBUG placement.requestlog [req-45359923-05f7-4165-863e-4ae599d8c8b5 req-08b4b500-0dda-439e-8477-94f4fcab1020 None None] Starting request: 10.222.0.15 "GET /placement/allocations/3e49d417-ec21-4707-bea5-bc8e87713d30" {{(pid=105711) __call__ /opt/stack/placement/placement/requestlog.py:55}}
Oct 20 03:59:04.481468 dv-neutron-861124-3-hyperv devstack@placement-api.service[105711]: INFO placement.requestlog [req-45359923-05f7-4165-863e-4ae599d8c8b5 req-08b4b500-0dda-439e-8477-94f4fcab1020 service placement] 10.222.0.15 "GET /placement/allocations/3e49d417-ec21-4707-bea5-bc8e87713d30" status: 200 len: 19 microversion: 1.28
Oct 20 03:59:04.482580 dv-neutron-861124-3-hyperv devstack@placement-api.service[105711]: [pid: 105711|app: 0|req: 472/949] 10.222.0.15 () {60 vars in 1380 bytes} [Thu Oct 20 03:59:04 2022] GET /placement/allocations/3e49d417-ec21-4707-bea5-bc8e87713d30 => generated 19 bytes in 13 msecs (HTTP/1.1 200) 8 headers in 295 bytes (1 switches on core 0)
Oct 20 03:59:04.488046 dv-neutron-861124-3-hyperv devstack@placement-api.service[105712]: DEBUG placement.requestlog [req-45359923-05f7-4165-863e-4ae599d8c8b5 req-bb320df4-491a-46f4-b76e-db3678cb8022 None None] Starting request: 10.222.0.15 "PUT /placement/allocations/3e49d417-ec21-4707-bea5-bc8e87713d30" {{(pid=105712) __call__ /opt/stack/placement/placement/requestlog.py:55}}
Oct 20 03:59:04.568439 dv-neutron-861124-3-hyperv devstack@placement-api.service[105712]: DEBUG placement.handlers.allocation [req-45359923-05f7-4165-863e-4ae599d8c8b5 req-bb320df4-491a-46f4-b76e-db3678cb8022 service placement] Successfully wrote allocations [, , ] {{(pid=105712) _update_consumers_and_create_allocations /opt/stack/placement/placement/handlers/allocation.py:462}}
Oct 20 03:59:04.572434 dv-neutron-861124-3-hyperv devstack@placement-api.service[105712]: INFO placement.requestlog [req-45359923-05f7-4165-863e-4ae599d8c8b5 req-bb320df4-491a-46f4-b76e-db3678cb8022 service placement] 10.222.0.15 "PUT /placement/allocations/3e49d417-ec21-4707-bea5-bc8e87713d30" status: 204 len: 0 microversion: 1.36
Oct 20 03:59:04.572852 dv-neutron-861124-3-hyperv devstack@placement-api.service[105712]: [pid: 105712|app: 0|req: 478/950] 10.222.0.15 () {64 vars in 1433 bytes} [Thu Oct 20 03:59:04 2022] PUT /placement/allocations/3e49d417-ec21-4707-bea5-bc8e87713d30 => generated 0 bytes in 85 msecs (HTTP/1.1 204) 5 headers in 199 bytes (1 switches on core 0)
Oct 20 03:59:05.856881 dv-neutron-861124-3-hyperv devstack@placement-api.service[105711]: DEBUG placement.requestlog [req-45359923-05f7-4165-863e-4ae599d8c8b5 req-3d900c13-a30c-4ef0-bc0d-37d6e9eea9a9 None None] Starting request: 10.222.0.16 "GET /placement/allocations/3e49d417-ec21-4707-bea5-bc8e87713d30" {{(pid=105711) __call__ /opt/stack/placement/placement/requestlog.py:55}}
Oct 20 03:59:05.872054 dv-neutron-861124-3-hyperv devstack@placement-api.service[105711]: INFO placement.requestlog [req-45359923-05f7-4165-863e-4ae599d8c8b5 req-3d900c13-a30c-4ef0-bc0d-37d6e9eea9a9 service placement] 10.222.0.16 "GET /placement/allocations/3e49d417-ec21-4707-bea5-bc8e87713d30" status: 200 len: 259 microversion: 1.28
Oct 20 03:59:05.872422 dv-neutron-861124-3-hyperv devstack@placement-api.service[105711]: [pid: 105711|app: 0|req: 473/951] 10.222.0.16 () {60 vars in 1377 bytes} [Thu Oct 20 03:59:05 2022] GET /placement/allocations/3e49d417-ec21-4707-bea5-bc8e87713d30 => generated 259 bytes in 16 msecs (HTTP/1.1 200) 8 headers in 296 bytes (1 switches on core 0)
Oct 20 03:59:05.986996 dv-neutron-861124-3-hyperv devstack@placement-api.service[105712]: DEBUG placement.requestlog [req-45359923-05f7-4165-863e-4ae599d8c8b5 req-54d18ee4-a17f-4712-b8b9-f1f1d324559c None None] Starting request: 10.222.0.16 "GET /placement/resource_providers/443eb79c-4c31-41a9-86a5-de2126e6dde1/allocations" {{(pid=105712) __call__ /opt/stack/placement/placement/requestlog.py:55}}
Oct 20 03:59:06.008167 dv-neutron-861124-3-hyperv devstack@placement-api.service[105712]: INFO placement.requestlog [req-45359923-05f7-4165-863e-4ae599d8c8b5 req-54d18ee4-a17f-4712-b8b9-f1f1d324559c service placement] 10.222.0.16 "GET /placement/resource_providers/443eb79c-4c31-41a9-86a5-de2126e6dde1/allocations" status: 200 len: 154 microversion: 1.0
Oct 20 03:59:06.008633 dv-neutron-861124-3-hyperv devstack@placement-api.service[105712]: [pid: 105712|app: 0|req: 479/952] 10.222.0.16 () {58 vars in 1390 bytes} [Thu Oct 20 03:59:05 2022] GET /placement/resource_providers/443eb79c-4c31-41a9-86a5-de2126e6dde1/allocations => generated 154 bytes in 22 msecs (HTTP/1.1 200) 6 headers in 224 bytes (1 switches on core 0)
Oct 20 03:59:06.015402 dv-neutron-861124-3-hyperv devstack@placement-api.service[105711]: DEBUG placement.requestlog [req-45359923-05f7-4165-863e-4ae599d8c8b5 req-1fba1363-947d-4cc5-8c55-6061ffb99575 None None] Starting request: 10.222.0.16 "GET /placement/allocations/3e49d417-ec21-4707-bea5-bc8e87713d30" {{(pid=105711) __call__ /opt/stack/placement/placement/requestlog.py:55}}
Oct 20 03:59:06.030985 dv-neutron-861124-3-hyperv devstack@placement-api.service[105711]: INFO placement.requestlog [req-45359923-05f7-4165-863e-4ae599d8c8b5 req-1fba1363-947d-4cc5-8c55-6061ffb99575 service placement] 10.222.0.16 "GET /placement/allocations/3e49d417-ec21-4707-bea5-bc8e87713d30" status: 200 len: 259 microversion: 1.28
Oct 20 03:59:06.031400 dv-neutron-861124-3-hyperv devstack@placement-api.service[105711]: [pid: 105711|app: 0|req: 474/953] 10.222.0.16 () {60 vars in 1377 bytes} [Thu Oct 20 03:59:06 2022] GET /placement/allocations/3e49d417-ec21-4707-bea5-bc8e87713d30 => generated 259 bytes in 16 msecs (HTTP/1.1 200) 8 headers in 296 bytes (1 switches on core 0)
Oct 20 03:59:16.005872 dv-neutron-861124-3-hyperv devstack@placement-api.service[105712]: DEBUG dbcounter [-] [105712] Writing DB stats placement:SELECT=45,placement:INSERT=6,placement:DELETE=2,placement:UPDATE=2 {{(pid=105712) stat_writer /usr/local/lib/python3.8/dist-packages/dbcounter.py:114}}
Oct 20 03:59:16.028572 dv-neutron-861124-3-hyperv devstack@placement-api.service[105711]: DEBUG dbcounter [-] [105711] Writing DB stats placement:SELECT=31,placement:DELETE=2 {{(pid=105711) stat_writer /usr/local/lib/python3.8/dist-packages/dbcounter.py:114}}
Oct 20 03:59:48.519844 dv-neutron-861124-3-hyperv devstack@placement-api.service[105712]: DEBUG placement.requestlog [req-0a133981-f670-427d-ac66-95b8a3ac2e9e req-76c2a8b6-9716-4406-a62c-2069f24d2008 None None] Starting request: 10.222.0.16 "GET /placement/resource_providers/443eb79c-4c31-41a9-86a5-de2126e6dde1/allocations" {{(pid=105712) __call__ /opt/stack/placement/placement/requestlog.py:55}}
Oct 20 03:59:48.539380 dv-neutron-861124-3-hyperv devstack@placement-api.service[105712]: INFO placement.requestlog [req-0a133981-f670-427d-ac66-95b8a3ac2e9e req-76c2a8b6-9716-4406-a62c-2069f24d2008 service placement] 10.222.0.16 "GET /placement/resource_providers/443eb79c-4c31-41a9-86a5-de2126e6dde1/allocations" status: 200 len: 154 microversion: 1.0
Oct 20 03:59:48.539692 dv-neutron-861124-3-hyperv devstack@placement-api.service[105712]: [pid: 105712|app: 0|req: 480/954] 10.222.0.16 () {58 vars in 1390 bytes} [Thu Oct 20 03:59:48 2022] GET /placement/resource_providers/443eb79c-4c31-41a9-86a5-de2126e6dde1/allocations => generated 154 bytes in 20 msecs (HTTP/1.1 200) 6 headers in 224 bytes (1 switches on core 0)
Oct 20 03:59:48.573742 dv-neutron-861124-3-hyperv devstack@placement-api.service[105711]: DEBUG placement.requestlog [req-0a133981-f670-427d-ac66-95b8a3ac2e9e req-20321666-7c72-45e8-9723-f8ac37ffe467 None None] Starting request: 10.222.0.16 "GET /placement/resource_providers/443eb79c-4c31-41a9-86a5-de2126e6dde1/allocations" {{(pid=105711) __call__ /opt/stack/placement/placement/requestlog.py:55}}
Oct 20 03:59:48.597944 dv-neutron-861124-3-hyperv devstack@placement-api.service[105711]: INFO placement.requestlog [req-0a133981-f670-427d-ac66-95b8a3ac2e9e req-20321666-7c72-45e8-9723-f8ac37ffe467 service placement] 10.222.0.16 "GET /placement/resource_providers/443eb79c-4c31-41a9-86a5-de2126e6dde1/allocations" status: 200 len: 154 microversion: 1.0
Oct 20 03:59:48.598290 dv-neutron-861124-3-hyperv devstack@placement-api.service[105711]: [pid: 105711|app: 0|req: 475/955] 10.222.0.16 () {58 vars in 1390 bytes} [Thu Oct 20 03:59:48 2022] GET /placement/resource_providers/443eb79c-4c31-41a9-86a5-de2126e6dde1/allocations => generated 154 bytes in 25 msecs (HTTP/1.1 200) 6 headers in 224 bytes (1 switches on core 0)
Oct 20 03:59:48.605384 dv-neutron-861124-3-hyperv devstack@placement-api.service[105712]: DEBUG placement.requestlog [req-0a133981-f670-427d-ac66-95b8a3ac2e9e req-e6eccb22-1561-46e0-aa18-3a6cdb134ff5 None None] Starting request: 10.222.0.16 "GET /placement/allocations/3e49d417-ec21-4707-bea5-bc8e87713d30" {{(pid=105712) __call__ /opt/stack/placement/placement/requestlog.py:55}}
Oct 20 03:59:48.620560 dv-neutron-861124-3-hyperv devstack@placement-api.service[105712]: INFO placement.requestlog [req-0a133981-f670-427d-ac66-95b8a3ac2e9e req-e6eccb22-1561-46e0-aa18-3a6cdb134ff5 service placement] 10.222.0.16 "GET /placement/allocations/3e49d417-ec21-4707-bea5-bc8e87713d30" status: 200 len: 259 microversion: 1.28
Oct 20 03:59:48.621007 dv-neutron-861124-3-hyperv devstack@placement-api.service[105712]: [pid: 105712|app: 0|req: 481/956] 10.222.0.16 () {60 vars in 1377 bytes} [Thu Oct 20 03:59:48 2022] GET /placement/allocations/3e49d417-ec21-4707-bea5-bc8e87713d30 => generated 259 bytes in 16 msecs (HTTP/1.1 200) 8 headers in 296 bytes (1 switches on core 0)
Oct 20 03:59:53.732780 dv-neutron-861124-3-hyperv devstack@placement-api.service[105711]: DEBUG placement.requestlog [req-4a9bd2f7-2ee2-4919-bc89-8c92d2636705 req-08f30123-0fb5-4dc6-b04d-c10f5b196f28 None None] Starting request: 10.222.0.16 "GET /placement/resource_providers/443eb79c-4c31-41a9-86a5-de2126e6dde1/allocations" {{(pid=105711) __call__ /opt/stack/placement/placement/requestlog.py:55}}
Oct 20 03:59:53.752294 dv-neutron-861124-3-hyperv devstack@placement-api.service[105711]: INFO placement.requestlog [req-4a9bd2f7-2ee2-4919-bc89-8c92d2636705 req-08f30123-0fb5-4dc6-b04d-c10f5b196f28 service placement] 10.222.0.16 "GET /placement/resource_providers/443eb79c-4c31-41a9-86a5-de2126e6dde1/allocations" status: 200 len: 154 microversion: 1.0
Oct 20 03:59:53.752616 dv-neutron-861124-3-hyperv devstack@placement-api.service[105711]: [pid: 105711|app: 0|req: 476/957] 10.222.0.16 () {58 vars in 1390 bytes} [Thu Oct 20 03:59:53 2022] GET /placement/resource_providers/443eb79c-4c31-41a9-86a5-de2126e6dde1/allocations => generated 154 bytes in 20 msecs (HTTP/1.1 200) 6 headers in 224 bytes (2 switches on core 0)
Oct 20 03:59:53.758854 dv-neutron-861124-3-hyperv devstack@placement-api.service[105712]: DEBUG placement.requestlog [req-4a9bd2f7-2ee2-4919-bc89-8c92d2636705 req-cdc179ea-5ccd-40a3-ba6c-9db40b5a8ceb None None] Starting request: 10.222.0.16 "GET /placement/allocations/3e49d417-ec21-4707-bea5-bc8e87713d30" {{(pid=105712) __call__ /opt/stack/placement/placement/requestlog.py:55}}
Oct 20 03:59:53.773527 dv-neutron-861124-3-hyperv devstack@placement-api.service[105712]: INFO placement.requestlog [req-4a9bd2f7-2ee2-4919-bc89-8c92d2636705 req-cdc179ea-5ccd-40a3-ba6c-9db40b5a8ceb service placement] 10.222.0.16 "GET /placement/allocations/3e49d417-ec21-4707-bea5-bc8e87713d30" status: 200 len: 259 microversion: 1.28
Oct 20 03:59:53.773837 dv-neutron-861124-3-hyperv devstack@placement-api.service[105712]: [pid: 105712|app: 0|req: 482/958] 10.222.0.16 () {60 vars in 1377 bytes} [Thu Oct 20 03:59:53 2022] GET /placement/allocations/3e49d417-ec21-4707-bea5-bc8e87713d30 => generated 259 bytes in 15 msecs (HTTP/1.1 200) 8 headers in 296 bytes (2 switches on core 0)
Oct 20 03:59:53.982401 dv-neutron-861124-3-hyperv devstack@placement-api.service[105711]: DEBUG placement.requestlog [req-4a9bd2f7-2ee2-4919-bc89-8c92d2636705 req-8bdfb33d-74c8-4f94-82ec-1bbeb552c778 None None] Starting request: 10.222.0.16 "DELETE /placement/allocations/3e49d417-ec21-4707-bea5-bc8e87713d30" {{(pid=105711) __call__ /opt/stack/placement/placement/requestlog.py:55}}
Oct 20 03:59:54.013117 dv-neutron-861124-3-hyperv devstack@placement-api.service[105711]: DEBUG placement.handlers.allocation [req-4a9bd2f7-2ee2-4919-bc89-8c92d2636705 req-8bdfb33d-74c8-4f94-82ec-1bbeb552c778 service placement] Successfully deleted allocations [, , ] {{(pid=105711) delete_allocations /opt/stack/placement/placement/handlers/allocation.py:627}}
Oct 20 03:59:54.013824 dv-neutron-861124-3-hyperv devstack@placement-api.service[105711]: INFO placement.requestlog [req-4a9bd2f7-2ee2-4919-bc89-8c92d2636705 req-8bdfb33d-74c8-4f94-82ec-1bbeb552c778 service placement] 10.222.0.16 "DELETE /placement/allocations/3e49d417-ec21-4707-bea5-bc8e87713d30" status: 204 len: 0 microversion: 1.0
Oct 20 03:59:54.014560 dv-neutron-861124-3-hyperv devstack@placement-api.service[105711]: [pid: 105711|app: 0|req: 477/959] 10.222.0.16 () {60 vars in 1355 bytes} [Thu Oct 20 03:59:53 2022] DELETE /placement/allocations/3e49d417-ec21-4707-bea5-bc8e87713d30 => generated 0 bytes in 32 msecs (HTTP/1.1 204) 5 headers in 198 bytes (1 switches on core 0)
