Oct 13 19:49:50.796164 dv-neutron-861124-2-hyperv neutron-server[116853]: DEBUG neutron_lib.callbacks.manager [None req-8e73c9ca-52b1-4a3f-85e6-d331bee7f13b None None] Publish callbacks [] for port (0e760d8a-ad86-44aa-8e5a-dfc3339456db), precommit_create {{(pid=116853) _notify_loop /usr/local/lib/python3.8/dist-packages/neutron_lib/callbacks/manager.py:176}}
Oct 13 19:49:50.802669 dv-neutron-861124-2-hyperv neutron-server[116853]: DEBUG neutron.api.rpc.handlers.dhcp_rpc [None req-d6e7fdfd-ab36-4832-9db5-d47a9058a722 None None] Create dhcp port {'port': {'name': '', 'admin_state_up': True, 'device_id': 'dhcp04c2f0f8-36d5-52de-a5f3-b1eb13a88b23-19a7eb8b-2431-4596-bbee-3a94ba8ae1fa', 'network_id': '19a7eb8b-2431-4596-bbee-3a94ba8ae1fa', 'project_id': 'f8fa199137a04d76aed55982f9de0bd8', 'fixed_ips': [{'subnet_id': '48fc5bd8-192a-4d19-9732-5c6691e122a9'}]}} from dv-neutron-861124-2-hyperv. {{(pid=116853) create_dhcp_port /opt/stack/neutron/neutron/api/rpc/handlers/dhcp_rpc.py:282}}
Oct 13 19:49:50.803797 dv-neutron-861124-2-hyperv neutron-server[116853]: DEBUG neutron_lib.callbacks.manager [None req-d6e7fdfd-ab36-4832-9db5-d47a9058a722 None None] Publish callbacks ['neutron.plugins.ml2.plugin.SecurityGroupDbMixin._ensure_default_security_group_handler-1802611'] for port (None), before_create {{(pid=116853) _notify_loop /usr/local/lib/python3.8/dist-packages/neutron_lib/callbacks/manager.py:176}}
Oct 13 19:49:50.812707 dv-neutron-861124-2-hyperv neutron-server[116852]: DEBUG neutron.api.v2.base [None req-9bc64edf-5163-4aad-a260-58e55a197595 tempest-DHCPAgentSchedulersTestJSON-2072289240 tempest-DHCPAgentSchedulersTestJSON-2072289240-project] Request body: {'network': {'name': 'tempest-DHCPAgentSchedulersTestJSON-test-network-1430566270'}} {{(pid=116852) prepare_request_body /opt/stack/neutron/neutron/api/v2/base.py:730}}
Oct 13 19:49:50.820740 dv-neutron-861124-2-hyperv neutron-server[116853]: DEBUG dbcounter [-] [116853] Writing DB stats neutron:SELECT=90,neutron:INSERT=6,neutron:UPDATE=4 {{(pid=116853) stat_writer /usr/local/lib/python3.8/dist-packages/dbcounter.py:114}}
Oct 13 19:49:50.858119 dv-neutron-861124-2-hyperv neutron-server[116852]: DEBUG neutron.pecan_wsgi.hooks.quota_enforcement [None req-9bc64edf-5163-4aad-a260-58e55a197595 tempest-DHCPAgentSchedulersTestJSON-2072289240 tempest-DHCPAgentSchedulersTestJSON-2072289240-project] Made reservation on behalf of d2a320a077c2489ea8e402e413a98a08 for: {'network': 1} {{(pid=116852) before /opt/stack/neutron/neutron/pecan_wsgi/hooks/quota_enforcement.py:53}}
Oct 13 19:49:50.862079 dv-neutron-861124-2-hyperv neutron-server[116852]: DEBUG neutron_lib.callbacks.manager [None req-9bc64edf-5163-4aad-a260-58e55a197595 tempest-DHCPAgentSchedulersTestJSON-2072289240 tempest-DHCPAgentSchedulersTestJSON-2072289240-project] Publish callbacks ['neutron.plugins.ml2.plugin.SecurityGroupDbMixin._ensure_default_security_group_handler-1802611'] for network (None), before_create {{(pid=116852) _notify_loop /usr/local/lib/python3.8/dist-packages/neutron_lib/callbacks/manager.py:176}}
Oct 13 19:49:50.886300 dv-neutron-861124-2-hyperv neutron-server[116852]: DEBUG neutron_lib.callbacks.manager [None req-9bc64edf-5163-4aad-a260-58e55a197595 tempest-DHCPAgentSchedulersTestJSON-2072289240 tempest-DHCPAgentSchedulersTestJSON-2072289240-project] Publish callbacks [] for security_group (None), before_create {{(pid=116852) _notify_loop /usr/local/lib/python3.8/dist-packages/neutron_lib/callbacks/manager.py:176}}
Oct 13 19:49:50.961684 dv-neutron-861124-2-hyperv neutron-server[116853]: DEBUG neutron_lib.callbacks.manager [None req-8e73c9ca-52b1-4a3f-85e6-d331bee7f13b None None] Publish callbacks ['neutron.plugins.ml2.plugin.SecurityGroupServerNotifierRpcMixin._notify_sg_on_port_change-1805484', 'neutron.plugins.ml2.ovo_rpc._ObjectChangeHandler.handle_event-988445', 'neutron.api.rpc.agentnotifiers.dhcp_rpc_agent_api.DhcpAgentNotifyAPI._native_event_send_dhcp_notification-586105', 'neutron.db.l3_dvrscheduler_db._notify_l3_agent_new_port-8743878211292'] for port (0e760d8a-ad86-44aa-8e5a-dfc3339456db), after_create {{(pid=116853) _notify_loop /usr/local/lib/python3.8/dist-packages/neutron_lib/callbacks/manager.py:176}}
Oct 13 19:49:50.981966 dv-neutron-861124-2-hyperv neutron-server[116852]: DEBUG neutron_lib.callbacks.manager [None req-9bc64edf-5163-4aad-a260-58e55a197595 tempest-DHCPAgentSchedulersTestJSON-2072289240 tempest-DHCPAgentSchedulersTestJSON-2072289240-project] Publish callbacks [] for security_group (97c588ca-ad76-4cad-a241-aa0584e37362), precommit_create {{(pid=116852) _notify_loop /usr/local/lib/python3.8/dist-packages/neutron_lib/callbacks/manager.py:176}}
Oct 13 19:49:50.995863 dv-neutron-861124-2-hyperv neutron-server[116852]: DEBUG neutron_lib.callbacks.manager [None req-9bc64edf-5163-4aad-a260-58e55a197595 tempest-DHCPAgentSchedulersTestJSON-2072289240 tempest-DHCPAgentSchedulersTestJSON-2072289240-project] Publish callbacks ['neutron.plugins.ml2.ovo_rpc._ObjectChangeHandler.handle_event-550182'] for security_group (97c588ca-ad76-4cad-a241-aa0584e37362), after_create {{(pid=116852) _notify_loop /usr/local/lib/python3.8/dist-packages/neutron_lib/callbacks/manager.py:176}}
Oct 13 19:49:51.008476 dv-neutron-861124-2-hyperv neutron-server[116852]: DEBUG neutron.plugins.ml2.drivers.helpers [None req-9bc64edf-5163-4aad-a260-58e55a197595 tempest-DHCPAgentSchedulersTestJSON-2072289240 tempest-DHCPAgentSchedulersTestJSON-2072289240-project] vlan segment allocate from pool success with {'vlan_id': 178, 'physical_network': 'physnet1'} {{(pid=116852) allocate_partially_specified_segment /opt/stack/neutron/neutron/plugins/ml2/drivers/helpers.py:153}}
Oct 13 19:49:51.018308 dv-neutron-861124-2-hyperv neutron-server[116852]: DEBUG neutron_lib.callbacks.manager [None req-9bc64edf-5163-4aad-a260-58e55a197595 tempest-DHCPAgentSchedulersTestJSON-2072289240 tempest-DHCPAgentSchedulersTestJSON-2072289240-project] Publish callbacks ['neutron.plugins.ml2.plugin.Ml2Plugin._handle_segment_change-1435479'] for segment (9673fb13-3d44-4d1a-8ea7-c09204d24c77), precommit_create {{(pid=116852) _notify_loop /usr/local/lib/python3.8/dist-packages/neutron_lib/callbacks/manager.py:176}}
Oct 13 19:49:51.019085 dv-neutron-861124-2-hyperv neutron-server[116852]: INFO neutron.db.segments_db [None req-9bc64edf-5163-4aad-a260-58e55a197595 tempest-DHCPAgentSchedulersTestJSON-2072289240 tempest-DHCPAgentSchedulersTestJSON-2072289240-project] Added segment 9673fb13-3d44-4d1a-8ea7-c09204d24c77 of type vlan for network 5bdd74d0-8238-4add-a24c-66de1b0f880e
Oct 13 19:49:51.050542 dv-neutron-861124-2-hyperv neutron-server[116851]: DEBUG neutron_lib.callbacks.manager [None req-3c8b391a-e71f-44fe-b0ea-66b6c3c56458 admin admin] Publish callbacks [] for router_gateway (b984c26e-45b1-44f7-9030-542215666abe), before_create {{(pid=116851) _notify_loop /usr/local/lib/python3.8/dist-packages/neutron_lib/callbacks/manager.py:176}}
Oct 13 19:49:51.064448 dv-neutron-861124-2-hyperv neutron-server[116852]: DEBUG neutron_lib.callbacks.manager [None req-9bc64edf-5163-4aad-a260-58e55a197595 tempest-DHCPAgentSchedulersTestJSON-2072289240 tempest-DHCPAgentSchedulersTestJSON-2072289240-project] Publish callbacks ['neutron.services.auto_allocate.db._ensure_external_network_default_value_callback-8743878148298'] for network (5bdd74d0-8238-4add-a24c-66de1b0f880e), precommit_create {{(pid=116852) _notify_loop /usr/local/lib/python3.8/dist-packages/neutron_lib/callbacks/manager.py:176}}
Oct 13 19:49:51.095159 dv-neutron-861124-2-hyperv neutron-server[116852]: DEBUG dbcounter [-] [116852] Writing DB stats neutron:SELECT=80,neutron:INSERT=18,neutron:UPDATE=2 {{(pid=116852) stat_writer /usr/local/lib/python3.8/dist-packages/dbcounter.py:114}}
Oct 13 19:49:51.096714 dv-neutron-861124-2-hyperv neutron-server[116852]: DEBUG dbcounter [-] [116852] Writing DB stats neutron:SELECT=74,neutron:INSERT=18,neutron:UPDATE=8 {{(pid=116852) stat_writer /usr/local/lib/python3.8/dist-packages/dbcounter.py:114}}
Oct 13 19:49:51.103218 dv-neutron-861124-2-hyperv neutron-server[116853]: DEBUG neutron.db.db_base_plugin_common [None req-d6e7fdfd-ab36-4832-9db5-d47a9058a722 None None] Allocated IP 172.20.0.2 (19a7eb8b-2431-4596-bbee-3a94ba8ae1fa/48fc5bd8-192a-4d19-9732-5c6691e122a9/7af77129-dc19-4973-b829-d6afee712950) {{(pid=116853) _store_ip_allocation /opt/stack/neutron/neutron/db/db_base_plugin_common.py:131}}
Oct 13 19:49:51.110004 dv-neutron-861124-2-hyperv neutron-server[116851]: DEBUG neutron_lib.callbacks.manager [None req-3c8b391a-e71f-44fe-b0ea-66b6c3c56458 admin admin] Publish callbacks ['neutron.plugins.ml2.plugin.SecurityGroupDbMixin._ensure_default_security_group_handler-1802611'] for port (None), before_create {{(pid=116851) _notify_loop /usr/local/lib/python3.8/dist-packages/neutron_lib/callbacks/manager.py:176}}
Oct 13 19:49:51.140922 dv-neutron-861124-2-hyperv neutron-server[116852]: DEBUG neutron.api.rpc.handlers.resources_rpc [None req-9bc64edf-5163-4aad-a260-58e55a197595 tempest-DHCPAgentSchedulersTestJSON-2072289240 tempest-DHCPAgentSchedulersTestJSON-2072289240-project] Pushing event updated for resources: {'SecurityGroup': ['ID=97c588ca-ad76-4cad-a241-aa0584e37362,revision_number=1']} {{(pid=116852) push /opt/stack/neutron/neutron/api/rpc/handlers/resources_rpc.py:237}}
Oct 13 19:49:51.146456 dv-neutron-861124-2-hyperv neutron-server[116852]: DEBUG neutron_lib.callbacks.manager [None req-98218615-e563-4902-bff6-8a98038e1bec admin admin] Publish callbacks [] for port (dc33c97e-23ca-4dde-a3d5-c7cb01259d87), precommit_create {{(pid=116852) _notify_loop /usr/local/lib/python3.8/dist-packages/neutron_lib/callbacks/manager.py:176}}
Oct 13 19:49:51.251565 dv-neutron-861124-2-hyperv neutron-server[116852]: DEBUG neutron_lib.callbacks.manager [None req-9bc64edf-5163-4aad-a260-58e55a197595 tempest-DHCPAgentSchedulersTestJSON-2072289240 tempest-DHCPAgentSchedulersTestJSON-2072289240-project] Publish callbacks ['neutron.plugins.ml2.ovo_rpc._ObjectChangeHandler.handle_event-557001', 'neutron.api.rpc.agentnotifiers.dhcp_rpc_agent_api.DhcpAgentNotifyAPI._native_event_send_dhcp_notification-586105'] for network (5bdd74d0-8238-4add-a24c-66de1b0f880e), after_create {{(pid=116852) _notify_loop /usr/local/lib/python3.8/dist-packages/neutron_lib/callbacks/manager.py:176}}
Oct 13 19:49:51.256850 dv-neutron-861124-2-hyperv neutron-server[116852]: DEBUG neutron.pecan_wsgi.hooks.policy_enforcement [None req-9bc64edf-5163-4aad-a260-58e55a197595 tempest-DHCPAgentSchedulersTestJSON-2072289240 tempest-DHCPAgentSchedulersTestJSON-2072289240-project] Attributes excluded by policy engine: ['standard_attr_id', 'provider:network_type', 'provider:physical_network', 'provider:segmentation_id', 'vlan_transparent'] {{(pid=116852) _exclude_attributes_by_policy /opt/stack/neutron/neutron/pecan_wsgi/hooks/policy_enforcement.py:259}}
Oct 13 19:49:51.257455 dv-neutron-861124-2-hyperv neutron-server[116852]: DEBUG neutron_lib.callbacks.manager [None req-9bc64edf-5163-4aad-a260-58e55a197595 tempest-DHCPAgentSchedulersTestJSON-2072289240 tempest-DHCPAgentSchedulersTestJSON-2072289240-project] Publish callbacks ['neutron.api.rpc.agentnotifiers.dhcp_rpc_agent_api.DhcpAgentNotifyAPI._send_dhcp_notification-586095'] for network (None), before_response {{(pid=116852) _notify_loop /usr/local/lib/python3.8/dist-packages/neutron_lib/callbacks/manager.py:176}}
Oct 13 19:49:51.304997 dv-neutron-861124-2-hyperv neutron-server[116852]: INFO neutron.wsgi [None req-9bc64edf-5163-4aad-a260-58e55a197595 tempest-DHCPAgentSchedulersTestJSON-2072289240 tempest-DHCPAgentSchedulersTestJSON-2072289240-project] 10.222.0.23 "POST /networking/v2.0/networks HTTP/1.1" status: 201 len: 795 time: 0.9055917
Oct 13 19:49:51.315507 dv-neutron-861124-2-hyperv neutron-server[116852]: DEBUG neutron.wsgi [-] (116852) accepted ('10.222.0.23', 47768) {{(pid=116852) server /usr/local/lib/python3.8/dist-packages/eventlet/wsgi.py:1004}}
Oct 13 19:49:51.317219 dv-neutron-861124-2-hyperv neutron-server[116853]: DEBUG neutron_lib.callbacks.manager [None req-d6e7fdfd-ab36-4832-9db5-d47a9058a722 None None] Publish callbacks [] for port (7af77129-dc19-4973-b829-d6afee712950), precommit_create {{(pid=116853) _notify_loop /usr/local/lib/python3.8/dist-packages/neutron_lib/callbacks/manager.py:176}}
Oct 13 19:49:51.327193 dv-neutron-861124-2-hyperv neutron-server[116852]: DEBUG neutron.api.v2.base [None req-bb62f74d-6962-4646-a439-09b6a3a7acac tempest-DHCPAgentSchedulersTestJSON-2072289240 tempest-DHCPAgentSchedulersTestJSON-2072289240-project] Request body: {'subnet': {'network_id': '5bdd74d0-8238-4add-a24c-66de1b0f880e', 'cidr': '172.20.0.0/28', 'ip_version': 4, 'gateway_ip': '172.20.0.1'}} {{(pid=116852) prepare_request_body /opt/stack/neutron/neutron/api/v2/base.py:730}}
Oct 13 19:49:51.338757 dv-neutron-861124-2-hyperv neutron-server[116853]: DEBUG neutron.plugins.ml2.managers [None req-4dc5175d-9289-42c6-adb9-0ee1fa7d8309 None None] Attempting to bind port 30b94d1e-913b-4bce-b830-ef286084775d on host dv-neutron-861124-2-hyperv for vnic_type normal with profile {{(pid=116853) bind_port /opt/stack/neutron/neutron/plugins/ml2/managers.py:810}}
Oct 13 19:49:51.339135 dv-neutron-861124-2-hyperv neutron-server[116853]: DEBUG neutron.plugins.ml2.managers [None req-4dc5175d-9289-42c6-adb9-0ee1fa7d8309 None None] Attempting to bind port 30b94d1e-913b-4bce-b830-ef286084775d by drivers openvswitch,hyperv on host dv-neutron-861124-2-hyperv at level 0 using segments [{'id': '3a447ea6-a603-4ef9-b767-22186af2d3fc', 'network_type': 'vlan', 'physical_network': 'physnet1', 'segmentation_id': 192, 'network_id': '5a20423e-ce88-4fd6-acb5-88a8a979db27'}] {{(pid=116853) _bind_port_level /opt/stack/neutron/neutron/plugins/ml2/managers.py:835}}
Oct 13 19:49:51.339501 dv-neutron-861124-2-hyperv neutron-server[116853]: DEBUG neutron.plugins.ml2.drivers.mech_agent [None req-4dc5175d-9289-42c6-adb9-0ee1fa7d8309 None None] Attempting to bind port 30b94d1e-913b-4bce-b830-ef286084775d on network 5a20423e-ce88-4fd6-acb5-88a8a979db27 {{(pid=116853) bind_port /opt/stack/neutron/neutron/plugins/ml2/drivers/mech_agent.py:91}}
Oct 13 19:49:51.355185 dv-neutron-861124-2-hyperv neutron-server[116853]: DEBUG neutron.scheduler.dhcp_agent_scheduler [None req-8e73c9ca-52b1-4a3f-85e6-d331bee7f13b None None] Network ef9ac19b-2a92-4873-baf0-dc5d7df9b9fe is already hosted by enough agents. {{(pid=116853) _get_dhcp_agents_hosting_network /opt/stack/neutron/neutron/scheduler/dhcp_agent_scheduler.py:275}}
Oct 13 19:49:51.372325 dv-neutron-861124-2-hyperv neutron-server[116853]: DEBUG neutron.scheduler.base_scheduler [None req-8e73c9ca-52b1-4a3f-85e6-d331bee7f13b None None] Resources bound (agent type, host, resource id): {{(pid=116853) schedule /opt/stack/neutron/neutron/scheduler/base_scheduler.py:57}}
Oct 13 19:49:51.375452 dv-neutron-861124-2-hyperv neutron-server[116853]: DEBUG neutron.db.l3_dvrscheduler_db [None req-8e73c9ca-52b1-4a3f-85e6-d331bee7f13b None None] Received port after_create {{(pid=116853) _notify_l3_agent_new_port /opt/stack/neutron/neutron/db/l3_dvrscheduler_db.py:541}}
Oct 13 19:49:51.381381 dv-neutron-861124-2-hyperv neutron-server[116853]: DEBUG neutron_lib.callbacks.manager [None req-d6e7fdfd-ab36-4832-9db5-d47a9058a722 None None] Publish callbacks ['neutron.plugins.ml2.plugin.SecurityGroupServerNotifierRpcMixin._notify_sg_on_port_change-1805484', 'neutron.plugins.ml2.ovo_rpc._ObjectChangeHandler.handle_event-988445', 'neutron.api.rpc.agentnotifiers.dhcp_rpc_agent_api.DhcpAgentNotifyAPI._native_event_send_dhcp_notification-586105', 'neutron.db.l3_dvrscheduler_db._notify_l3_agent_new_port-8743878211292'] for port (7af77129-dc19-4973-b829-d6afee712950), after_create {{(pid=116853) _notify_loop /usr/local/lib/python3.8/dist-packages/neutron_lib/callbacks/manager.py:176}}
Oct 13 19:49:51.392434 dv-neutron-861124-2-hyperv neutron-server[116854]: DEBUG dbcounter [-] [116854] Writing DB stats neutron:SELECT=2 {{(pid=116854) stat_writer /usr/local/lib/python3.8/dist-packages/dbcounter.py:114}}
Oct 13 19:49:51.422513 dv-neutron-861124-2-hyperv neutron-server[116853]: DEBUG neutron.scheduler.dhcp_agent_scheduler [None req-d6e7fdfd-ab36-4832-9db5-d47a9058a722 None None] Network 19a7eb8b-2431-4596-bbee-3a94ba8ae1fa is already hosted by enough agents. {{(pid=116853) _get_dhcp_agents_hosting_network /opt/stack/neutron/neutron/scheduler/dhcp_agent_scheduler.py:275}}
Oct 13 19:49:51.428324 dv-neutron-861124-2-hyperv neutron-server[116853]: DEBUG dbcounter [-] [116853] Writing DB stats neutron:SELECT=86,neutron:UPDATE=8,neutron:INSERT=6 {{(pid=116853) stat_writer /usr/local/lib/python3.8/dist-packages/dbcounter.py:114}}
Oct 13 19:49:51.429880 dv-neutron-861124-2-hyperv neutron-server[116853]: DEBUG neutron.scheduler.base_scheduler [None req-d6e7fdfd-ab36-4832-9db5-d47a9058a722 None None] Resources bound (agent type, host, resource id): {{(pid=116853) schedule /opt/stack/neutron/neutron/scheduler/base_scheduler.py:57}}
Oct 13 19:49:51.433157 dv-neutron-861124-2-hyperv neutron-server[116853]: DEBUG neutron.db.l3_dvrscheduler_db [None req-d6e7fdfd-ab36-4832-9db5-d47a9058a722 None None] Received port after_create {{(pid=116853) _notify_l3_agent_new_port /opt/stack/neutron/neutron/db/l3_dvrscheduler_db.py:541}}
Oct 13 19:49:51.514949 dv-neutron-861124-2-hyperv neutron-server[116851]: DEBUG neutron.wsgi [-] (116851) accepted ('10.222.0.23', 47780) {{(pid=116851) server /usr/local/lib/python3.8/dist-packages/eventlet/wsgi.py:1004}}
Oct 13 19:49:51.623464 dv-neutron-861124-2-hyperv neutron-server[116853]: DEBUG neutron.plugins.ml2.managers [None req-d6e7fdfd-ab36-4832-9db5-d47a9058a722 None None] Attempting to bind port 7af77129-dc19-4973-b829-d6afee712950 on host dv-neutron-861124-2-hyperv for vnic_type normal with profile {{(pid=116853) bind_port /opt/stack/neutron/neutron/plugins/ml2/managers.py:810}}
Oct 13 19:49:51.624146 dv-neutron-861124-2-hyperv neutron-server[116853]: DEBUG neutron.plugins.ml2.managers [None req-d6e7fdfd-ab36-4832-9db5-d47a9058a722 None None] Attempting to bind port 7af77129-dc19-4973-b829-d6afee712950 by drivers openvswitch,hyperv on host dv-neutron-861124-2-hyperv at level 0 using segments [{'id': '5fad3786-4255-4133-8643-af9cda585da1', 'network_type': 'vlan', 'physical_network': 'physnet1', 'segmentation_id': 158, 'network_id': '19a7eb8b-2431-4596-bbee-3a94ba8ae1fa'}] {{(pid=116853) _bind_port_level /opt/stack/neutron/neutron/plugins/ml2/managers.py:835}}
Oct 13 19:49:51.624694 dv-neutron-861124-2-hyperv neutron-server[116853]: DEBUG neutron.plugins.ml2.drivers.mech_agent [None req-d6e7fdfd-ab36-4832-9db5-d47a9058a722 None None] Attempting to bind port 7af77129-dc19-4973-b829-d6afee712950 on network 19a7eb8b-2431-4596-bbee-3a94ba8ae1fa {{(pid=116853) bind_port /opt/stack/neutron/neutron/plugins/ml2/drivers/mech_agent.py:91}}
Oct 13 19:49:51.626979 dv-neutron-861124-2-hyperv neutron-server[116853]: DEBUG neutron_lib.callbacks.manager [None req-1dd57bbb-93f4-409b-af8d-a2126ee586c9 None None] Publish callbacks ['neutron.services.segments.db._update_segment_host_mapping_for_agent-8743878724810', 'neutron.plugins.ml2.plugin.Ml2Plugin._retry_binding_revived_agents-1438757'] for agent (fa2577af-790a-44f8-8efa-81836f932ecc), after_update {{(pid=116853) _notify_loop /usr/local/lib/python3.8/dist-packages/neutron_lib/callbacks/manager.py:176}}
Oct 13 19:49:51.638129 dv-neutron-861124-2-hyperv neutron-server[116853]: DEBUG neutron_lib.callbacks.manager [None req-6ca27b4b-0855-45bb-8bce-6e1cf61169c4 None None] Publish callbacks ['neutron.services.segments.db._update_segment_host_mapping_for_agent-8743878724810', 'neutron.plugins.ml2.plugin.Ml2Plugin._retry_binding_revived_agents-1438757'] for agent (b272f9c0-7111-4fd4-b548-c93cebb4624a), after_update {{(pid=116853) _notify_loop /usr/local/lib/python3.8/dist-packages/neutron_lib/callbacks/manager.py:176}}
Oct 13 19:49:51.652222 dv-neutron-861124-2-hyperv neutron-server[116852]: DEBUG neutron.pecan_wsgi.hooks.quota_enforcement [None req-bb62f74d-6962-4646-a439-09b6a3a7acac tempest-DHCPAgentSchedulersTestJSON-2072289240 tempest-DHCPAgentSchedulersTestJSON-2072289240-project] Made reservation on behalf of d2a320a077c2489ea8e402e413a98a08 for: {'subnet': 1} {{(pid=116852) before /opt/stack/neutron/neutron/pecan_wsgi/hooks/quota_enforcement.py:53}}
Oct 13 19:49:51.656912 dv-neutron-861124-2-hyperv neutron-server[116852]: DEBUG neutron_lib.callbacks.manager [None req-bb62f74d-6962-4646-a439-09b6a3a7acac tempest-DHCPAgentSchedulersTestJSON-2072289240 tempest-DHCPAgentSchedulersTestJSON-2072289240-project] Publish callbacks [] for subnet (None), before_create {{(pid=116852) _notify_loop /usr/local/lib/python3.8/dist-packages/neutron_lib/callbacks/manager.py:176}}
Oct 13 19:49:51.671502 dv-neutron-861124-2-hyperv neutron-server[116853]: DEBUG neutron.plugins.ml2.drivers.mech_agent [None req-4dc5175d-9289-42c6-adb9-0ee1fa7d8309 None None] Checking agent: {'id': 'fa2577af-790a-44f8-8efa-81836f932ecc', 'agent_type': 'Open vSwitch agent', 'binary': 'neutron-openvswitch-agent', 'topic': 'N/A', 'host': 'dv-neutron-861124-2-hyperv', 'admin_state_up': True, 'created_at': datetime.datetime(2022, 10, 13, 19, 42, 21), 'started_at': datetime.datetime(2022, 10, 13, 19, 42, 51), 'heartbeat_timestamp': datetime.datetime(2022, 10, 13, 19, 49, 51), 'description': None, 'resources_synced': None, 'availability_zone': None, 'alive': True, 'configurations': {'arp_responder_enabled': False, 'baremetal_smartnic': False, 'bridge_mappings': {'physnet1': 'br-data'}, 'datapath_type': 'system', 'devices': 0, 'enable_distributed_routing': False, 'extensions': [], 'in_distributed_mode': False, 'integration_bridge': 'br-int', 'l2_population': False, 'log_agent_heartbeats': False, 'ovs_capabilities': {'datapath_types': ['netdev', 'system'], 'iface_types': ['erspan', 'geneve', 'gre', 'internal', 'ip6erspan', 'ip6gre', 'lisp', 'patch', 'stt', 'system', 'tap', 'vxlan']}, 'ovs_hybrid_plug': False, 'resource_provider_bandwidths': {}, 'resource_provider_hypervisors': {'br-data': 'dv-neutron-861124-2-hyperv'}, 'resource_provider_inventory_defaults': {'allocation_ratio': 1.0, 'min_unit': 1, 'step_size': 1, 'reserved': 0}, 'resource_provider_packet_processing_inventory_defaults': {'allocation_ratio': 1.0, 'min_unit': 1, 'step_size': 1, 'reserved': 0}, 'resource_provider_packet_processing_with_direction': {}, 'resource_provider_packet_processing_without_direction': {}, 'tunnel_types': [], 'tunneling_ip': None, 'vhostuser_socket_dir': '/var/run/openvswitch'}, 'resource_versions': {'AddressGroup': '1.2', 'Agent': '1.1', 'ConntrackHelper': '1.0', 'LocalIPAssociation': '1.0', 'Log': '1.0', 'NDPProxy': '1.0', 'Network': '1.1', 'Port': '1.7', 'PortForwarding': '1.3', 'QosPolicy': '1.10', 'SecurityGroup': '1.5', 'SecurityGroupRule': '1.2', 'SubPort': '1.0', 'Subnet': '1.1', 'Trunk': '1.1'}} {{(pid=116853) bind_port /opt/stack/neutron/neutron/plugins/ml2/drivers/mech_agent.py:127}}
Oct 13 19:49:51.672181 dv-neutron-861124-2-hyperv neutron-server[116853]: DEBUG neutron.plugins.ml2.drivers.mech_agent [None req-4dc5175d-9289-42c6-adb9-0ee1fa7d8309 None None] Checking segment: {'id': '3a447ea6-a603-4ef9-b767-22186af2d3fc', 'network_type': 'vlan', 'physical_network': 'physnet1', 'segmentation_id': 192, 'network_id': '5a20423e-ce88-4fd6-acb5-88a8a979db27'} for mappings: {'physnet1': 'br-data'} with network types: ['local', 'flat', 'vlan'] {{(pid=116853) check_segment_for_agent /opt/stack/neutron/neutron/plugins/ml2/drivers/mech_agent.py:399}}
Oct 13 19:49:51.672755 dv-neutron-861124-2-hyperv neutron-server[116853]: DEBUG neutron_lib.callbacks.manager [None req-4dc5175d-9289-42c6-adb9-0ee1fa7d8309 None None] Publish callbacks [] for ovs_bridge_name (None), before_read {{(pid=116853) _notify_loop /usr/local/lib/python3.8/dist-packages/neutron_lib/callbacks/manager.py:176}}
Oct 13 19:49:51.673304 dv-neutron-861124-2-hyperv neutron-server[116853]: DEBUG neutron.plugins.ml2.drivers.mech_agent [None req-4dc5175d-9289-42c6-adb9-0ee1fa7d8309 None None] Bound using segment: {'id': '3a447ea6-a603-4ef9-b767-22186af2d3fc', 'network_type': 'vlan', 'physical_network': 'physnet1', 'segmentation_id': 192, 'network_id': '5a20423e-ce88-4fd6-acb5-88a8a979db27'} {{(pid=116853) bind_port /opt/stack/neutron/neutron/plugins/ml2/drivers/mech_agent.py:137}}
Oct 13 19:49:51.673960 dv-neutron-861124-2-hyperv neutron-server[116853]: DEBUG neutron.plugins.ml2.managers [None req-4dc5175d-9289-42c6-adb9-0ee1fa7d8309 None None] Bound port: 30b94d1e-913b-4bce-b830-ef286084775d, host: dv-neutron-861124-2-hyperv, vif_type: ovs, vif_details: {"connectivity": "l2", "port_filter": true, "ovs_hybrid_plug": false, "datapath_type": "system", "bridge_name": "br-int"}, binding_levels: [{'bound_driver': 'openvswitch', 'bound_segment': {'id': '3a447ea6-a603-4ef9-b767-22186af2d3fc', 'network_type': 'vlan', 'physical_network': 'physnet1', 'segmentation_id': 192, 'network_id': '5a20423e-ce88-4fd6-acb5-88a8a979db27'}}] {{(pid=116853) _bind_port_level /opt/stack/neutron/neutron/plugins/ml2/managers.py:947}}
Oct 13 19:49:51.674508 dv-neutron-861124-2-hyperv neutron-server[116853]: DEBUG neutron_lib.callbacks.manager [None req-4dc5175d-9289-42c6-adb9-0ee1fa7d8309 None None] Publish callbacks ['neutron.plugins.ml2.plugin.SecurityGroupDbMixin._ensure_default_security_group_handler-1802611'] for port (30b94d1e-913b-4bce-b830-ef286084775d), before_update {{(pid=116853) _notify_loop /usr/local/lib/python3.8/dist-packages/neutron_lib/callbacks/manager.py:176}}
Oct 13 19:49:51.680703 dv-neutron-861124-2-hyperv neutron-server[116853]: DEBUG neutron.api.rpc.handlers.resources_rpc [None req-8e73c9ca-52b1-4a3f-85e6-d331bee7f13b None None] Pushing event updated for resources: {'Port': ['ID=0e760d8a-ad86-44aa-8e5a-dfc3339456db,revision_number=1']} {{(pid=116853) push /opt/stack/neutron/neutron/api/rpc/handlers/resources_rpc.py:237}}
Oct 13 19:49:51.726558 dv-neutron-861124-2-hyperv neutron-server[116853]: DEBUG neutron.plugins.ml2.managers [None req-8e73c9ca-52b1-4a3f-85e6-d331bee7f13b None None] Attempting to bind port 0e760d8a-ad86-44aa-8e5a-dfc3339456db on host dv-neutron-861124-2-hyperv for vnic_type normal with profile {{(pid=116853) bind_port /opt/stack/neutron/neutron/plugins/ml2/managers.py:810}}
Oct 13 19:49:51.727199 dv-neutron-861124-2-hyperv neutron-server[116853]: DEBUG neutron.plugins.ml2.managers [None req-8e73c9ca-52b1-4a3f-85e6-d331bee7f13b None None] Attempting to bind port 0e760d8a-ad86-44aa-8e5a-dfc3339456db by drivers openvswitch,hyperv on host dv-neutron-861124-2-hyperv at level 0 using segments [{'id': '4a2c17c5-bec2-4674-9d94-3c3199cd7929', 'network_type': 'vlan', 'physical_network': 'physnet1', 'segmentation_id': 168, 'network_id': 'ef9ac19b-2a92-4873-baf0-dc5d7df9b9fe'}] {{(pid=116853) _bind_port_level /opt/stack/neutron/neutron/plugins/ml2/managers.py:835}}
Oct 13 19:49:51.727750 dv-neutron-861124-2-hyperv neutron-server[116853]: DEBUG neutron.plugins.ml2.drivers.mech_agent [None req-8e73c9ca-52b1-4a3f-85e6-d331bee7f13b None None] Attempting to bind port 0e760d8a-ad86-44aa-8e5a-dfc3339456db on network ef9ac19b-2a92-4873-baf0-dc5d7df9b9fe {{(pid=116853) bind_port /opt/stack/neutron/neutron/plugins/ml2/drivers/mech_agent.py:91}}
Oct 13 19:49:51.735834 dv-neutron-861124-2-hyperv neutron-server[116852]: DEBUG neutron_lib.callbacks.manager [None req-aa29e3cc-4270-4a7f-978e-c95291f565a6 admin admin] Publish callbacks [] for router_gateway (4bc8ac50-7123-41c3-b3fc-873a48b0ed46), before_create {{(pid=116852) _notify_loop /usr/local/lib/python3.8/dist-packages/neutron_lib/callbacks/manager.py:176}}
Oct 13 19:49:51.738844 dv-neutron-861124-2-hyperv neutron-server[116851]: DEBUG neutron.api.v2.base [None req-de42ccc8-adea-4e37-8844-b564009f2318 tempest-ExtraDHCPOptionsIpV6TestJSON-119119485 tempest-ExtraDHCPOptionsIpV6TestJSON-119119485-project] Request body: {'network': {'name': 'tempest-ExtraDHCPOptionsIpV6TestJSON-test-network-1473285437'}} {{(pid=116851) prepare_request_body /opt/stack/neutron/neutron/api/v2/base.py:730}}
Oct 13 19:49:51.744755 dv-neutron-861124-2-hyperv neutron-server[116852]: DEBUG neutron.api.rpc.handlers.resources_rpc [None req-9bc64edf-5163-4aad-a260-58e55a197595 tempest-DHCPAgentSchedulersTestJSON-2072289240 tempest-DHCPAgentSchedulersTestJSON-2072289240-project] Pushing event updated for resources: {'Network': ['ID=5bdd74d0-8238-4add-a24c-66de1b0f880e,revision_number=1']} {{(pid=116852) push /opt/stack/neutron/neutron/api/rpc/handlers/resources_rpc.py:237}}
Oct 13 19:49:51.752045 dv-neutron-861124-2-hyperv neutron-server[116852]: DEBUG neutron_lib.callbacks.manager [None req-4be41b93-c5e7-48e4-b78e-6b9c3638613d tempest-ExternalNetworksTestJSON-1858132612 tempest-ExternalNetworksTestJSON-1858132612-project] Publish callbacks [] for security_group (c164cd14-0081-4d9d-a1ff-91980abb6639), precommit_create {{(pid=116852) _notify_loop /usr/local/lib/python3.8/dist-packages/neutron_lib/callbacks/manager.py:176}}
Oct 13 19:49:51.776714 dv-neutron-861124-2-hyperv neutron-server[116852]: DEBUG neutron.wsgi [-] (116852) accepted ('10.222.0.23', 47786) {{(pid=116852) server /usr/local/lib/python3.8/dist-packages/eventlet/wsgi.py:1004}}
Oct 13 19:49:51.778453 dv-neutron-861124-2-hyperv neutron-server[116852]: DEBUG neutron_lib.callbacks.manager [None req-98218615-e563-4902-bff6-8a98038e1bec admin admin] Publish callbacks ['neutron.plugins.ml2.plugin.SecurityGroupServerNotifierRpcMixin._notify_sg_on_port_change-1805484', 'neutron.plugins.ml2.ovo_rpc._ObjectChangeHandler.handle_event-988445', 'neutron.api.rpc.agentnotifiers.dhcp_rpc_agent_api.DhcpAgentNotifyAPI._native_event_send_dhcp_notification-586105', 'neutron.db.l3_dvrscheduler_db._notify_l3_agent_new_port-8743878211292'] for port (dc33c97e-23ca-4dde-a3d5-c7cb01259d87), after_create {{(pid=116852) _notify_loop /usr/local/lib/python3.8/dist-packages/neutron_lib/callbacks/manager.py:176}}
Oct 13 19:49:51.780485 dv-neutron-861124-2-hyperv neutron-server[116852]: DEBUG neutron_lib.callbacks.manager [None req-4be41b93-c5e7-48e4-b78e-6b9c3638613d tempest-ExternalNetworksTestJSON-1858132612 tempest-ExternalNetworksTestJSON-1858132612-project] Publish callbacks ['neutron.plugins.ml2.ovo_rpc._ObjectChangeHandler.handle_event-550182'] for security_group (c164cd14-0081-4d9d-a1ff-91980abb6639), after_create {{(pid=116852) _notify_loop /usr/local/lib/python3.8/dist-packages/neutron_lib/callbacks/manager.py:176}}
Oct 13 19:49:51.790851 dv-neutron-861124-2-hyperv neutron-server[116852]: DEBUG neutron_lib.callbacks.manager [None req-aa29e3cc-4270-4a7f-978e-c95291f565a6 admin admin] Publish callbacks ['neutron.plugins.ml2.plugin.SecurityGroupDbMixin._ensure_default_security_group_handler-1802611'] for port (None), before_create {{(pid=116852) _notify_loop /usr/local/lib/python3.8/dist-packages/neutron_lib/callbacks/manager.py:176}}
Oct 13 19:49:51.827779 dv-neutron-861124-2-hyperv neutron-server[116851]: DEBUG neutron.pecan_wsgi.hooks.quota_enforcement [None req-de42ccc8-adea-4e37-8844-b564009f2318 tempest-ExtraDHCPOptionsIpV6TestJSON-119119485 tempest-ExtraDHCPOptionsIpV6TestJSON-119119485-project] Made reservation on behalf of 8f898cfe8f48481a9c31fe8857b6bc0b for: {'network': 1} {{(pid=116851) before /opt/stack/neutron/neutron/pecan_wsgi/hooks/quota_enforcement.py:53}}
Oct 13 19:49:51.832640 dv-neutron-861124-2-hyperv neutron-server[116851]: DEBUG neutron_lib.callbacks.manager [None req-de42ccc8-adea-4e37-8844-b564009f2318 tempest-ExtraDHCPOptionsIpV6TestJSON-119119485 tempest-ExtraDHCPOptionsIpV6TestJSON-119119485-project] Publish callbacks ['neutron.plugins.ml2.plugin.SecurityGroupDbMixin._ensure_default_security_group_handler-1802611'] for network (None), before_create {{(pid=116851) _notify_loop /usr/local/lib/python3.8/dist-packages/neutron_lib/callbacks/manager.py:176}}
Oct 13 19:49:51.900269 dv-neutron-861124-2-hyperv neutron-server[116852]: DEBUG neutron.plugins.ml2.drivers.helpers [None req-4be41b93-c5e7-48e4-b78e-6b9c3638613d tempest-ExternalNetworksTestJSON-1858132612 tempest-ExternalNetworksTestJSON-1858132612-project] vlan segment allocate from pool success with {'vlan_id': 195, 'physical_network': 'physnet1'} {{(pid=116852) allocate_partially_specified_segment /opt/stack/neutron/neutron/plugins/ml2/drivers/helpers.py:153}}
Oct 13 19:49:51.918295 dv-neutron-861124-2-hyperv neutron-server[116852]: DEBUG dbcounter [-] [116852] Writing DB stats neutron:SELECT=86,neutron:INSERT=11,neutron:UPDATE=1,neutron:DELETE=2 {{(pid=116852) stat_writer /usr/local/lib/python3.8/dist-packages/dbcounter.py:114}}
Oct 13 19:49:51.927172 dv-neutron-861124-2-hyperv neutron-server[116852]: DEBUG neutron.scheduler.dhcp_agent_scheduler [None req-98218615-e563-4902-bff6-8a98038e1bec admin admin] Network 3397855f-eeee-4529-b284-8c084b8b23e9 is already hosted by enough agents. {{(pid=116852) _get_dhcp_agents_hosting_network /opt/stack/neutron/neutron/scheduler/dhcp_agent_scheduler.py:275}}
Oct 13 19:49:51.936227 dv-neutron-861124-2-hyperv neutron-server[116852]: DEBUG neutron.api.v2.base [None req-b6261e0e-b8c4-46ad-abd3-ac941fb71845 tempest-QuotasTest-219516326 tempest-QuotasTest-219516326-project-admin] Request body: {'quota': {'network': 0, 'port': 0}} {{(pid=116852) prepare_request_body /opt/stack/neutron/neutron/api/v2/base.py:730}}
Oct 13 19:49:51.954352 dv-neutron-861124-2-hyperv neutron-server[116851]: DEBUG neutron_lib.callbacks.manager [None req-de42ccc8-adea-4e37-8844-b564009f2318 tempest-ExtraDHCPOptionsIpV6TestJSON-119119485 tempest-ExtraDHCPOptionsIpV6TestJSON-119119485-project] Publish callbacks [] for security_group (None), before_create {{(pid=116851) _notify_loop /usr/local/lib/python3.8/dist-packages/neutron_lib/callbacks/manager.py:176}}
Oct 13 19:49:51.955677 dv-neutron-861124-2-hyperv neutron-server[116852]: DEBUG neutron.scheduler.base_scheduler [None req-98218615-e563-4902-bff6-8a98038e1bec admin admin] Resources bound (agent type, host, resource id): {{(pid=116852) schedule /opt/stack/neutron/neutron/scheduler/base_scheduler.py:57}}
Oct 13 19:49:51.969758 dv-neutron-861124-2-hyperv neutron-server[116852]: DEBUG neutron.api.rpc.handlers.resources_rpc [None req-98218615-e563-4902-bff6-8a98038e1bec admin admin] Pushing event updated for resources: {'Port': ['ID=dc33c97e-23ca-4dde-a3d5-c7cb01259d87,revision_number=1']} {{(pid=116852) push /opt/stack/neutron/neutron/api/rpc/handlers/resources_rpc.py:237}}
Oct 13 19:49:51.978134 dv-neutron-861124-2-hyperv neutron-server[116852]: DEBUG neutron.db.l3_dvrscheduler_db [None req-98218615-e563-4902-bff6-8a98038e1bec admin admin] Received port after_create {{(pid=116852) _notify_l3_agent_new_port /opt/stack/neutron/neutron/db/l3_dvrscheduler_db.py:541}}
Oct 13 19:49:51.991492 dv-neutron-861124-2-hyperv neutron-server[116852]: DEBUG neutron_lib.callbacks.manager [None req-4be41b93-c5e7-48e4-b78e-6b9c3638613d tempest-ExternalNetworksTestJSON-1858132612 tempest-ExternalNetworksTestJSON-1858132612-project] Publish callbacks ['neutron.plugins.ml2.plugin.Ml2Plugin._handle_segment_change-1435479'] for segment (1440b965-6784-459d-9034-9c88f105cd4f), precommit_create {{(pid=116852) _notify_loop /usr/local/lib/python3.8/dist-packages/neutron_lib/callbacks/manager.py:176}}
Oct 13 19:49:51.991855 dv-neutron-861124-2-hyperv neutron-server[116852]: INFO neutron.db.segments_db [None req-4be41b93-c5e7-48e4-b78e-6b9c3638613d tempest-ExternalNetworksTestJSON-1858132612 tempest-ExternalNetworksTestJSON-1858132612-project] Added segment 1440b965-6784-459d-9034-9c88f105cd4f of type vlan for network e1023837-7124-4ad6-a353-aaadb2abff9f
Oct 13 19:49:51.993731 dv-neutron-861124-2-hyperv neutron-server[116851]: DEBUG neutron.db.db_base_plugin_common [None req-3c8b391a-e71f-44fe-b0ea-66b6c3c56458 admin admin] Allocated IP 172.26.2.229 (3397855f-eeee-4529-b284-8c084b8b23e9/b2a180b1-d2aa-4e31-8534-8c461780ac95/a63ddc5e-a119-47ff-9a66-b3b5fbccb965) {{(pid=116851) _store_ip_allocation /opt/stack/neutron/neutron/db/db_base_plugin_common.py:131}}
Oct 13 19:49:52.000653 dv-neutron-861124-2-hyperv neutron-server[116851]: DEBUG dbcounter [-] [116851] Writing DB stats neutron:INSERT=5,neutron:SELECT=90,neutron:UPDATE=5 {{(pid=116851) stat_writer /usr/local/lib/python3.8/dist-packages/dbcounter.py:114}}
Oct 13 19:49:52.006945 dv-neutron-861124-2-hyperv neutron-server[116853]: DEBUG neutron.plugins.ml2.rpc [None req-1dd57bbb-93f4-409b-af8d-a2126ee586c9 None None] Network 5bdd74d0-8238-4add-a24c-66de1b0f880e details requested by agent ovs-agent-dv-neutron-861124-2-hyperv with host dv-neutron-861124-2-hyperv {{(pid=116853) get_network_details /opt/stack/neutron/neutron/plugins/ml2/rpc.py:248}}
Oct 13 19:49:52.029265 dv-neutron-861124-2-hyperv neutron-server[116852]: DEBUG neutron.api.rpc.handlers.resources_rpc [None req-4be41b93-c5e7-48e4-b78e-6b9c3638613d tempest-ExternalNetworksTestJSON-1858132612 tempest-ExternalNetworksTestJSON-1858132612-project] Pushing event updated for resources: {'SecurityGroup': ['ID=c164cd14-0081-4d9d-a1ff-91980abb6639,revision_number=1']} {{(pid=116852) push /opt/stack/neutron/neutron/api/rpc/handlers/resources_rpc.py:237}}
Oct 13 19:49:52.085085 dv-neutron-861124-2-hyperv neutron-server[116852]: DEBUG dbcounter [-] [116852] Writing DB stats neutron:SELECT=88,neutron:INSERT=8,neutron:UPDATE=4 {{(pid=116852) stat_writer /usr/local/lib/python3.8/dist-packages/dbcounter.py:114}}
Oct 13 19:49:52.159087 dv-neutron-861124-2-hyperv neutron-server[116853]: DEBUG neutron.plugins.ml2.drivers.mech_agent [None req-d6e7fdfd-ab36-4832-9db5-d47a9058a722 None None] Checking agent: {'id': 'fa2577af-790a-44f8-8efa-81836f932ecc', 'agent_type': 'Open vSwitch agent', 'binary': 'neutron-openvswitch-agent', 'topic': 'N/A', 'host': 'dv-neutron-861124-2-hyperv', 'admin_state_up': True, 'created_at': datetime.datetime(2022, 10, 13, 19, 42, 21), 'started_at': datetime.datetime(2022, 10, 13, 19, 42, 51), 'heartbeat_timestamp': datetime.datetime(2022, 10, 13, 19, 49, 51), 'description': None, 'resources_synced': None, 'availability_zone': None, 'alive': True, 'configurations': {'arp_responder_enabled': False, 'baremetal_smartnic': False, 'bridge_mappings': {'physnet1': 'br-data'}, 'datapath_type': 'system', 'devices': 0, 'enable_distributed_routing': False, 'extensions': [], 'in_distributed_mode': False, 'integration_bridge': 'br-int', 'l2_population': False, 'log_agent_heartbeats': False, 'ovs_capabilities': {'datapath_types': ['netdev', 'system'], 'iface_types': ['erspan', 'geneve', 'gre', 'internal', 'ip6erspan', 'ip6gre', 'lisp', 'patch', 'stt', 'system', 'tap', 'vxlan']}, 'ovs_hybrid_plug': False, 'resource_provider_bandwidths': {}, 'resource_provider_hypervisors': {'br-data': 'dv-neutron-861124-2-hyperv'}, 'resource_provider_inventory_defaults': {'allocation_ratio': 1.0, 'min_unit': 1, 'step_size': 1, 'reserved': 0}, 'resource_provider_packet_processing_inventory_defaults': {'allocation_ratio': 1.0, 'min_unit': 1, 'step_size': 1, 'reserved': 0}, 'resource_provider_packet_processing_with_direction': {}, 'resource_provider_packet_processing_without_direction': {}, 'tunnel_types': [], 'tunneling_ip': None, 'vhostuser_socket_dir': '/var/run/openvswitch'}, 'resource_versions': {'AddressGroup': '1.2', 'Agent': '1.1', 'ConntrackHelper': '1.0', 'LocalIPAssociation': '1.0', 'Log': '1.0', 'NDPProxy': '1.0', 'Network': '1.1', 'Port': '1.7', 'PortForwarding': '1.3', 'QosPolicy': '1.10', 'SecurityGroup': '1.5', 'SecurityGroupRule': '1.2', 'SubPort': '1.0', 'Subnet': '1.1', 'Trunk': '1.1'}} {{(pid=116853) bind_port /opt/stack/neutron/neutron/plugins/ml2/drivers/mech_agent.py:127}}
Oct 13 19:49:52.160182 dv-neutron-861124-2-hyperv neutron-server[116853]: DEBUG neutron.plugins.ml2.drivers.mech_agent [None req-d6e7fdfd-ab36-4832-9db5-d47a9058a722 None None] Checking segment: {'id': '5fad3786-4255-4133-8643-af9cda585da1', 'network_type': 'vlan', 'physical_network': 'physnet1', 'segmentation_id': 158, 'network_id': '19a7eb8b-2431-4596-bbee-3a94ba8ae1fa'} for mappings: {'physnet1': 'br-data'} with network types: ['local', 'flat', 'vlan'] {{(pid=116853) check_segment_for_agent /opt/stack/neutron/neutron/plugins/ml2/drivers/mech_agent.py:399}}
Oct 13 19:49:52.161193 dv-neutron-861124-2-hyperv neutron-server[116853]: DEBUG neutron_lib.callbacks.manager [None req-d6e7fdfd-ab36-4832-9db5-d47a9058a722 None None] Publish callbacks [] for ovs_bridge_name (None), before_read {{(pid=116853) _notify_loop /usr/local/lib/python3.8/dist-packages/neutron_lib/callbacks/manager.py:176}}
Oct 13 19:49:52.161926 dv-neutron-861124-2-hyperv neutron-server[116853]: DEBUG neutron.plugins.ml2.drivers.mech_agent [None req-d6e7fdfd-ab36-4832-9db5-d47a9058a722 None None] Bound using segment: {'id': '5fad3786-4255-4133-8643-af9cda585da1', 'network_type': 'vlan', 'physical_network': 'physnet1', 'segmentation_id': 158, 'network_id': '19a7eb8b-2431-4596-bbee-3a94ba8ae1fa'} {{(pid=116853) bind_port /opt/stack/neutron/neutron/plugins/ml2/drivers/mech_agent.py:137}}
Oct 13 19:49:52.162820 dv-neutron-861124-2-hyperv neutron-server[116853]: DEBUG neutron.plugins.ml2.managers [None req-d6e7fdfd-ab36-4832-9db5-d47a9058a722 None None] Bound port: 7af77129-dc19-4973-b829-d6afee712950, host: dv-neutron-861124-2-hyperv, vif_type: ovs, vif_details: {"connectivity": "l2", "port_filter": true, "ovs_hybrid_plug": false, "datapath_type": "system", "bridge_name": "br-int"}, binding_levels: [{'bound_driver': 'openvswitch', 'bound_segment': {'id': '5fad3786-4255-4133-8643-af9cda585da1', 'network_type': 'vlan', 'physical_network': 'physnet1', 'segmentation_id': 158, 'network_id': '19a7eb8b-2431-4596-bbee-3a94ba8ae1fa'}}] {{(pid=116853) _bind_port_level /opt/stack/neutron/neutron/plugins/ml2/managers.py:947}}
Oct 13 19:49:52.163065 dv-neutron-861124-2-hyperv neutron-server[116853]: DEBUG neutron_lib.callbacks.manager [None req-d6e7fdfd-ab36-4832-9db5-d47a9058a722 None None] Publish callbacks ['neutron.plugins.ml2.plugin.SecurityGroupDbMixin._ensure_default_security_group_handler-1802611'] for port (7af77129-dc19-4973-b829-d6afee712950), before_update {{(pid=116853) _notify_loop /usr/local/lib/python3.8/dist-packages/neutron_lib/callbacks/manager.py:176}}
Oct 13 19:49:52.164684 dv-neutron-861124-2-hyperv neutron-server[116851]: DEBUG neutron_lib.callbacks.manager [None req-de42ccc8-adea-4e37-8844-b564009f2318 tempest-ExtraDHCPOptionsIpV6TestJSON-119119485 tempest-ExtraDHCPOptionsIpV6TestJSON-119119485-project] Publish callbacks [] for security_group (fdc0e703-fd06-470a-ae3e-cb948927a17b), precommit_create {{(pid=116851) _notify_loop /usr/local/lib/python3.8/dist-packages/neutron_lib/callbacks/manager.py:176}}
Oct 13 19:49:52.165676 dv-neutron-861124-2-hyperv neutron-server[116853]: DEBUG neutron.api.rpc.handlers.resources_rpc [None req-d6e7fdfd-ab36-4832-9db5-d47a9058a722 None None] Pushing event updated for resources: {'Port': ['ID=7af77129-dc19-4973-b829-d6afee712950,revision_number=1']} {{(pid=116853) push /opt/stack/neutron/neutron/api/rpc/handlers/resources_rpc.py:237}}
Oct 13 19:49:52.172553 dv-neutron-861124-2-hyperv neutron-server[116851]: DEBUG neutron.wsgi [-] (116851) accepted ('10.222.0.23', 47800) {{(pid=116851) server /usr/local/lib/python3.8/dist-packages/eventlet/wsgi.py:1004}}
Oct 13 19:49:52.187089 dv-neutron-861124-2-hyperv neutron-server[116851]: DEBUG neutron_lib.callbacks.manager [None req-de42ccc8-adea-4e37-8844-b564009f2318 tempest-ExtraDHCPOptionsIpV6TestJSON-119119485 tempest-ExtraDHCPOptionsIpV6TestJSON-119119485-project] Publish callbacks ['neutron.plugins.ml2.ovo_rpc._ObjectChangeHandler.handle_event-550182'] for security_group (fdc0e703-fd06-470a-ae3e-cb948927a17b), after_create {{(pid=116851) _notify_loop /usr/local/lib/python3.8/dist-packages/neutron_lib/callbacks/manager.py:176}}
Oct 13 19:49:52.210571 dv-neutron-861124-2-hyperv neutron-server[116852]: DEBUG neutron_lib.callbacks.manager [None req-4be41b93-c5e7-48e4-b78e-6b9c3638613d tempest-ExternalNetworksTestJSON-1858132612 tempest-ExternalNetworksTestJSON-1858132612-project] Publish callbacks ['neutron.services.auto_allocate.db._ensure_external_network_default_value_callback-8743878148298'] for network (e1023837-7124-4ad6-a353-aaadb2abff9f), precommit_create {{(pid=116852) _notify_loop /usr/local/lib/python3.8/dist-packages/neutron_lib/callbacks/manager.py:176}}
Oct 13 19:49:52.237184 dv-neutron-861124-2-hyperv neutron-server[116853]: DEBUG neutron.plugins.ml2.drivers.mech_agent [None req-8e73c9ca-52b1-4a3f-85e6-d331bee7f13b None None] Checking agent: {'id': 'fa2577af-790a-44f8-8efa-81836f932ecc', 'agent_type': 'Open vSwitch agent', 'binary': 'neutron-openvswitch-agent', 'topic': 'N/A', 'host': 'dv-neutron-861124-2-hyperv', 'admin_state_up': True, 'created_at': datetime.datetime(2022, 10, 13, 19, 42, 21), 'started_at': datetime.datetime(2022, 10, 13, 19, 42, 51), 'heartbeat_timestamp': datetime.datetime(2022, 10, 13, 19, 49, 51), 'description': None, 'resources_synced': None, 'availability_zone': None, 'alive': True, 'configurations': {'arp_responder_enabled': False, 'baremetal_smartnic': False, 'bridge_mappings': {'physnet1': 'br-data'}, 'datapath_type': 'system', 'devices': 0, 'enable_distributed_routing': False, 'extensions': [], 'in_distributed_mode': False, 'integration_bridge': 'br-int', 'l2_population': False, 'log_agent_heartbeats': False, 'ovs_capabilities': {'datapath_types': ['netdev', 'system'], 'iface_types': ['erspan', 'geneve', 'gre', 'internal', 'ip6erspan', 'ip6gre', 'lisp', 'patch', 'stt', 'system', 'tap', 'vxlan']}, 'ovs_hybrid_plug': False, 'resource_provider_bandwidths': {}, 'resource_provider_hypervisors': {'br-data': 'dv-neutron-861124-2-hyperv'}, 'resource_provider_inventory_defaults': {'allocation_ratio': 1.0, 'min_unit': 1, 'step_size': 1, 'reserved': 0}, 'resource_provider_packet_processing_inventory_defaults': {'allocation_ratio': 1.0, 'min_unit': 1, 'step_size': 1, 'reserved': 0}, 'resource_provider_packet_processing_with_direction': {}, 'resource_provider_packet_processing_without_direction': {}, 'tunnel_types': [], 'tunneling_ip': None, 'vhostuser_socket_dir': '/var/run/openvswitch'}, 'resource_versions': {'AddressGroup': '1.2', 'Agent': '1.1', 'ConntrackHelper': '1.0', 'LocalIPAssociation': '1.0', 'Log': '1.0', 'NDPProxy': '1.0', 'Network': '1.1', 'Port': '1.7', 'PortForwarding': '1.3', 'QosPolicy': '1.10', 'SecurityGroup': '1.5', 'SecurityGroupRule': '1.2', 'SubPort': '1.0', 'Subnet': '1.1', 'Trunk': '1.1'}} {{(pid=116853) bind_port /opt/stack/neutron/neutron/plugins/ml2/drivers/mech_agent.py:127}}
Oct 13 19:49:52.237666 dv-neutron-861124-2-hyperv neutron-server[116853]: DEBUG neutron.plugins.ml2.drivers.mech_agent [None req-8e73c9ca-52b1-4a3f-85e6-d331bee7f13b None None] Checking segment: {'id': '4a2c17c5-bec2-4674-9d94-3c3199cd7929', 'network_type': 'vlan', 'physical_network': 'physnet1', 'segmentation_id': 168, 'network_id': 'ef9ac19b-2a92-4873-baf0-dc5d7df9b9fe'} for mappings: {'physnet1': 'br-data'} with network types: ['local', 'flat', 'vlan'] {{(pid=116853) check_segment_for_agent /opt/stack/neutron/neutron/plugins/ml2/drivers/mech_agent.py:399}}
Oct 13 19:49:52.238205 dv-neutron-861124-2-hyperv neutron-server[116853]: DEBUG neutron_lib.callbacks.manager [None req-8e73c9ca-52b1-4a3f-85e6-d331bee7f13b None None] Publish callbacks [] for ovs_bridge_name (None), before_read {{(pid=116853) _notify_loop /usr/local/lib/python3.8/dist-packages/neutron_lib/callbacks/manager.py:176}}
Oct 13 19:49:52.239200 dv-neutron-861124-2-hyperv neutron-server[116853]: DEBUG neutron.plugins.ml2.drivers.mech_agent [None req-8e73c9ca-52b1-4a3f-85e6-d331bee7f13b None None] Bound using segment: {'id': '4a2c17c5-bec2-4674-9d94-3c3199cd7929', 'network_type': 'vlan', 'physical_network': 'physnet1', 'segmentation_id': 168, 'network_id': 'ef9ac19b-2a92-4873-baf0-dc5d7df9b9fe'} {{(pid=116853) bind_port /opt/stack/neutron/neutron/plugins/ml2/drivers/mech_agent.py:137}}
Oct 13 19:49:52.239528 dv-neutron-861124-2-hyperv neutron-server[116853]: DEBUG neutron.plugins.ml2.managers [None req-8e73c9ca-52b1-4a3f-85e6-d331bee7f13b None None] Bound port: 0e760d8a-ad86-44aa-8e5a-dfc3339456db, host: dv-neutron-861124-2-hyperv, vif_type: ovs, vif_details: {"connectivity": "l2", "port_filter": true, "ovs_hybrid_plug": false, "datapath_type": "system", "bridge_name": "br-int"}, binding_levels: [{'bound_driver': 'openvswitch', 'bound_segment': {'id': '4a2c17c5-bec2-4674-9d94-3c3199cd7929', 'network_type': 'vlan', 'physical_network': 'physnet1', 'segmentation_id': 168, 'network_id': 'ef9ac19b-2a92-4873-baf0-dc5d7df9b9fe'}}] {{(pid=116853) _bind_port_level /opt/stack/neutron/neutron/plugins/ml2/managers.py:947}}
Oct 13 19:49:52.240053 dv-neutron-861124-2-hyperv neutron-server[116853]: DEBUG neutron_lib.callbacks.manager [None req-8e73c9ca-52b1-4a3f-85e6-d331bee7f13b None None] Publish callbacks ['neutron.plugins.ml2.plugin.SecurityGroupDbMixin._ensure_default_security_group_handler-1802611'] for port (0e760d8a-ad86-44aa-8e5a-dfc3339456db), before_update {{(pid=116853) _notify_loop /usr/local/lib/python3.8/dist-packages/neutron_lib/callbacks/manager.py:176}}
Oct 13 19:49:52.240292 dv-neutron-861124-2-hyperv neutron-server[116851]: DEBUG neutron.api.rpc.handlers.resources_rpc [None req-de42ccc8-adea-4e37-8844-b564009f2318 tempest-ExtraDHCPOptionsIpV6TestJSON-119119485 tempest-ExtraDHCPOptionsIpV6TestJSON-119119485-project] Pushing event updated for resources: {'SecurityGroup': ['ID=fdc0e703-fd06-470a-ae3e-cb948927a17b,revision_number=1']} {{(pid=116851) push /opt/stack/neutron/neutron/api/rpc/handlers/resources_rpc.py:237}}
Oct 13 19:49:52.259055 dv-neutron-861124-2-hyperv neutron-server[116851]: DEBUG neutron_lib.callbacks.manager [None req-3c8b391a-e71f-44fe-b0ea-66b6c3c56458 admin admin] Publish callbacks [] for port (a63ddc5e-a119-47ff-9a66-b3b5fbccb965), precommit_create {{(pid=116851) _notify_loop /usr/local/lib/python3.8/dist-packages/neutron_lib/callbacks/manager.py:176}}
