Oct 19 03:24:25.070022 dv-neutron-860766-4-hyperv devstack@placement-api.service[106415]: [pid: 106415|app: 0|req: 477/953] 10.222.0.15 () {60 vars in 1351 bytes} [Wed Oct 19 03:24:25 2022] DELETE /placement/resource_providers/a20733a1-f54b-4aec-8918-08c10fcb0cab => generated 246 bytes in 12 msecs (HTTP/1.1 404) 6 headers in 231 bytes (2 switches on core 0)
Oct 19 03:24:35.031606 dv-neutron-860766-4-hyperv devstack@placement-api.service[106416]: DEBUG dbcounter [-] [106416] Writing DB stats placement:SELECT=12 {{(pid=106416) stat_writer /usr/local/lib/python3.8/dist-packages/dbcounter.py:114}}
Oct 19 03:24:35.066400 dv-neutron-860766-4-hyperv devstack@placement-api.service[106415]: DEBUG dbcounter [-] [106415] Writing DB stats placement:SELECT=21,placement:DELETE=2 {{(pid=106415) stat_writer /usr/local/lib/python3.8/dist-packages/dbcounter.py:114}}
Oct 19 03:24:38.567595 dv-neutron-860766-4-hyperv devstack@placement-api.service[106416]: DEBUG placement.requestlog [req-70c60e2c-05e1-4466-bf8f-45aeaa737f0d req-c5b771c1-7b35-49cd-b5b6-6d60c432c9da None None] Starting request: 10.222.0.15 "GET /placement/allocation_candidates?limit=1000&resources=DISK_GB%3A1%2CMEMORY_MB%3A1024%2CVCPU%3A1&root_required=%21COMPUTE_STATUS_DISABLED" {{(pid=106416) __call__ /opt/stack/placement/placement/requestlog.py:55}}
Oct 19 03:24:38.609209 dv-neutron-860766-4-hyperv devstack@placement-api.service[106416]: DEBUG placement.objects.research_context [req-70c60e2c-05e1-4466-bf8f-45aeaa737f0d req-c5b771c1-7b35-49cd-b5b6-6d60c432c9da service placement] getting providers with 1 DISK_GB {{(pid=106416) __init__ /opt/stack/placement/placement/objects/research_context.py:136}}
Oct 19 03:24:38.614292 dv-neutron-860766-4-hyperv devstack@placement-api.service[106416]: DEBUG placement.objects.research_context [req-70c60e2c-05e1-4466-bf8f-45aeaa737f0d req-c5b771c1-7b35-49cd-b5b6-6d60c432c9da service placement] getting providers with 1024 MEMORY_MB {{(pid=106416) __init__ /opt/stack/placement/placement/objects/research_context.py:136}}
Oct 19 03:24:38.619685 dv-neutron-860766-4-hyperv devstack@placement-api.service[106416]: DEBUG placement.objects.research_context [req-70c60e2c-05e1-4466-bf8f-45aeaa737f0d req-c5b771c1-7b35-49cd-b5b6-6d60c432c9da service placement] getting providers with 1 VCPU {{(pid=106416) __init__ /opt/stack/placement/placement/objects/research_context.py:136}}
Oct 19 03:24:38.627418 dv-neutron-860766-4-hyperv devstack@placement-api.service[106416]: DEBUG placement.objects.research_context [req-70c60e2c-05e1-4466-bf8f-45aeaa737f0d req-c5b771c1-7b35-49cd-b5b6-6d60c432c9da service placement] found 1 providers with available 1 DISK_GB {{(pid=106416) get_provider_ids_matching /opt/stack/placement/placement/objects/research_context.py:563}}
Oct 19 03:24:38.627418 dv-neutron-860766-4-hyperv devstack@placement-api.service[106416]: DEBUG placement.objects.research_context [req-70c60e2c-05e1-4466-bf8f-45aeaa737f0d req-c5b771c1-7b35-49cd-b5b6-6d60c432c9da service placement] found 1 providers with available 1024 MEMORY_MB {{(pid=106416) get_provider_ids_matching /opt/stack/placement/placement/objects/research_context.py:563}}
Oct 19 03:24:38.627418 dv-neutron-860766-4-hyperv devstack@placement-api.service[106416]: DEBUG placement.objects.research_context [req-70c60e2c-05e1-4466-bf8f-45aeaa737f0d req-c5b771c1-7b35-49cd-b5b6-6d60c432c9da service placement] found 1 providers after filtering by previous result {{(pid=106416) get_provider_ids_matching /opt/stack/placement/placement/objects/research_context.py:594}}
Oct 19 03:24:38.627418 dv-neutron-860766-4-hyperv devstack@placement-api.service[106416]: DEBUG placement.objects.research_context [req-70c60e2c-05e1-4466-bf8f-45aeaa737f0d req-c5b771c1-7b35-49cd-b5b6-6d60c432c9da service placement] found 1 providers with available 1 VCPU {{(pid=106416) get_provider_ids_matching /opt/stack/placement/placement/objects/research_context.py:563}}
Oct 19 03:24:38.627418 dv-neutron-860766-4-hyperv devstack@placement-api.service[106416]: DEBUG placement.objects.research_context [req-70c60e2c-05e1-4466-bf8f-45aeaa737f0d req-c5b771c1-7b35-49cd-b5b6-6d60c432c9da service placement] found 1 providers after filtering by previous result {{(pid=106416) get_provider_ids_matching /opt/stack/placement/placement/objects/research_context.py:594}}
Oct 19 03:24:38.645878 dv-neutron-860766-4-hyperv devstack@placement-api.service[106416]: DEBUG placement.objects.allocation_candidate [req-70c60e2c-05e1-4466-bf8f-45aeaa737f0d req-c5b771c1-7b35-49cd-b5b6-6d60c432c9da service placement] RequestGroup(use_same_provider=False, resources={DISK_GB:1, MEMORY_MB:1024, VCPU:1}, traits=(), aggregates=[]) (suffix '') returned 1 matches {{(pid=106416) _get_by_requests /opt/stack/placement/placement/objects/allocation_candidate.py:156}}
Oct 19 03:24:38.646364 dv-neutron-860766-4-hyperv devstack@placement-api.service[106416]: DEBUG placement.objects.allocation_candidate [req-70c60e2c-05e1-4466-bf8f-45aeaa737f0d req-c5b771c1-7b35-49cd-b5b6-6d60c432c9da service placement] Merging candidates yields 1 allocation requests and 1 provider summaries {{(pid=106416) _merge_candidates /opt/stack/placement/placement/objects/allocation_candidate.py:809}}
Oct 19 03:24:38.647914 dv-neutron-860766-4-hyperv devstack@placement-api.service[106416]: INFO placement.requestlog [req-70c60e2c-05e1-4466-bf8f-45aeaa737f0d req-c5b771c1-7b35-49cd-b5b6-6d60c432c9da service placement] 10.222.0.15 "GET /placement/allocation_candidates?limit=1000&resources=DISK_GB%3A1%2CMEMORY_MB%3A1024%2CVCPU%3A1&root_required=%21COMPUTE_STATUS_DISABLED" status: 200 len: 764 microversion: 1.36
Oct 19 03:24:38.648607 dv-neutron-860766-4-hyperv devstack@placement-api.service[106416]: [pid: 106416|app: 0|req: 477/954] 10.222.0.15 () {60 vars in 1506 bytes} [Wed Oct 19 03:24:38 2022] GET /placement/allocation_candidates?limit=1000&resources=DISK_GB%3A1%2CMEMORY_MB%3A1024%2CVCPU%3A1&root_required=%21COMPUTE_STATUS_DISABLED => generated 764 bytes in 81 msecs (HTTP/1.1 200) 8 headers in 296 bytes (1 switches on core 0)
Oct 19 03:24:39.698723 dv-neutron-860766-4-hyperv devstack@placement-api.service[106415]: DEBUG placement.requestlog [req-70c60e2c-05e1-4466-bf8f-45aeaa737f0d req-6f8d14a9-38f2-46cf-9c10-af0c328c1a7f None None] Starting request: 10.222.0.15 "GET /placement/allocations/398d0e06-e37d-4b96-9601-dbdb34fd3a23" {{(pid=106415) __call__ /opt/stack/placement/placement/requestlog.py:55}}
Oct 19 03:24:39.710545 dv-neutron-860766-4-hyperv devstack@placement-api.service[106415]: INFO placement.requestlog [req-70c60e2c-05e1-4466-bf8f-45aeaa737f0d req-6f8d14a9-38f2-46cf-9c10-af0c328c1a7f service placement] 10.222.0.15 "GET /placement/allocations/398d0e06-e37d-4b96-9601-dbdb34fd3a23" status: 200 len: 19 microversion: 1.28
Oct 19 03:24:39.711215 dv-neutron-860766-4-hyperv devstack@placement-api.service[106415]: [pid: 106415|app: 0|req: 478/955] 10.222.0.15 () {60 vars in 1380 bytes} [Wed Oct 19 03:24:39 2022] GET /placement/allocations/398d0e06-e37d-4b96-9601-dbdb34fd3a23 => generated 19 bytes in 13 msecs (HTTP/1.1 200) 8 headers in 295 bytes (1 switches on core 0)
Oct 19 03:24:39.725518 dv-neutron-860766-4-hyperv devstack@placement-api.service[106416]: DEBUG placement.requestlog [req-70c60e2c-05e1-4466-bf8f-45aeaa737f0d req-96d8e34f-30be-4389-95e0-464c7cc0e71d None None] Starting request: 10.222.0.15 "PUT /placement/allocations/398d0e06-e37d-4b96-9601-dbdb34fd3a23" {{(pid=106416) __call__ /opt/stack/placement/placement/requestlog.py:55}}
Oct 19 03:24:39.970464 dv-neutron-860766-4-hyperv devstack@placement-api.service[106416]: DEBUG placement.handlers.allocation [req-70c60e2c-05e1-4466-bf8f-45aeaa737f0d req-96d8e34f-30be-4389-95e0-464c7cc0e71d service placement] Successfully wrote allocations [, , ] {{(pid=106416) _update_consumers_and_create_allocations /opt/stack/placement/placement/handlers/allocation.py:462}}
Oct 19 03:24:40.027207 dv-neutron-860766-4-hyperv devstack@placement-api.service[106416]: INFO placement.requestlog [req-70c60e2c-05e1-4466-bf8f-45aeaa737f0d req-96d8e34f-30be-4389-95e0-464c7cc0e71d service placement] 10.222.0.15 "PUT /placement/allocations/398d0e06-e37d-4b96-9601-dbdb34fd3a23" status: 204 len: 0 microversion: 1.36
Oct 19 03:24:40.027592 dv-neutron-860766-4-hyperv devstack@placement-api.service[106416]: [pid: 106416|app: 0|req: 478/956] 10.222.0.15 () {64 vars in 1433 bytes} [Wed Oct 19 03:24:39 2022] PUT /placement/allocations/398d0e06-e37d-4b96-9601-dbdb34fd3a23 => generated 0 bytes in 302 msecs (HTTP/1.1 204) 5 headers in 199 bytes (2 switches on core 0)
Oct 19 03:24:42.912408 dv-neutron-860766-4-hyperv devstack@placement-api.service[106415]: DEBUG placement.requestlog [req-70c60e2c-05e1-4466-bf8f-45aeaa737f0d req-0fd13db1-11b0-4149-97d2-53a923e634cf None None] Starting request: 10.222.0.48 "GET /placement/allocations/398d0e06-e37d-4b96-9601-dbdb34fd3a23" {{(pid=106415) __call__ /opt/stack/placement/placement/requestlog.py:55}}
Oct 19 03:24:42.927425 dv-neutron-860766-4-hyperv devstack@placement-api.service[106415]: INFO placement.requestlog [req-70c60e2c-05e1-4466-bf8f-45aeaa737f0d req-0fd13db1-11b0-4149-97d2-53a923e634cf service placement] 10.222.0.48 "GET /placement/allocations/398d0e06-e37d-4b96-9601-dbdb34fd3a23" status: 200 len: 259 microversion: 1.28
Oct 19 03:24:42.927759 dv-neutron-860766-4-hyperv devstack@placement-api.service[106415]: [pid: 106415|app: 0|req: 479/957] 10.222.0.48 () {60 vars in 1377 bytes} [Wed Oct 19 03:24:42 2022] GET /placement/allocations/398d0e06-e37d-4b96-9601-dbdb34fd3a23 => generated 259 bytes in 16 msecs (HTTP/1.1 200) 8 headers in 296 bytes (1 switches on core 0)
Oct 19 03:24:43.192204 dv-neutron-860766-4-hyperv devstack@placement-api.service[106416]: DEBUG placement.requestlog [req-70c60e2c-05e1-4466-bf8f-45aeaa737f0d req-abb4ded0-23b3-4933-98a0-933193af2411 None None] Starting request: 10.222.0.48 "GET /placement/resource_providers/d83d7977-e63d-4ffe-808d-00f2fd721479/allocations" {{(pid=106416) __call__ /opt/stack/placement/placement/requestlog.py:55}}
Oct 19 03:24:43.212350 dv-neutron-860766-4-hyperv devstack@placement-api.service[106416]: INFO placement.requestlog [req-70c60e2c-05e1-4466-bf8f-45aeaa737f0d req-abb4ded0-23b3-4933-98a0-933193af2411 service placement] 10.222.0.48 "GET /placement/resource_providers/d83d7977-e63d-4ffe-808d-00f2fd721479/allocations" status: 200 len: 154 microversion: 1.0
Oct 19 03:24:43.213303 dv-neutron-860766-4-hyperv devstack@placement-api.service[106416]: [pid: 106416|app: 0|req: 479/958] 10.222.0.48 () {58 vars in 1390 bytes} [Wed Oct 19 03:24:43 2022] GET /placement/resource_providers/d83d7977-e63d-4ffe-808d-00f2fd721479/allocations => generated 154 bytes in 21 msecs (HTTP/1.1 200) 6 headers in 224 bytes (1 switches on core 0)
Oct 19 03:24:43.219798 dv-neutron-860766-4-hyperv devstack@placement-api.service[106415]: DEBUG placement.requestlog [req-70c60e2c-05e1-4466-bf8f-45aeaa737f0d req-c9637a46-c009-4a25-81f3-79abd72a4f30 None None] Starting request: 10.222.0.48 "GET /placement/allocations/398d0e06-e37d-4b96-9601-dbdb34fd3a23" {{(pid=106415) __call__ /opt/stack/placement/placement/requestlog.py:55}}
Oct 19 03:24:43.234570 dv-neutron-860766-4-hyperv devstack@placement-api.service[106415]: INFO placement.requestlog [req-70c60e2c-05e1-4466-bf8f-45aeaa737f0d req-c9637a46-c009-4a25-81f3-79abd72a4f30 service placement] 10.222.0.48 "GET /placement/allocations/398d0e06-e37d-4b96-9601-dbdb34fd3a23" status: 200 len: 259 microversion: 1.28
Oct 19 03:24:43.234890 dv-neutron-860766-4-hyperv devstack@placement-api.service[106415]: [pid: 106415|app: 0|req: 480/959] 10.222.0.48 () {60 vars in 1377 bytes} [Wed Oct 19 03:24:43 2022] GET /placement/allocations/398d0e06-e37d-4b96-9601-dbdb34fd3a23 => generated 259 bytes in 15 msecs (HTTP/1.1 200) 8 headers in 296 bytes (1 switches on core 0)
Oct 19 03:24:53.210280 dv-neutron-860766-4-hyperv devstack@placement-api.service[106416]: DEBUG dbcounter [-] [106416] Writing DB stats placement:SELECT=33,placement:INSERT=6,placement:DELETE=2,placement:UPDATE=2 {{(pid=106416) stat_writer /usr/local/lib/python3.8/dist-packages/dbcounter.py:114}}
Oct 19 03:24:53.232290 dv-neutron-860766-4-hyperv devstack@placement-api.service[106415]: DEBUG dbcounter [-] [106415] Writing DB stats placement:SELECT=10 {{(pid=106415) stat_writer /usr/local/lib/python3.8/dist-packages/dbcounter.py:114}}
Oct 19 03:25:17.164278 dv-neutron-860766-4-hyperv devstack@placement-api.service[106416]: DEBUG placement.requestlog [req-cefae875-79ae-4494-b624-2a52df642ffe req-12d889c7-7bf0-4761-9e01-d39b17d22ae8 None None] Starting request: 10.222.0.48 "GET /placement/resource_providers/d83d7977-e63d-4ffe-808d-00f2fd721479/allocations" {{(pid=106416) __call__ /opt/stack/placement/placement/requestlog.py:55}}
Oct 19 03:25:17.366371 dv-neutron-860766-4-hyperv devstack@placement-api.service[106416]: INFO placement.requestlog [req-cefae875-79ae-4494-b624-2a52df642ffe req-12d889c7-7bf0-4761-9e01-d39b17d22ae8 service placement] 10.222.0.48 "GET /placement/resource_providers/d83d7977-e63d-4ffe-808d-00f2fd721479/allocations" status: 200 len: 154 microversion: 1.0
Oct 19 03:25:17.366923 dv-neutron-860766-4-hyperv devstack@placement-api.service[106416]: [pid: 106416|app: 0|req: 480/960] 10.222.0.48 () {58 vars in 1390 bytes} [Wed Oct 19 03:25:17 2022] GET /placement/resource_providers/d83d7977-e63d-4ffe-808d-00f2fd721479/allocations => generated 154 bytes in 203 msecs (HTTP/1.1 200) 6 headers in 224 bytes (1 switches on core 0)
Oct 19 03:25:17.519037 dv-neutron-860766-4-hyperv devstack@placement-api.service[106415]: DEBUG placement.requestlog [req-cefae875-79ae-4494-b624-2a52df642ffe req-dc2cd4f7-62e6-47b5-892b-efc07efd956c None None] Starting request: 10.222.0.48 "GET /placement/resource_providers?in_tree=d83d7977-e63d-4ffe-808d-00f2fd721479" {{(pid=106415) __call__ /opt/stack/placement/placement/requestlog.py:55}}
Oct 19 03:25:17.541565 dv-neutron-860766-4-hyperv devstack@placement-api.service[106415]: INFO placement.requestlog [req-cefae875-79ae-4494-b624-2a52df642ffe req-dc2cd4f7-62e6-47b5-892b-efc07efd956c service placement] 10.222.0.48 "GET /placement/resource_providers?in_tree=d83d7977-e63d-4ffe-808d-00f2fd721479" status: 200 len: 865 microversion: 1.14
Oct 19 03:25:17.541893 dv-neutron-860766-4-hyperv devstack@placement-api.service[106415]: [pid: 106415|app: 0|req: 481/961] 10.222.0.48 () {60 vars in 1376 bytes} [Wed Oct 19 03:25:17 2022] GET /placement/resource_providers?in_tree=d83d7977-e63d-4ffe-808d-00f2fd721479 => generated 865 bytes in 23 msecs (HTTP/1.1 200) 6 headers in 225 bytes (1 switches on core 0)
Oct 19 03:25:17.556512 dv-neutron-860766-4-hyperv devstack@placement-api.service[106416]: DEBUG placement.requestlog [req-cefae875-79ae-4494-b624-2a52df642ffe req-990a2841-6da6-4bfa-878c-950c36132663 None None] Starting request: 10.222.0.48 "GET /placement/resource_providers/d83d7977-e63d-4ffe-808d-00f2fd721479/inventories" {{(pid=106416) __call__ /opt/stack/placement/placement/requestlog.py:55}}
Oct 19 03:25:17.573322 dv-neutron-860766-4-hyperv devstack@placement-api.service[106416]: INFO placement.requestlog [req-cefae875-79ae-4494-b624-2a52df642ffe req-990a2841-6da6-4bfa-878c-950c36132663 service placement] 10.222.0.48 "GET /placement/resource_providers/d83d7977-e63d-4ffe-808d-00f2fd721479/inventories" status: 200 len: 397 microversion: 1.0
Oct 19 03:25:17.573576 dv-neutron-860766-4-hyperv devstack@placement-api.service[106416]: [pid: 106416|app: 0|req: 481/962] 10.222.0.48 () {58 vars in 1390 bytes} [Wed Oct 19 03:25:17 2022] GET /placement/resource_providers/d83d7977-e63d-4ffe-808d-00f2fd721479/inventories => generated 397 bytes in 17 msecs (HTTP/1.1 200) 6 headers in 224 bytes (1 switches on core 0)
Oct 19 03:25:17.600829 dv-neutron-860766-4-hyperv devstack@placement-api.service[106415]: DEBUG placement.requestlog [req-cefae875-79ae-4494-b624-2a52df642ffe req-878a8304-2d42-4b87-a70a-dd6b9bba2140 None None] Starting request: 10.222.0.48 "GET /placement/resource_providers/d83d7977-e63d-4ffe-808d-00f2fd721479/aggregates" {{(pid=106415) __call__ /opt/stack/placement/placement/requestlog.py:55}}
Oct 19 03:25:17.613638 dv-neutron-860766-4-hyperv devstack@placement-api.service[106415]: INFO placement.requestlog [req-cefae875-79ae-4494-b624-2a52df642ffe req-878a8304-2d42-4b87-a70a-dd6b9bba2140 service placement] 10.222.0.48 "GET /placement/resource_providers/d83d7977-e63d-4ffe-808d-00f2fd721479/aggregates" status: 200 len: 54 microversion: 1.19
Oct 19 03:25:17.613958 dv-neutron-860766-4-hyperv devstack@placement-api.service[106415]: [pid: 106415|app: 0|req: 482/963] 10.222.0.48 () {60 vars in 1431 bytes} [Wed Oct 19 03:25:17 2022] GET /placement/resource_providers/d83d7977-e63d-4ffe-808d-00f2fd721479/aggregates => generated 54 bytes in 13 msecs (HTTP/1.1 200) 8 headers in 295 bytes (1 switches on core 0)
Oct 19 03:25:17.627486 dv-neutron-860766-4-hyperv devstack@placement-api.service[106416]: DEBUG placement.requestlog [req-cefae875-79ae-4494-b624-2a52df642ffe req-b44d58a0-57c6-403c-bd87-619fa51cd306 None None] Starting request: 10.222.0.48 "GET /placement/resource_providers/d83d7977-e63d-4ffe-808d-00f2fd721479/traits" {{(pid=106416) __call__ /opt/stack/placement/placement/requestlog.py:55}}
Oct 19 03:25:17.654621 dv-neutron-860766-4-hyperv devstack@placement-api.service[106416]: INFO placement.requestlog [req-cefae875-79ae-4494-b624-2a52df642ffe req-b44d58a0-57c6-403c-bd87-619fa51cd306 service placement] 10.222.0.48 "GET /placement/resource_providers/d83d7977-e63d-4ffe-808d-00f2fd721479/traits" status: 200 len: 300 microversion: 1.6
Oct 19 03:25:17.654930 dv-neutron-860766-4-hyperv devstack@placement-api.service[106416]: [pid: 106416|app: 0|req: 482/964] 10.222.0.48 () {60 vars in 1418 bytes} [Wed Oct 19 03:25:17 2022] GET /placement/resource_providers/d83d7977-e63d-4ffe-808d-00f2fd721479/traits => generated 300 bytes in 28 msecs (HTTP/1.1 200) 6 headers in 224 bytes (1 switches on core 0)
Oct 19 03:25:17.669246 dv-neutron-860766-4-hyperv devstack@placement-api.service[106415]: DEBUG placement.requestlog [req-cefae875-79ae-4494-b624-2a52df642ffe req-78477ef6-456e-473e-8d69-6e8c3a7dbae7 None None] Starting request: 10.222.0.48 "GET /placement/resource_providers/d83d7977-e63d-4ffe-808d-00f2fd721479/allocations" {{(pid=106415) __call__ /opt/stack/placement/placement/requestlog.py:55}}
Oct 19 03:25:17.688182 dv-neutron-860766-4-hyperv devstack@placement-api.service[106415]: INFO placement.requestlog [req-cefae875-79ae-4494-b624-2a52df642ffe req-78477ef6-456e-473e-8d69-6e8c3a7dbae7 service placement] 10.222.0.48 "GET /placement/resource_providers/d83d7977-e63d-4ffe-808d-00f2fd721479/allocations" status: 200 len: 154 microversion: 1.0
Oct 19 03:25:17.688494 dv-neutron-860766-4-hyperv devstack@placement-api.service[106415]: [pid: 106415|app: 0|req: 483/965] 10.222.0.48 () {58 vars in 1390 bytes} [Wed Oct 19 03:25:17 2022] GET /placement/resource_providers/d83d7977-e63d-4ffe-808d-00f2fd721479/allocations => generated 154 bytes in 19 msecs (HTTP/1.1 200) 6 headers in 224 bytes (1 switches on core 0)
Oct 19 03:25:17.694688 dv-neutron-860766-4-hyperv devstack@placement-api.service[106416]: DEBUG placement.requestlog [req-cefae875-79ae-4494-b624-2a52df642ffe req-6e5bdab2-6572-47e1-a6c0-c0c15cef084a None None] Starting request: 10.222.0.48 "GET /placement/allocations/398d0e06-e37d-4b96-9601-dbdb34fd3a23" {{(pid=106416) __call__ /opt/stack/placement/placement/requestlog.py:55}}
Oct 19 03:25:17.709049 dv-neutron-860766-4-hyperv devstack@placement-api.service[106416]: INFO placement.requestlog [req-cefae875-79ae-4494-b624-2a52df642ffe req-6e5bdab2-6572-47e1-a6c0-c0c15cef084a service placement] 10.222.0.48 "GET /placement/allocations/398d0e06-e37d-4b96-9601-dbdb34fd3a23" status: 200 len: 259 microversion: 1.28
Oct 19 03:25:17.709382 dv-neutron-860766-4-hyperv devstack@placement-api.service[106416]: [pid: 106416|app: 0|req: 483/966] 10.222.0.48 () {60 vars in 1377 bytes} [Wed Oct 19 03:25:17 2022] GET /placement/allocations/398d0e06-e37d-4b96-9601-dbdb34fd3a23 => generated 259 bytes in 15 msecs (HTTP/1.1 200) 8 headers in 296 bytes (2 switches on core 0)
Oct 19 03:25:27.686205 dv-neutron-860766-4-hyperv devstack@placement-api.service[106415]: DEBUG dbcounter [-] [106415] Writing DB stats placement:SELECT=13 {{(pid=106415) stat_writer /usr/local/lib/python3.8/dist-packages/dbcounter.py:114}}
Oct 19 03:25:27.706952 dv-neutron-860766-4-hyperv devstack@placement-api.service[106416]: DEBUG dbcounter [-] [106416] Writing DB stats placement:SELECT=21 {{(pid=106416) stat_writer /usr/local/lib/python3.8/dist-packages/dbcounter.py:114}}
Oct 19 03:25:41.723285 dv-neutron-860766-4-hyperv devstack@placement-api.service[106415]: DEBUG placement.requestlog [req-17bc8f0b-c886-4318-b9ea-e81a7900a24e req-b147f09c-99e1-4823-a96f-bef059f8189f None None] Starting request: 10.222.0.48 "GET /placement/resource_providers/d83d7977-e63d-4ffe-808d-00f2fd721479/allocations" {{(pid=106415) __call__ /opt/stack/placement/placement/requestlog.py:55}}
Oct 19 03:25:41.744031 dv-neutron-860766-4-hyperv devstack@placement-api.service[106415]: INFO placement.requestlog [req-17bc8f0b-c886-4318-b9ea-e81a7900a24e req-b147f09c-99e1-4823-a96f-bef059f8189f service placement] 10.222.0.48 "GET /placement/resource_providers/d83d7977-e63d-4ffe-808d-00f2fd721479/allocations" status: 200 len: 154 microversion: 1.0
Oct 19 03:25:41.744365 dv-neutron-860766-4-hyperv devstack@placement-api.service[106415]: [pid: 106415|app: 0|req: 484/967] 10.222.0.48 () {58 vars in 1390 bytes} [Wed Oct 19 03:25:41 2022] GET /placement/resource_providers/d83d7977-e63d-4ffe-808d-00f2fd721479/allocations => generated 154 bytes in 21 msecs (HTTP/1.1 200) 6 headers in 224 bytes (1 switches on core 0)
Oct 19 03:25:41.751234 dv-neutron-860766-4-hyperv devstack@placement-api.service[106416]: DEBUG placement.requestlog [req-17bc8f0b-c886-4318-b9ea-e81a7900a24e req-2936dcec-c279-4ee1-96da-cd4bf9540826 None None] Starting request: 10.222.0.48 "GET /placement/allocations/398d0e06-e37d-4b96-9601-dbdb34fd3a23" {{(pid=106416) __call__ /opt/stack/placement/placement/requestlog.py:55}}
Oct 19 03:25:41.765294 dv-neutron-860766-4-hyperv devstack@placement-api.service[106416]: INFO placement.requestlog [req-17bc8f0b-c886-4318-b9ea-e81a7900a24e req-2936dcec-c279-4ee1-96da-cd4bf9540826 service placement] 10.222.0.48 "GET /placement/allocations/398d0e06-e37d-4b96-9601-dbdb34fd3a23" status: 200 len: 259 microversion: 1.28
Oct 19 03:25:41.765605 dv-neutron-860766-4-hyperv devstack@placement-api.service[106416]: [pid: 106416|app: 0|req: 484/968] 10.222.0.48 () {60 vars in 1377 bytes} [Wed Oct 19 03:25:41 2022] GET /placement/allocations/398d0e06-e37d-4b96-9601-dbdb34fd3a23 => generated 259 bytes in 15 msecs (HTTP/1.1 200) 8 headers in 296 bytes (1 switches on core 0)
Oct 19 03:25:41.993899 dv-neutron-860766-4-hyperv devstack@placement-api.service[106415]: DEBUG placement.requestlog [req-17bc8f0b-c886-4318-b9ea-e81a7900a24e req-f535aea7-5a74-4dc4-a348-ab26f0373f4a None None] Starting request: 10.222.0.48 "DELETE /placement/allocations/398d0e06-e37d-4b96-9601-dbdb34fd3a23" {{(pid=106415) __call__ /opt/stack/placement/placement/requestlog.py:55}}
Oct 19 03:25:42.169251 dv-neutron-860766-4-hyperv devstack@placement-api.service[106415]: DEBUG placement.handlers.allocation [req-17bc8f0b-c886-4318-b9ea-e81a7900a24e req-f535aea7-5a74-4dc4-a348-ab26f0373f4a service placement] Successfully deleted allocations [, , ] {{(pid=106415) delete_allocations /opt/stack/placement/placement/handlers/allocation.py:627}}
Oct 19 03:25:42.169736 dv-neutron-860766-4-hyperv devstack@placement-api.service[106415]: INFO placement.requestlog [req-17bc8f0b-c886-4318-b9ea-e81a7900a24e req-f535aea7-5a74-4dc4-a348-ab26f0373f4a service placement] 10.222.0.48 "DELETE /placement/allocations/398d0e06-e37d-4b96-9601-dbdb34fd3a23" status: 204 len: 0 microversion: 1.0
Oct 19 03:25:42.170130 dv-neutron-860766-4-hyperv devstack@placement-api.service[106415]: [pid: 106415|app: 0|req: 485/969] 10.222.0.48 () {60 vars in 1355 bytes} [Wed Oct 19 03:25:41 2022] DELETE /placement/allocations/398d0e06-e37d-4b96-9601-dbdb34fd3a23 => generated 0 bytes in 177 msecs (HTTP/1.1 204) 5 headers in 198 bytes (2 switches on core 0)
Oct 19 03:25:45.924152 dv-neutron-860766-4-hyperv devstack@placement-api.service[106416]: DEBUG placement.requestlog [None req-040d1108-bffe-4a0e-9d3e-16bb8277d0df None None] Starting request: 10.222.0.15 "GET /placement/resource_providers/29aff268-73dd-4851-919a-02e8639bcbaa/aggregates" {{(pid=106416) __call__ /opt/stack/placement/placement/requestlog.py:55}}
Oct 19 03:25:45.934756 dv-neutron-860766-4-hyperv devstack@placement-api.service[106416]: INFO placement.requestlog [None req-040d1108-bffe-4a0e-9d3e-16bb8277d0df service placement] 10.222.0.15 "GET /placement/resource_providers/29aff268-73dd-4851-919a-02e8639bcbaa/aggregates" status: 404 len: 235 microversion: 1.1
Oct 19 03:25:45.935156 dv-neutron-860766-4-hyperv devstack@placement-api.service[106416]: [pid: 106416|app: 0|req: 485/970] 10.222.0.15 () {58 vars in 1362 bytes} [Wed Oct 19 03:25:45 2022] GET /placement/resource_providers/29aff268-73dd-4851-919a-02e8639bcbaa/aggregates => generated 235 bytes in 11 msecs (HTTP/1.1 404) 5 headers in 202 bytes (1 switches on core 0)
Oct 19 03:25:45.957878 dv-neutron-860766-4-hyperv devstack@placement-api.service[106415]: DEBUG placement.requestlog [None req-f995dee8-a583-4691-9ffa-b40a11ef211c None None] Starting request: 10.222.0.15 "DELETE /placement/resource_providers/29aff268-73dd-4851-919a-02e8639bcbaa" {{(pid=106415) __call__ /opt/stack/placement/placement/requestlog.py:55}}
Oct 19 03:25:45.968371 dv-neutron-860766-4-hyperv devstack@placement-api.service[106415]: DEBUG placement.wsgi_wrapper [None req-f995dee8-a583-4691-9ffa-b40a11ef211c service placement] Placement API returning an error response: No resource provider with uuid 29aff268-73dd-4851-919a-02e8639bcbaa found for delete {{(pid=106415) call_func /opt/stack/placement/placement/wsgi_wrapper.py:31}}
Oct 19 03:25:45.969111 dv-neutron-860766-4-hyperv devstack@placement-api.service[106415]: INFO placement.requestlog [None req-f995dee8-a583-4691-9ffa-b40a11ef211c service placement] 10.222.0.15 "DELETE /placement/resource_providers/29aff268-73dd-4851-919a-02e8639bcbaa" status: 404 len: 246 microversion: 1.1
Oct 19 03:25:45.969676 dv-neutron-860766-4-hyperv devstack@placement-api.service[106415]: [pid: 106415|app: 0|req: 486/971] 10.222.0.15 () {60 vars in 1351 bytes} [Wed Oct 19 03:25:45 2022] DELETE /placement/resource_providers/29aff268-73dd-4851-919a-02e8639bcbaa => generated 246 bytes in 12 msecs (HTTP/1.1 404) 6 headers in 231 bytes (1 switches on core 0)
Oct 19 03:25:55.233018 dv-neutron-860766-4-hyperv devstack@placement-api.service[106416]: DEBUG placement.requestlog [req-13a7231e-8044-42ef-b904-d2f33d28e48e req-f2a33e0c-d895-4a4c-937f-f0d6937f98fd None None] Starting request: 10.222.0.15 "GET /placement/allocation_candidates?limit=1000&resources=DISK_GB%3A1%2CMEMORY_MB%3A1024%2CVCPU%3A1&root_required=%21COMPUTE_STATUS_DISABLED" {{(pid=106416) __call__ /opt/stack/placement/placement/requestlog.py:55}}
Oct 19 03:25:55.303239 dv-neutron-860766-4-hyperv devstack@placement-api.service[106416]: DEBUG placement.objects.research_context [req-13a7231e-8044-42ef-b904-d2f33d28e48e req-f2a33e0c-d895-4a4c-937f-f0d6937f98fd service placement] getting providers with 1 DISK_GB {{(pid=106416) __init__ /opt/stack/placement/placement/objects/research_context.py:136}}
Oct 19 03:25:55.311204 dv-neutron-860766-4-hyperv devstack@placement-api.service[106416]: DEBUG placement.objects.research_context [req-13a7231e-8044-42ef-b904-d2f33d28e48e req-f2a33e0c-d895-4a4c-937f-f0d6937f98fd service placement] getting providers with 1024 MEMORY_MB {{(pid=106416) __init__ /opt/stack/placement/placement/objects/research_context.py:136}}
Oct 19 03:25:55.316222 dv-neutron-860766-4-hyperv devstack@placement-api.service[106416]: DEBUG placement.objects.research_context [req-13a7231e-8044-42ef-b904-d2f33d28e48e req-f2a33e0c-d895-4a4c-937f-f0d6937f98fd service placement] getting providers with 1 VCPU {{(pid=106416) __init__ /opt/stack/placement/placement/objects/research_context.py:136}}
Oct 19 03:25:55.321295 dv-neutron-860766-4-hyperv devstack@placement-api.service[106416]: DEBUG placement.objects.research_context [req-13a7231e-8044-42ef-b904-d2f33d28e48e req-f2a33e0c-d895-4a4c-937f-f0d6937f98fd service placement] found 1 providers with available 1 DISK_GB {{(pid=106416) get_provider_ids_matching /opt/stack/placement/placement/objects/research_context.py:563}}
Oct 19 03:25:55.321580 dv-neutron-860766-4-hyperv devstack@placement-api.service[106416]: DEBUG placement.objects.research_context [req-13a7231e-8044-42ef-b904-d2f33d28e48e req-f2a33e0c-d895-4a4c-937f-f0d6937f98fd service placement] found 1 providers with available 1024 MEMORY_MB {{(pid=106416) get_provider_ids_matching /opt/stack/placement/placement/objects/research_context.py:563}}
Oct 19 03:25:55.321820 dv-neutron-860766-4-hyperv devstack@placement-api.service[106416]: DEBUG placement.objects.research_context [req-13a7231e-8044-42ef-b904-d2f33d28e48e req-f2a33e0c-d895-4a4c-937f-f0d6937f98fd service placement] found 1 providers after filtering by previous result {{(pid=106416) get_provider_ids_matching /opt/stack/placement/placement/objects/research_context.py:594}}
Oct 19 03:25:55.322102 dv-neutron-860766-4-hyperv devstack@placement-api.service[106416]: DEBUG placement.objects.research_context [req-13a7231e-8044-42ef-b904-d2f33d28e48e req-f2a33e0c-d895-4a4c-937f-f0d6937f98fd service placement] found 1 providers with available 1 VCPU {{(pid=106416) get_provider_ids_matching /opt/stack/placement/placement/objects/research_context.py:563}}
Oct 19 03:25:55.322360 dv-neutron-860766-4-hyperv devstack@placement-api.service[106416]: DEBUG placement.objects.research_context [req-13a7231e-8044-42ef-b904-d2f33d28e48e req-f2a33e0c-d895-4a4c-937f-f0d6937f98fd service placement] found 1 providers after filtering by previous result {{(pid=106416) get_provider_ids_matching /opt/stack/placement/placement/objects/research_context.py:594}}
Oct 19 03:25:55.332628 dv-neutron-860766-4-hyperv devstack@placement-api.service[106416]: DEBUG placement.objects.allocation_candidate [req-13a7231e-8044-42ef-b904-d2f33d28e48e req-f2a33e0c-d895-4a4c-937f-f0d6937f98fd service placement] RequestGroup(use_same_provider=False, resources={DISK_GB:1, MEMORY_MB:1024, VCPU:1}, traits=(), aggregates=[]) (suffix '') returned 1 matches {{(pid=106416) _get_by_requests /opt/stack/placement/placement/objects/allocation_candidate.py:156}}
Oct 19 03:25:55.336113 dv-neutron-860766-4-hyperv devstack@placement-api.service[106416]: DEBUG placement.objects.allocation_candidate [req-13a7231e-8044-42ef-b904-d2f33d28e48e req-f2a33e0c-d895-4a4c-937f-f0d6937f98fd service placement] Merging candidates yields 1 allocation requests and 1 provider summaries {{(pid=106416) _merge_candidates /opt/stack/placement/placement/objects/allocation_candidate.py:809}}
Oct 19 03:25:55.336113 dv-neutron-860766-4-hyperv devstack@placement-api.service[106416]: INFO placement.requestlog [req-13a7231e-8044-42ef-b904-d2f33d28e48e req-f2a33e0c-d895-4a4c-937f-f0d6937f98fd service placement] 10.222.0.15 "GET /placement/allocation_candidates?limit=1000&resources=DISK_GB%3A1%2CMEMORY_MB%3A1024%2CVCPU%3A1&root_required=%21COMPUTE_STATUS_DISABLED" status: 200 len: 764 microversion: 1.36
Oct 19 03:25:55.336113 dv-neutron-860766-4-hyperv devstack@placement-api.service[106416]: [pid: 106416|app: 0|req: 486/972] 10.222.0.15 () {60 vars in 1506 bytes} [Wed Oct 19 03:25:55 2022] GET /placement/allocation_candidates?limit=1000&resources=DISK_GB%3A1%2CMEMORY_MB%3A1024%2CVCPU%3A1&root_required=%21COMPUTE_STATUS_DISABLED => generated 764 bytes in 103 msecs (HTTP/1.1 200) 8 headers in 296 bytes (1 switches on core 0)
Oct 19 03:25:55.377558 dv-neutron-860766-4-hyperv devstack@placement-api.service[106415]: DEBUG placement.requestlog [req-13a7231e-8044-42ef-b904-d2f33d28e48e req-225af97e-41de-4c29-aa8f-b7fe73867525 None None] Starting request: 10.222.0.15 "GET /placement/allocations/2c0e4a0b-ce78-4a3a-a5bd-82dbe91aa691" {{(pid=106415) __call__ /opt/stack/placement/placement/requestlog.py:55}}
Oct 19 03:25:55.389110 dv-neutron-860766-4-hyperv devstack@placement-api.service[106415]: INFO placement.requestlog [req-13a7231e-8044-42ef-b904-d2f33d28e48e req-225af97e-41de-4c29-aa8f-b7fe73867525 service placement] 10.222.0.15 "GET /placement/allocations/2c0e4a0b-ce78-4a3a-a5bd-82dbe91aa691" status: 200 len: 19 microversion: 1.28
Oct 19 03:25:55.389505 dv-neutron-860766-4-hyperv devstack@placement-api.service[106415]: [pid: 106415|app: 0|req: 487/973] 10.222.0.15 () {60 vars in 1380 bytes} [Wed Oct 19 03:25:55 2022] GET /placement/allocations/2c0e4a0b-ce78-4a3a-a5bd-82dbe91aa691 => generated 19 bytes in 12 msecs (HTTP/1.1 200) 8 headers in 295 bytes (1 switches on core 0)
Oct 19 03:25:55.395572 dv-neutron-860766-4-hyperv devstack@placement-api.service[106416]: DEBUG placement.requestlog [req-13a7231e-8044-42ef-b904-d2f33d28e48e req-67318ed6-ea14-4939-a29f-7221f8d655cf None None] Starting request: 10.222.0.15 "PUT /placement/allocations/2c0e4a0b-ce78-4a3a-a5bd-82dbe91aa691" {{(pid=106416) __call__ /opt/stack/placement/placement/requestlog.py:55}}
Oct 19 03:25:55.497991 dv-neutron-860766-4-hyperv devstack@placement-api.service[106416]: DEBUG placement.handlers.allocation [req-13a7231e-8044-42ef-b904-d2f33d28e48e req-67318ed6-ea14-4939-a29f-7221f8d655cf service placement] Successfully wrote allocations [, , ] {{(pid=106416) _update_consumers_and_create_allocations /opt/stack/placement/placement/handlers/allocation.py:462}}
Oct 19 03:25:55.570005 dv-neutron-860766-4-hyperv devstack@placement-api.service[106416]: INFO placement.requestlog [req-13a7231e-8044-42ef-b904-d2f33d28e48e req-67318ed6-ea14-4939-a29f-7221f8d655cf service placement] 10.222.0.15 "PUT /placement/allocations/2c0e4a0b-ce78-4a3a-a5bd-82dbe91aa691" status: 204 len: 0 microversion: 1.36
Oct 19 03:25:55.570781 dv-neutron-860766-4-hyperv devstack@placement-api.service[106416]: [pid: 106416|app: 0|req: 487/974] 10.222.0.15 () {64 vars in 1433 bytes} [Wed Oct 19 03:25:55 2022] PUT /placement/allocations/2c0e4a0b-ce78-4a3a-a5bd-82dbe91aa691 => generated 0 bytes in 175 msecs (HTTP/1.1 204) 5 headers in 199 bytes (2 switches on core 0)
Oct 19 03:25:56.460918 dv-neutron-860766-4-hyperv devstack@placement-api.service[106415]: DEBUG placement.requestlog [req-13a7231e-8044-42ef-b904-d2f33d28e48e req-b764069c-337f-44d3-bf6b-0df1bffab9ee None None] Starting request: 10.222.0.48 "GET /placement/allocations/2c0e4a0b-ce78-4a3a-a5bd-82dbe91aa691" {{(pid=106415) __call__ /opt/stack/placement/placement/requestlog.py:55}}
Oct 19 03:25:56.477038 dv-neutron-860766-4-hyperv devstack@placement-api.service[106415]: INFO placement.requestlog [req-13a7231e-8044-42ef-b904-d2f33d28e48e req-b764069c-337f-44d3-bf6b-0df1bffab9ee service placement] 10.222.0.48 "GET /placement/allocations/2c0e4a0b-ce78-4a3a-a5bd-82dbe91aa691" status: 200 len: 259 microversion: 1.28
Oct 19 03:25:56.477637 dv-neutron-860766-4-hyperv devstack@placement-api.service[106415]: [pid: 106415|app: 0|req: 488/975] 10.222.0.48 () {60 vars in 1377 bytes} [Wed Oct 19 03:25:56 2022] GET /placement/allocations/2c0e4a0b-ce78-4a3a-a5bd-82dbe91aa691 => generated 259 bytes in 17 msecs (HTTP/1.1 200) 8 headers in 296 bytes (1 switches on core 0)
Oct 19 03:25:56.872398 dv-neutron-860766-4-hyperv devstack@placement-api.service[106416]: DEBUG placement.requestlog [req-13a7231e-8044-42ef-b904-d2f33d28e48e req-1ff83a4d-37c5-42e7-afed-cbdc2ca079b1 None None] Starting request: 10.222.0.48 "GET /placement/resource_providers/d83d7977-e63d-4ffe-808d-00f2fd721479/allocations" {{(pid=106416) __call__ /opt/stack/placement/placement/requestlog.py:55}}
Oct 19 03:25:56.893116 dv-neutron-860766-4-hyperv devstack@placement-api.service[106416]: INFO placement.requestlog [req-13a7231e-8044-42ef-b904-d2f33d28e48e req-1ff83a4d-37c5-42e7-afed-cbdc2ca079b1 service placement] 10.222.0.48 "GET /placement/resource_providers/d83d7977-e63d-4ffe-808d-00f2fd721479/allocations" status: 200 len: 154 microversion: 1.0
Oct 19 03:25:56.893578 dv-neutron-860766-4-hyperv devstack@placement-api.service[106416]: [pid: 106416|app: 0|req: 488/976] 10.222.0.48 () {58 vars in 1390 bytes} [Wed Oct 19 03:25:56 2022] GET /placement/resource_providers/d83d7977-e63d-4ffe-808d-00f2fd721479/allocations => generated 154 bytes in 21 msecs (HTTP/1.1 200) 6 headers in 224 bytes (1 switches on core 0)
Oct 19 03:25:56.900451 dv-neutron-860766-4-hyperv devstack@placement-api.service[106415]: DEBUG placement.requestlog [req-13a7231e-8044-42ef-b904-d2f33d28e48e req-3f883022-b604-4b1c-beb6-412da8f2e570 None None] Starting request: 10.222.0.48 "GET /placement/allocations/2c0e4a0b-ce78-4a3a-a5bd-82dbe91aa691" {{(pid=106415) __call__ /opt/stack/placement/placement/requestlog.py:55}}
Oct 19 03:25:56.916079 dv-neutron-860766-4-hyperv devstack@placement-api.service[106415]: INFO placement.requestlog [req-13a7231e-8044-42ef-b904-d2f33d28e48e req-3f883022-b604-4b1c-beb6-412da8f2e570 service placement] 10.222.0.48 "GET /placement/allocations/2c0e4a0b-ce78-4a3a-a5bd-82dbe91aa691" status: 200 len: 259 microversion: 1.28
Oct 19 03:25:56.916464 dv-neutron-860766-4-hyperv devstack@placement-api.service[106415]: [pid: 106415|app: 0|req: 489/977] 10.222.0.48 () {60 vars in 1377 bytes} [Wed Oct 19 03:25:56 2022] GET /placement/allocations/2c0e4a0b-ce78-4a3a-a5bd-82dbe91aa691 => generated 259 bytes in 16 msecs (HTTP/1.1 200) 8 headers in 296 bytes (1 switches on core 0)
Oct 19 03:26:06.890972 dv-neutron-860766-4-hyperv devstack@placement-api.service[106416]: DEBUG dbcounter [-] [106416] Writing DB stats placement:SELECT=37,placement:INSERT=4,placement:DELETE=2,placement:UPDATE=2 {{(pid=106416) stat_writer /usr/local/lib/python3.8/dist-packages/dbcounter.py:114}}
Oct 19 03:26:06.913726 dv-neutron-860766-4-hyperv devstack@placement-api.service[106415]: DEBUG dbcounter [-] [106415] Writing DB stats placement:SELECT=25,placement:DELETE=2 {{(pid=106415) stat_writer /usr/local/lib/python3.8/dist-packages/dbcounter.py:114}}
Oct 19 03:26:18.153843 dv-neutron-860766-4-hyperv devstack@placement-api.service[106416]: DEBUG placement.requestlog [req-85dcd963-54bf-4cff-91cb-57599bb381e4 req-efb572f6-fea7-471f-a227-124538a51299 None None] Starting request: 10.222.0.48 "GET /placement/resource_providers/d83d7977-e63d-4ffe-808d-00f2fd721479/allocations" {{(pid=106416) __call__ /opt/stack/placement/placement/requestlog.py:55}}
Oct 19 03:26:18.173286 dv-neutron-860766-4-hyperv devstack@placement-api.service[106416]: INFO placement.requestlog [req-85dcd963-54bf-4cff-91cb-57599bb381e4 req-efb572f6-fea7-471f-a227-124538a51299 service placement] 10.222.0.48 "GET /placement/resource_providers/d83d7977-e63d-4ffe-808d-00f2fd721479/allocations" status: 200 len: 154 microversion: 1.0
Oct 19 03:26:18.173738 dv-neutron-860766-4-hyperv devstack@placement-api.service[106416]: [pid: 106416|app: 0|req: 489/978] 10.222.0.48 () {58 vars in 1390 bytes} [Wed Oct 19 03:26:18 2022] GET /placement/resource_providers/d83d7977-e63d-4ffe-808d-00f2fd721479/allocations => generated 154 bytes in 20 msecs (HTTP/1.1 200) 6 headers in 224 bytes (1 switches on core 0)
Oct 19 03:26:18.311751 dv-neutron-860766-4-hyperv devstack@placement-api.service[106415]: DEBUG placement.requestlog [req-85dcd963-54bf-4cff-91cb-57599bb381e4 req-daf3348a-91c8-4691-8911-96fabb7addad None None] Starting request: 10.222.0.48 "GET /placement/resource_providers/d83d7977-e63d-4ffe-808d-00f2fd721479/allocations" {{(pid=106415) __call__ /opt/stack/placement/placement/requestlog.py:55}}
Oct 19 03:26:18.331729 dv-neutron-860766-4-hyperv devstack@placement-api.service[106415]: INFO placement.requestlog [req-85dcd963-54bf-4cff-91cb-57599bb381e4 req-daf3348a-91c8-4691-8911-96fabb7addad service placement] 10.222.0.48 "GET /placement/resource_providers/d83d7977-e63d-4ffe-808d-00f2fd721479/allocations" status: 200 len: 154 microversion: 1.0
Oct 19 03:26:18.332078 dv-neutron-860766-4-hyperv devstack@placement-api.service[106415]: [pid: 106415|app: 0|req: 490/979] 10.222.0.48 () {58 vars in 1390 bytes} [Wed Oct 19 03:26:18 2022] GET /placement/resource_providers/d83d7977-e63d-4ffe-808d-00f2fd721479/allocations => generated 154 bytes in 21 msecs (HTTP/1.1 200) 6 headers in 224 bytes (1 switches on core 0)
Oct 19 03:26:18.339150 dv-neutron-860766-4-hyperv devstack@placement-api.service[106416]: DEBUG placement.requestlog [req-85dcd963-54bf-4cff-91cb-57599bb381e4 req-915a4c1c-1a73-45e1-9bcb-b6427f7fcb42 None None] Starting request: 10.222.0.48 "GET /placement/allocations/2c0e4a0b-ce78-4a3a-a5bd-82dbe91aa691" {{(pid=106416) __call__ /opt/stack/placement/placement/requestlog.py:55}}
Oct 19 03:26:18.353687 dv-neutron-860766-4-hyperv devstack@placement-api.service[106416]: INFO placement.requestlog [req-85dcd963-54bf-4cff-91cb-57599bb381e4 req-915a4c1c-1a73-45e1-9bcb-b6427f7fcb42 service placement] 10.222.0.48 "GET /placement/allocations/2c0e4a0b-ce78-4a3a-a5bd-82dbe91aa691" status: 200 len: 259 microversion: 1.28
Oct 19 03:26:18.354041 dv-neutron-860766-4-hyperv devstack@placement-api.service[106416]: [pid: 106416|app: 0|req: 490/980] 10.222.0.48 () {60 vars in 1377 bytes} [Wed Oct 19 03:26:18 2022] GET /placement/allocations/2c0e4a0b-ce78-4a3a-a5bd-82dbe91aa691 => generated 259 bytes in 15 msecs (HTTP/1.1 200) 8 headers in 296 bytes (2 switches on core 0)
Oct 19 03:26:28.329460 dv-neutron-860766-4-hyperv devstack@placement-api.service[106415]: DEBUG dbcounter [-] [106415] Writing DB stats placement:SELECT=6 {{(pid=106415) stat_writer /usr/local/lib/python3.8/dist-packages/dbcounter.py:114}}
Oct 19 03:26:28.351419 dv-neutron-860766-4-hyperv devstack@placement-api.service[106416]: DEBUG dbcounter [-] [106416] Writing DB stats placement:SELECT=10 {{(pid=106416) stat_writer /usr/local/lib/python3.8/dist-packages/dbcounter.py:114}}
Oct 19 03:27:18.179325 dv-neutron-860766-4-hyperv devstack@placement-api.service[106415]: DEBUG placement.requestlog [req-fc8736f4-79a2-4223-a85f-a51f90bedb4c req-e2e4c233-4261-4aea-8375-16ff8ccaae83 None None] Starting request: 10.222.0.48 "GET /placement/resource_providers/d83d7977-e63d-4ffe-808d-00f2fd721479/allocations" {{(pid=106415) __call__ /opt/stack/placement/placement/requestlog.py:55}}
Oct 19 03:27:18.199057 dv-neutron-860766-4-hyperv devstack@placement-api.service[106415]: INFO placement.requestlog [req-fc8736f4-79a2-4223-a85f-a51f90bedb4c req-e2e4c233-4261-4aea-8375-16ff8ccaae83 service placement] 10.222.0.48 "GET /placement/resource_providers/d83d7977-e63d-4ffe-808d-00f2fd721479/allocations" status: 200 len: 154 microversion: 1.0
Oct 19 03:27:18.199411 dv-neutron-860766-4-hyperv devstack@placement-api.service[106415]: [pid: 106415|app: 0|req: 491/981] 10.222.0.48 () {58 vars in 1390 bytes} [Wed Oct 19 03:27:18 2022] GET /placement/resource_providers/d83d7977-e63d-4ffe-808d-00f2fd721479/allocations => generated 154 bytes in 20 msecs (HTTP/1.1 200) 6 headers in 224 bytes (1 switches on core 0)
Oct 19 03:27:18.228668 dv-neutron-860766-4-hyperv devstack@placement-api.service[106416]: DEBUG placement.requestlog [req-fc8736f4-79a2-4223-a85f-a51f90bedb4c req-bcedda24-6ae8-43bc-88e6-24aafe5c04a0 None None] Starting request: 10.222.0.48 "GET /placement/resource_providers/d83d7977-e63d-4ffe-808d-00f2fd721479/allocations" {{(pid=106416) __call__ /opt/stack/placement/placement/requestlog.py:55}}
Oct 19 03:27:18.248209 dv-neutron-860766-4-hyperv devstack@placement-api.service[106416]: INFO placement.requestlog [req-fc8736f4-79a2-4223-a85f-a51f90bedb4c req-bcedda24-6ae8-43bc-88e6-24aafe5c04a0 service placement] 10.222.0.48 "GET /placement/resource_providers/d83d7977-e63d-4ffe-808d-00f2fd721479/allocations" status: 200 len: 154 microversion: 1.0
Oct 19 03:27:18.248531 dv-neutron-860766-4-hyperv devstack@placement-api.service[106416]: [pid: 106416|app: 0|req: 491/982] 10.222.0.48 () {58 vars in 1390 bytes} [Wed Oct 19 03:27:18 2022] GET /placement/resource_providers/d83d7977-e63d-4ffe-808d-00f2fd721479/allocations => generated 154 bytes in 20 msecs (HTTP/1.1 200) 6 headers in 224 bytes (1 switches on core 0)
Oct 19 03:27:18.255483 dv-neutron-860766-4-hyperv devstack@placement-api.service[106415]: DEBUG placement.requestlog [req-fc8736f4-79a2-4223-a85f-a51f90bedb4c req-a7d9dd92-0c57-438e-be66-b93e733decd1 None None] Starting request: 10.222.0.48 "GET /placement/allocations/2c0e4a0b-ce78-4a3a-a5bd-82dbe91aa691" {{(pid=106415) __call__ /opt/stack/placement/placement/requestlog.py:55}}
Oct 19 03:27:18.270447 dv-neutron-860766-4-hyperv devstack@placement-api.service[106415]: INFO placement.requestlog [req-fc8736f4-79a2-4223-a85f-a51f90bedb4c req-a7d9dd92-0c57-438e-be66-b93e733decd1 service placement] 10.222.0.48 "GET /placement/allocations/2c0e4a0b-ce78-4a3a-a5bd-82dbe91aa691" status: 200 len: 259 microversion: 1.28
Oct 19 03:27:18.270978 dv-neutron-860766-4-hyperv devstack@placement-api.service[106415]: [pid: 106415|app: 0|req: 492/983] 10.222.0.48 () {60 vars in 1377 bytes} [Wed Oct 19 03:27:18 2022] GET /placement/allocations/2c0e4a0b-ce78-4a3a-a5bd-82dbe91aa691 => generated 259 bytes in 16 msecs (HTTP/1.1 200) 8 headers in 296 bytes (1 switches on core 0)
Oct 19 03:27:24.561515 dv-neutron-860766-4-hyperv devstack@placement-api.service[106416]: DEBUG placement.requestlog [req-8b4548b1-6161-443b-92af-9964cb7b0740 req-61c970b6-ed6c-4b1a-83de-fcbca8d39487 None None] Starting request: 10.222.0.48 "GET /placement/resource_providers/d83d7977-e63d-4ffe-808d-00f2fd721479/allocations" {{(pid=106416) __call__ /opt/stack/placement/placement/requestlog.py:55}}
Oct 19 03:27:24.581451 dv-neutron-860766-4-hyperv devstack@placement-api.service[106416]: INFO placement.requestlog [req-8b4548b1-6161-443b-92af-9964cb7b0740 req-61c970b6-ed6c-4b1a-83de-fcbca8d39487 service placement] 10.222.0.48 "GET /placement/resource_providers/d83d7977-e63d-4ffe-808d-00f2fd721479/allocations" status: 200 len: 154 microversion: 1.0
Oct 19 03:27:24.581715 dv-neutron-860766-4-hyperv devstack@placement-api.service[106416]: [pid: 106416|app: 0|req: 492/984] 10.222.0.48 () {58 vars in 1390 bytes} [Wed Oct 19 03:27:24 2022] GET /placement/resource_providers/d83d7977-e63d-4ffe-808d-00f2fd721479/allocations => generated 154 bytes in 21 msecs (HTTP/1.1 200) 6 headers in 224 bytes (1 switches on core 0)
Oct 19 03:27:24.587940 dv-neutron-860766-4-hyperv devstack@placement-api.service[106415]: DEBUG placement.requestlog [req-8b4548b1-6161-443b-92af-9964cb7b0740 req-4c1d98c8-fd86-408e-9fbb-d695ac643f22 None None] Starting request: 10.222.0.48 "GET /placement/allocations/2c0e4a0b-ce78-4a3a-a5bd-82dbe91aa691" {{(pid=106415) __call__ /opt/stack/placement/placement/requestlog.py:55}}
Oct 19 03:27:24.604956 dv-neutron-860766-4-hyperv devstack@placement-api.service[106415]: INFO placement.requestlog [req-8b4548b1-6161-443b-92af-9964cb7b0740 req-4c1d98c8-fd86-408e-9fbb-d695ac643f22 service placement] 10.222.0.48 "GET /placement/allocations/2c0e4a0b-ce78-4a3a-a5bd-82dbe91aa691" status: 200 len: 259 microversion: 1.28
Oct 19 03:27:24.605284 dv-neutron-860766-4-hyperv devstack@placement-api.service[106415]: [pid: 106415|app: 0|req: 493/985] 10.222.0.48 () {60 vars in 1377 bytes} [Wed Oct 19 03:27:24 2022] GET /placement/allocations/2c0e4a0b-ce78-4a3a-a5bd-82dbe91aa691 => generated 259 bytes in 18 msecs (HTTP/1.1 200) 8 headers in 296 bytes (1 switches on core 0)
Oct 19 03:27:24.835623 dv-neutron-860766-4-hyperv devstack@placement-api.service[106416]: DEBUG placement.requestlog [req-8b4548b1-6161-443b-92af-9964cb7b0740 req-4e5880ea-71ba-42a5-81ad-77d15872952a None None] Starting request: 10.222.0.48 "DELETE /placement/allocations/2c0e4a0b-ce78-4a3a-a5bd-82dbe91aa691" {{(pid=106416) __call__ /opt/stack/placement/placement/requestlog.py:55}}
Oct 19 03:27:25.002142 dv-neutron-860766-4-hyperv devstack@placement-api.service[106416]: DEBUG placement.handlers.allocation [req-8b4548b1-6161-443b-92af-9964cb7b0740 req-4e5880ea-71ba-42a5-81ad-77d15872952a service placement] Successfully deleted allocations [, , ] {{(pid=106416) delete_allocations /opt/stack/placement/placement/handlers/allocation.py:627}}
Oct 19 03:27:25.002626 dv-neutron-860766-4-hyperv devstack@placement-api.service[106416]: INFO placement.requestlog [req-8b4548b1-6161-443b-92af-9964cb7b0740 req-4e5880ea-71ba-42a5-81ad-77d15872952a service placement] 10.222.0.48 "DELETE /placement/allocations/2c0e4a0b-ce78-4a3a-a5bd-82dbe91aa691" status: 204 len: 0 microversion: 1.0
Oct 19 03:27:25.002991 dv-neutron-860766-4-hyperv devstack@placement-api.service[106416]: [pid: 106416|app: 0|req: 493/986] 10.222.0.48 () {60 vars in 1355 bytes} [Wed Oct 19 03:27:24 2022] DELETE /placement/allocations/2c0e4a0b-ce78-4a3a-a5bd-82dbe91aa691 => generated 0 bytes in 168 msecs (HTTP/1.1 204) 5 headers in 198 bytes (1 switches on core 0)
Oct 19 03:27:29.093742 dv-neutron-860766-4-hyperv devstack@placement-api.service[106415]: DEBUG placement.requestlog [None req-dacebb19-f0d1-4cf1-9753-bb0cb05011fa None None] Starting request: 10.222.0.15 "GET /placement/resource_providers/6e350fc4-67f4-45c0-a36d-d06452c1bd04/aggregates" {{(pid=106415) __call__ /opt/stack/placement/placement/requestlog.py:55}}
Oct 19 03:27:29.160134 dv-neutron-860766-4-hyperv devstack@placement-api.service[106415]: INFO placement.requestlog [None req-dacebb19-f0d1-4cf1-9753-bb0cb05011fa service placement] 10.222.0.15 "GET /placement/resource_providers/6e350fc4-67f4-45c0-a36d-d06452c1bd04/aggregates" status: 404 len: 235 microversion: 1.1
Oct 19 03:27:29.160443 dv-neutron-860766-4-hyperv devstack@placement-api.service[106415]: [pid: 106415|app: 0|req: 494/987] 10.222.0.15 () {58 vars in 1362 bytes} [Wed Oct 19 03:27:29 2022] GET /placement/resource_providers/6e350fc4-67f4-45c0-a36d-d06452c1bd04/aggregates => generated 235 bytes in 68 msecs (HTTP/1.1 404) 5 headers in 202 bytes (1 switches on core 0)
