Oct 18 15:41:56.002795 dv-neutron-860649-2-hyperv neutron-server[111995]: DEBUG neutron_lib.callbacks.manager [None req-35759b73-3bd2-409f-afcf-98e281662ab8 tempest-ExternalNetworksAdminNegativeTestJSON-401606064 tempest-ExternalNetworksAdminNegativeTestJSON-401606064-project-admin] Publish callbacks ['neutron.db.l3_db.L3_NAT_dbonly_mixin._prevent_l3_port_delete_callback-8747875246475'] for port (685b293e-ca3f-4bdb-81bb-afe7bc26217d), before_delete {{(pid=111995) _notify_loop /usr/local/lib/python3.8/dist-packages/neutron_lib/callbacks/manager.py:176}}
Oct 18 15:41:56.004226 dv-neutron-860649-2-hyperv neutron-server[111996]: DEBUG neutron.db.l3_hamode_db [None req-1bd75b0d-73c3-41d8-9008-558f85edb9f7 None None] neutron.services.l3_router.l3_router_plugin.L3RouterPlugin method get_ha_sync_data_for_host called with arguments (, 'dv-neutron-860649-2-hyperv', Agent(admin_state_up=True,agent_type='L3 agent',availability_zone='nova',binary='neutron-l3-agent',configurations={"agent_mode": "legacy", "ex_gw_ports": 1, "extensions": [], "floating_ips": 0, "handle_internal_only_routers": true, "interface_driver": "openvswitch", "interfaces": 1, "log_agent_heartbeats": false, "routers": 1},created_at=2022-10-18T15:33:12Z,description=,heartbeat_timestamp=2022-10-18T15:41:42Z,host='dv-neutron-860649-2-hyperv',id=59cea178-7b49-466f-a684-6e54392dda7b,load=0,resource_versions=,resources_synced=,started_at=2022-10-18T15:33:12Z,topic='l3_agent')) {'router_ids': ['c772abc1-9c5c-4a31-84e7-6efd500e7d0d'], 'active': True} {{(pid=111996) wrapper /usr/local/lib/python3.8/dist-packages/oslo_log/helpers.py:65}}
Oct 18 15:41:56.083656 dv-neutron-860649-2-hyperv neutron-server[111994]: DEBUG neutron_lib.callbacks.manager [None req-8a8b9a95-e01e-43ea-9e62-c76be763ffb9 tempest-DHCPAgentSchedulersTestJSON-1517469934 tempest-DHCPAgentSchedulersTestJSON-1517469934-project] Publish callbacks ['neutron.plugins.ml2.plugin.SecurityGroupServerNotifierRpcMixin._notify_sg_on_port_change-66424762', 'neutron.plugins.ml2.ovo_rpc._ObjectChangeHandler.handle_event-67081342', 'neutron.api.rpc.agentnotifiers.dhcp_rpc_agent_api.DhcpAgentNotifyAPI._native_event_send_dhcp_notification-66601190', 'neutron.db.l3_dvrscheduler_db._notify_l3_agent_new_port-8747874856506'] for port (6b1adfd2-2613-4ca0-b17e-f47d26533b72), after_create {{(pid=111994) _notify_loop /usr/local/lib/python3.8/dist-packages/neutron_lib/callbacks/manager.py:176}}
Oct 18 15:41:56.162664 dv-neutron-860649-2-hyperv neutron-server[111995]: DEBUG neutron.plugins.ml2.plugin [None req-32e98330-8369-4d6a-938b-3866f6bb5b73 tempest-AllowedAddressPairTestJSON-1436165921 tempest-AllowedAddressPairTestJSON-1436165921-project] Calling delete_port for 6674116e-981b-4f42-ae2e-21d3dd127a84 owned by {{(pid=111995) delete_port /opt/stack/neutron/neutron/plugins/ml2/plugin.py:2157}}
Oct 18 15:41:56.222094 dv-neutron-860649-2-hyperv neutron-server[111996]: DEBUG neutron.db.l3_dvr_db [None req-1bd75b0d-73c3-41d8-9008-558f85edb9f7 None None] Set router c772abc1-9c5c-4a31-84e7-6efd500e7d0d gateway port host: dv-neutron-860649-2-hyperv {{(pid=111996) _build_routers_list /opt/stack/neutron/neutron/db/l3_dvr_db.py:907}}
Oct 18 15:41:56.232294 dv-neutron-860649-2-hyperv neutron-server[111995]: DEBUG neutron_lib.callbacks.manager [None req-2c04c85b-d3e6-459c-903b-085a41a82228 tempest-FloatingIPTestJSON-1195207169 tempest-FloatingIPTestJSON-1195207169-project] Publish callbacks ['neutron.plugins.ml2.ovo_rpc._ObjectChangeHandler.handle_event-66663195', 'neutron.api.rpc.agentnotifiers.dhcp_rpc_agent_api.DhcpAgentNotifyAPI._native_event_send_dhcp_notification-66601190'] for subnet (db804842-84ff-4fb1-aaea-c640156f81e8), after_create {{(pid=111995) _notify_loop /usr/local/lib/python3.8/dist-packages/neutron_lib/callbacks/manager.py:176}}
Oct 18 15:41:56.451799 dv-neutron-860649-2-hyperv neutron-server[111996]: DEBUG neutron.plugins.ml2.db [None req-b521b053-6051-44d2-bcdc-432fa03ede57 None None] For port 22315c17-3e6b-4004-bd45-7cb8daa671e8, host dv-neutron-860649-2-hyperv, cleared binding levels {{(pid=111996) clear_binding_levels /opt/stack/neutron/neutron/plugins/ml2/db.py:87}}
Oct 18 15:41:56.457993 dv-neutron-860649-2-hyperv neutron-server[111996]: DEBUG neutron.plugins.ml2.db [None req-b521b053-6051-44d2-bcdc-432fa03ede57 None None] For port 22315c17-3e6b-4004-bd45-7cb8daa671e8, host dv-neutron-860649-2-hyperv, set binding levels [PortBindingLevel(driver='openvswitch',host='dv-neutron-860649-2-hyperv',level=0,port_id=22315c17-3e6b-4004-bd45-7cb8daa671e8,segment=NetworkSegment(39ea5cf0-9575-41ba-8a2a-6f9b17694d3e),segment_id=39ea5cf0-9575-41ba-8a2a-6f9b17694d3e)] {{(pid=111996) set_binding_levels /opt/stack/neutron/neutron/plugins/ml2/db.py:59}}
Oct 18 15:41:56.491253 dv-neutron-860649-2-hyperv neutron-server[111995]: DEBUG dbcounter [-] [111995] Writing DB stats neutron:SELECT=94,neutron:INSERT=4,neutron:UPDATE=2 {{(pid=111995) stat_writer /usr/local/lib/python3.8/dist-packages/dbcounter.py:114}}
Oct 18 15:41:56.501052 dv-neutron-860649-2-hyperv neutron-server[111994]: DEBUG neutron_lib.callbacks.manager [None req-e3d9f38f-6fd2-4c03-ba46-17761ec67d3e tempest-RoutersAdminTest-537874909 tempest-RoutersAdminTest-537874909-project-admin] Publish callbacks ['neutron.plugins.ml2.plugin.SecurityGroupServerNotifierRpcMixin._notify_sg_on_port_change-66424762', 'neutron.plugins.ml2.ovo_rpc._ObjectChangeHandler.handle_event-67081342', 'neutron.api.rpc.agentnotifiers.dhcp_rpc_agent_api.DhcpAgentNotifyAPI._native_event_send_dhcp_notification-66601190', 'neutron.db.l3_db.L3RpcNotifierMixin._notify_routers_callback-8747875348372', 'neutron.db.l3_dvrscheduler_db._notify_port_delete-8747874856515'] for port (e9bb65c1-d5db-426e-aba6-7fb096a4e429), after_delete {{(pid=111994) _notify_loop /usr/local/lib/python3.8/dist-packages/neutron_lib/callbacks/manager.py:176}}
Oct 18 15:41:56.529280 dv-neutron-860649-2-hyperv neutron-server[111994]: DEBUG neutron.scheduler.dhcp_agent_scheduler [None req-8a8b9a95-e01e-43ea-9e62-c76be763ffb9 tempest-DHCPAgentSchedulersTestJSON-1517469934 tempest-DHCPAgentSchedulersTestJSON-1517469934-project] Network ccaeaf81-8f4f-4024-be5f-fb27325efa7d is already hosted by enough agents. {{(pid=111994) _get_dhcp_agents_hosting_network /opt/stack/neutron/neutron/scheduler/dhcp_agent_scheduler.py:275}}
Oct 18 15:41:56.540417 dv-neutron-860649-2-hyperv neutron-server[111994]: DEBUG neutron.scheduler.base_scheduler [None req-8a8b9a95-e01e-43ea-9e62-c76be763ffb9 tempest-DHCPAgentSchedulersTestJSON-1517469934 tempest-DHCPAgentSchedulersTestJSON-1517469934-project] Resources bound (agent type, host, resource id): {{(pid=111994) schedule /opt/stack/neutron/neutron/scheduler/base_scheduler.py:57}}
Oct 18 15:41:56.560728 dv-neutron-860649-2-hyperv neutron-server[111996]: DEBUG neutron_lib.callbacks.manager [None req-b521b053-6051-44d2-bcdc-432fa03ede57 None None] Publish callbacks ['neutron.plugins.ml2.plugin.SecurityGroupServerNotifierRpcMixin._notify_sg_on_port_change-66424762', 'neutron.plugins.ml2.ovo_rpc._ObjectChangeHandler.handle_event-67081342', 'neutron.api.rpc.agentnotifiers.dhcp_rpc_agent_api.DhcpAgentNotifyAPI._native_event_send_dhcp_notification-66601190', 'neutron.db.l3_db.L3RpcNotifierMixin._notify_gateway_port_ip_changed-8747875348354', 'neutron.db.l3_dvrscheduler_db._notify_l3_agent_port_update-8747874856524', 'neutron.db.l3_hascheduler_db._notify_l3_agent_ha_port_update-8747874856542'] for port (22315c17-3e6b-4004-bd45-7cb8daa671e8), after_update {{(pid=111996) _notify_loop /usr/local/lib/python3.8/dist-packages/neutron_lib/callbacks/manager.py:176}}
Oct 18 15:41:56.576528 dv-neutron-860649-2-hyperv neutron-server[111996]: DEBUG neutron.plugins.ml2.rpc [None req-3aa40461-5a22-469a-b768-8958d8d8c7b5 None None] Device 94451c8a-5bd2-4f5c-8fee-e46ea2e45011 up at agent ovs-agent-dv-neutron-860649-2-hyperv {{(pid=111996) update_device_up /opt/stack/neutron/neutron/plugins/ml2/rpc.py:296}}
Oct 18 15:41:56.593849 dv-neutron-860649-2-hyperv neutron-server[111994]: DEBUG neutron.api.rpc.handlers.resources_rpc [None req-8a8b9a95-e01e-43ea-9e62-c76be763ffb9 tempest-DHCPAgentSchedulersTestJSON-1517469934 tempest-DHCPAgentSchedulersTestJSON-1517469934-project] Pushing event updated for resources: {'Port': ['ID=6b1adfd2-2613-4ca0-b17e-f47d26533b72,revision_number=1']} {{(pid=111994) push /opt/stack/neutron/neutron/api/rpc/handlers/resources_rpc.py:237}}
Oct 18 15:41:56.595818 dv-neutron-860649-2-hyperv neutron-server[111995]: DEBUG dbcounter [-] [111995] Writing DB stats neutron:SELECT=95,neutron:INSERT=4,neutron:UPDATE=1 {{(pid=111995) stat_writer /usr/local/lib/python3.8/dist-packages/dbcounter.py:114}}
Oct 18 15:41:56.599995 dv-neutron-860649-2-hyperv neutron-server[111994]: DEBUG neutron.db.l3_dvrscheduler_db [None req-8a8b9a95-e01e-43ea-9e62-c76be763ffb9 tempest-DHCPAgentSchedulersTestJSON-1517469934 tempest-DHCPAgentSchedulersTestJSON-1517469934-project] Received port after_create {{(pid=111994) _notify_l3_agent_new_port /opt/stack/neutron/neutron/db/l3_dvrscheduler_db.py:541}}
Oct 18 15:41:56.604851 dv-neutron-860649-2-hyperv neutron-server[111994]: DEBUG neutron.pecan_wsgi.hooks.policy_enforcement [None req-8a8b9a95-e01e-43ea-9e62-c76be763ffb9 tempest-DHCPAgentSchedulersTestJSON-1517469934 tempest-DHCPAgentSchedulersTestJSON-1517469934-project] Attributes excluded by policy engine: ['standard_attr_id', 'binding:profile', 'binding:host_id', 'binding:vif_type', 'binding:vif_details', 'network'] {{(pid=111994) _exclude_attributes_by_policy /opt/stack/neutron/neutron/pecan_wsgi/hooks/policy_enforcement.py:259}}
Oct 18 15:41:56.606741 dv-neutron-860649-2-hyperv neutron-server[111994]: DEBUG neutron_lib.callbacks.manager [None req-8a8b9a95-e01e-43ea-9e62-c76be763ffb9 tempest-DHCPAgentSchedulersTestJSON-1517469934 tempest-DHCPAgentSchedulersTestJSON-1517469934-project] Publish callbacks ['neutron.notifiers.nova.Notifier._send_nova_notification-62194'] for port (None), before_response {{(pid=111994) _notify_loop /usr/local/lib/python3.8/dist-packages/neutron_lib/callbacks/manager.py:176}}
Oct 18 15:41:56.648159 dv-neutron-860649-2-hyperv neutron-server[111994]: DEBUG neutron.api.rpc.handlers.resources_rpc [None req-e3d9f38f-6fd2-4c03-ba46-17761ec67d3e tempest-RoutersAdminTest-537874909 tempest-RoutersAdminTest-537874909-project-admin] Pushing event deleted for resources: {'Port': ['ID=e9bb65c1-d5db-426e-aba6-7fb096a4e429,revision_number=None']} {{(pid=111994) push /opt/stack/neutron/neutron/api/rpc/handlers/resources_rpc.py:237}}
Oct 18 15:41:56.662600 dv-neutron-860649-2-hyperv neutron-server[111994]: INFO neutron.wsgi [None req-8a8b9a95-e01e-43ea-9e62-c76be763ffb9 tempest-DHCPAgentSchedulersTestJSON-1517469934 tempest-DHCPAgentSchedulersTestJSON-1517469934-project] 10.222.0.69 "POST /networking/v2.0/ports HTTP/1.1" status: 201 len: 938 time: 2.7685134
Oct 18 15:41:56.675618 dv-neutron-860649-2-hyperv neutron-server[111994]: DEBUG neutron.wsgi [-] (111994) accepted ('10.222.0.69', 58088) {{(pid=111994) server /usr/local/lib/python3.8/dist-packages/eventlet/wsgi.py:1004}}
Oct 18 15:41:56.676001 dv-neutron-860649-2-hyperv neutron-server[111996]: DEBUG neutron.db.l3_hamode_db [None req-1bd75b0d-73c3-41d8-9008-558f85edb9f7 None None] neutron.services.l3_router.l3_router_plugin.L3RouterPlugin method _process_sync_ha_data called with arguments (, [{'id': 'c772abc1-9c5c-4a31-84e7-6efd500e7d0d', 'name': 'tempest-ServersTestJSON-705113363-router', 'tenant_id': '46a384b15a274fdbb31b81dd280ea779', 'admin_state_up': True, 'status': 'ACTIVE', 'external_gateway_info': {'network_id': '005e0963-c4a4-4daa-9892-e6c4f3c3c5f3', 'external_fixed_ips': [{'subnet_id': '1e3e0cae-ece2-425f-8b61-3ba7e7bbb30a', 'ip_address': '172.26.7.60'}], 'enable_snat': True}, 'gw_port_id': '404ad00f-874e-4fc7-ab7f-5663579159ac', 'description': '', 'availability_zones': ['nova'], 'distributed': False, 'ha': False, 'ha_vr_id': 0, 'availability_zone_hints': [], 'routes': [], 'flavor_id': None, 'tags': [], 'created_at': '2022-10-18T15:41:46Z', 'updated_at': '2022-10-18T15:41:53Z', 'revision_number': 3, 'project_id': '46a384b15a274fdbb31b81dd280ea779', 'gw_port': {'id': '404ad00f-874e-4fc7-ab7f-5663579159ac', 'name': '', 'network_id': '005e0963-c4a4-4daa-9892-e6c4f3c3c5f3', 'tenant_id': '', 'mac_address': 'fa:16:3e:26:ad:62', 'admin_state_up': True, 'status': 'DOWN', 'device_id': 'c772abc1-9c5c-4a31-84e7-6efd500e7d0d', 'device_owner': 'network:router_gateway', 'standard_attr_id': 81, 'fixed_ips': [{'subnet_id': '1e3e0cae-ece2-425f-8b61-3ba7e7bbb30a', 'ip_address': '172.26.7.60', 'prefixlen': 24}], 'allowed_address_pairs': [], 'extra_dhcp_opts': [], 'security_groups': [], 'description': '', 'binding:vnic_type': 'normal', 'binding:profile': {}, 'binding:host_id': '', 'binding:vif_type': 'unbound', 'binding:vif_details': {}, 'port_security_enabled': False, 'tags': [], 'created_at': '2022-10-18T15:41:48Z', 'updated_at': '2022-10-18T15:41:50Z', 'revision_number': 1, 'project_id': '', 'subnets': [{'id': '1e3e0cae-ece2-425f-8b61-3ba7e7bbb30a', 'cidr': '172.26.7.0/24', 'gateway_ip': '172.26.7.1', 'dns_nameservers': [], 'ipv6_ra_mode': None, 'subnetpool_id': None}], 'extra_subnets': [], 'address_scopes': {4: None, 6: None}, 'mtu': 1500}, 'enable_snat': True, 'gw_port_host': 'dv-neutron-860649-2-hyperv'}], 'dv-neutron-860649-2-hyperv', False) {} {{(pid=111996) wrapper /usr/local/lib/python3.8/dist-packages/oslo_log/helpers.py:65}}
Oct 18 15:41:56.714705 dv-neutron-860649-2-hyperv neutron-server[111995]: DEBUG neutron.api.rpc.handlers.resources_rpc [None req-2c04c85b-d3e6-459c-903b-085a41a82228 tempest-FloatingIPTestJSON-1195207169 tempest-FloatingIPTestJSON-1195207169-project] Pushing event updated for resources: {'Subnet': ['ID=db804842-84ff-4fb1-aaea-c640156f81e8,revision_number=0']} {{(pid=111995) push /opt/stack/neutron/neutron/api/rpc/handlers/resources_rpc.py:237}}
Oct 18 15:41:56.771415 dv-neutron-860649-2-hyperv neutron-server[111996]: DEBUG neutron.api.rpc.handlers.resources_rpc [None req-b521b053-6051-44d2-bcdc-432fa03ede57 None None] Pushing event updated for resources: {'Port': ['ID=22315c17-3e6b-4004-bd45-7cb8daa671e8,revision_number=2']} {{(pid=111996) push /opt/stack/neutron/neutron/api/rpc/handlers/resources_rpc.py:237}}
Oct 18 15:41:56.790469 dv-neutron-860649-2-hyperv neutron-server[111996]: DEBUG neutron.api.rpc.handlers.l3_rpc [None req-1bd75b0d-73c3-41d8-9008-558f85edb9f7 None None] Checking router: c772abc1-9c5c-4a31-84e7-6efd500e7d0d for host: dv-neutron-860649-2-hyperv {{(pid=111996) _ensure_host_set_on_ports /opt/stack/neutron/neutron/api/rpc/handlers/l3_rpc.py:155}}
Oct 18 15:41:56.790922 dv-neutron-860649-2-hyperv neutron-server[111996]: DEBUG neutron.api.rpc.handlers.l3_rpc [None req-1bd75b0d-73c3-41d8-9008-558f85edb9f7 None None] Updating router c772abc1-9c5c-4a31-84e7-6efd500e7d0d port 404ad00f-874e-4fc7-ab7f-5663579159ac binding host dv-neutron-860649-2-hyperv {{(pid=111996) _ensure_host_set_on_port /opt/stack/neutron/neutron/api/rpc/handlers/l3_rpc.py:205}}
Oct 18 15:41:56.796722 dv-neutron-860649-2-hyperv neutron-server[111996]: DEBUG dbcounter [-] [111996] Writing DB stats neutron:SELECT=98,neutron:UPDATE=2 {{(pid=111996) stat_writer /usr/local/lib/python3.8/dist-packages/dbcounter.py:114}}
Oct 18 15:41:56.836205 dv-neutron-860649-2-hyperv neutron-server[111995]: DEBUG neutron_lib.callbacks.manager [None req-35759b73-3bd2-409f-afcf-98e281662ab8 tempest-ExternalNetworksAdminNegativeTestJSON-401606064 tempest-ExternalNetworksAdminNegativeTestJSON-401606064-project-admin] Publish callbacks ['neutron.services.l3_router.l3_router_plugin.L3_NAT_dbonly_mixin._precommit_delete_port_callback-66671058'] for port (685b293e-ca3f-4bdb-81bb-afe7bc26217d), precommit_delete {{(pid=111995) _notify_loop /usr/local/lib/python3.8/dist-packages/neutron_lib/callbacks/manager.py:176}}
Oct 18 15:41:56.837082 dv-neutron-860649-2-hyperv neutron-server[111995]: DEBUG neutron_lib.callbacks.manager [None req-35759b73-3bd2-409f-afcf-98e281662ab8 tempest-ExternalNetworksAdminNegativeTestJSON-401606064 tempest-ExternalNetworksAdminNegativeTestJSON-401606064-project-admin] Publish callbacks [] for floatingip (685b293e-ca3f-4bdb-81bb-afe7bc26217d), precommit_delete {{(pid=111995) _notify_loop /usr/local/lib/python3.8/dist-packages/neutron_lib/callbacks/manager.py:176}}
Oct 18 15:41:56.875215 dv-neutron-860649-2-hyperv neutron-server[111996]: DEBUG neutron_lib.callbacks.manager [None req-1bd75b0d-73c3-41d8-9008-558f85edb9f7 None None] Publish callbacks ['neutron.plugins.ml2.plugin.SecurityGroupDbMixin._ensure_default_security_group_handler-66424699'] for port (404ad00f-874e-4fc7-ab7f-5663579159ac), before_update {{(pid=111996) _notify_loop /usr/local/lib/python3.8/dist-packages/neutron_lib/callbacks/manager.py:176}}
Oct 18 15:41:56.898548 dv-neutron-860649-2-hyperv neutron-server[111995]: DEBUG neutron.plugins.ml2.plugin [None req-35759b73-3bd2-409f-afcf-98e281662ab8 tempest-ExternalNetworksAdminNegativeTestJSON-401606064 tempest-ExternalNetworksAdminNegativeTestJSON-401606064-project-admin] Calling delete_port for 685b293e-ca3f-4bdb-81bb-afe7bc26217d owned by network:floatingip {{(pid=111995) delete_port /opt/stack/neutron/neutron/plugins/ml2/plugin.py:2157}}
Oct 18 15:41:56.902554 dv-neutron-860649-2-hyperv neutron-server[111994]: DEBUG dbcounter [-] [111994] Writing DB stats neutron:SELECT=92,neutron:DELETE=8 {{(pid=111994) stat_writer /usr/local/lib/python3.8/dist-packages/dbcounter.py:114}}
Oct 18 15:41:56.937794 dv-neutron-860649-2-hyperv neutron-server[111996]: DEBUG neutron.db.provisioning_blocks [None req-3aa40461-5a22-469a-b768-8958d8d8c7b5 None None] Provisioning complete for port 94451c8a-5bd2-4f5c-8fee-e46ea2e45011 triggered by entity L2. {{(pid=111996) provisioning_complete /opt/stack/neutron/neutron/db/provisioning_blocks.py:144}}
Oct 18 15:41:56.938607 dv-neutron-860649-2-hyperv neutron-server[111996]: DEBUG neutron_lib.callbacks.manager [None req-3aa40461-5a22-469a-b768-8958d8d8c7b5 None None] Publish callbacks ['neutron.plugins.ml2.plugin.Ml2Plugin._port_provisioned-66349295'] for port (94451c8a-5bd2-4f5c-8fee-e46ea2e45011), provisioning_complete {{(pid=111996) _notify_loop /usr/local/lib/python3.8/dist-packages/neutron_lib/callbacks/manager.py:176}}
Oct 18 15:41:56.941077 dv-neutron-860649-2-hyperv neutron-server[111996]: INFO neutron.plugins.ml2.plugin [None req-3aa40461-5a22-469a-b768-8958d8d8c7b5 None None] Attempt 1 to provision port 94451c8a-5bd2-4f5c-8fee-e46ea2e45011
Oct 18 15:41:56.969889 dv-neutron-860649-2-hyperv neutron-server[111994]: DEBUG neutron_lib.callbacks.manager [None req-e3d9f38f-6fd2-4c03-ba46-17761ec67d3e tempest-RoutersAdminTest-537874909 tempest-RoutersAdminTest-537874909-project-admin] Publish callbacks ['neutron.notifiers.nova.Notifier._send_nova_notification-62194'] for port (None), before_response {{(pid=111994) _notify_loop /usr/local/lib/python3.8/dist-packages/neutron_lib/callbacks/manager.py:176}}
Oct 18 15:41:56.975172 dv-neutron-860649-2-hyperv neutron-server[111994]: INFO neutron.wsgi [None req-e3d9f38f-6fd2-4c03-ba46-17761ec67d3e tempest-RoutersAdminTest-537874909 tempest-RoutersAdminTest-537874909-project-admin] 10.222.0.69 "DELETE /networking/v2.0/ports/e9bb65c1-d5db-426e-aba6-7fb096a4e429 HTTP/1.1" status: 204 len: 168 time: 2.3466964
Oct 18 15:41:56.993079 dv-neutron-860649-2-hyperv neutron-server[111994]: DEBUG neutron.wsgi [-] (111994) accepted ('10.222.0.69', 58090) {{(pid=111994) server /usr/local/lib/python3.8/dist-packages/eventlet/wsgi.py:1004}}
Oct 18 15:41:57.001242 dv-neutron-860649-2-hyperv neutron-server[111994]: DEBUG neutron.api.v2.base [None req-adbf1fa5-5575-478f-937a-82585574c1d7 tempest-RoutersAdminTest-537874909 tempest-RoutersAdminTest-537874909-project-admin] Request body: {'router': {'external_gateway_info': {'network_id': '05cd765c-aec6-41a8-a77a-bf4d1bfd0a68', 'external_fixed_ips': [{'subnet_id': 'e57e78f9-4b7c-4681-9f5e-7ef43aa15889', 'ip_address': '172.20.0.7'}]}}} {{(pid=111994) prepare_request_body /opt/stack/neutron/neutron/api/v2/base.py:730}}
Oct 18 15:41:57.077842 dv-neutron-860649-2-hyperv neutron-server[111995]: DEBUG neutron.plugins.ml2.drivers.mech_agent [None req-2c04c85b-d3e6-459c-903b-085a41a82228 tempest-FloatingIPTestJSON-1195207169 tempest-FloatingIPTestJSON-1195207169-project] Checking segment: {'id': '4e83a536-e5c6-4ef9-9da3-9c7526db41f4', 'network_type': 'vlan', 'physical_network': 'physnet1', 'segmentation_id': 1014, 'network_id': 'dd9cd6c5-137f-49e5-9e4a-7acf8cd41f5d'} for mappings: {'physnet1': 'br-data'} with network types: ['local', 'flat', 'vlan'] {{(pid=111995) check_segment_for_agent /opt/stack/neutron/neutron/plugins/ml2/drivers/mech_agent.py:399}}
Oct 18 15:41:57.078400 dv-neutron-860649-2-hyperv neutron-server[111995]: DEBUG neutron.scheduler.dhcp_agent_scheduler [None req-2c04c85b-d3e6-459c-903b-085a41a82228 tempest-FloatingIPTestJSON-1195207169 tempest-FloatingIPTestJSON-1195207169-project] Network hostable DHCP agents. Network: dd9cd6c5-137f-49e5-9e4a-7acf8cd41f5d, hostable agents: ['bd89134a-7fa0-44ab-8d95-d195c2206d8b'], hosted agents: [] {{(pid=111995) _get_network_hostable_dhcp_agents /opt/stack/neutron/neutron/scheduler/dhcp_agent_scheduler.py:329}}
Oct 18 15:41:57.102176 dv-neutron-860649-2-hyperv neutron-server[111995]: DEBUG neutron_lib.callbacks.manager [None req-bc43a053-0cec-432d-b9d8-036cda5e474f tempest-FloatingIPAdminTestJSON-397558578 tempest-FloatingIPAdminTestJSON-397558578-project] Publish callbacks [] for port (d84090ed-c31b-4dfd-a997-f75e5a0b075f), precommit_update {{(pid=111995) _notify_loop /usr/local/lib/python3.8/dist-packages/neutron_lib/callbacks/manager.py:176}}
Oct 18 15:41:57.169756 dv-neutron-860649-2-hyperv neutron-server[111995]: DEBUG neutron_lib.callbacks.manager [None req-bc43a053-0cec-432d-b9d8-036cda5e474f tempest-FloatingIPAdminTestJSON-397558578 tempest-FloatingIPAdminTestJSON-397558578-project] Publish callbacks ['neutron.plugins.ml2.plugin.SecurityGroupServerNotifierRpcMixin._notify_sg_on_port_change-66424762', 'neutron.plugins.ml2.ovo_rpc._ObjectChangeHandler.handle_event-67081342', 'neutron.api.rpc.agentnotifiers.dhcp_rpc_agent_api.DhcpAgentNotifyAPI._native_event_send_dhcp_notification-66601190', 'neutron.db.l3_db.L3RpcNotifierMixin._notify_gateway_port_ip_changed-8747875348354', 'neutron.db.l3_dvrscheduler_db._notify_l3_agent_port_update-8747874856524', 'neutron.db.l3_hascheduler_db._notify_l3_agent_ha_port_update-8747874856542'] for port (d84090ed-c31b-4dfd-a997-f75e5a0b075f), after_update {{(pid=111995) _notify_loop /usr/local/lib/python3.8/dist-packages/neutron_lib/callbacks/manager.py:176}}
Oct 18 15:41:57.172907 dv-neutron-860649-2-hyperv neutron-server[111995]: DEBUG neutron_lib.callbacks.manager [None req-bc43a053-0cec-432d-b9d8-036cda5e474f tempest-FloatingIPAdminTestJSON-397558578 tempest-FloatingIPAdminTestJSON-397558578-project] Publish callbacks ['neutron.services.l3_router.l3_router_plugin.DVRResourceOperationHandler._create_dvr_floating_gw_port-66660904'] for floatingip (e108393f-dc3f-4513-80ac-a5323b5aebb3), after_create {{(pid=111995) _notify_loop /usr/local/lib/python3.8/dist-packages/neutron_lib/callbacks/manager.py:176}}
Oct 18 15:41:57.198882 dv-neutron-860649-2-hyperv neutron-server[111994]: DEBUG neutron.plugins.ml2.plugin [None req-236666c3-67d5-47f0-9481-64c3aa23b030 tempest-DHCPAgentSchedulersTestJSON-1517469934 tempest-DHCPAgentSchedulersTestJSON-1517469934-project] Deleting port 6b1adfd2-2613-4ca0-b17e-f47d26533b72 {{(pid=111994) _pre_delete_port /opt/stack/neutron/neutron/plugins/ml2/plugin.py:2068}}
Oct 18 15:41:57.199243 dv-neutron-860649-2-hyperv neutron-server[111994]: DEBUG neutron_lib.callbacks.manager [None req-236666c3-67d5-47f0-9481-64c3aa23b030 tempest-DHCPAgentSchedulersTestJSON-1517469934 tempest-DHCPAgentSchedulersTestJSON-1517469934-project] Publish callbacks ['neutron.db.l3_db.L3_NAT_dbonly_mixin._prevent_l3_port_delete_callback-8747875246475'] for port (6b1adfd2-2613-4ca0-b17e-f47d26533b72), before_delete {{(pid=111994) _notify_loop /usr/local/lib/python3.8/dist-packages/neutron_lib/callbacks/manager.py:176}}
Oct 18 15:41:57.306581 dv-neutron-860649-2-hyperv neutron-server[111995]: DEBUG neutron_lib.callbacks.manager [None req-de0bdade-c46f-4e33-8103-435339f3905e admin admin] Publish callbacks ['neutron.plugins.ml2.plugin.SecurityGroupDbMixin._ensure_default_security_group_handler-66424699'] for port (None), before_create {{(pid=111995) _notify_loop /usr/local/lib/python3.8/dist-packages/neutron_lib/callbacks/manager.py:176}}
Oct 18 15:41:57.317761 dv-neutron-860649-2-hyperv neutron-server[111995]: DEBUG neutron.scheduler.dhcp_agent_scheduler [None req-2c04c85b-d3e6-459c-903b-085a41a82228 tempest-FloatingIPTestJSON-1195207169 tempest-FloatingIPTestJSON-1195207169-project] Network dd9cd6c5-137f-49e5-9e4a-7acf8cd41f5d is scheduled to be hosted by DHCP agent bd89134a-7fa0-44ab-8d95-d195c2206d8b with binding_index 1 {{(pid=111995) bind /opt/stack/neutron/neutron/scheduler/dhcp_agent_scheduler.py:227}}
Oct 18 15:41:57.318733 dv-neutron-860649-2-hyperv neutron-server[111994]: DEBUG neutron_lib.callbacks.manager [None req-adbf1fa5-5575-478f-937a-82585574c1d7 tempest-RoutersAdminTest-537874909 tempest-RoutersAdminTest-537874909-project-admin] Publish callbacks ['neutron.services.l3_router.l3_router_plugin.L3_HA_NAT_db_mixin._before_router_create_handler-66661851', 'neutron.services.l3_router.service_providers.driver_controller.DriverController._check_router_request-1479'] for router (9506007d-48b1-4d60-a64e-5642fdd08190), before_create {{(pid=111994) _notify_loop /usr/local/lib/python3.8/dist-packages/neutron_lib/callbacks/manager.py:176}}
Oct 18 15:41:57.320496 dv-neutron-860649-2-hyperv neutron-server[111994]: DEBUG neutron_lib.callbacks.manager [None req-adbf1fa5-5575-478f-937a-82585574c1d7 tempest-RoutersAdminTest-537874909 tempest-RoutersAdminTest-537874909-project-admin] Publish callbacks ['neutron.services.l3_router.l3_router_plugin.L3_HA_NAT_db_mixin._precommit_router_create-66671579', 'neutron.services.l3_router.l3_router_plugin.DVRResourceOperationHandler._set_distributed_flag-66664334', 'neutron.services.l3_router.l3_router_plugin.RouterAvailabilityZoneMixin._process_az_request-66712481', 'neutron.services.l3_router.service_providers.driver_controller.DriverController._set_router_provider-1488'] for router (9506007d-48b1-4d60-a64e-5642fdd08190), precommit_create {{(pid=111994) _notify_loop /usr/local/lib/python3.8/dist-packages/neutron_lib/callbacks/manager.py:176}}
Oct 18 15:41:57.354671 dv-neutron-860649-2-hyperv neutron-server[111995]: DEBUG neutron_lib.callbacks.manager [None req-bc43a053-0cec-432d-b9d8-036cda5e474f tempest-FloatingIPAdminTestJSON-397558578 tempest-FloatingIPAdminTestJSON-397558578-project] Publish callbacks ['neutron.notifiers.nova.Notifier._send_nova_notification-62194'] for floatingip (None), before_response {{(pid=111995) _notify_loop /usr/local/lib/python3.8/dist-packages/neutron_lib/callbacks/manager.py:176}}
Oct 18 15:41:57.355969 dv-neutron-860649-2-hyperv neutron-server[111995]: INFO neutron.wsgi [None req-bc43a053-0cec-432d-b9d8-036cda5e474f tempest-FloatingIPAdminTestJSON-397558578 tempest-FloatingIPAdminTestJSON-397558578-project] 10.222.0.69 "POST /networking/v2.0/floatingips HTTP/1.1" status: 201 len: 693 time: 8.9735394
Oct 18 15:41:57.367256 dv-neutron-860649-2-hyperv neutron-server[111995]: DEBUG neutron.wsgi [-] (111995) accepted ('10.222.0.69', 58092) {{(pid=111995) server /usr/local/lib/python3.8/dist-packages/eventlet/wsgi.py:1004}}
Oct 18 15:41:57.376622 dv-neutron-860649-2-hyperv neutron-server[111995]: DEBUG neutron.api.v2.base [None req-3c940d91-5333-4d36-a7de-21c8068d700c tempest-FloatingIPAdminTestJSON-397558578 tempest-FloatingIPAdminTestJSON-397558578-project] Request body: {'network': {'name': 'tempest-FloatingIPAdminTestJSON-test-network-754489948'}} {{(pid=111995) prepare_request_body /opt/stack/neutron/neutron/api/v2/base.py:730}}
Oct 18 15:41:57.380566 dv-neutron-860649-2-hyperv neutron-server[111995]: DEBUG neutron.scheduler.base_scheduler [None req-2c04c85b-d3e6-459c-903b-085a41a82228 tempest-FloatingIPTestJSON-1195207169 tempest-FloatingIPTestJSON-1195207169-project] Resources bound (agent type, host, resource id): (DHCP agent, dv-neutron-860649-2-hyperv, dd9cd6c5-137f-49e5-9e4a-7acf8cd41f5d) {{(pid=111995) schedule /opt/stack/neutron/neutron/scheduler/base_scheduler.py:57}}
Oct 18 15:41:57.405407 dv-neutron-860649-2-hyperv neutron-server[111996]: DEBUG neutron.api.rpc.handlers.dhcp_rpc [None req-cd477cb1-5c5d-484b-a399-29fd86e07498 None None] Network dd9cd6c5-137f-49e5-9e4a-7acf8cd41f5d requested from dv-neutron-860649-2-hyperv {{(pid=111996) get_network_info /opt/stack/neutron/neutron/api/rpc/handlers/dhcp_rpc.py:193}}
Oct 18 15:41:57.412417 dv-neutron-860649-2-hyperv neutron-server[111995]: DEBUG neutron.api.rpc.handlers.resources_rpc [None req-bc43a053-0cec-432d-b9d8-036cda5e474f tempest-FloatingIPAdminTestJSON-397558578 tempest-FloatingIPAdminTestJSON-397558578-project] Pushing event updated for resources: {'Port': ['ID=d84090ed-c31b-4dfd-a997-f75e5a0b075f,revision_number=2']} {{(pid=111995) push /opt/stack/neutron/neutron/api/rpc/handlers/resources_rpc.py:237}}
Oct 18 15:41:57.437709 dv-neutron-860649-2-hyperv neutron-server[111995]: DEBUG neutron.pecan_wsgi.hooks.policy_enforcement [None req-2c04c85b-d3e6-459c-903b-085a41a82228 tempest-FloatingIPTestJSON-1195207169 tempest-FloatingIPTestJSON-1195207169-project] Attributes excluded by policy engine: ['standard_attr_id', 'shared', 'network'] {{(pid=111995) _exclude_attributes_by_policy /opt/stack/neutron/neutron/pecan_wsgi/hooks/policy_enforcement.py:259}}
Oct 18 15:41:57.438274 dv-neutron-860649-2-hyperv neutron-server[111995]: DEBUG neutron_lib.callbacks.manager [None req-2c04c85b-d3e6-459c-903b-085a41a82228 tempest-FloatingIPTestJSON-1195207169 tempest-FloatingIPTestJSON-1195207169-project] Publish callbacks ['neutron.api.rpc.agentnotifiers.dhcp_rpc_agent_api.DhcpAgentNotifyAPI._send_dhcp_notification-66601208'] for subnet (None), before_response {{(pid=111995) _notify_loop /usr/local/lib/python3.8/dist-packages/neutron_lib/callbacks/manager.py:176}}
Oct 18 15:41:57.442156 dv-neutron-860649-2-hyperv neutron-server[111994]: DEBUG neutron_lib.callbacks.manager [None req-236666c3-67d5-47f0-9481-64c3aa23b030 tempest-DHCPAgentSchedulersTestJSON-1517469934 tempest-DHCPAgentSchedulersTestJSON-1517469934-project] Publish callbacks ['neutron.services.l3_router.l3_router_plugin.L3_NAT_dbonly_mixin._precommit_delete_port_callback-66671058'] for port (6b1adfd2-2613-4ca0-b17e-f47d26533b72), precommit_delete {{(pid=111994) _notify_loop /usr/local/lib/python3.8/dist-packages/neutron_lib/callbacks/manager.py:176}}
Oct 18 15:41:57.489389 dv-neutron-860649-2-hyperv neutron-server[111994]: DEBUG neutron.plugins.ml2.plugin [None req-236666c3-67d5-47f0-9481-64c3aa23b030 tempest-DHCPAgentSchedulersTestJSON-1517469934 tempest-DHCPAgentSchedulersTestJSON-1517469934-project] Calling delete_port for 6b1adfd2-2613-4ca0-b17e-f47d26533b72 owned by {{(pid=111994) delete_port /opt/stack/neutron/neutron/plugins/ml2/plugin.py:2157}}
Oct 18 15:41:57.534621 dv-neutron-860649-2-hyperv neutron-server[111996]: DEBUG neutron.plugins.ml2.plugin [None req-3aa40461-5a22-469a-b768-8958d8d8c7b5 None None] Current status of the port 94451c8a-5bd2-4f5c-8fee-e46ea2e45011 is: DOWN; New status is: ACTIVE {{(pid=111996) _update_individual_port_db_status /opt/stack/neutron/neutron/plugins/ml2/plugin.py:2333}}
Oct 18 15:41:57.535329 dv-neutron-860649-2-hyperv neutron-server[111996]: DEBUG neutron_lib.callbacks.manager [None req-3aa40461-5a22-469a-b768-8958d8d8c7b5 None None] Publish callbacks ['neutron.plugins.ml2.plugin.SecurityGroupDbMixin._ensure_default_security_group_handler-66424699'] for port (94451c8a-5bd2-4f5c-8fee-e46ea2e45011), before_update {{(pid=111996) _notify_loop /usr/local/lib/python3.8/dist-packages/neutron_lib/callbacks/manager.py:176}}
Oct 18 15:41:57.538356 dv-neutron-860649-2-hyperv neutron-server[111995]: DEBUG neutron.pecan_wsgi.hooks.quota_enforcement [None req-3c940d91-5333-4d36-a7de-21c8068d700c tempest-FloatingIPAdminTestJSON-397558578 tempest-FloatingIPAdminTestJSON-397558578-project] Made reservation on behalf of afc4a4a47b4c4bbc808867f7af598351 for: {'network': 1} {{(pid=111995) before /opt/stack/neutron/neutron/pecan_wsgi/hooks/quota_enforcement.py:53}}
Oct 18 15:41:57.542891 dv-neutron-860649-2-hyperv neutron-server[111995]: DEBUG neutron_lib.callbacks.manager [None req-3c940d91-5333-4d36-a7de-21c8068d700c tempest-FloatingIPAdminTestJSON-397558578 tempest-FloatingIPAdminTestJSON-397558578-project] Publish callbacks ['neutron.plugins.ml2.plugin.SecurityGroupDbMixin._ensure_default_security_group_handler-66424699'] for network (None), before_create {{(pid=111995) _notify_loop /usr/local/lib/python3.8/dist-packages/neutron_lib/callbacks/manager.py:176}}
Oct 18 15:41:57.555566 dv-neutron-860649-2-hyperv neutron-server[111995]: DEBUG dbcounter [-] [111995] Writing DB stats neutron:SELECT=89,neutron:DELETE=8,neutron:UPDATE=1,neutron:INSERT=2 {{(pid=111995) stat_writer /usr/local/lib/python3.8/dist-packages/dbcounter.py:114}}
Oct 18 15:41:57.568106 dv-neutron-860649-2-hyperv neutron-server[111995]: INFO neutron.wsgi [None req-2c04c85b-d3e6-459c-903b-085a41a82228 tempest-FloatingIPTestJSON-1195207169 tempest-FloatingIPTestJSON-1195207169-project] 10.222.0.69 "POST /networking/v2.0/subnets HTTP/1.1" status: 201 len: 802 time: 4.2110574
Oct 18 15:41:57.581983 dv-neutron-860649-2-hyperv neutron-server[111995]: DEBUG neutron.wsgi [-] (111995) accepted ('10.222.0.69', 58094) {{(pid=111995) server /usr/local/lib/python3.8/dist-packages/eventlet/wsgi.py:1004}}
Oct 18 15:41:57.592088 dv-neutron-860649-2-hyperv neutron-server[111995]: DEBUG neutron.api.v2.base [None req-653e13bd-65ee-450b-8e49-32d6047626d6 tempest-FloatingIPTestJSON-1195207169 tempest-FloatingIPTestJSON-1195207169-project] Request body: {'router': {'name': 'tempest-FloatingIPTestJSON-router-1650623590', 'external_gateway_info': {'network_id': '005e0963-c4a4-4daa-9892-e6c4f3c3c5f3'}, 'admin_state_up': False}} {{(pid=111995) prepare_request_body /opt/stack/neutron/neutron/api/v2/base.py:730}}
Oct 18 15:41:57.599658 dv-neutron-860649-2-hyperv neutron-server[111995]: DEBUG neutron_lib.callbacks.manager [None req-3c940d91-5333-4d36-a7de-21c8068d700c tempest-FloatingIPAdminTestJSON-397558578 tempest-FloatingIPAdminTestJSON-397558578-project] Publish callbacks [] for security_group (None), before_create {{(pid=111995) _notify_loop /usr/local/lib/python3.8/dist-packages/neutron_lib/callbacks/manager.py:176}}
Oct 18 15:41:57.629903 dv-neutron-860649-2-hyperv neutron-server[111995]: DEBUG neutron_lib.callbacks.manager [None req-32e98330-8369-4d6a-938b-3866f6bb5b73 tempest-AllowedAddressPairTestJSON-1436165921 tempest-AllowedAddressPairTestJSON-1436165921-project] Publish callbacks ['neutron.plugins.ml2.plugin.SecurityGroupServerNotifierRpcMixin._notify_sg_on_port_change-66424762', 'neutron.plugins.ml2.ovo_rpc._ObjectChangeHandler.handle_event-67081342', 'neutron.api.rpc.agentnotifiers.dhcp_rpc_agent_api.DhcpAgentNotifyAPI._native_event_send_dhcp_notification-66601190', 'neutron.db.l3_db.L3RpcNotifierMixin._notify_routers_callback-8747875348372', 'neutron.db.l3_dvrscheduler_db._notify_port_delete-8747874856515'] for port (6674116e-981b-4f42-ae2e-21d3dd127a84), after_delete {{(pid=111995) _notify_loop /usr/local/lib/python3.8/dist-packages/neutron_lib/callbacks/manager.py:176}}
Oct 18 15:41:57.633296 dv-neutron-860649-2-hyperv neutron-server[111996]: DEBUG neutron.plugins.ml2.db [None req-3aa40461-5a22-469a-b768-8958d8d8c7b5 None None] For port 94451c8a-5bd2-4f5c-8fee-e46ea2e45011, host dv-neutron-860649-2-hyperv, got binding levels [PortBindingLevel(driver='openvswitch',host='dv-neutron-860649-2-hyperv',level=0,port_id=94451c8a-5bd2-4f5c-8fee-e46ea2e45011,segment=NetworkSegment(5c08242d-80a3-46f0-8045-6ac125e97588),segment_id=5c08242d-80a3-46f0-8045-6ac125e97588)] {{(pid=111996) get_binding_level_objs /opt/stack/neutron/neutron/plugins/ml2/db.py:74}}
Oct 18 15:41:57.660247 dv-neutron-860649-2-hyperv neutron-server[111996]: DEBUG neutron_lib.callbacks.manager [None req-3aa40461-5a22-469a-b768-8958d8d8c7b5 None None] Publish callbacks ['neutron.plugins.ml2.plugin.SecurityGroupServerNotifierRpcMixin._notify_sg_on_port_change-66424762', 'neutron.plugins.ml2.ovo_rpc._ObjectChangeHandler.handle_event-67081342', 'neutron.api.rpc.agentnotifiers.dhcp_rpc_agent_api.DhcpAgentNotifyAPI._native_event_send_dhcp_notification-66601190', 'neutron.db.l3_db.L3RpcNotifierMixin._notify_gateway_port_ip_changed-8747875348354', 'neutron.db.l3_dvrscheduler_db._notify_l3_agent_port_update-8747874856524', 'neutron.db.l3_hascheduler_db._notify_l3_agent_ha_port_update-8747874856542'] for port (94451c8a-5bd2-4f5c-8fee-e46ea2e45011), after_update {{(pid=111996) _notify_loop /usr/local/lib/python3.8/dist-packages/neutron_lib/callbacks/manager.py:176}}
Oct 18 15:41:57.661753 dv-neutron-860649-2-hyperv neutron-server[111996]: DEBUG neutron.plugins.ml2.rpc [None req-3aa40461-5a22-469a-b768-8958d8d8c7b5 None None] Device 0ea3001d-ae5b-4d92-a900-0f02e73f70b3 up at agent ovs-agent-dv-neutron-860649-2-hyperv {{(pid=111996) update_device_up /opt/stack/neutron/neutron/plugins/ml2/rpc.py:296}}
Oct 18 15:41:57.741171 dv-neutron-860649-2-hyperv neutron-server[111995]: DEBUG dbcounter [-] [111995] Writing DB stats neutron:SELECT=84,neutron:DELETE=11,neutron:INSERT=5 {{(pid=111995) stat_writer /usr/local/lib/python3.8/dist-packages/dbcounter.py:114}}
Oct 18 15:41:57.754838 dv-neutron-860649-2-hyperv neutron-server[111995]: DEBUG neutron.api.rpc.handlers.resources_rpc [None req-32e98330-8369-4d6a-938b-3866f6bb5b73 tempest-AllowedAddressPairTestJSON-1436165921 tempest-AllowedAddressPairTestJSON-1436165921-project] Pushing event deleted for resources: {'Port': ['ID=6674116e-981b-4f42-ae2e-21d3dd127a84,revision_number=None']} {{(pid=111995) push /opt/stack/neutron/neutron/api/rpc/handlers/resources_rpc.py:237}}
Oct 18 15:41:57.756527 dv-neutron-860649-2-hyperv neutron-server[111995]: DEBUG neutron_lib.callbacks.manager [None req-35759b73-3bd2-409f-afcf-98e281662ab8 tempest-ExternalNetworksAdminNegativeTestJSON-401606064 tempest-ExternalNetworksAdminNegativeTestJSON-401606064-project-admin] Publish callbacks ['neutron.plugins.ml2.plugin.SecurityGroupServerNotifierRpcMixin._notify_sg_on_port_change-66424762', 'neutron.plugins.ml2.ovo_rpc._ObjectChangeHandler.handle_event-67081342', 'neutron.api.rpc.agentnotifiers.dhcp_rpc_agent_api.DhcpAgentNotifyAPI._native_event_send_dhcp_notification-66601190', 'neutron.db.l3_db.L3RpcNotifierMixin._notify_routers_callback-8747875348372', 'neutron.db.l3_dvrscheduler_db._notify_port_delete-8747874856515'] for port (685b293e-ca3f-4bdb-81bb-afe7bc26217d), after_delete {{(pid=111995) _notify_loop /usr/local/lib/python3.8/dist-packages/neutron_lib/callbacks/manager.py:176}}
Oct 18 15:41:57.798251 dv-neutron-860649-2-hyperv neutron-server[111994]: DEBUG neutron_lib.callbacks.manager [None req-236666c3-67d5-47f0-9481-64c3aa23b030 tempest-DHCPAgentSchedulersTestJSON-1517469934 tempest-DHCPAgentSchedulersTestJSON-1517469934-project] Publish callbacks ['neutron.plugins.ml2.plugin.SecurityGroupServerNotifierRpcMixin._notify_sg_on_port_change-66424762', 'neutron.plugins.ml2.ovo_rpc._ObjectChangeHandler.handle_event-67081342', 'neutron.api.rpc.agentnotifiers.dhcp_rpc_agent_api.DhcpAgentNotifyAPI._native_event_send_dhcp_notification-66601190', 'neutron.db.l3_db.L3RpcNotifierMixin._notify_routers_callback-8747875348372', 'neutron.db.l3_dvrscheduler_db._notify_port_delete-8747874856515'] for port (6b1adfd2-2613-4ca0-b17e-f47d26533b72), after_delete {{(pid=111994) _notify_loop /usr/local/lib/python3.8/dist-packages/neutron_lib/callbacks/manager.py:176}}
Oct 18 15:41:57.809163 dv-neutron-860649-2-hyperv neutron-server[111994]: DEBUG dbcounter [-] [111994] Writing DB stats neutron:SELECT=92,neutron:DELETE=4,neutron:INSERT=4 {{(pid=111994) stat_writer /usr/local/lib/python3.8/dist-packages/dbcounter.py:114}}
Oct 18 15:41:57.854401 dv-neutron-860649-2-hyperv neutron-server[111995]: DEBUG neutron.db.db_base_plugin_common [None req-de0bdade-c46f-4e33-8103-435339f3905e admin admin] Allocated IP 172.20.0.1 (ad478a4f-1510-413e-9cf3-ce22d042c35e/86eebd7e-ac8e-4700-b010-05f0d9e10b1b/e51ff246-2c0d-4374-b193-264d172f2faa) {{(pid=111995) _store_ip_allocation /opt/stack/neutron/neutron/db/db_base_plugin_common.py:131}}
Oct 18 15:41:57.864029 dv-neutron-860649-2-hyperv neutron-server[111994]: DEBUG neutron.api.rpc.handlers.resources_rpc [None req-236666c3-67d5-47f0-9481-64c3aa23b030 tempest-DHCPAgentSchedulersTestJSON-1517469934 tempest-DHCPAgentSchedulersTestJSON-1517469934-project] Pushing event deleted for resources: {'Port': ['ID=6b1adfd2-2613-4ca0-b17e-f47d26533b72,revision_number=None']} {{(pid=111994) push /opt/stack/neutron/neutron/api/rpc/handlers/resources_rpc.py:237}}
Oct 18 15:41:57.927375 dv-neutron-860649-2-hyperv neutron-server[111994]: DEBUG neutron_lib.callbacks.manager [None req-6bd9cd97-c1e4-4b0e-9297-4dbf3b24b950 admin admin] Publish callbacks ['neutron.plugins.ml2.plugin.SecurityGroupDbMixin._ensure_default_security_group_handler-66424699'] for port (None), before_create {{(pid=111994) _notify_loop /usr/local/lib/python3.8/dist-packages/neutron_lib/callbacks/manager.py:176}}
Oct 18 15:41:57.943743 dv-neutron-860649-2-hyperv neutron-server[111995]: DEBUG neutron_lib.callbacks.manager [None req-653e13bd-65ee-450b-8e49-32d6047626d6 tempest-FloatingIPTestJSON-1195207169 tempest-FloatingIPTestJSON-1195207169-project] Publish callbacks ['neutron.services.l3_router.l3_router_plugin.L3_HA_NAT_db_mixin._before_router_create_handler-66661851', 'neutron.services.l3_router.service_providers.driver_controller.DriverController._check_router_request-1479'] for router (d49d282e-d396-4185-a59b-487e6d33bbce), before_create {{(pid=111995) _notify_loop /usr/local/lib/python3.8/dist-packages/neutron_lib/callbacks/manager.py:176}}
Oct 18 15:41:57.944803 dv-neutron-860649-2-hyperv neutron-server[111995]: DEBUG neutron_lib.callbacks.manager [None req-653e13bd-65ee-450b-8e49-32d6047626d6 tempest-FloatingIPTestJSON-1195207169 tempest-FloatingIPTestJSON-1195207169-project] Publish callbacks ['neutron.services.l3_router.l3_router_plugin.L3_HA_NAT_db_mixin._precommit_router_create-66671579', 'neutron.services.l3_router.l3_router_plugin.DVRResourceOperationHandler._set_distributed_flag-66664334', 'neutron.services.l3_router.l3_router_plugin.RouterAvailabilityZoneMixin._process_az_request-66712481', 'neutron.services.l3_router.service_providers.driver_controller.DriverController._set_router_provider-1488'] for router (d49d282e-d396-4185-a59b-487e6d33bbce), precommit_create {{(pid=111995) _notify_loop /usr/local/lib/python3.8/dist-packages/neutron_lib/callbacks/manager.py:176}}
Oct 18 15:41:57.953300 dv-neutron-860649-2-hyperv neutron-server[111994]: DEBUG dbcounter [-] [111994] Writing DB stats neutron:SELECT=91,neutron:INSERT=2,neutron:DELETE=6,neutron:UPDATE=1 {{(pid=111994) stat_writer /usr/local/lib/python3.8/dist-packages/dbcounter.py:114}}
Oct 18 15:41:57.981538 dv-neutron-860649-2-hyperv neutron-server[111995]: DEBUG neutron.api.rpc.handlers.resources_rpc [None req-35759b73-3bd2-409f-afcf-98e281662ab8 tempest-ExternalNetworksAdminNegativeTestJSON-401606064 tempest-ExternalNetworksAdminNegativeTestJSON-401606064-project-admin] Pushing event deleted for resources: {'Port': ['ID=685b293e-ca3f-4bdb-81bb-afe7bc26217d,revision_number=None']} {{(pid=111995) push /opt/stack/neutron/neutron/api/rpc/handlers/resources_rpc.py:237}}
Oct 18 15:41:57.990529 dv-neutron-860649-2-hyperv neutron-server[111994]: DEBUG neutron_lib.callbacks.manager [None req-adbf1fa5-5575-478f-937a-82585574c1d7 tempest-RoutersAdminTest-537874909 tempest-RoutersAdminTest-537874909-project-admin] Publish callbacks [] for router_controller (9506007d-48b1-4d60-a64e-5642fdd08190), precommit_add_association {{(pid=111994) _notify_loop /usr/local/lib/python3.8/dist-packages/neutron_lib/callbacks/manager.py:176}}
Oct 18 15:41:58.094276 dv-neutron-860649-2-hyperv neutron-server[111994]: DEBUG neutron_lib.callbacks.manager [None req-236666c3-67d5-47f0-9481-64c3aa23b030 tempest-DHCPAgentSchedulersTestJSON-1517469934 tempest-DHCPAgentSchedulersTestJSON-1517469934-project] Publish callbacks ['neutron.notifiers.nova.Notifier._send_nova_notification-62194'] for port (None), before_response {{(pid=111994) _notify_loop /usr/local/lib/python3.8/dist-packages/neutron_lib/callbacks/manager.py:176}}
Oct 18 15:41:58.100485 dv-neutron-860649-2-hyperv neutron-server[111994]: INFO neutron.wsgi [None req-236666c3-67d5-47f0-9481-64c3aa23b030 tempest-DHCPAgentSchedulersTestJSON-1517469934 tempest-DHCPAgentSchedulersTestJSON-1517469934-project] 10.222.0.69 "DELETE /networking/v2.0/ports/6b1adfd2-2613-4ca0-b17e-f47d26533b72 HTTP/1.1" status: 204 len: 168 time: 1.4310331
Oct 18 15:41:58.148239 dv-neutron-860649-2-hyperv neutron-server[111995]: DEBUG neutron.wsgi [-] (111995) accepted ('10.222.0.69', 58096) {{(pid=111995) server /usr/local/lib/python3.8/dist-packages/eventlet/wsgi.py:1004}}
Oct 18 15:41:58.251560 dv-neutron-860649-2-hyperv neutron-server[111995]: DEBUG neutron_lib.callbacks.manager [None req-35759b73-3bd2-409f-afcf-98e281662ab8 tempest-ExternalNetworksAdminNegativeTestJSON-401606064 tempest-ExternalNetworksAdminNegativeTestJSON-401606064-project-admin] Publish callbacks [] for floatingip (3d98d4d6-a339-48ed-bb18-0333d9de82d2), after_delete {{(pid=111995) _notify_loop /usr/local/lib/python3.8/dist-packages/neutron_lib/callbacks/manager.py:176}}
Oct 18 15:41:58.256688 dv-neutron-860649-2-hyperv neutron-server[111995]: DEBUG neutron_lib.callbacks.manager [None req-35759b73-3bd2-409f-afcf-98e281662ab8 tempest-ExternalNetworksAdminNegativeTestJSON-401606064 tempest-ExternalNetworksAdminNegativeTestJSON-401606064-project-admin] Publish callbacks ['neutron.notifiers.nova.Notifier._send_nova_notification-62194'] for floatingip (None), before_response {{(pid=111995) _notify_loop /usr/local/lib/python3.8/dist-packages/neutron_lib/callbacks/manager.py:176}}
Oct 18 15:41:58.266357 dv-neutron-860649-2-hyperv neutron-server[111995]: INFO neutron.wsgi [None req-35759b73-3bd2-409f-afcf-98e281662ab8 tempest-ExternalNetworksAdminNegativeTestJSON-401606064 tempest-ExternalNetworksAdminNegativeTestJSON-401606064-project-admin] 10.222.0.69 "DELETE /networking/v2.0/floatingips/3d98d4d6-a339-48ed-bb18-0333d9de82d2 HTTP/1.1" status: 204 len: 168 time: 4.3114612
Oct 18 15:41:58.276124 dv-neutron-860649-2-hyperv neutron-server[111996]: DEBUG dbcounter [-] [111996] Writing DB stats neutron:SELECT=98,neutron:INSERT=1,neutron:UPDATE=1 {{(pid=111996) stat_writer /usr/local/lib/python3.8/dist-packages/dbcounter.py:114}}
Oct 18 15:41:58.279199 dv-neutron-860649-2-hyperv neutron-server[111996]: DEBUG neutron.db.provisioning_blocks [None req-3aa40461-5a22-469a-b768-8958d8d8c7b5 None None] Provisioning complete for port 0ea3001d-ae5b-4d92-a900-0f02e73f70b3 triggered by entity L2. {{(pid=111996) provisioning_complete /opt/stack/neutron/neutron/db/provisioning_blocks.py:144}}
Oct 18 15:41:58.279876 dv-neutron-860649-2-hyperv neutron-server[111996]: DEBUG neutron_lib.callbacks.manager [None req-3aa40461-5a22-469a-b768-8958d8d8c7b5 None None] Publish callbacks ['neutron.plugins.ml2.plugin.Ml2Plugin._port_provisioned-66349295'] for port (0ea3001d-ae5b-4d92-a900-0f02e73f70b3), provisioning_complete {{(pid=111996) _notify_loop /usr/local/lib/python3.8/dist-packages/neutron_lib/callbacks/manager.py:176}}
Oct 18 15:41:58.280251 dv-neutron-860649-2-hyperv neutron-server[111996]: INFO neutron.plugins.ml2.plugin [None req-3aa40461-5a22-469a-b768-8958d8d8c7b5 None None] Attempt 1 to provision port 0ea3001d-ae5b-4d92-a900-0f02e73f70b3
Oct 18 15:41:58.374673 dv-neutron-860649-2-hyperv neutron-server[111995]: DEBUG neutron_lib.callbacks.manager [None req-de0bdade-c46f-4e33-8103-435339f3905e admin admin] Publish callbacks [] for port (e51ff246-2c0d-4374-b193-264d172f2faa), precommit_create {{(pid=111995) _notify_loop /usr/local/lib/python3.8/dist-packages/neutron_lib/callbacks/manager.py:176}}
Oct 18 15:41:58.403091 dv-neutron-860649-2-hyperv neutron-server[111996]: DEBUG neutron.api.rpc.handlers.resources_rpc [None req-3aa40461-5a22-469a-b768-8958d8d8c7b5 None None] Pushing event updated for resources: {'Port': ['ID=94451c8a-5bd2-4f5c-8fee-e46ea2e45011,revision_number=4']} {{(pid=111996) push /opt/stack/neutron/neutron/api/rpc/handlers/resources_rpc.py:237}}
Oct 18 15:41:58.452739 dv-neutron-860649-2-hyperv neutron-server[111996]: DEBUG neutron_lib.callbacks.manager [None req-1bd75b0d-73c3-41d8-9008-558f85edb9f7 None None] Publish callbacks [] for port (404ad00f-874e-4fc7-ab7f-5663579159ac), precommit_update {{(pid=111996) _notify_loop /usr/local/lib/python3.8/dist-packages/neutron_lib/callbacks/manager.py:176}}
Oct 18 15:41:58.502766 dv-neutron-860649-2-hyperv neutron-server[111995]: DEBUG neutron_lib.callbacks.manager [None req-653e13bd-65ee-450b-8e49-32d6047626d6 tempest-FloatingIPTestJSON-1195207169 tempest-FloatingIPTestJSON-1195207169-project] Publish callbacks [] for router_controller (d49d282e-d396-4185-a59b-487e6d33bbce), precommit_add_association {{(pid=111995) _notify_loop /usr/local/lib/python3.8/dist-packages/neutron_lib/callbacks/manager.py:176}}
