Oct 13 15:19:52.351119 dv-neutron-860639-2-hyperv devstack@placement-api.service[112756]: DEBUG placement.requestlog [req-57e0336e-1e39-4f8b-af9b-90ed9fdbac5d req-8adfd1a4-8fd4-4156-8350-e8b02b32b229 None None] Starting request: 10.222.0.20 "GET /placement/resource_providers/bb3c4601-8adc-4422-96a8-3156500bcc09/allocations" {{(pid=112756) __call__ /opt/stack/placement/placement/requestlog.py:55}}
Oct 13 15:19:52.372737 dv-neutron-860639-2-hyperv devstack@placement-api.service[112756]: INFO placement.requestlog [req-57e0336e-1e39-4f8b-af9b-90ed9fdbac5d req-8adfd1a4-8fd4-4156-8350-e8b02b32b229 service placement] 10.222.0.20 "GET /placement/resource_providers/bb3c4601-8adc-4422-96a8-3156500bcc09/allocations" status: 200 len: 154 microversion: 1.0
Oct 13 15:19:52.373177 dv-neutron-860639-2-hyperv devstack@placement-api.service[112756]: [pid: 112756|app: 0|req: 447/892] 10.222.0.20 () {58 vars in 1390 bytes} [Thu Oct 13 15:19:52 2022] GET /placement/resource_providers/bb3c4601-8adc-4422-96a8-3156500bcc09/allocations => generated 154 bytes in 22 msecs (HTTP/1.1 200) 6 headers in 224 bytes (1 switches on core 0)
Oct 13 15:19:52.379488 dv-neutron-860639-2-hyperv devstack@placement-api.service[112755]: DEBUG placement.requestlog [req-57e0336e-1e39-4f8b-af9b-90ed9fdbac5d req-98ee62b7-f534-423a-b470-1565599a9b2d None None] Starting request: 10.222.0.20 "GET /placement/allocations/c40a0c9c-8104-4e4c-90a3-af26cf9373ae" {{(pid=112755) __call__ /opt/stack/placement/placement/requestlog.py:55}}
Oct 13 15:19:52.394019 dv-neutron-860639-2-hyperv devstack@placement-api.service[112755]: INFO placement.requestlog [req-57e0336e-1e39-4f8b-af9b-90ed9fdbac5d req-98ee62b7-f534-423a-b470-1565599a9b2d service placement] 10.222.0.20 "GET /placement/allocations/c40a0c9c-8104-4e4c-90a3-af26cf9373ae" status: 200 len: 259 microversion: 1.28
Oct 13 15:19:52.394342 dv-neutron-860639-2-hyperv devstack@placement-api.service[112755]: [pid: 112755|app: 0|req: 446/893] 10.222.0.20 () {60 vars in 1377 bytes} [Thu Oct 13 15:19:52 2022] GET /placement/allocations/c40a0c9c-8104-4e4c-90a3-af26cf9373ae => generated 259 bytes in 15 msecs (HTTP/1.1 200) 8 headers in 296 bytes (1 switches on core 0)
Oct 13 15:20:02.370745 dv-neutron-860639-2-hyperv devstack@placement-api.service[112756]: DEBUG dbcounter [-] [112756] Writing DB stats placement:SELECT=16 {{(pid=112756) stat_writer /usr/local/lib/python3.8/dist-packages/dbcounter.py:114}}
Oct 13 15:20:02.391788 dv-neutron-860639-2-hyperv devstack@placement-api.service[112755]: DEBUG dbcounter [-] [112755] Writing DB stats placement:SELECT=43,placement:INSERT=6,placement:DELETE=2,placement:UPDATE=2 {{(pid=112755) stat_writer /usr/local/lib/python3.8/dist-packages/dbcounter.py:114}}
Oct 13 15:20:22.733453 dv-neutron-860639-2-hyperv devstack@placement-api.service[112756]: DEBUG placement.requestlog [req-ceba7b7d-46cc-466d-9e52-672562bad3e4 req-909cf72c-891b-4c62-bd8b-4941c8ef895d None None] Starting request: 10.222.0.20 "GET /placement/resource_providers/bb3c4601-8adc-4422-96a8-3156500bcc09/allocations" {{(pid=112756) __call__ /opt/stack/placement/placement/requestlog.py:55}}
Oct 13 15:20:22.754669 dv-neutron-860639-2-hyperv devstack@placement-api.service[112756]: INFO placement.requestlog [req-ceba7b7d-46cc-466d-9e52-672562bad3e4 req-909cf72c-891b-4c62-bd8b-4941c8ef895d service placement] 10.222.0.20 "GET /placement/resource_providers/bb3c4601-8adc-4422-96a8-3156500bcc09/allocations" status: 200 len: 154 microversion: 1.0
Oct 13 15:20:22.755231 dv-neutron-860639-2-hyperv devstack@placement-api.service[112756]: [pid: 112756|app: 0|req: 448/894] 10.222.0.20 () {58 vars in 1390 bytes} [Thu Oct 13 15:20:22 2022] GET /placement/resource_providers/bb3c4601-8adc-4422-96a8-3156500bcc09/allocations => generated 154 bytes in 22 msecs (HTTP/1.1 200) 6 headers in 224 bytes (1 switches on core 0)
Oct 13 15:20:22.762516 dv-neutron-860639-2-hyperv devstack@placement-api.service[112755]: DEBUG placement.requestlog [req-ceba7b7d-46cc-466d-9e52-672562bad3e4 req-ecc90997-6a50-4f79-ba11-e0e09fa8f532 None None] Starting request: 10.222.0.20 "GET /placement/allocations/c40a0c9c-8104-4e4c-90a3-af26cf9373ae" {{(pid=112755) __call__ /opt/stack/placement/placement/requestlog.py:55}}
Oct 13 15:20:22.778561 dv-neutron-860639-2-hyperv devstack@placement-api.service[112755]: INFO placement.requestlog [req-ceba7b7d-46cc-466d-9e52-672562bad3e4 req-ecc90997-6a50-4f79-ba11-e0e09fa8f532 service placement] 10.222.0.20 "GET /placement/allocations/c40a0c9c-8104-4e4c-90a3-af26cf9373ae" status: 200 len: 259 microversion: 1.28
Oct 13 15:20:22.778961 dv-neutron-860639-2-hyperv devstack@placement-api.service[112755]: [pid: 112755|app: 0|req: 447/895] 10.222.0.20 () {60 vars in 1377 bytes} [Thu Oct 13 15:20:22 2022] GET /placement/allocations/c40a0c9c-8104-4e4c-90a3-af26cf9373ae => generated 259 bytes in 17 msecs (HTTP/1.1 200) 8 headers in 296 bytes (1 switches on core 0)
Oct 13 15:20:22.990843 dv-neutron-860639-2-hyperv devstack@placement-api.service[112756]: DEBUG placement.requestlog [req-ceba7b7d-46cc-466d-9e52-672562bad3e4 req-fa3b8ad7-4d6b-421b-a1d6-c54522c3c707 None None] Starting request: 10.222.0.20 "DELETE /placement/allocations/c40a0c9c-8104-4e4c-90a3-af26cf9373ae" {{(pid=112756) __call__ /opt/stack/placement/placement/requestlog.py:55}}
Oct 13 15:20:23.095054 dv-neutron-860639-2-hyperv devstack@placement-api.service[112756]: DEBUG placement.handlers.allocation [req-ceba7b7d-46cc-466d-9e52-672562bad3e4 req-fa3b8ad7-4d6b-421b-a1d6-c54522c3c707 service placement] Successfully deleted allocations [, , ] {{(pid=112756) delete_allocations /opt/stack/placement/placement/handlers/allocation.py:627}}
Oct 13 15:20:23.095548 dv-neutron-860639-2-hyperv devstack@placement-api.service[112756]: INFO placement.requestlog [req-ceba7b7d-46cc-466d-9e52-672562bad3e4 req-fa3b8ad7-4d6b-421b-a1d6-c54522c3c707 service placement] 10.222.0.20 "DELETE /placement/allocations/c40a0c9c-8104-4e4c-90a3-af26cf9373ae" status: 204 len: 0 microversion: 1.0
Oct 13 15:20:23.095923 dv-neutron-860639-2-hyperv devstack@placement-api.service[112756]: [pid: 112756|app: 0|req: 449/896] 10.222.0.20 () {60 vars in 1355 bytes} [Thu Oct 13 15:20:22 2022] DELETE /placement/allocations/c40a0c9c-8104-4e4c-90a3-af26cf9373ae => generated 0 bytes in 106 msecs (HTTP/1.1 204) 5 headers in 198 bytes (2 switches on core 0)
Oct 13 15:20:24.535138 dv-neutron-860639-2-hyperv devstack@placement-api.service[112755]: DEBUG placement.requestlog [req-e53c8a21-aa2b-4023-950f-1b482ac4f666 req-95250c8a-dc2e-4179-b9b3-61f64b9339e3 None None] Starting request: 10.222.0.39 "GET /placement/allocation_candidates?limit=1000&resources=DISK_GB%3A1%2CMEMORY_MB%3A1024%2CVCPU%3A1&root_required=%21COMPUTE_STATUS_DISABLED" {{(pid=112755) __call__ /opt/stack/placement/placement/requestlog.py:55}}
Oct 13 15:20:24.687956 dv-neutron-860639-2-hyperv devstack@placement-api.service[112755]: DEBUG placement.objects.research_context [req-e53c8a21-aa2b-4023-950f-1b482ac4f666 req-95250c8a-dc2e-4179-b9b3-61f64b9339e3 service placement] getting providers with 1 DISK_GB {{(pid=112755) __init__ /opt/stack/placement/placement/objects/research_context.py:136}}
Oct 13 15:20:24.693313 dv-neutron-860639-2-hyperv devstack@placement-api.service[112755]: DEBUG placement.objects.research_context [req-e53c8a21-aa2b-4023-950f-1b482ac4f666 req-95250c8a-dc2e-4179-b9b3-61f64b9339e3 service placement] getting providers with 1024 MEMORY_MB {{(pid=112755) __init__ /opt/stack/placement/placement/objects/research_context.py:136}}
Oct 13 15:20:24.698950 dv-neutron-860639-2-hyperv devstack@placement-api.service[112755]: DEBUG placement.objects.research_context [req-e53c8a21-aa2b-4023-950f-1b482ac4f666 req-95250c8a-dc2e-4179-b9b3-61f64b9339e3 service placement] getting providers with 1 VCPU {{(pid=112755) __init__ /opt/stack/placement/placement/objects/research_context.py:136}}
Oct 13 15:20:24.704031 dv-neutron-860639-2-hyperv devstack@placement-api.service[112755]: DEBUG placement.objects.research_context [req-e53c8a21-aa2b-4023-950f-1b482ac4f666 req-95250c8a-dc2e-4179-b9b3-61f64b9339e3 service placement] found 1 providers with available 1 DISK_GB {{(pid=112755) get_provider_ids_matching /opt/stack/placement/placement/objects/research_context.py:563}}
Oct 13 15:20:24.704298 dv-neutron-860639-2-hyperv devstack@placement-api.service[112755]: DEBUG placement.objects.research_context [req-e53c8a21-aa2b-4023-950f-1b482ac4f666 req-95250c8a-dc2e-4179-b9b3-61f64b9339e3 service placement] found 1 providers with available 1024 MEMORY_MB {{(pid=112755) get_provider_ids_matching /opt/stack/placement/placement/objects/research_context.py:563}}
Oct 13 15:20:24.704565 dv-neutron-860639-2-hyperv devstack@placement-api.service[112755]: DEBUG placement.objects.research_context [req-e53c8a21-aa2b-4023-950f-1b482ac4f666 req-95250c8a-dc2e-4179-b9b3-61f64b9339e3 service placement] found 1 providers after filtering by previous result {{(pid=112755) get_provider_ids_matching /opt/stack/placement/placement/objects/research_context.py:594}}
Oct 13 15:20:24.704818 dv-neutron-860639-2-hyperv devstack@placement-api.service[112755]: DEBUG placement.objects.research_context [req-e53c8a21-aa2b-4023-950f-1b482ac4f666 req-95250c8a-dc2e-4179-b9b3-61f64b9339e3 service placement] found 1 providers with available 1 VCPU {{(pid=112755) get_provider_ids_matching /opt/stack/placement/placement/objects/research_context.py:563}}
Oct 13 15:20:24.705076 dv-neutron-860639-2-hyperv devstack@placement-api.service[112755]: DEBUG placement.objects.research_context [req-e53c8a21-aa2b-4023-950f-1b482ac4f666 req-95250c8a-dc2e-4179-b9b3-61f64b9339e3 service placement] found 1 providers after filtering by previous result {{(pid=112755) get_provider_ids_matching /opt/stack/placement/placement/objects/research_context.py:594}}
Oct 13 15:20:24.714741 dv-neutron-860639-2-hyperv devstack@placement-api.service[112755]: DEBUG placement.objects.allocation_candidate [req-e53c8a21-aa2b-4023-950f-1b482ac4f666 req-95250c8a-dc2e-4179-b9b3-61f64b9339e3 service placement] RequestGroup(use_same_provider=False, resources={DISK_GB:1, MEMORY_MB:1024, VCPU:1}, traits=(), aggregates=[]) (suffix '') returned 1 matches {{(pid=112755) _get_by_requests /opt/stack/placement/placement/objects/allocation_candidate.py:156}}
Oct 13 15:20:24.715106 dv-neutron-860639-2-hyperv devstack@placement-api.service[112755]: DEBUG placement.objects.allocation_candidate [req-e53c8a21-aa2b-4023-950f-1b482ac4f666 req-95250c8a-dc2e-4179-b9b3-61f64b9339e3 service placement] Merging candidates yields 1 allocation requests and 1 provider summaries {{(pid=112755) _merge_candidates /opt/stack/placement/placement/objects/allocation_candidate.py:809}}
Oct 13 15:20:24.716467 dv-neutron-860639-2-hyperv devstack@placement-api.service[112755]: INFO placement.requestlog [req-e53c8a21-aa2b-4023-950f-1b482ac4f666 req-95250c8a-dc2e-4179-b9b3-61f64b9339e3 service placement] 10.222.0.39 "GET /placement/allocation_candidates?limit=1000&resources=DISK_GB%3A1%2CMEMORY_MB%3A1024%2CVCPU%3A1&root_required=%21COMPUTE_STATUS_DISABLED" status: 200 len: 764 microversion: 1.36
Oct 13 15:20:24.716800 dv-neutron-860639-2-hyperv devstack@placement-api.service[112755]: [pid: 112755|app: 0|req: 448/897] 10.222.0.39 () {60 vars in 1506 bytes} [Thu Oct 13 15:20:24 2022] GET /placement/allocation_candidates?limit=1000&resources=DISK_GB%3A1%2CMEMORY_MB%3A1024%2CVCPU%3A1&root_required=%21COMPUTE_STATUS_DISABLED => generated 764 bytes in 182 msecs (HTTP/1.1 200) 8 headers in 296 bytes (1 switches on core 0)
Oct 13 15:20:24.751615 dv-neutron-860639-2-hyperv devstack@placement-api.service[112756]: DEBUG placement.requestlog [req-e53c8a21-aa2b-4023-950f-1b482ac4f666 req-14e5fbdc-ccbf-405b-89e9-7cf0b49dec0b None None] Starting request: 10.222.0.39 "GET /placement/allocations/7f35c97c-e2e4-4392-97f5-26b9b357b421" {{(pid=112756) __call__ /opt/stack/placement/placement/requestlog.py:55}}
Oct 13 15:20:24.763100 dv-neutron-860639-2-hyperv devstack@placement-api.service[112756]: INFO placement.requestlog [req-e53c8a21-aa2b-4023-950f-1b482ac4f666 req-14e5fbdc-ccbf-405b-89e9-7cf0b49dec0b service placement] 10.222.0.39 "GET /placement/allocations/7f35c97c-e2e4-4392-97f5-26b9b357b421" status: 200 len: 19 microversion: 1.28
Oct 13 15:20:24.763362 dv-neutron-860639-2-hyperv devstack@placement-api.service[112756]: [pid: 112756|app: 0|req: 450/898] 10.222.0.39 () {60 vars in 1380 bytes} [Thu Oct 13 15:20:24 2022] GET /placement/allocations/7f35c97c-e2e4-4392-97f5-26b9b357b421 => generated 19 bytes in 12 msecs (HTTP/1.1 200) 8 headers in 295 bytes (1 switches on core 0)
Oct 13 15:20:24.768920 dv-neutron-860639-2-hyperv devstack@placement-api.service[112755]: DEBUG placement.requestlog [req-e53c8a21-aa2b-4023-950f-1b482ac4f666 req-1ddc8e86-76f6-4bb5-b0d8-16481d4ed64a None None] Starting request: 10.222.0.39 "PUT /placement/allocations/7f35c97c-e2e4-4392-97f5-26b9b357b421" {{(pid=112755) __call__ /opt/stack/placement/placement/requestlog.py:55}}
Oct 13 15:20:24.918412 dv-neutron-860639-2-hyperv devstack@placement-api.service[112755]: DEBUG placement.handlers.allocation [req-e53c8a21-aa2b-4023-950f-1b482ac4f666 req-1ddc8e86-76f6-4bb5-b0d8-16481d4ed64a service placement] Successfully wrote allocations [, , ] {{(pid=112755) _update_consumers_and_create_allocations /opt/stack/placement/placement/handlers/allocation.py:462}}
Oct 13 15:20:24.986229 dv-neutron-860639-2-hyperv devstack@placement-api.service[112755]: INFO placement.requestlog [req-e53c8a21-aa2b-4023-950f-1b482ac4f666 req-1ddc8e86-76f6-4bb5-b0d8-16481d4ed64a service placement] 10.222.0.39 "PUT /placement/allocations/7f35c97c-e2e4-4392-97f5-26b9b357b421" status: 204 len: 0 microversion: 1.36
Oct 13 15:20:24.986632 dv-neutron-860639-2-hyperv devstack@placement-api.service[112755]: [pid: 112755|app: 0|req: 449/899] 10.222.0.39 () {64 vars in 1433 bytes} [Thu Oct 13 15:20:24 2022] PUT /placement/allocations/7f35c97c-e2e4-4392-97f5-26b9b357b421 => generated 0 bytes in 218 msecs (HTTP/1.1 204) 5 headers in 199 bytes (2 switches on core 0)
Oct 13 15:20:25.687151 dv-neutron-860639-2-hyperv devstack@placement-api.service[112756]: DEBUG placement.requestlog [req-e53c8a21-aa2b-4023-950f-1b482ac4f666 req-d040aa70-28f4-4d1a-86b4-85d9fe7b7fec None None] Starting request: 10.222.0.20 "GET /placement/allocations/7f35c97c-e2e4-4392-97f5-26b9b357b421" {{(pid=112756) __call__ /opt/stack/placement/placement/requestlog.py:55}}
Oct 13 15:20:25.701621 dv-neutron-860639-2-hyperv devstack@placement-api.service[112756]: INFO placement.requestlog [req-e53c8a21-aa2b-4023-950f-1b482ac4f666 req-d040aa70-28f4-4d1a-86b4-85d9fe7b7fec service placement] 10.222.0.20 "GET /placement/allocations/7f35c97c-e2e4-4392-97f5-26b9b357b421" status: 200 len: 259 microversion: 1.28
Oct 13 15:20:25.701957 dv-neutron-860639-2-hyperv devstack@placement-api.service[112756]: [pid: 112756|app: 0|req: 451/900] 10.222.0.20 () {60 vars in 1377 bytes} [Thu Oct 13 15:20:25 2022] GET /placement/allocations/7f35c97c-e2e4-4392-97f5-26b9b357b421 => generated 259 bytes in 15 msecs (HTTP/1.1 200) 8 headers in 296 bytes (1 switches on core 0)
Oct 13 15:20:25.933260 dv-neutron-860639-2-hyperv devstack@placement-api.service[112755]: DEBUG placement.requestlog [req-e53c8a21-aa2b-4023-950f-1b482ac4f666 req-31440b73-bbfa-4406-88b4-e683fe506f0a None None] Starting request: 10.222.0.20 "GET /placement/resource_providers/bb3c4601-8adc-4422-96a8-3156500bcc09/allocations" {{(pid=112755) __call__ /opt/stack/placement/placement/requestlog.py:55}}
Oct 13 15:20:25.952477 dv-neutron-860639-2-hyperv devstack@placement-api.service[112755]: INFO placement.requestlog [req-e53c8a21-aa2b-4023-950f-1b482ac4f666 req-31440b73-bbfa-4406-88b4-e683fe506f0a service placement] 10.222.0.20 "GET /placement/resource_providers/bb3c4601-8adc-4422-96a8-3156500bcc09/allocations" status: 200 len: 154 microversion: 1.0
Oct 13 15:20:25.952818 dv-neutron-860639-2-hyperv devstack@placement-api.service[112755]: [pid: 112755|app: 0|req: 450/901] 10.222.0.20 () {58 vars in 1390 bytes} [Thu Oct 13 15:20:25 2022] GET /placement/resource_providers/bb3c4601-8adc-4422-96a8-3156500bcc09/allocations => generated 154 bytes in 20 msecs (HTTP/1.1 200) 6 headers in 224 bytes (1 switches on core 0)
Oct 13 15:20:25.959191 dv-neutron-860639-2-hyperv devstack@placement-api.service[112756]: DEBUG placement.requestlog [req-e53c8a21-aa2b-4023-950f-1b482ac4f666 req-984904c3-d653-4353-b4d6-432244bd73db None None] Starting request: 10.222.0.20 "GET /placement/allocations/7f35c97c-e2e4-4392-97f5-26b9b357b421" {{(pid=112756) __call__ /opt/stack/placement/placement/requestlog.py:55}}
Oct 13 15:20:25.974189 dv-neutron-860639-2-hyperv devstack@placement-api.service[112756]: INFO placement.requestlog [req-e53c8a21-aa2b-4023-950f-1b482ac4f666 req-984904c3-d653-4353-b4d6-432244bd73db service placement] 10.222.0.20 "GET /placement/allocations/7f35c97c-e2e4-4392-97f5-26b9b357b421" status: 200 len: 259 microversion: 1.28
Oct 13 15:20:25.974506 dv-neutron-860639-2-hyperv devstack@placement-api.service[112756]: [pid: 112756|app: 0|req: 452/902] 10.222.0.20 () {60 vars in 1377 bytes} [Thu Oct 13 15:20:25 2022] GET /placement/allocations/7f35c97c-e2e4-4392-97f5-26b9b357b421 => generated 259 bytes in 16 msecs (HTTP/1.1 200) 8 headers in 296 bytes (1 switches on core 0)
Oct 13 15:20:35.950318 dv-neutron-860639-2-hyperv devstack@placement-api.service[112755]: DEBUG dbcounter [-] [112755] Writing DB stats placement:SELECT=35,placement:INSERT=4,placement:DELETE=2,placement:UPDATE=2 {{(pid=112755) stat_writer /usr/local/lib/python3.8/dist-packages/dbcounter.py:114}}
Oct 13 15:20:35.972077 dv-neutron-860639-2-hyperv devstack@placement-api.service[112756]: DEBUG dbcounter [-] [112756] Writing DB stats placement:SELECT=23,placement:DELETE=2 {{(pid=112756) stat_writer /usr/local/lib/python3.8/dist-packages/dbcounter.py:114}}
Oct 13 15:20:54.260857 dv-neutron-860639-2-hyperv devstack@placement-api.service[112755]: DEBUG placement.requestlog [req-e93b01f0-7a82-49c0-9ab0-3499e9e687a2 req-57bda5bc-4117-4010-96d0-83c66fe587d5 None None] Starting request: 10.222.0.20 "GET /placement/resource_providers/bb3c4601-8adc-4422-96a8-3156500bcc09/allocations" {{(pid=112755) __call__ /opt/stack/placement/placement/requestlog.py:55}}
Oct 13 15:20:54.341704 dv-neutron-860639-2-hyperv devstack@placement-api.service[112755]: INFO placement.requestlog [req-e93b01f0-7a82-49c0-9ab0-3499e9e687a2 req-57bda5bc-4117-4010-96d0-83c66fe587d5 service placement] 10.222.0.20 "GET /placement/resource_providers/bb3c4601-8adc-4422-96a8-3156500bcc09/allocations" status: 200 len: 154 microversion: 1.0
Oct 13 15:20:54.342360 dv-neutron-860639-2-hyperv devstack@placement-api.service[112755]: [pid: 112755|app: 0|req: 451/903] 10.222.0.20 () {58 vars in 1390 bytes} [Thu Oct 13 15:20:54 2022] GET /placement/resource_providers/bb3c4601-8adc-4422-96a8-3156500bcc09/allocations => generated 154 bytes in 82 msecs (HTTP/1.1 200) 6 headers in 224 bytes (1 switches on core 0)
Oct 13 15:20:54.454891 dv-neutron-860639-2-hyperv devstack@placement-api.service[112756]: DEBUG placement.requestlog [req-e93b01f0-7a82-49c0-9ab0-3499e9e687a2 req-ae8eb689-1dce-45f8-98a6-ceb4b613a1f1 None None] Starting request: 10.222.0.20 "GET /placement/resource_providers?in_tree=bb3c4601-8adc-4422-96a8-3156500bcc09" {{(pid=112756) __call__ /opt/stack/placement/placement/requestlog.py:55}}
Oct 13 15:20:54.477949 dv-neutron-860639-2-hyperv devstack@placement-api.service[112756]: INFO placement.requestlog [req-e93b01f0-7a82-49c0-9ab0-3499e9e687a2 req-ae8eb689-1dce-45f8-98a6-ceb4b613a1f1 service placement] 10.222.0.20 "GET /placement/resource_providers?in_tree=bb3c4601-8adc-4422-96a8-3156500bcc09" status: 200 len: 865 microversion: 1.14
Oct 13 15:20:54.478322 dv-neutron-860639-2-hyperv devstack@placement-api.service[112756]: [pid: 112756|app: 0|req: 453/904] 10.222.0.20 () {60 vars in 1376 bytes} [Thu Oct 13 15:20:54 2022] GET /placement/resource_providers?in_tree=bb3c4601-8adc-4422-96a8-3156500bcc09 => generated 865 bytes in 24 msecs (HTTP/1.1 200) 6 headers in 225 bytes (1 switches on core 0)
Oct 13 15:20:54.488137 dv-neutron-860639-2-hyperv devstack@placement-api.service[112755]: DEBUG placement.requestlog [req-e93b01f0-7a82-49c0-9ab0-3499e9e687a2 req-58bfc262-e49f-4127-8d6e-f02a82461813 None None] Starting request: 10.222.0.20 "GET /placement/resource_providers/bb3c4601-8adc-4422-96a8-3156500bcc09/inventories" {{(pid=112755) __call__ /opt/stack/placement/placement/requestlog.py:55}}
Oct 13 15:20:54.505744 dv-neutron-860639-2-hyperv devstack@placement-api.service[112755]: INFO placement.requestlog [req-e93b01f0-7a82-49c0-9ab0-3499e9e687a2 req-58bfc262-e49f-4127-8d6e-f02a82461813 service placement] 10.222.0.20 "GET /placement/resource_providers/bb3c4601-8adc-4422-96a8-3156500bcc09/inventories" status: 200 len: 397 microversion: 1.0
Oct 13 15:20:54.506123 dv-neutron-860639-2-hyperv devstack@placement-api.service[112755]: [pid: 112755|app: 0|req: 452/905] 10.222.0.20 () {58 vars in 1390 bytes} [Thu Oct 13 15:20:54 2022] GET /placement/resource_providers/bb3c4601-8adc-4422-96a8-3156500bcc09/inventories => generated 397 bytes in 18 msecs (HTTP/1.1 200) 6 headers in 224 bytes (1 switches on core 0)
Oct 13 15:20:54.515864 dv-neutron-860639-2-hyperv devstack@placement-api.service[112756]: DEBUG placement.requestlog [req-e93b01f0-7a82-49c0-9ab0-3499e9e687a2 req-6e8830dc-ec76-493f-8897-2e4f449e15ba None None] Starting request: 10.222.0.20 "GET /placement/resource_providers/bb3c4601-8adc-4422-96a8-3156500bcc09/aggregates" {{(pid=112756) __call__ /opt/stack/placement/placement/requestlog.py:55}}
Oct 13 15:20:54.530369 dv-neutron-860639-2-hyperv devstack@placement-api.service[112756]: INFO placement.requestlog [req-e93b01f0-7a82-49c0-9ab0-3499e9e687a2 req-6e8830dc-ec76-493f-8897-2e4f449e15ba service placement] 10.222.0.20 "GET /placement/resource_providers/bb3c4601-8adc-4422-96a8-3156500bcc09/aggregates" status: 200 len: 54 microversion: 1.19
Oct 13 15:20:54.530913 dv-neutron-860639-2-hyperv devstack@placement-api.service[112756]: [pid: 112756|app: 0|req: 454/906] 10.222.0.20 () {60 vars in 1431 bytes} [Thu Oct 13 15:20:54 2022] GET /placement/resource_providers/bb3c4601-8adc-4422-96a8-3156500bcc09/aggregates => generated 54 bytes in 15 msecs (HTTP/1.1 200) 8 headers in 295 bytes (2 switches on core 0)
Oct 13 15:20:54.538864 dv-neutron-860639-2-hyperv devstack@placement-api.service[112755]: DEBUG placement.requestlog [req-e93b01f0-7a82-49c0-9ab0-3499e9e687a2 req-30dfa447-4e54-4f39-9ede-393255e1e516 None None] Starting request: 10.222.0.20 "GET /placement/resource_providers/bb3c4601-8adc-4422-96a8-3156500bcc09/traits" {{(pid=112755) __call__ /opt/stack/placement/placement/requestlog.py:55}}
Oct 13 15:20:54.567994 dv-neutron-860639-2-hyperv devstack@placement-api.service[112755]: INFO placement.requestlog [req-e93b01f0-7a82-49c0-9ab0-3499e9e687a2 req-30dfa447-4e54-4f39-9ede-393255e1e516 service placement] 10.222.0.20 "GET /placement/resource_providers/bb3c4601-8adc-4422-96a8-3156500bcc09/traits" status: 200 len: 300 microversion: 1.6
Oct 13 15:20:54.568498 dv-neutron-860639-2-hyperv devstack@placement-api.service[112755]: [pid: 112755|app: 0|req: 453/907] 10.222.0.20 () {60 vars in 1418 bytes} [Thu Oct 13 15:20:54 2022] GET /placement/resource_providers/bb3c4601-8adc-4422-96a8-3156500bcc09/traits => generated 300 bytes in 30 msecs (HTTP/1.1 200) 6 headers in 224 bytes (1 switches on core 0)
Oct 13 15:20:54.576702 dv-neutron-860639-2-hyperv devstack@placement-api.service[112756]: DEBUG placement.requestlog [req-e93b01f0-7a82-49c0-9ab0-3499e9e687a2 req-442238ce-f780-4557-970c-e0cc3f72c556 None None] Starting request: 10.222.0.20 "GET /placement/resource_providers/bb3c4601-8adc-4422-96a8-3156500bcc09/allocations" {{(pid=112756) __call__ /opt/stack/placement/placement/requestlog.py:55}}
Oct 13 15:20:54.596670 dv-neutron-860639-2-hyperv devstack@placement-api.service[112756]: INFO placement.requestlog [req-e93b01f0-7a82-49c0-9ab0-3499e9e687a2 req-442238ce-f780-4557-970c-e0cc3f72c556 service placement] 10.222.0.20 "GET /placement/resource_providers/bb3c4601-8adc-4422-96a8-3156500bcc09/allocations" status: 200 len: 154 microversion: 1.0
Oct 13 15:20:54.597035 dv-neutron-860639-2-hyperv devstack@placement-api.service[112756]: [pid: 112756|app: 0|req: 455/908] 10.222.0.20 () {58 vars in 1390 bytes} [Thu Oct 13 15:20:54 2022] GET /placement/resource_providers/bb3c4601-8adc-4422-96a8-3156500bcc09/allocations => generated 154 bytes in 21 msecs (HTTP/1.1 200) 6 headers in 224 bytes (1 switches on core 0)
Oct 13 15:20:54.604344 dv-neutron-860639-2-hyperv devstack@placement-api.service[112755]: DEBUG placement.requestlog [req-e93b01f0-7a82-49c0-9ab0-3499e9e687a2 req-d194b41f-335b-434e-813e-d3f014e7c6d1 None None] Starting request: 10.222.0.20 "GET /placement/allocations/7f35c97c-e2e4-4392-97f5-26b9b357b421" {{(pid=112755) __call__ /opt/stack/placement/placement/requestlog.py:55}}
Oct 13 15:20:54.619822 dv-neutron-860639-2-hyperv devstack@placement-api.service[112755]: INFO placement.requestlog [req-e93b01f0-7a82-49c0-9ab0-3499e9e687a2 req-d194b41f-335b-434e-813e-d3f014e7c6d1 service placement] 10.222.0.20 "GET /placement/allocations/7f35c97c-e2e4-4392-97f5-26b9b357b421" status: 200 len: 259 microversion: 1.28
Oct 13 15:20:54.620142 dv-neutron-860639-2-hyperv devstack@placement-api.service[112755]: [pid: 112755|app: 0|req: 454/909] 10.222.0.20 () {60 vars in 1377 bytes} [Thu Oct 13 15:20:54 2022] GET /placement/allocations/7f35c97c-e2e4-4392-97f5-26b9b357b421 => generated 259 bytes in 16 msecs (HTTP/1.1 200) 8 headers in 296 bytes (1 switches on core 0)
Oct 13 15:21:04.190797 dv-neutron-860639-2-hyperv devstack@placement-api.service[112756]: DEBUG placement.requestlog [req-6704395c-4fb4-4d2c-a09a-fc2464351c6f req-a6f10906-982b-4f18-863c-81224b6f42e6 None None] Starting request: 10.222.0.20 "GET /placement/resource_providers/bb3c4601-8adc-4422-96a8-3156500bcc09/allocations" {{(pid=112756) __call__ /opt/stack/placement/placement/requestlog.py:55}}
Oct 13 15:21:04.212755 dv-neutron-860639-2-hyperv devstack@placement-api.service[112756]: INFO placement.requestlog [req-6704395c-4fb4-4d2c-a09a-fc2464351c6f req-a6f10906-982b-4f18-863c-81224b6f42e6 service placement] 10.222.0.20 "GET /placement/resource_providers/bb3c4601-8adc-4422-96a8-3156500bcc09/allocations" status: 200 len: 154 microversion: 1.0
Oct 13 15:21:04.213122 dv-neutron-860639-2-hyperv devstack@placement-api.service[112756]: [pid: 112756|app: 0|req: 456/910] 10.222.0.20 () {58 vars in 1390 bytes} [Thu Oct 13 15:21:04 2022] GET /placement/resource_providers/bb3c4601-8adc-4422-96a8-3156500bcc09/allocations => generated 154 bytes in 23 msecs (HTTP/1.1 200) 6 headers in 224 bytes (1 switches on core 0)
Oct 13 15:21:04.219980 dv-neutron-860639-2-hyperv devstack@placement-api.service[112755]: DEBUG placement.requestlog [req-6704395c-4fb4-4d2c-a09a-fc2464351c6f req-c527a6e3-db63-4be5-be8e-656e9eb6e8c8 None None] Starting request: 10.222.0.20 "GET /placement/allocations/7f35c97c-e2e4-4392-97f5-26b9b357b421" {{(pid=112755) __call__ /opt/stack/placement/placement/requestlog.py:55}}
Oct 13 15:21:04.235503 dv-neutron-860639-2-hyperv devstack@placement-api.service[112755]: INFO placement.requestlog [req-6704395c-4fb4-4d2c-a09a-fc2464351c6f req-c527a6e3-db63-4be5-be8e-656e9eb6e8c8 service placement] 10.222.0.20 "GET /placement/allocations/7f35c97c-e2e4-4392-97f5-26b9b357b421" status: 200 len: 259 microversion: 1.28
Oct 13 15:21:04.235836 dv-neutron-860639-2-hyperv devstack@placement-api.service[112755]: [pid: 112755|app: 0|req: 455/911] 10.222.0.20 () {60 vars in 1377 bytes} [Thu Oct 13 15:21:04 2022] GET /placement/allocations/7f35c97c-e2e4-4392-97f5-26b9b357b421 => generated 259 bytes in 16 msecs (HTTP/1.1 200) 8 headers in 296 bytes (1 switches on core 0)
Oct 13 15:21:04.459108 dv-neutron-860639-2-hyperv devstack@placement-api.service[112756]: DEBUG placement.requestlog [req-6704395c-4fb4-4d2c-a09a-fc2464351c6f req-2f483aea-422e-466e-bf38-f0a41d4b2b8b None None] Starting request: 10.222.0.20 "DELETE /placement/allocations/7f35c97c-e2e4-4392-97f5-26b9b357b421" {{(pid=112756) __call__ /opt/stack/placement/placement/requestlog.py:55}}
Oct 13 15:21:04.617481 dv-neutron-860639-2-hyperv devstack@placement-api.service[112756]: DEBUG placement.handlers.allocation [req-6704395c-4fb4-4d2c-a09a-fc2464351c6f req-2f483aea-422e-466e-bf38-f0a41d4b2b8b service placement] Successfully deleted allocations [, , ] {{(pid=112756) delete_allocations /opt/stack/placement/placement/handlers/allocation.py:627}}
Oct 13 15:21:04.617956 dv-neutron-860639-2-hyperv devstack@placement-api.service[112756]: INFO placement.requestlog [req-6704395c-4fb4-4d2c-a09a-fc2464351c6f req-2f483aea-422e-466e-bf38-f0a41d4b2b8b service placement] 10.222.0.20 "DELETE /placement/allocations/7f35c97c-e2e4-4392-97f5-26b9b357b421" status: 204 len: 0 microversion: 1.0
Oct 13 15:21:04.618335 dv-neutron-860639-2-hyperv devstack@placement-api.service[112756]: [pid: 112756|app: 0|req: 457/912] 10.222.0.20 () {60 vars in 1355 bytes} [Thu Oct 13 15:21:04 2022] DELETE /placement/allocations/7f35c97c-e2e4-4392-97f5-26b9b357b421 => generated 0 bytes in 160 msecs (HTTP/1.1 204) 5 headers in 198 bytes (1 switches on core 0)
Oct 13 15:21:06.082823 dv-neutron-860639-2-hyperv devstack@placement-api.service[112755]: DEBUG placement.requestlog [req-8bebe968-1ea0-4b81-b0d4-07f1be5651f6 req-5827d899-3070-4856-b03a-6a3c141efd13 None None] Starting request: 10.222.0.39 "GET /placement/allocation_candidates?limit=1000&resources=DISK_GB%3A1%2CMEMORY_MB%3A1024%2CVCPU%3A1&root_required=%21COMPUTE_STATUS_DISABLED" {{(pid=112755) __call__ /opt/stack/placement/placement/requestlog.py:55}}
Oct 13 15:21:06.125362 dv-neutron-860639-2-hyperv devstack@placement-api.service[112755]: DEBUG placement.objects.research_context [req-8bebe968-1ea0-4b81-b0d4-07f1be5651f6 req-5827d899-3070-4856-b03a-6a3c141efd13 service placement] getting providers with 1 DISK_GB {{(pid=112755) __init__ /opt/stack/placement/placement/objects/research_context.py:136}}
Oct 13 15:21:06.131439 dv-neutron-860639-2-hyperv devstack@placement-api.service[112755]: DEBUG placement.objects.research_context [req-8bebe968-1ea0-4b81-b0d4-07f1be5651f6 req-5827d899-3070-4856-b03a-6a3c141efd13 service placement] getting providers with 1024 MEMORY_MB {{(pid=112755) __init__ /opt/stack/placement/placement/objects/research_context.py:136}}
Oct 13 15:21:06.136851 dv-neutron-860639-2-hyperv devstack@placement-api.service[112755]: DEBUG placement.objects.research_context [req-8bebe968-1ea0-4b81-b0d4-07f1be5651f6 req-5827d899-3070-4856-b03a-6a3c141efd13 service placement] getting providers with 1 VCPU {{(pid=112755) __init__ /opt/stack/placement/placement/objects/research_context.py:136}}
Oct 13 15:21:06.141871 dv-neutron-860639-2-hyperv devstack@placement-api.service[112755]: DEBUG placement.objects.research_context [req-8bebe968-1ea0-4b81-b0d4-07f1be5651f6 req-5827d899-3070-4856-b03a-6a3c141efd13 service placement] found 1 providers with available 1 DISK_GB {{(pid=112755) get_provider_ids_matching /opt/stack/placement/placement/objects/research_context.py:563}}
Oct 13 15:21:06.142141 dv-neutron-860639-2-hyperv devstack@placement-api.service[112755]: DEBUG placement.objects.research_context [req-8bebe968-1ea0-4b81-b0d4-07f1be5651f6 req-5827d899-3070-4856-b03a-6a3c141efd13 service placement] found 1 providers with available 1024 MEMORY_MB {{(pid=112755) get_provider_ids_matching /opt/stack/placement/placement/objects/research_context.py:563}}
Oct 13 15:21:06.142405 dv-neutron-860639-2-hyperv devstack@placement-api.service[112755]: DEBUG placement.objects.research_context [req-8bebe968-1ea0-4b81-b0d4-07f1be5651f6 req-5827d899-3070-4856-b03a-6a3c141efd13 service placement] found 1 providers after filtering by previous result {{(pid=112755) get_provider_ids_matching /opt/stack/placement/placement/objects/research_context.py:594}}
Oct 13 15:21:06.142657 dv-neutron-860639-2-hyperv devstack@placement-api.service[112755]: DEBUG placement.objects.research_context [req-8bebe968-1ea0-4b81-b0d4-07f1be5651f6 req-5827d899-3070-4856-b03a-6a3c141efd13 service placement] found 1 providers with available 1 VCPU {{(pid=112755) get_provider_ids_matching /opt/stack/placement/placement/objects/research_context.py:563}}
Oct 13 15:21:06.143102 dv-neutron-860639-2-hyperv devstack@placement-api.service[112755]: DEBUG placement.objects.research_context [req-8bebe968-1ea0-4b81-b0d4-07f1be5651f6 req-5827d899-3070-4856-b03a-6a3c141efd13 service placement] found 1 providers after filtering by previous result {{(pid=112755) get_provider_ids_matching /opt/stack/placement/placement/objects/research_context.py:594}}
Oct 13 15:21:06.153559 dv-neutron-860639-2-hyperv devstack@placement-api.service[112755]: DEBUG placement.objects.allocation_candidate [req-8bebe968-1ea0-4b81-b0d4-07f1be5651f6 req-5827d899-3070-4856-b03a-6a3c141efd13 service placement] RequestGroup(use_same_provider=False, resources={DISK_GB:1, MEMORY_MB:1024, VCPU:1}, traits=(), aggregates=[]) (suffix '') returned 1 matches {{(pid=112755) _get_by_requests /opt/stack/placement/placement/objects/allocation_candidate.py:156}}
Oct 13 15:21:06.154122 dv-neutron-860639-2-hyperv devstack@placement-api.service[112755]: DEBUG placement.objects.allocation_candidate [req-8bebe968-1ea0-4b81-b0d4-07f1be5651f6 req-5827d899-3070-4856-b03a-6a3c141efd13 service placement] Merging candidates yields 1 allocation requests and 1 provider summaries {{(pid=112755) _merge_candidates /opt/stack/placement/placement/objects/allocation_candidate.py:809}}
Oct 13 15:21:06.155628 dv-neutron-860639-2-hyperv devstack@placement-api.service[112755]: INFO placement.requestlog [req-8bebe968-1ea0-4b81-b0d4-07f1be5651f6 req-5827d899-3070-4856-b03a-6a3c141efd13 service placement] 10.222.0.39 "GET /placement/allocation_candidates?limit=1000&resources=DISK_GB%3A1%2CMEMORY_MB%3A1024%2CVCPU%3A1&root_required=%21COMPUTE_STATUS_DISABLED" status: 200 len: 764 microversion: 1.36
Oct 13 15:21:06.156013 dv-neutron-860639-2-hyperv devstack@placement-api.service[112755]: [pid: 112755|app: 0|req: 456/913] 10.222.0.39 () {60 vars in 1506 bytes} [Thu Oct 13 15:21:06 2022] GET /placement/allocation_candidates?limit=1000&resources=DISK_GB%3A1%2CMEMORY_MB%3A1024%2CVCPU%3A1&root_required=%21COMPUTE_STATUS_DISABLED => generated 764 bytes in 74 msecs (HTTP/1.1 200) 8 headers in 296 bytes (1 switches on core 0)
Oct 13 15:21:06.190446 dv-neutron-860639-2-hyperv devstack@placement-api.service[112756]: DEBUG placement.requestlog [req-8bebe968-1ea0-4b81-b0d4-07f1be5651f6 req-fac324a3-5a8b-4c1b-bf98-55fe69077ddb None None] Starting request: 10.222.0.39 "GET /placement/allocations/1da83dc1-f41e-41fa-8b7b-647228d94e96" {{(pid=112756) __call__ /opt/stack/placement/placement/requestlog.py:55}}
Oct 13 15:21:06.201929 dv-neutron-860639-2-hyperv devstack@placement-api.service[112756]: INFO placement.requestlog [req-8bebe968-1ea0-4b81-b0d4-07f1be5651f6 req-fac324a3-5a8b-4c1b-bf98-55fe69077ddb service placement] 10.222.0.39 "GET /placement/allocations/1da83dc1-f41e-41fa-8b7b-647228d94e96" status: 200 len: 19 microversion: 1.28
Oct 13 15:21:06.202255 dv-neutron-860639-2-hyperv devstack@placement-api.service[112756]: [pid: 112756|app: 0|req: 458/914] 10.222.0.39 () {60 vars in 1380 bytes} [Thu Oct 13 15:21:06 2022] GET /placement/allocations/1da83dc1-f41e-41fa-8b7b-647228d94e96 => generated 19 bytes in 12 msecs (HTTP/1.1 200) 8 headers in 295 bytes (1 switches on core 0)
Oct 13 15:21:06.208138 dv-neutron-860639-2-hyperv devstack@placement-api.service[112755]: DEBUG placement.requestlog [req-8bebe968-1ea0-4b81-b0d4-07f1be5651f6 req-c9b2892e-44da-48f6-8aec-7481dffd6be1 None None] Starting request: 10.222.0.39 "PUT /placement/allocations/1da83dc1-f41e-41fa-8b7b-647228d94e96" {{(pid=112755) __call__ /opt/stack/placement/placement/requestlog.py:55}}
Oct 13 15:21:06.328731 dv-neutron-860639-2-hyperv devstack@placement-api.service[112755]: DEBUG placement.handlers.allocation [req-8bebe968-1ea0-4b81-b0d4-07f1be5651f6 req-c9b2892e-44da-48f6-8aec-7481dffd6be1 service placement] Successfully wrote allocations [, , ] {{(pid=112755) _update_consumers_and_create_allocations /opt/stack/placement/placement/handlers/allocation.py:462}}
Oct 13 15:21:06.396606 dv-neutron-860639-2-hyperv devstack@placement-api.service[112755]: INFO placement.requestlog [req-8bebe968-1ea0-4b81-b0d4-07f1be5651f6 req-c9b2892e-44da-48f6-8aec-7481dffd6be1 service placement] 10.222.0.39 "PUT /placement/allocations/1da83dc1-f41e-41fa-8b7b-647228d94e96" status: 204 len: 0 microversion: 1.36
Oct 13 15:21:06.397002 dv-neutron-860639-2-hyperv devstack@placement-api.service[112755]: [pid: 112755|app: 0|req: 457/915] 10.222.0.39 () {64 vars in 1433 bytes} [Thu Oct 13 15:21:06 2022] PUT /placement/allocations/1da83dc1-f41e-41fa-8b7b-647228d94e96 => generated 0 bytes in 189 msecs (HTTP/1.1 204) 5 headers in 199 bytes (1 switches on core 0)
Oct 13 15:21:07.268101 dv-neutron-860639-2-hyperv devstack@placement-api.service[112756]: DEBUG placement.requestlog [req-8bebe968-1ea0-4b81-b0d4-07f1be5651f6 req-865eb427-4a84-4401-a262-55d676154e18 None None] Starting request: 10.222.0.20 "GET /placement/allocations/1da83dc1-f41e-41fa-8b7b-647228d94e96" {{(pid=112756) __call__ /opt/stack/placement/placement/requestlog.py:55}}
Oct 13 15:21:07.283192 dv-neutron-860639-2-hyperv devstack@placement-api.service[112756]: INFO placement.requestlog [req-8bebe968-1ea0-4b81-b0d4-07f1be5651f6 req-865eb427-4a84-4401-a262-55d676154e18 service placement] 10.222.0.20 "GET /placement/allocations/1da83dc1-f41e-41fa-8b7b-647228d94e96" status: 200 len: 259 microversion: 1.28
Oct 13 15:21:07.283688 dv-neutron-860639-2-hyperv devstack@placement-api.service[112756]: [pid: 112756|app: 0|req: 459/916] 10.222.0.20 () {60 vars in 1377 bytes} [Thu Oct 13 15:21:07 2022] GET /placement/allocations/1da83dc1-f41e-41fa-8b7b-647228d94e96 => generated 259 bytes in 16 msecs (HTTP/1.1 200) 8 headers in 296 bytes (1 switches on core 0)
Oct 13 15:21:07.555106 dv-neutron-860639-2-hyperv devstack@placement-api.service[112755]: DEBUG placement.requestlog [req-8bebe968-1ea0-4b81-b0d4-07f1be5651f6 req-6defe05a-4b1f-4557-ba34-287146240bfb None None] Starting request: 10.222.0.20 "GET /placement/resource_providers/bb3c4601-8adc-4422-96a8-3156500bcc09/allocations" {{(pid=112755) __call__ /opt/stack/placement/placement/requestlog.py:55}}
Oct 13 15:21:07.575041 dv-neutron-860639-2-hyperv devstack@placement-api.service[112755]: INFO placement.requestlog [req-8bebe968-1ea0-4b81-b0d4-07f1be5651f6 req-6defe05a-4b1f-4557-ba34-287146240bfb service placement] 10.222.0.20 "GET /placement/resource_providers/bb3c4601-8adc-4422-96a8-3156500bcc09/allocations" status: 200 len: 154 microversion: 1.0
Oct 13 15:21:07.575380 dv-neutron-860639-2-hyperv devstack@placement-api.service[112755]: [pid: 112755|app: 0|req: 458/917] 10.222.0.20 () {58 vars in 1390 bytes} [Thu Oct 13 15:21:07 2022] GET /placement/resource_providers/bb3c4601-8adc-4422-96a8-3156500bcc09/allocations => generated 154 bytes in 21 msecs (HTTP/1.1 200) 6 headers in 224 bytes (1 switches on core 0)
Oct 13 15:21:07.581971 dv-neutron-860639-2-hyperv devstack@placement-api.service[112756]: DEBUG placement.requestlog [req-8bebe968-1ea0-4b81-b0d4-07f1be5651f6 req-860fe6ea-01b2-4391-85b5-27adb5912a73 None None] Starting request: 10.222.0.20 "GET /placement/allocations/1da83dc1-f41e-41fa-8b7b-647228d94e96" {{(pid=112756) __call__ /opt/stack/placement/placement/requestlog.py:55}}
Oct 13 15:21:07.597248 dv-neutron-860639-2-hyperv devstack@placement-api.service[112756]: INFO placement.requestlog [req-8bebe968-1ea0-4b81-b0d4-07f1be5651f6 req-860fe6ea-01b2-4391-85b5-27adb5912a73 service placement] 10.222.0.20 "GET /placement/allocations/1da83dc1-f41e-41fa-8b7b-647228d94e96" status: 200 len: 259 microversion: 1.28
Oct 13 15:21:07.597571 dv-neutron-860639-2-hyperv devstack@placement-api.service[112756]: [pid: 112756|app: 0|req: 460/918] 10.222.0.20 () {60 vars in 1377 bytes} [Thu Oct 13 15:21:07 2022] GET /placement/allocations/1da83dc1-f41e-41fa-8b7b-647228d94e96 => generated 259 bytes in 16 msecs (HTTP/1.1 200) 8 headers in 296 bytes (1 switches on core 0)
Oct 13 15:21:17.572300 dv-neutron-860639-2-hyperv devstack@placement-api.service[112755]: DEBUG dbcounter [-] [112755] Writing DB stats placement:SELECT=56,placement:INSERT=4,placement:DELETE=2,placement:UPDATE=2 {{(pid=112755) stat_writer /usr/local/lib/python3.8/dist-packages/dbcounter.py:114}}
Oct 13 15:21:17.595037 dv-neutron-860639-2-hyperv devstack@placement-api.service[112756]: DEBUG dbcounter [-] [112756] Writing DB stats placement:SELECT=36,placement:DELETE=2 {{(pid=112756) stat_writer /usr/local/lib/python3.8/dist-packages/dbcounter.py:114}}
Oct 13 15:21:45.792739 dv-neutron-860639-2-hyperv devstack@placement-api.service[112755]: DEBUG placement.requestlog [req-ce200dd6-20af-428a-afe2-71939c9e4649 req-5ec682bf-a71b-412c-951e-0238cca2a251 None None] Starting request: 10.222.0.20 "GET /placement/resource_providers/bb3c4601-8adc-4422-96a8-3156500bcc09/allocations" {{(pid=112755) __call__ /opt/stack/placement/placement/requestlog.py:55}}
Oct 13 15:21:45.812932 dv-neutron-860639-2-hyperv devstack@placement-api.service[112755]: INFO placement.requestlog [req-ce200dd6-20af-428a-afe2-71939c9e4649 req-5ec682bf-a71b-412c-951e-0238cca2a251 service placement] 10.222.0.20 "GET /placement/resource_providers/bb3c4601-8adc-4422-96a8-3156500bcc09/allocations" status: 200 len: 154 microversion: 1.0
Oct 13 15:21:45.813399 dv-neutron-860639-2-hyperv devstack@placement-api.service[112755]: [pid: 112755|app: 0|req: 459/919] 10.222.0.20 () {58 vars in 1390 bytes} [Thu Oct 13 15:21:45 2022] GET /placement/resource_providers/bb3c4601-8adc-4422-96a8-3156500bcc09/allocations => generated 154 bytes in 21 msecs (HTTP/1.1 200) 6 headers in 224 bytes (1 switches on core 0)
Oct 13 15:21:45.821182 dv-neutron-860639-2-hyperv devstack@placement-api.service[112756]: DEBUG placement.requestlog [req-ce200dd6-20af-428a-afe2-71939c9e4649 req-d8420eab-548a-4da0-b257-7a3433967dfc None None] Starting request: 10.222.0.20 "GET /placement/allocations/1da83dc1-f41e-41fa-8b7b-647228d94e96" {{(pid=112756) __call__ /opt/stack/placement/placement/requestlog.py:55}}
Oct 13 15:21:45.837164 dv-neutron-860639-2-hyperv devstack@placement-api.service[112756]: INFO placement.requestlog [req-ce200dd6-20af-428a-afe2-71939c9e4649 req-d8420eab-548a-4da0-b257-7a3433967dfc service placement] 10.222.0.20 "GET /placement/allocations/1da83dc1-f41e-41fa-8b7b-647228d94e96" status: 200 len: 259 microversion: 1.28
Oct 13 15:21:45.837643 dv-neutron-860639-2-hyperv devstack@placement-api.service[112756]: [pid: 112756|app: 0|req: 461/920] 10.222.0.20 () {60 vars in 1377 bytes} [Thu Oct 13 15:21:45 2022] GET /placement/allocations/1da83dc1-f41e-41fa-8b7b-647228d94e96 => generated 259 bytes in 17 msecs (HTTP/1.1 200) 8 headers in 296 bytes (2 switches on core 0)
Oct 13 15:21:46.048651 dv-neutron-860639-2-hyperv devstack@placement-api.service[112755]: DEBUG placement.requestlog [req-ce200dd6-20af-428a-afe2-71939c9e4649 req-f00f1e40-7b9c-4862-b043-cc7b0a684ec7 None None] Starting request: 10.222.0.20 "DELETE /placement/allocations/1da83dc1-f41e-41fa-8b7b-647228d94e96" {{(pid=112755) __call__ /opt/stack/placement/placement/requestlog.py:55}}
Oct 13 15:21:46.206843 dv-neutron-860639-2-hyperv devstack@placement-api.service[112755]: DEBUG placement.handlers.allocation [req-ce200dd6-20af-428a-afe2-71939c9e4649 req-f00f1e40-7b9c-4862-b043-cc7b0a684ec7 service placement] Successfully deleted allocations [, , ] {{(pid=112755) delete_allocations /opt/stack/placement/placement/handlers/allocation.py:627}}
Oct 13 15:21:46.207520 dv-neutron-860639-2-hyperv devstack@placement-api.service[112755]: INFO placement.requestlog [req-ce200dd6-20af-428a-afe2-71939c9e4649 req-f00f1e40-7b9c-4862-b043-cc7b0a684ec7 service placement] 10.222.0.20 "DELETE /placement/allocations/1da83dc1-f41e-41fa-8b7b-647228d94e96" status: 204 len: 0 microversion: 1.0
Oct 13 15:21:46.207999 dv-neutron-860639-2-hyperv devstack@placement-api.service[112755]: [pid: 112755|app: 0|req: 460/921] 10.222.0.20 () {60 vars in 1355 bytes} [Thu Oct 13 15:21:46 2022] DELETE /placement/allocations/1da83dc1-f41e-41fa-8b7b-647228d94e96 => generated 0 bytes in 160 msecs (HTTP/1.1 204) 5 headers in 198 bytes (1 switches on core 0)
Oct 13 15:21:50.135108 dv-neutron-860639-2-hyperv devstack@placement-api.service[112756]: DEBUG placement.requestlog [None req-9fe095f2-1791-49c3-840a-f7781104794f None None] Starting request: 10.222.0.39 "GET /placement/resource_providers/9173c0aa-dd46-4b2c-9337-c6da5560645a/aggregates" {{(pid=112756) __call__ /opt/stack/placement/placement/requestlog.py:55}}
Oct 13 15:21:50.146316 dv-neutron-860639-2-hyperv devstack@placement-api.service[112756]: INFO placement.requestlog [None req-9fe095f2-1791-49c3-840a-f7781104794f service placement] 10.222.0.39 "GET /placement/resource_providers/9173c0aa-dd46-4b2c-9337-c6da5560645a/aggregates" status: 404 len: 235 microversion: 1.1
Oct 13 15:21:50.146708 dv-neutron-860639-2-hyperv devstack@placement-api.service[112756]: [pid: 112756|app: 0|req: 462/922] 10.222.0.39 () {58 vars in 1362 bytes} [Thu Oct 13 15:21:50 2022] GET /placement/resource_providers/9173c0aa-dd46-4b2c-9337-c6da5560645a/aggregates => generated 235 bytes in 12 msecs (HTTP/1.1 404) 5 headers in 202 bytes (1 switches on core 0)
Oct 13 15:21:50.171048 dv-neutron-860639-2-hyperv devstack@placement-api.service[112755]: DEBUG placement.requestlog [None req-d5d194c7-addb-4f0f-9d6c-521c5eb096ec None None] Starting request: 10.222.0.39 "DELETE /placement/resource_providers/9173c0aa-dd46-4b2c-9337-c6da5560645a" {{(pid=112755) __call__ /opt/stack/placement/placement/requestlog.py:55}}
Oct 13 15:21:50.183134 dv-neutron-860639-2-hyperv devstack@placement-api.service[112755]: DEBUG placement.wsgi_wrapper [None req-d5d194c7-addb-4f0f-9d6c-521c5eb096ec service placement] Placement API returning an error response: No resource provider with uuid 9173c0aa-dd46-4b2c-9337-c6da5560645a found for delete {{(pid=112755) call_func /opt/stack/placement/placement/wsgi_wrapper.py:31}}
Oct 13 15:21:50.183949 dv-neutron-860639-2-hyperv devstack@placement-api.service[112755]: INFO placement.requestlog [None req-d5d194c7-addb-4f0f-9d6c-521c5eb096ec service placement] 10.222.0.39 "DELETE /placement/resource_providers/9173c0aa-dd46-4b2c-9337-c6da5560645a" status: 404 len: 246 microversion: 1.1
Oct 13 15:21:50.184566 dv-neutron-860639-2-hyperv devstack@placement-api.service[112755]: [pid: 112755|app: 0|req: 461/923] 10.222.0.39 () {60 vars in 1351 bytes} [Thu Oct 13 15:21:50 2022] DELETE /placement/resource_providers/9173c0aa-dd46-4b2c-9337-c6da5560645a => generated 246 bytes in 14 msecs (HTTP/1.1 404) 6 headers in 231 bytes (2 switches on core 0)
Oct 13 15:21:53.890315 dv-neutron-860639-2-hyperv devstack@placement-api.service[112756]: DEBUG placement.requestlog [None req-83cadd4a-1ad9-4a76-9d62-4e2f0b33cdc5 None None] Starting request: 10.222.0.39 "GET /placement/resource_providers/0cf97c15-b91b-40f6-86dc-aa8d3c6896f2/aggregates" {{(pid=112756) __call__ /opt/stack/placement/placement/requestlog.py:55}}
Oct 13 15:21:53.900388 dv-neutron-860639-2-hyperv devstack@placement-api.service[112756]: INFO placement.requestlog [None req-83cadd4a-1ad9-4a76-9d62-4e2f0b33cdc5 service placement] 10.222.0.39 "GET /placement/resource_providers/0cf97c15-b91b-40f6-86dc-aa8d3c6896f2/aggregates" status: 404 len: 235 microversion: 1.1
Oct 13 15:21:53.900944 dv-neutron-860639-2-hyperv devstack@placement-api.service[112756]: [pid: 112756|app: 0|req: 463/924] 10.222.0.39 () {58 vars in 1362 bytes} [Thu Oct 13 15:21:53 2022] GET /placement/resource_providers/0cf97c15-b91b-40f6-86dc-aa8d3c6896f2/aggregates => generated 235 bytes in 11 msecs (HTTP/1.1 404) 5 headers in 202 bytes (1 switches on core 0)
Oct 13 15:21:53.936068 dv-neutron-860639-2-hyperv devstack@placement-api.service[112755]: DEBUG placement.requestlog [None req-048e0dd9-5cb8-4355-beb2-55170f8608a0 None None] Starting request: 10.222.0.39 "DELETE /placement/resource_providers/0cf97c15-b91b-40f6-86dc-aa8d3c6896f2" {{(pid=112755) __call__ /opt/stack/placement/placement/requestlog.py:55}}
Oct 13 15:21:53.945513 dv-neutron-860639-2-hyperv devstack@placement-api.service[112755]: DEBUG placement.wsgi_wrapper [None req-048e0dd9-5cb8-4355-beb2-55170f8608a0 service placement] Placement API returning an error response: No resource provider with uuid 0cf97c15-b91b-40f6-86dc-aa8d3c6896f2 found for delete {{(pid=112755) call_func /opt/stack/placement/placement/wsgi_wrapper.py:31}}
Oct 13 15:21:53.946313 dv-neutron-860639-2-hyperv devstack@placement-api.service[112755]: INFO placement.requestlog [None req-048e0dd9-5cb8-4355-beb2-55170f8608a0 service placement] 10.222.0.39 "DELETE /placement/resource_providers/0cf97c15-b91b-40f6-86dc-aa8d3c6896f2" status: 404 len: 246 microversion: 1.1
Oct 13 15:21:53.946635 dv-neutron-860639-2-hyperv devstack@placement-api.service[112755]: [pid: 112755|app: 0|req: 462/925] 10.222.0.39 () {60 vars in 1351 bytes} [Thu Oct 13 15:21:53 2022] DELETE /placement/resource_providers/0cf97c15-b91b-40f6-86dc-aa8d3c6896f2 => generated 246 bytes in 11 msecs (HTTP/1.1 404) 6 headers in 231 bytes (1 switches on core 0)
Oct 13 15:21:56.229034 dv-neutron-860639-2-hyperv devstack@placement-api.service[112756]: DEBUG placement.requestlog [req-ada686d9-5817-46e9-bea0-f08bebe7799e req-abcf8f3e-3aa6-493d-9df2-ea30477dda8a None None] Starting request: 10.222.0.20 "GET /placement/resource_providers/bb3c4601-8adc-4422-96a8-3156500bcc09/allocations" {{(pid=112756) __call__ /opt/stack/placement/placement/requestlog.py:55}}
