Oct 10 13:15:10.446373 dv-neutron-860320-2-hyperv neutron-server[103301]: DEBUG neutron.plugins.ml2.plugin [None req-1edbdf73-9239-4684-bc00-a3606b592bed None None] Current status of the port f545dbf4-fbae-4f5a-9d91-95792ddc9fbe is: ACTIVE; New status is: ACTIVE {{(pid=103301) _update_individual_port_db_status /opt/stack/neutron/neutron/plugins/ml2/plugin.py:2279}}
Oct 10 13:15:10.448522 dv-neutron-860320-2-hyperv neutron-server[103299]: DEBUG neutron.wsgi [-] (103299) accepted ('10.222.0.17', 53632) {{(pid=103299) server /usr/local/lib/python3.8/dist-packages/eventlet/wsgi.py:982}}
Oct 10 13:15:10.481726 dv-neutron-860320-2-hyperv neutron-server[103301]: DEBUG neutron.api.rpc.handlers.dhcp_rpc [None req-57f282f1-6237-4d6e-9ba2-5f312154f494 None None] Network 30dca510-abb6-4d24-a860-ecb95a930f34 requested from dv-neutron-860320-2-hyperv {{(pid=103301) get_network_info /opt/stack/neutron/neutron/api/rpc/handlers/dhcp_rpc.py:218}}
Oct 10 13:15:10.483379 dv-neutron-860320-2-hyperv neutron-server[103300]: DEBUG neutron_lib.callbacks.manager [None req-3c18696a-225a-4105-8d8a-cc0e80b7a19f tempest-DHCPAgentSchedulersTestJSON-586638500 tempest-DHCPAgentSchedulersTestJSON-586638500-project] Notify callbacks [] for port, precommit_create {{(pid=103300) _notify_loop /usr/local/lib/python3.8/dist-packages/neutron_lib/callbacks/manager.py:192}}
Oct 10 13:15:10.579643 dv-neutron-860320-2-hyperv neutron-server[103300]: DEBUG neutron_lib.callbacks.manager [None req-bdb45016-202d-40ee-b34f-246c189cd442 tempest-ExternalNetworksTestJSON-751356041 tempest-ExternalNetworksTestJSON-751356041-project-admin] Notify callbacks [] for floatingip, before_create {{(pid=103300) _notify_loop /usr/local/lib/python3.8/dist-packages/neutron_lib/callbacks/manager.py:192}}
Oct 10 13:15:10.638973 dv-neutron-860320-2-hyperv neutron-server[103299]: DEBUG neutron.api.v2.base [None req-d31845af-54da-472a-82b1-7c3dde38dce8 tempest-ExternalNetworksAdminNegativeTestJSON-1608531861 tempest-ExternalNetworksAdminNegativeTestJSON-1608531861-project-admin] Request body: {'port': {'name': 'tempest-ExternalNetworksAdminNegativeTestJSON-204134312', 'network_id': 'a5e36846-03df-4426-834a-7158841bb9f3', 'fixed_ips': [{'ip_address': '172.26.3.153'}]}} {{(pid=103299) prepare_request_body /opt/stack/neutron/neutron/api/v2/base.py:729}}
Oct 10 13:15:10.677106 dv-neutron-860320-2-hyperv neutron-server[103300]: DEBUG neutron.pecan_wsgi.hooks.quota_enforcement [None req-b9adf98a-b91a-4bf3-88d9-e46cb9fb7446 tempest-BulkNetworkOpsIpV6Test-658120676 tempest-BulkNetworkOpsIpV6Test-658120676-project] Made reservation on behalf of b7d7707ed5bf41d4aab0625aad954371 for: {'port': 2} {{(pid=103300) before /opt/stack/neutron/neutron/pecan_wsgi/hooks/quota_enforcement.py:53}}
Oct 10 13:15:10.681467 dv-neutron-860320-2-hyperv neutron-server[103300]: DEBUG neutron_lib.callbacks.manager [None req-b9adf98a-b91a-4bf3-88d9-e46cb9fb7446 tempest-BulkNetworkOpsIpV6Test-658120676 tempest-BulkNetworkOpsIpV6Test-658120676-project] Notify callbacks ['neutron.plugins.ml2.plugin.SecurityGroupDbMixin._ensure_default_security_group_handler-1598693'] for port, before_create {{(pid=103300) _notify_loop /usr/local/lib/python3.8/dist-packages/neutron_lib/callbacks/manager.py:192}}
Oct 10 13:15:10.697150 dv-neutron-860320-2-hyperv neutron-server[103299]: DEBUG neutron.api.rpc.agentnotifiers.l3_rpc_agent_api [None req-618e052f-5e90-4a71-a763-8929c0e49433 admin admin] Notify agent at l3_agent.dv-neutron-860320-2-hyperv the message routers_updated {{(pid=103299) _agent_notification /opt/stack/neutron/neutron/api/rpc/agentnotifiers/l3_rpc_agent_api.py:65}}
Oct 10 13:15:10.702429 dv-neutron-860320-2-hyperv neutron-server[103300]: DEBUG neutron_lib.callbacks.manager [None req-3c18696a-225a-4105-8d8a-cc0e80b7a19f tempest-DHCPAgentSchedulersTestJSON-586638500 tempest-DHCPAgentSchedulersTestJSON-586638500-project] Notify callbacks ['neutron.plugins.ml2.plugin.SecurityGroupServerNotifierRpcMixin._notify_sg_on_port_change-1598498', 'neutron.plugins.ml2.ovo_rpc._ObjectChangeHandler.handle_event-218615', 'neutron.api.rpc.agentnotifiers.dhcp_rpc_agent_api.DhcpAgentNotifyAPI._native_event_send_dhcp_notification-624089', 'neutron.db.l3_dvrscheduler_db._notify_l3_agent_new_port-8735340819303', 'neutron.services.segments.plugin.NovaSegmentNotifier._notify_port_created_or_deleted-2762074'] for port, after_create {{(pid=103300) _notify_loop /usr/local/lib/python3.8/dist-packages/neutron_lib/callbacks/manager.py:192}}
Oct 10 13:15:10.707011 dv-neutron-860320-2-hyperv neutron-server[103301]: DEBUG neutron.api.rpc.handlers.l3_rpc [None req-71fd2c52-8ac9-4b96-a257-9837cbfce57f None None] Sync routers for ids ['58aa1ba3-3e80-4ae8-868c-f34263ba6442'] in dv-neutron-860320-2-hyperv {{(pid=103301) sync_routers /opt/stack/neutron/neutron/api/rpc/handlers/l3_rpc.py:125}}
Oct 10 13:15:10.719733 dv-neutron-860320-2-hyperv neutron-server[103301]: DEBUG neutron.db.l3_dvrscheduler_db [None req-71fd2c52-8ac9-4b96-a257-9837cbfce57f None None] Routers {'58aa1ba3-3e80-4ae8-868c-f34263ba6442'} bound to L3 agent in host dv-neutron-860320-2-hyperv {{(pid=103301) _get_router_ids_for_agent /opt/stack/neutron/neutron/db/l3_dvrscheduler_db.py:420}}
Oct 10 13:15:10.720711 dv-neutron-860320-2-hyperv neutron-server[103301]: DEBUG neutron.db.l3_hamode_db [None req-71fd2c52-8ac9-4b96-a257-9837cbfce57f None None] neutron.services.l3_router.l3_router_plugin.L3RouterPlugin method get_ha_sync_data_for_host called with arguments (, 'dv-neutron-860320-2-hyperv', Agent(admin_state_up=True,agent_type='L3 agent',availability_zone='nova',binary='neutron-l3-agent',configurations={"agent_mode": "legacy", "ex_gw_ports": 1, "extensions": [], "floating_ips": 0, "handle_internal_only_routers": true, "interface_driver": "openvswitch", "interfaces": 1, "log_agent_heartbeats": false, "routers": 1},created_at=2022-10-10T13:07:20Z,description=,heartbeat_timestamp=2022-10-10T13:14:50Z,host='dv-neutron-860320-2-hyperv',id=1f5f4f4e-34d9-4581-bc84-2c9a4b414d14,load=0,resource_versions=,resources_synced=,started_at=2022-10-10T13:07:20Z,topic='l3_agent')) {'router_ids': ['58aa1ba3-3e80-4ae8-868c-f34263ba6442'], 'active': True} {{(pid=103301) wrapper /usr/local/lib/python3.8/dist-packages/oslo_log/helpers.py:65}}
Oct 10 13:15:10.721619 dv-neutron-860320-2-hyperv neutron-server[103300]: DEBUG neutron_lib.callbacks.manager [None req-b9adf98a-b91a-4bf3-88d9-e46cb9fb7446 tempest-BulkNetworkOpsIpV6Test-658120676 tempest-BulkNetworkOpsIpV6Test-658120676-project] Notify callbacks ['neutron.plugins.ml2.plugin.SecurityGroupDbMixin._ensure_default_security_group_handler-1598693'] for port, before_create {{(pid=103300) _notify_loop /usr/local/lib/python3.8/dist-packages/neutron_lib/callbacks/manager.py:192}}
Oct 10 13:15:10.768944 dv-neutron-860320-2-hyperv neutron-server[103299]: DEBUG neutron_lib.callbacks.manager [None req-618e052f-5e90-4a71-a763-8929c0e49433 admin admin] Notify callbacks [] for router, before_response {{(pid=103299) _notify_loop /usr/local/lib/python3.8/dist-packages/neutron_lib/callbacks/manager.py:192}}
Oct 10 13:15:10.774334 dv-neutron-860320-2-hyperv neutron-server[103299]: INFO neutron.wsgi [None req-618e052f-5e90-4a71-a763-8929c0e49433 admin admin] 10.222.0.17 "POST /v2.0/routers HTTP/1.1" status: 201 len: 922 time: 8.0128291
Oct 10 13:15:10.774334 dv-neutron-860320-2-hyperv neutron-server[103299]: DEBUG neutron.wsgi [-] (103299) accepted ('10.222.0.17', 53634) {{(pid=103299) server /usr/local/lib/python3.8/dist-packages/eventlet/wsgi.py:982}}
Oct 10 13:15:10.774667 dv-neutron-860320-2-hyperv neutron-server[103299]: DEBUG neutron.pecan_wsgi.hooks.quota_enforcement [None req-d31845af-54da-472a-82b1-7c3dde38dce8 tempest-ExternalNetworksAdminNegativeTestJSON-1608531861 tempest-ExternalNetworksAdminNegativeTestJSON-1608531861-project-admin] Made reservation on behalf of 344cf43625484ef0a126852c2c8dc3b2 for: {'port': 1} {{(pid=103299) before /opt/stack/neutron/neutron/pecan_wsgi/hooks/quota_enforcement.py:53}}
Oct 10 13:15:10.777380 dv-neutron-860320-2-hyperv neutron-server[103299]: DEBUG neutron_lib.callbacks.manager [None req-d31845af-54da-472a-82b1-7c3dde38dce8 tempest-ExternalNetworksAdminNegativeTestJSON-1608531861 tempest-ExternalNetworksAdminNegativeTestJSON-1608531861-project-admin] Notify callbacks ['neutron.plugins.ml2.plugin.SecurityGroupDbMixin._ensure_default_security_group_handler-1598693'] for port, before_create {{(pid=103299) _notify_loop /usr/local/lib/python3.8/dist-packages/neutron_lib/callbacks/manager.py:192}}
Oct 10 13:15:10.847685 dv-neutron-860320-2-hyperv neutron-server[103301]: DEBUG neutron.db.l3_dvr_db [None req-71fd2c52-8ac9-4b96-a257-9837cbfce57f None None] Set router 58aa1ba3-3e80-4ae8-868c-f34263ba6442 gateway port host: dv-neutron-860320-2-hyperv {{(pid=103301) _build_routers_list /opt/stack/neutron/neutron/db/l3_dvr_db.py:906}}
Oct 10 13:15:10.857755 dv-neutron-860320-2-hyperv neutron-server[103299]: DEBUG neutron_lib.callbacks.manager [None req-d31845af-54da-472a-82b1-7c3dde38dce8 tempest-ExternalNetworksAdminNegativeTestJSON-1608531861 tempest-ExternalNetworksAdminNegativeTestJSON-1608531861-project-admin] Notify callbacks [] for security_group, before_create {{(pid=103299) _notify_loop /usr/local/lib/python3.8/dist-packages/neutron_lib/callbacks/manager.py:192}}
Oct 10 13:15:10.934896 dv-neutron-860320-2-hyperv neutron-server[103299]: DEBUG neutron_lib.callbacks.manager [None req-c0fcb6c8-affb-4752-8ae9-90965ab5f0e4 tempest-FloatingIPTestJSON-1135859656 tempest-FloatingIPTestJSON-1135859656-project] Notify callbacks [] for port, precommit_create {{(pid=103299) _notify_loop /usr/local/lib/python3.8/dist-packages/neutron_lib/callbacks/manager.py:192}}
Oct 10 13:15:10.972985 dv-neutron-860320-2-hyperv neutron-server[103299]: DEBUG neutron_lib.callbacks.manager [None req-d1e66a0f-be85-42c2-ae38-e725ac09a6ea admin admin] Notify callbacks [] for router_gateway, after_create {{(pid=103299) _notify_loop /usr/local/lib/python3.8/dist-packages/neutron_lib/callbacks/manager.py:192}}
Oct 10 13:15:10.980334 dv-neutron-860320-2-hyperv neutron-server[103300]: DEBUG neutron.scheduler.dhcp_agent_scheduler [None req-3c18696a-225a-4105-8d8a-cc0e80b7a19f tempest-DHCPAgentSchedulersTestJSON-586638500 tempest-DHCPAgentSchedulersTestJSON-586638500-project] Network c2fb16d3-1b0e-4abe-9f5e-b4f6773deb06 is already hosted by enough agents. {{(pid=103300) _get_dhcp_agents_hosting_network /opt/stack/neutron/neutron/scheduler/dhcp_agent_scheduler.py:275}}
Oct 10 13:15:10.981167 dv-neutron-860320-2-hyperv neutron-server[103300]: DEBUG neutron.api.rpc.handlers.resources_rpc [None req-3c18696a-225a-4105-8d8a-cc0e80b7a19f tempest-DHCPAgentSchedulersTestJSON-586638500 tempest-DHCPAgentSchedulersTestJSON-586638500-project] Pushing event updated for resources: {'Port': ['ID=2831000a-cc20-4a6d-a327-c0b675f19bc2,revision_number=1']} {{(pid=103300) push /opt/stack/neutron/neutron/api/rpc/handlers/resources_rpc.py:237}}
Oct 10 13:15:10.990075 dv-neutron-860320-2-hyperv neutron-server[103300]: DEBUG neutron.scheduler.base_scheduler [None req-3c18696a-225a-4105-8d8a-cc0e80b7a19f tempest-DHCPAgentSchedulersTestJSON-586638500 tempest-DHCPAgentSchedulersTestJSON-586638500-project] Resources bound (agent type, host, resource id): {{(pid=103300) schedule /opt/stack/neutron/neutron/scheduler/base_scheduler.py:57}}
Oct 10 13:15:11.000623 dv-neutron-860320-2-hyperv neutron-server[103300]: DEBUG neutron.db.l3_dvrscheduler_db [None req-3c18696a-225a-4105-8d8a-cc0e80b7a19f tempest-DHCPAgentSchedulersTestJSON-586638500 tempest-DHCPAgentSchedulersTestJSON-586638500-project] Received port after_create {{(pid=103300) _notify_l3_agent_new_port /opt/stack/neutron/neutron/db/l3_dvrscheduler_db.py:535}}
Oct 10 13:15:11.211197 dv-neutron-860320-2-hyperv neutron-server[103301]: DEBUG neutron.db.l3_hamode_db [None req-71fd2c52-8ac9-4b96-a257-9837cbfce57f None None] neutron.services.l3_router.l3_router_plugin.L3RouterPlugin method _process_sync_ha_data called with arguments (, [{'id': '58aa1ba3-3e80-4ae8-868c-f34263ba6442', 'name': 'tempest-ServerActionsTestJSON-187725807-router', 'tenant_id': 'e600d45d9ba94c25a063c1c4b7c90c8f', 'admin_state_up': True, 'status': 'ACTIVE', 'external_gateway_info': {'network_id': 'a5e36846-03df-4426-834a-7158841bb9f3', 'external_fixed_ips': [{'subnet_id': 'a785c753-9246-4a69-ab31-eef2ba2b75ee', 'ip_address': '172.26.3.57'}], 'enable_snat': True}, 'gw_port_id': '2b3decbe-ce55-4567-a8d8-a468d77b8a8d', 'description': '', 'availability_zones': ['nova'], 'distributed': False, 'ha': False, 'ha_vr_id': 0, 'availability_zone_hints': [], 'routes': [], 'flavor_id': None, 'tags': [], 'created_at': '2022-10-10T13:15:02Z', 'updated_at': '2022-10-10T13:15:07Z', 'revision_number': 3, 'project_id': 'e600d45d9ba94c25a063c1c4b7c90c8f', 'gw_port': {'id': '2b3decbe-ce55-4567-a8d8-a468d77b8a8d', 'name': '', 'network_id': 'a5e36846-03df-4426-834a-7158841bb9f3', 'tenant_id': '', 'mac_address': 'fa:16:3e:b3:e1:32', 'admin_state_up': True, 'status': 'DOWN', 'device_id': '58aa1ba3-3e80-4ae8-868c-f34263ba6442', 'device_owner': 'network:router_gateway', 'standard_attr_id': 84, 'fixed_ips': [{'subnet_id': 'a785c753-9246-4a69-ab31-eef2ba2b75ee', 'ip_address': '172.26.3.57', 'prefixlen': 24}], 'allowed_address_pairs': [], 'extra_dhcp_opts': [], 'security_groups': [], 'description': '', 'binding:vnic_type': 'normal', 'binding:profile': {}, 'binding:host_id': '', 'binding:vif_type': 'unbound', 'binding:vif_details': {}, 'port_security_enabled': False, 'tags': [], 'created_at': '2022-10-10T13:15:04Z', 'updated_at': '2022-10-10T13:15:05Z', 'revision_number': 1, 'project_id': '', 'subnets': [{'id': 'a785c753-9246-4a69-ab31-eef2ba2b75ee', 'cidr': '172.26.3.0/24', 'gateway_ip': '172.26.3.1', 'dns_nameservers': [], 'ipv6_ra_mode': None, 'subnetpool_id': None}], 'extra_subnets': [], 'address_scopes': {4: None, 6: None}, 'mtu': 1500}, 'enable_snat': True, 'gw_port_host': 'dv-neutron-860320-2-hyperv'}], 'dv-neutron-860320-2-hyperv', False) {} {{(pid=103301) wrapper /usr/local/lib/python3.8/dist-packages/oslo_log/helpers.py:65}}
Oct 10 13:15:11.227349 dv-neutron-860320-2-hyperv neutron-server[103299]: DEBUG neutron_lib.callbacks.manager [None req-c0fcb6c8-affb-4752-8ae9-90965ab5f0e4 tempest-FloatingIPTestJSON-1135859656 tempest-FloatingIPTestJSON-1135859656-project] Notify callbacks ['neutron.plugins.ml2.plugin.SecurityGroupServerNotifierRpcMixin._notify_sg_on_port_change-1598498', 'neutron.plugins.ml2.ovo_rpc._ObjectChangeHandler.handle_event-218615', 'neutron.api.rpc.agentnotifiers.dhcp_rpc_agent_api.DhcpAgentNotifyAPI._native_event_send_dhcp_notification-624089', 'neutron.db.l3_dvrscheduler_db._notify_l3_agent_new_port-8735340819303', 'neutron.services.segments.plugin.NovaSegmentNotifier._notify_port_created_or_deleted-9760090'] for port, after_create {{(pid=103299) _notify_loop /usr/local/lib/python3.8/dist-packages/neutron_lib/callbacks/manager.py:192}}
Oct 10 13:15:11.245478 dv-neutron-860320-2-hyperv neutron-server[103301]: DEBUG neutron.api.rpc.handlers.dhcp_rpc [None req-f9afaf7b-8e3a-4e69-b4f5-736794f36fc8 None None] Network c2fb16d3-1b0e-4abe-9f5e-b4f6773deb06 requested from dv-neutron-860320-2-hyperv {{(pid=103301) get_network_info /opt/stack/neutron/neutron/api/rpc/handlers/dhcp_rpc.py:218}}
Oct 10 13:15:11.248826 dv-neutron-860320-2-hyperv neutron-server[103301]: DEBUG neutron.api.rpc.handlers.l3_rpc [None req-71fd2c52-8ac9-4b96-a257-9837cbfce57f None None] Checking router: 58aa1ba3-3e80-4ae8-868c-f34263ba6442 for host: dv-neutron-860320-2-hyperv {{(pid=103301) _ensure_host_set_on_ports /opt/stack/neutron/neutron/api/rpc/handlers/l3_rpc.py:155}}
Oct 10 13:15:11.249184 dv-neutron-860320-2-hyperv neutron-server[103301]: DEBUG neutron.api.rpc.handlers.l3_rpc [None req-71fd2c52-8ac9-4b96-a257-9837cbfce57f None None] Updating router 58aa1ba3-3e80-4ae8-868c-f34263ba6442 port 2b3decbe-ce55-4567-a8d8-a468d77b8a8d binding host dv-neutron-860320-2-hyperv {{(pid=103301) _ensure_host_set_on_port /opt/stack/neutron/neutron/api/rpc/handlers/l3_rpc.py:205}}
Oct 10 13:15:11.259679 dv-neutron-860320-2-hyperv neutron-server[103299]: DEBUG neutron_lib.callbacks.manager [None req-d31845af-54da-472a-82b1-7c3dde38dce8 tempest-ExternalNetworksAdminNegativeTestJSON-1608531861 tempest-ExternalNetworksAdminNegativeTestJSON-1608531861-project-admin] Notify callbacks [] for security_group, precommit_create {{(pid=103299) _notify_loop /usr/local/lib/python3.8/dist-packages/neutron_lib/callbacks/manager.py:192}}
Oct 10 13:15:11.314059 dv-neutron-860320-2-hyperv neutron-server[103301]: DEBUG neutron_lib.callbacks.manager [None req-71fd2c52-8ac9-4b96-a257-9837cbfce57f None None] Notify callbacks ['neutron.plugins.ml2.plugin.SecurityGroupDbMixin._ensure_default_security_group_handler-1598693'] for port, before_update {{(pid=103301) _notify_loop /usr/local/lib/python3.8/dist-packages/neutron_lib/callbacks/manager.py:192}}
Oct 10 13:15:11.338604 dv-neutron-860320-2-hyperv neutron-server[103299]: DEBUG neutron_lib.callbacks.manager [None req-d31845af-54da-472a-82b1-7c3dde38dce8 tempest-ExternalNetworksAdminNegativeTestJSON-1608531861 tempest-ExternalNetworksAdminNegativeTestJSON-1608531861-project-admin] Notify callbacks ['neutron.plugins.ml2.ovo_rpc._ObjectChangeHandler.handle_event-620006'] for security_group, after_create {{(pid=103299) _notify_loop /usr/local/lib/python3.8/dist-packages/neutron_lib/callbacks/manager.py:192}}
Oct 10 13:15:11.353696 dv-neutron-860320-2-hyperv neutron-server[103299]: DEBUG neutron.notifiers.nova [None req-d31845af-54da-472a-82b1-7c3dde38dce8 tempest-ExternalNetworksAdminNegativeTestJSON-1608531861 tempest-ExternalNetworksAdminNegativeTestJSON-1608531861-project-admin] device_id is not set on port 75ce1a54-27f5-42fd-a69a-348cc72fd5ad yet. {{(pid=103299) _can_notify /opt/stack/neutron/neutron/notifiers/nova.py:201}}
Oct 10 13:15:11.379575 dv-neutron-860320-2-hyperv neutron-server[103299]: DEBUG neutron.scheduler.dhcp_agent_scheduler [None req-c0fcb6c8-affb-4752-8ae9-90965ab5f0e4 tempest-FloatingIPTestJSON-1135859656 tempest-FloatingIPTestJSON-1135859656-project] Network a5e36846-03df-4426-834a-7158841bb9f3 is already hosted by enough agents. {{(pid=103299) _get_dhcp_agents_hosting_network /opt/stack/neutron/neutron/scheduler/dhcp_agent_scheduler.py:275}}
Oct 10 13:15:11.393899 dv-neutron-860320-2-hyperv neutron-server[103300]: DEBUG neutron.pecan_wsgi.hooks.policy_enforcement [None req-3c18696a-225a-4105-8d8a-cc0e80b7a19f tempest-DHCPAgentSchedulersTestJSON-586638500 tempest-DHCPAgentSchedulersTestJSON-586638500-project] Attributes excluded by policy engine: ['standard_attr_id', 'binding:profile', 'binding:host_id', 'binding:vif_type', 'binding:vif_details', 'network'] {{(pid=103300) _exclude_attributes_by_policy /opt/stack/neutron/neutron/pecan_wsgi/hooks/policy_enforcement.py:259}}
Oct 10 13:15:11.394697 dv-neutron-860320-2-hyperv neutron-server[103300]: DEBUG neutron_lib.callbacks.manager [None req-3c18696a-225a-4105-8d8a-cc0e80b7a19f tempest-DHCPAgentSchedulersTestJSON-586638500 tempest-DHCPAgentSchedulersTestJSON-586638500-project] Notify callbacks ['neutron.notifiers.nova.Notifier._send_nova_notification-123778', 'neutron.api.rpc.agentnotifiers.dhcp_rpc_agent_api.DhcpAgentNotifyAPI._send_dhcp_notification-624043'] for port, before_response {{(pid=103300) _notify_loop /usr/local/lib/python3.8/dist-packages/neutron_lib/callbacks/manager.py:192}}
Oct 10 13:15:11.421703 dv-neutron-860320-2-hyperv neutron-server[103301]: DEBUG neutron.db.provisioning_blocks [None req-830279ab-763d-4f4c-ad77-6e7f63bf9ed5 None None] Provisioning complete for port bd7c0f85-f331-4470-ac56-22682466180e triggered by entity DHCP. {{(pid=103301) provisioning_complete /opt/stack/neutron/neutron/db/provisioning_blocks.py:140}}
Oct 10 13:15:11.422128 dv-neutron-860320-2-hyperv neutron-server[103301]: DEBUG neutron_lib.callbacks.manager [None req-830279ab-763d-4f4c-ad77-6e7f63bf9ed5 None None] Notify callbacks ['neutron.plugins.ml2.plugin.Ml2Plugin._port_provisioned-1822540'] for port, provisioning_complete {{(pid=103301) _notify_loop /usr/local/lib/python3.8/dist-packages/neutron_lib/callbacks/manager.py:192}}
Oct 10 13:15:11.422405 dv-neutron-860320-2-hyperv neutron-server[103301]: INFO neutron.plugins.ml2.plugin [None req-830279ab-763d-4f4c-ad77-6e7f63bf9ed5 None None] Attempt 1 to provision port bd7c0f85-f331-4470-ac56-22682466180e
Oct 10 13:15:11.433141 dv-neutron-860320-2-hyperv neutron-server[103299]: DEBUG neutron.scheduler.base_scheduler [None req-c0fcb6c8-affb-4752-8ae9-90965ab5f0e4 tempest-FloatingIPTestJSON-1135859656 tempest-FloatingIPTestJSON-1135859656-project] Resources bound (agent type, host, resource id): {{(pid=103299) schedule /opt/stack/neutron/neutron/scheduler/base_scheduler.py:57}}
Oct 10 13:15:11.435813 dv-neutron-860320-2-hyperv neutron-server[103299]: DEBUG neutron.db.l3_dvrscheduler_db [None req-c0fcb6c8-affb-4752-8ae9-90965ab5f0e4 tempest-FloatingIPTestJSON-1135859656 tempest-FloatingIPTestJSON-1135859656-project] Received port after_create {{(pid=103299) _notify_l3_agent_new_port /opt/stack/neutron/neutron/db/l3_dvrscheduler_db.py:535}}
Oct 10 13:15:11.504289 dv-neutron-860320-2-hyperv neutron-server[103299]: DEBUG neutron.api.rpc.handlers.resources_rpc [None req-c0fcb6c8-affb-4752-8ae9-90965ab5f0e4 tempest-FloatingIPTestJSON-1135859656 tempest-FloatingIPTestJSON-1135859656-project] Pushing event updated for resources: {'Port': ['ID=75afa99c-9736-4ac7-848a-a8216a204caf,revision_number=1']} {{(pid=103299) push /opt/stack/neutron/neutron/api/rpc/handlers/resources_rpc.py:237}}
Oct 10 13:15:11.508424 dv-neutron-860320-2-hyperv neutron-server[103299]: DEBUG neutron.api.rpc.handlers.resources_rpc [None req-d31845af-54da-472a-82b1-7c3dde38dce8 tempest-ExternalNetworksAdminNegativeTestJSON-1608531861 tempest-ExternalNetworksAdminNegativeTestJSON-1608531861-project-admin] Pushing event updated for resources: {'SecurityGroup': ['ID=4195d5f5-73c3-4782-8fa5-d8eb4f436799,revision_number=1']} {{(pid=103299) push /opt/stack/neutron/neutron/api/rpc/handlers/resources_rpc.py:237}}
Oct 10 13:15:11.543471 dv-neutron-860320-2-hyperv neutron-server[103302]: DEBUG neutron_lib.callbacks.manager [None req-8bd6a887-e1a1-4926-93ee-5de47e2d4a4b None None] Notify callbacks [] for port, precommit_update {{(pid=103302) _notify_loop /usr/local/lib/python3.8/dist-packages/neutron_lib/callbacks/manager.py:192}}
Oct 10 13:15:11.546882 dv-neutron-860320-2-hyperv neutron-server[103300]: INFO neutron.wsgi [None req-3c18696a-225a-4105-8d8a-cc0e80b7a19f tempest-DHCPAgentSchedulersTestJSON-586638500 tempest-DHCPAgentSchedulersTestJSON-586638500-project] 10.222.0.17 "POST /v2.0/ports HTTP/1.1" status: 201 len: 938 time: 2.9096889
Oct 10 13:15:11.553674 dv-neutron-860320-2-hyperv neutron-server[103300]: DEBUG neutron.notifiers.nova [None req-b9adf98a-b91a-4bf3-88d9-e46cb9fb7446 tempest-BulkNetworkOpsIpV6Test-658120676 tempest-BulkNetworkOpsIpV6Test-658120676-project] device_id is not set on port 7bf8bfa1-e24a-432f-8c8f-8c0812f00058 yet. {{(pid=103300) _can_notify /opt/stack/neutron/neutron/notifiers/nova.py:201}}
Oct 10 13:15:11.557721 dv-neutron-860320-2-hyperv neutron-server[103300]: DEBUG neutron.wsgi [-] (103300) accepted ('10.222.0.17', 53636) {{(pid=103300) server /usr/local/lib/python3.8/dist-packages/eventlet/wsgi.py:982}}
Oct 10 13:15:11.558390 dv-neutron-860320-2-hyperv neutron-server[103302]: DEBUG neutron_lib.callbacks.manager [None req-8bd6a887-e1a1-4926-93ee-5de47e2d4a4b None None] Notify callbacks ['neutron.plugins.ml2.plugin.SecurityGroupServerNotifierRpcMixin._notify_sg_on_port_change-1598498', 'neutron.plugins.ml2.ovo_rpc._ObjectChangeHandler.handle_event-218615', 'neutron.api.rpc.agentnotifiers.dhcp_rpc_agent_api.DhcpAgentNotifyAPI._native_event_send_dhcp_notification-624089', 'neutron.db.l3_db.L3RpcNotifierMixin._notify_gateway_port_ip_changed-8735341304540', 'neutron.db.l3_dvrscheduler_db._notify_l3_agent_port_update-8735340819321', 'neutron.db.l3_hascheduler_db._notify_l3_agent_ha_port_update-8735340819339'] for port, after_update {{(pid=103302) _notify_loop /usr/local/lib/python3.8/dist-packages/neutron_lib/callbacks/manager.py:192}}
Oct 10 13:15:11.593103 dv-neutron-860320-2-hyperv neutron-server[103300]: DEBUG neutron_lib.callbacks.manager [None req-bdb45016-202d-40ee-b34f-246c189cd442 tempest-ExternalNetworksTestJSON-751356041 tempest-ExternalNetworksTestJSON-751356041-project-admin] Notify callbacks ['neutron.plugins.ml2.plugin.SecurityGroupDbMixin._ensure_default_security_group_handler-1598693'] for port, before_create {{(pid=103300) _notify_loop /usr/local/lib/python3.8/dist-packages/neutron_lib/callbacks/manager.py:192}}
Oct 10 13:15:11.628417 dv-neutron-860320-2-hyperv neutron-server[103300]: DEBUG neutron_lib.callbacks.manager [None req-7c473f1c-3fcf-4a29-ad5d-d47c0a205754 admin admin] Notify callbacks ['neutron.plugins.ml2.plugin.SecurityGroupDbMixin._ensure_default_security_group_handler-1598693'] for port, before_create {{(pid=103300) _notify_loop /usr/local/lib/python3.8/dist-packages/neutron_lib/callbacks/manager.py:192}}
Oct 10 13:15:11.657359 dv-neutron-860320-2-hyperv neutron-server[103302]: DEBUG neutron.api.rpc.handlers.resources_rpc [None req-ae4985ea-76fd-45fb-876e-92774b906171 None None] Pushing event updated for resources: {'Port': ['ID=282a2c49-d9b9-4630-a428-4a2d92008b9c,revision_number=2']} {{(pid=103302) push /opt/stack/neutron/neutron/api/rpc/handlers/resources_rpc.py:237}}
Oct 10 13:15:11.674693 dv-neutron-860320-2-hyperv neutron-server[103302]: DEBUG neutron.api.rpc.callbacks.version_manager [None req-ae4985ea-76fd-45fb-876e-92774b906171 None None] Version for resource type AddressGroup changed None to 1.2 on consumer Open vSwitch agent@dv-neutron-860320-2-hyperv {{(pid=103302) _set_version /opt/stack/neutron/neutron/api/rpc/callbacks/version_manager.py:113}}
Oct 10 13:15:11.675575 dv-neutron-860320-2-hyperv neutron-server[103302]: DEBUG neutron.api.rpc.callbacks.version_manager [None req-ae4985ea-76fd-45fb-876e-92774b906171 None None] Version for resource type ConntrackHelper changed None to 1.0 on consumer Open vSwitch agent@dv-neutron-860320-2-hyperv {{(pid=103302) _set_version /opt/stack/neutron/neutron/api/rpc/callbacks/version_manager.py:113}}
Oct 10 13:15:11.676113 dv-neutron-860320-2-hyperv neutron-server[103302]: DEBUG neutron.api.rpc.callbacks.version_manager [None req-ae4985ea-76fd-45fb-876e-92774b906171 None None] Version for resource type Log changed None to 1.0 on consumer Open vSwitch agent@dv-neutron-860320-2-hyperv {{(pid=103302) _set_version /opt/stack/neutron/neutron/api/rpc/callbacks/version_manager.py:113}}
Oct 10 13:15:11.676676 dv-neutron-860320-2-hyperv neutron-server[103302]: DEBUG neutron.api.rpc.callbacks.version_manager [None req-ae4985ea-76fd-45fb-876e-92774b906171 None None] Version for resource type Network changed None to 1.1 on consumer Open vSwitch agent@dv-neutron-860320-2-hyperv {{(pid=103302) _set_version /opt/stack/neutron/neutron/api/rpc/callbacks/version_manager.py:113}}
Oct 10 13:15:11.677205 dv-neutron-860320-2-hyperv neutron-server[103302]: DEBUG neutron.api.rpc.callbacks.version_manager [None req-ae4985ea-76fd-45fb-876e-92774b906171 None None] Version for resource type Port changed None to 1.7 on consumer Open vSwitch agent@dv-neutron-860320-2-hyperv {{(pid=103302) _set_version /opt/stack/neutron/neutron/api/rpc/callbacks/version_manager.py:113}}
Oct 10 13:15:11.678784 dv-neutron-860320-2-hyperv neutron-server[103302]: DEBUG neutron.api.rpc.callbacks.version_manager [None req-ae4985ea-76fd-45fb-876e-92774b906171 None None] Version for resource type PortForwarding changed None to 1.2 on consumer Open vSwitch agent@dv-neutron-860320-2-hyperv {{(pid=103302) _set_version /opt/stack/neutron/neutron/api/rpc/callbacks/version_manager.py:113}}
Oct 10 13:15:11.681201 dv-neutron-860320-2-hyperv neutron-server[103302]: DEBUG neutron.api.rpc.callbacks.version_manager [None req-ae4985ea-76fd-45fb-876e-92774b906171 None None] Version for resource type QosPolicy changed None to 1.9 on consumer Open vSwitch agent@dv-neutron-860320-2-hyperv {{(pid=103302) _set_version /opt/stack/neutron/neutron/api/rpc/callbacks/version_manager.py:113}}
Oct 10 13:15:11.681456 dv-neutron-860320-2-hyperv neutron-server[103299]: DEBUG neutron_lib.callbacks.manager [None req-d1e66a0f-be85-42c2-ae38-e725ac09a6ea admin admin] Notify callbacks ['neutron.services.l3_router.l3_router_plugin.L3_HA_NAT_db_mixin._after_router_create-592812', 'neutron.services.l3_router.l3_router_plugin.DVRResourceOperationHandler._create_snat_interfaces_after_change-603299'] for router, after_create {{(pid=103299) _notify_loop /usr/local/lib/python3.8/dist-packages/neutron_lib/callbacks/manager.py:192}}
Oct 10 13:15:11.682482 dv-neutron-860320-2-hyperv neutron-server[103302]: DEBUG neutron.api.rpc.callbacks.version_manager [None req-ae4985ea-76fd-45fb-876e-92774b906171 None None] Version for resource type SecurityGroup changed None to 1.4 on consumer Open vSwitch agent@dv-neutron-860320-2-hyperv {{(pid=103302) _set_version /opt/stack/neutron/neutron/api/rpc/callbacks/version_manager.py:113}}
Oct 10 13:15:11.683324 dv-neutron-860320-2-hyperv neutron-server[103302]: DEBUG neutron.api.rpc.callbacks.version_manager [None req-ae4985ea-76fd-45fb-876e-92774b906171 None None] Version for resource type SecurityGroupRule changed None to 1.2 on consumer Open vSwitch agent@dv-neutron-860320-2-hyperv {{(pid=103302) _set_version /opt/stack/neutron/neutron/api/rpc/callbacks/version_manager.py:113}}
Oct 10 13:15:11.683841 dv-neutron-860320-2-hyperv neutron-server[103302]: DEBUG neutron.api.rpc.callbacks.version_manager [None req-ae4985ea-76fd-45fb-876e-92774b906171 None None] Version for resource type SubPort changed None to 1.0 on consumer Open vSwitch agent@dv-neutron-860320-2-hyperv {{(pid=103302) _set_version /opt/stack/neutron/neutron/api/rpc/callbacks/version_manager.py:113}}
Oct 10 13:15:11.684460 dv-neutron-860320-2-hyperv neutron-server[103302]: DEBUG neutron.api.rpc.callbacks.version_manager [None req-ae4985ea-76fd-45fb-876e-92774b906171 None None] Version for resource type Subnet changed None to 1.1 on consumer Open vSwitch agent@dv-neutron-860320-2-hyperv {{(pid=103302) _set_version /opt/stack/neutron/neutron/api/rpc/callbacks/version_manager.py:113}}
Oct 10 13:15:11.685904 dv-neutron-860320-2-hyperv neutron-server[103302]: DEBUG neutron.api.rpc.callbacks.version_manager [None req-ae4985ea-76fd-45fb-876e-92774b906171 None None] Version for resource type Trunk changed None to 1.1 on consumer Open vSwitch agent@dv-neutron-860320-2-hyperv {{(pid=103302) _set_version /opt/stack/neutron/neutron/api/rpc/callbacks/version_manager.py:113}}
Oct 10 13:15:11.688084 dv-neutron-860320-2-hyperv neutron-server[103302]: DEBUG neutron.api.rpc.callbacks.version_manager [None req-ae4985ea-76fd-45fb-876e-92774b906171 None None] Tracked resource versions report:
Oct 10 13:15:11.688084 dv-neutron-860320-2-hyperv neutron-server[103302]: pushed versions:
Oct 10 13:15:11.688084 dv-neutron-860320-2-hyperv neutron-server[103302]: { 'AddressGroup': {'1.2'},
Oct 10 13:15:11.688084 dv-neutron-860320-2-hyperv neutron-server[103302]: 'ConntrackHelper': {'1.0'},
Oct 10 13:15:11.688084 dv-neutron-860320-2-hyperv neutron-server[103302]: 'Log': {'1.0'},
Oct 10 13:15:11.688084 dv-neutron-860320-2-hyperv neutron-server[103302]: 'Network': {'1.1'},
Oct 10 13:15:11.688084 dv-neutron-860320-2-hyperv neutron-server[103302]: 'Port': {'1.7'},
Oct 10 13:15:11.688084 dv-neutron-860320-2-hyperv neutron-server[103302]: 'PortForwarding': {'1.2'},
Oct 10 13:15:11.688084 dv-neutron-860320-2-hyperv neutron-server[103302]: 'QosPolicy': {'1.9'},
Oct 10 13:15:11.688084 dv-neutron-860320-2-hyperv neutron-server[103302]: 'SecurityGroup': {'1.4'},
Oct 10 13:15:11.688084 dv-neutron-860320-2-hyperv neutron-server[103302]: 'SecurityGroupRule': {'1.2'},
Oct 10 13:15:11.688084 dv-neutron-860320-2-hyperv neutron-server[103302]: 'SubPort': {'1.0'},
Oct 10 13:15:11.688084 dv-neutron-860320-2-hyperv neutron-server[103302]: 'Subnet': {'1.1'},
Oct 10 13:15:11.688084 dv-neutron-860320-2-hyperv neutron-server[103302]: 'Trunk': {'1.1'}}
Oct 10 13:15:11.688084 dv-neutron-860320-2-hyperv neutron-server[103302]: consumer versions:
Oct 10 13:15:11.688084 dv-neutron-860320-2-hyperv neutron-server[103302]: { DHCP agent@dv-neutron-860320-2-hyperv: {},
Oct 10 13:15:11.688084 dv-neutron-860320-2-hyperv neutron-server[103302]: HyperV agent@hv-neutron-8603: {},
Oct 10 13:15:11.688084 dv-neutron-860320-2-hyperv neutron-server[103302]: L3 agent@dv-neutron-860320-2-hyperv: {},
Oct 10 13:15:11.688084 dv-neutron-860320-2-hyperv neutron-server[103302]: Metadata agent@dv-neutron-860320-2-hyperv: {},
Oct 10 13:15:11.688084 dv-neutron-860320-2-hyperv neutron-server[103302]: Metering agent@dv-neutron-860320-2-hyperv: {},
Oct 10 13:15:11.688084 dv-neutron-860320-2-hyperv neutron-server[103302]: Open vSwitch agent@dv-neutron-860320-2-hyperv: { 'AddressGroup': '1.2',
Oct 10 13:15:11.688084 dv-neutron-860320-2-hyperv neutron-server[103302]: 'ConntrackHelper': '1.0',
Oct 10 13:15:11.688084 dv-neutron-860320-2-hyperv neutron-server[103302]: 'Log': '1.0',
Oct 10 13:15:11.688084 dv-neutron-860320-2-hyperv neutron-server[103302]: 'Network': '1.1',
Oct 10 13:15:11.688084 dv-neutron-860320-2-hyperv neutron-server[103302]: 'Port': '1.7',
Oct 10 13:15:11.688084 dv-neutron-860320-2-hyperv neutron-server[103302]: 'PortForwarding': '1.2',
Oct 10 13:15:11.688084 dv-neutron-860320-2-hyperv neutron-server[103302]: 'QosPolicy': '1.9',
Oct 10 13:15:11.688084 dv-neutron-860320-2-hyperv neutron-server[103302]: 'SecurityGroup': '1.4',
Oct 10 13:15:11.688084 dv-neutron-860320-2-hyperv neutron-server[103302]: 'SecurityGroupRule': '1.2',
Oct 10 13:15:11.688084 dv-neutron-860320-2-hyperv neutron-server[103302]: 'SubPort': '1.0',
Oct 10 13:15:11.688084 dv-neutron-860320-2-hyperv neutron-server[103302]: 'Subnet': '1.1',
Oct 10 13:15:11.688084 dv-neutron-860320-2-hyperv neutron-server[103302]: 'Trunk': '1.1'}}
Oct 10 13:15:11.688084 dv-neutron-860320-2-hyperv neutron-server[103302]: {{(pid=103302) report /opt/stack/neutron/neutron/api/rpc/callbacks/version_manager.py:175}}
Oct 10 13:15:11.701121 dv-neutron-860320-2-hyperv neutron-server[103302]: DEBUG neutron.plugins.ml2.managers [None req-8bd6a887-e1a1-4926-93ee-5de47e2d4a4b None None] Attempting to bind port 282a2c49-d9b9-4630-a428-4a2d92008b9c on host dv-neutron-860320-2-hyperv for vnic_type normal with profile {{(pid=103302) bind_port /opt/stack/neutron/neutron/plugins/ml2/managers.py:806}}
Oct 10 13:15:11.702276 dv-neutron-860320-2-hyperv neutron-server[103302]: DEBUG neutron.plugins.ml2.managers [None req-8bd6a887-e1a1-4926-93ee-5de47e2d4a4b None None] Attempting to bind port 282a2c49-d9b9-4630-a428-4a2d92008b9c by drivers openvswitch,hyperv on host dv-neutron-860320-2-hyperv at level 0 using segments [{'id': '18346ed4-0746-4032-b43a-28df4aeb3ee9', 'network_type': 'flat', 'physical_network': 'physnet1', 'segmentation_id': None, 'network_id': 'a5e36846-03df-4426-834a-7158841bb9f3'}] {{(pid=103302) _bind_port_level /opt/stack/neutron/neutron/plugins/ml2/managers.py:831}}
Oct 10 13:15:11.702804 dv-neutron-860320-2-hyperv neutron-server[103302]: DEBUG neutron.plugins.ml2.drivers.mech_agent [None req-8bd6a887-e1a1-4926-93ee-5de47e2d4a4b None None] Attempting to bind port 282a2c49-d9b9-4630-a428-4a2d92008b9c on network a5e36846-03df-4426-834a-7158841bb9f3 {{(pid=103302) bind_port /opt/stack/neutron/neutron/plugins/ml2/drivers/mech_agent.py:91}}
Oct 10 13:15:11.708683 dv-neutron-860320-2-hyperv neutron-server[103302]: DEBUG neutron.plugins.ml2.drivers.mech_agent [None req-8bd6a887-e1a1-4926-93ee-5de47e2d4a4b None None] Checking agent: {'id': '6d264399-3d1e-41b4-8ba7-9ea1851c05a6', 'agent_type': 'Open vSwitch agent', 'binary': 'neutron-openvswitch-agent', 'topic': 'N/A', 'host': 'dv-neutron-860320-2-hyperv', 'admin_state_up': True, 'created_at': datetime.datetime(2022, 10, 10, 13, 7, 23), 'started_at': datetime.datetime(2022, 10, 10, 13, 7, 53), 'heartbeat_timestamp': datetime.datetime(2022, 10, 10, 13, 14, 53), 'description': None, 'resources_synced': None, 'availability_zone': None, 'alive': True, 'configurations': {'arp_responder_enabled': False, 'baremetal_smartnic': False, 'bridge_mappings': {'physnet1': 'br-data'}, 'datapath_type': 'system', 'devices': 0, 'enable_distributed_routing': False, 'extensions': [], 'in_distributed_mode': False, 'integration_bridge': 'br-int', 'l2_population': False, 'log_agent_heartbeats': False, 'ovs_capabilities': {'datapath_types': ['netdev', 'system'], 'iface_types': ['erspan', 'geneve', 'gre', 'internal', 'ip6erspan', 'ip6gre', 'lisp', 'patch', 'stt', 'system', 'tap', 'vxlan']}, 'ovs_hybrid_plug': False, 'resource_provider_bandwidths': {}, 'resource_provider_hypervisors': {'br-data': 'dv-neutron-860320-2-hyperv'}, 'resource_provider_inventory_defaults': {'allocation_ratio': 1.0, 'min_unit': 1, 'step_size': 1, 'reserved': 0}, 'tunnel_types': [], 'tunneling_ip': None, 'vhostuser_socket_dir': '/var/run/openvswitch'}, 'resource_versions': {'AddressGroup': '1.2', 'ConntrackHelper': '1.0', 'Log': '1.0', 'Network': '1.1', 'Port': '1.7', 'PortForwarding': '1.2', 'QosPolicy': '1.9', 'SecurityGroup': '1.4', 'SecurityGroupRule': '1.2', 'SubPort': '1.0', 'Subnet': '1.1', 'Trunk': '1.1'}} {{(pid=103302) bind_port /opt/stack/neutron/neutron/plugins/ml2/drivers/mech_agent.py:110}}
Oct 10 13:15:11.709413 dv-neutron-860320-2-hyperv neutron-server[103302]: DEBUG neutron.plugins.ml2.drivers.mech_agent [None req-8bd6a887-e1a1-4926-93ee-5de47e2d4a4b None None] Checking segment: {'id': '18346ed4-0746-4032-b43a-28df4aeb3ee9', 'network_type': 'flat', 'physical_network': 'physnet1', 'segmentation_id': None, 'network_id': 'a5e36846-03df-4426-834a-7158841bb9f3'} for mappings: {'physnet1': 'br-data'} with network types: ['local', 'flat', 'vlan'] {{(pid=103302) check_segment_for_agent /opt/stack/neutron/neutron/plugins/ml2/drivers/mech_agent.py:360}}
Oct 10 13:15:11.709961 dv-neutron-860320-2-hyperv neutron-server[103302]: DEBUG neutron_lib.callbacks.manager [None req-8bd6a887-e1a1-4926-93ee-5de47e2d4a4b None None] Notify callbacks [] for ovs_bridge_name, before_read {{(pid=103302) _notify_loop /usr/local/lib/python3.8/dist-packages/neutron_lib/callbacks/manager.py:192}}
Oct 10 13:15:11.710500 dv-neutron-860320-2-hyperv neutron-server[103302]: DEBUG neutron.plugins.ml2.drivers.mech_agent [None req-8bd6a887-e1a1-4926-93ee-5de47e2d4a4b None None] Bound using segment: {'id': '18346ed4-0746-4032-b43a-28df4aeb3ee9', 'network_type': 'flat', 'physical_network': 'physnet1', 'segmentation_id': None, 'network_id': 'a5e36846-03df-4426-834a-7158841bb9f3'} {{(pid=103302) bind_port /opt/stack/neutron/neutron/plugins/ml2/drivers/mech_agent.py:120}}
Oct 10 13:15:11.711233 dv-neutron-860320-2-hyperv neutron-server[103302]: DEBUG neutron.plugins.ml2.managers [None req-8bd6a887-e1a1-4926-93ee-5de47e2d4a4b None None] Bound port: 282a2c49-d9b9-4630-a428-4a2d92008b9c, host: dv-neutron-860320-2-hyperv, vif_type: ovs, vif_details: {"connectivity": "l2", "port_filter": true, "ovs_hybrid_plug": false, "datapath_type": "system", "bridge_name": "br-int"}, binding_levels: [{'bound_driver': 'openvswitch', 'bound_segment': {'id': '18346ed4-0746-4032-b43a-28df4aeb3ee9', 'network_type': 'flat', 'physical_network': 'physnet1', 'segmentation_id': None, 'network_id': 'a5e36846-03df-4426-834a-7158841bb9f3'}}] {{(pid=103302) _bind_port_level /opt/stack/neutron/neutron/plugins/ml2/managers.py:944}}
Oct 10 13:15:11.712445 dv-neutron-860320-2-hyperv neutron-server[103302]: DEBUG neutron_lib.callbacks.manager [None req-8bd6a887-e1a1-4926-93ee-5de47e2d4a4b None None] Notify callbacks ['neutron.plugins.ml2.plugin.SecurityGroupDbMixin._ensure_default_security_group_handler-1598693'] for port, before_update {{(pid=103302) _notify_loop /usr/local/lib/python3.8/dist-packages/neutron_lib/callbacks/manager.py:192}}
Oct 10 13:15:11.719109 dv-neutron-860320-2-hyperv neutron-server[103301]: DEBUG neutron.plugins.ml2.rpc [None req-1edbdf73-9239-4684-bc00-a3606b592bed None None] Device bd7c0f85-f331-4470-ac56-22682466180e up at agent ovs-agent-dv-neutron-860320-2-hyperv {{(pid=103301) update_device_up /opt/stack/neutron/neutron/plugins/ml2/rpc.py:296}}
Oct 10 13:15:11.769851 dv-neutron-860320-2-hyperv neutron-server[103302]: DEBUG neutron.plugins.ml2.db [None req-8bd6a887-e1a1-4926-93ee-5de47e2d4a4b None None] For port 282a2c49-d9b9-4630-a428-4a2d92008b9c, host dv-neutron-860320-2-hyperv, cleared binding levels {{(pid=103302) clear_binding_levels /opt/stack/neutron/neutron/plugins/ml2/db.py:87}}
Oct 10 13:15:11.772708 dv-neutron-860320-2-hyperv neutron-server[103302]: DEBUG neutron.plugins.ml2.db [None req-8bd6a887-e1a1-4926-93ee-5de47e2d4a4b None None] For port 282a2c49-d9b9-4630-a428-4a2d92008b9c, host dv-neutron-860320-2-hyperv, set binding levels [PortBindingLevel(driver='openvswitch',host='dv-neutron-860320-2-hyperv',level=0,port_id=282a2c49-d9b9-4630-a428-4a2d92008b9c,segment=NetworkSegment(18346ed4-0746-4032-b43a-28df4aeb3ee9),segment_id=18346ed4-0746-4032-b43a-28df4aeb3ee9)] {{(pid=103302) set_binding_levels /opt/stack/neutron/neutron/plugins/ml2/db.py:59}}
Oct 10 13:15:11.778505 dv-neutron-860320-2-hyperv neutron-server[103302]: DEBUG neutron_lib.callbacks.manager [None req-8bd6a887-e1a1-4926-93ee-5de47e2d4a4b None None] Notify callbacks ['neutron.plugins.ml2.plugin.SecurityGroupServerNotifierRpcMixin._notify_sg_on_port_change-1598498', 'neutron.plugins.ml2.ovo_rpc._ObjectChangeHandler.handle_event-218615', 'neutron.api.rpc.agentnotifiers.dhcp_rpc_agent_api.DhcpAgentNotifyAPI._native_event_send_dhcp_notification-624089', 'neutron.db.l3_db.L3RpcNotifierMixin._notify_gateway_port_ip_changed-8735341304540', 'neutron.db.l3_dvrscheduler_db._notify_l3_agent_port_update-8735340819321', 'neutron.db.l3_hascheduler_db._notify_l3_agent_ha_port_update-8735340819339'] for port, after_update {{(pid=103302) _notify_loop /usr/local/lib/python3.8/dist-packages/neutron_lib/callbacks/manager.py:192}}
Oct 10 13:15:11.835187 dv-neutron-860320-2-hyperv neutron-server[103302]: DEBUG neutron.api.rpc.handlers.resources_rpc [None req-ae4985ea-76fd-45fb-876e-92774b906171 None None] Pushing event updated for resources: {'Port': ['ID=282a2c49-d9b9-4630-a428-4a2d92008b9c,revision_number=3']} {{(pid=103302) push /opt/stack/neutron/neutron/api/rpc/handlers/resources_rpc.py:237}}
Oct 10 13:15:11.850565 dv-neutron-860320-2-hyperv neutron-server[103302]: DEBUG neutron.db.l3_dvrscheduler_db [None req-8bd6a887-e1a1-4926-93ee-5de47e2d4a4b None None] Routers {'1c31ccd9-3601-4eb4-a49c-b81e49ca648b'} bound to L3 agent in host dv-neutron-860320-2-hyperv {{(pid=103302) _get_router_ids_for_agent /opt/stack/neutron/neutron/db/l3_dvrscheduler_db.py:420}}
Oct 10 13:15:11.851883 dv-neutron-860320-2-hyperv neutron-server[103302]: DEBUG neutron.db.l3_hamode_db [None req-8bd6a887-e1a1-4926-93ee-5de47e2d4a4b None None] neutron.services.l3_router.l3_router_plugin.L3RouterPlugin method get_ha_sync_data_for_host called with arguments (, 'dv-neutron-860320-2-hyperv', Agent(admin_state_up=True,agent_type='L3 agent',availability_zone='nova',binary='neutron-l3-agent',configurations={"agent_mode": "legacy", "ex_gw_ports": 1, "extensions": [], "floating_ips": 0, "handle_internal_only_routers": true, "interface_driver": "openvswitch", "interfaces": 1, "log_agent_heartbeats": false, "routers": 1},created_at=2022-10-10T13:07:20Z,description=,heartbeat_timestamp=2022-10-10T13:14:50Z,host='dv-neutron-860320-2-hyperv',id=1f5f4f4e-34d9-4581-bc84-2c9a4b414d14,load=0,resource_versions=,resources_synced=,started_at=2022-10-10T13:07:20Z,topic='l3_agent')) {'router_ids': ['1c31ccd9-3601-4eb4-a49c-b81e49ca648b'], 'active': True} {{(pid=103302) wrapper /usr/local/lib/python3.8/dist-packages/oslo_log/helpers.py:65}}
Oct 10 13:15:11.931216 dv-neutron-860320-2-hyperv neutron-server[103300]: DEBUG neutron.db.db_base_plugin_common [None req-bdb45016-202d-40ee-b34f-246c189cd442 tempest-ExternalNetworksTestJSON-751356041 tempest-ExternalNetworksTestJSON-751356041-project-admin] Allocated IP 172.20.0.6 (30dca510-abb6-4d24-a860-ecb95a930f34/38a7002a-f892-49ae-8270-5f35016eabe4/d4927420-fb49-4cb9-908d-b58ece507e55) {{(pid=103300) _store_ip_allocation /opt/stack/neutron/neutron/db/db_base_plugin_common.py:131}}
Oct 10 13:15:11.946107 dv-neutron-860320-2-hyperv neutron-server[103301]: DEBUG neutron.plugins.ml2.plugin [None req-830279ab-763d-4f4c-ad77-6e7f63bf9ed5 None None] Current status of the port bd7c0f85-f331-4470-ac56-22682466180e is: DOWN; New status is: ACTIVE {{(pid=103301) _update_individual_port_db_status /opt/stack/neutron/neutron/plugins/ml2/plugin.py:2279}}
Oct 10 13:15:11.947733 dv-neutron-860320-2-hyperv neutron-server[103301]: DEBUG neutron_lib.callbacks.manager [None req-830279ab-763d-4f4c-ad77-6e7f63bf9ed5 None None] Notify callbacks ['neutron.plugins.ml2.plugin.SecurityGroupDbMixin._ensure_default_security_group_handler-1598693'] for port, before_update {{(pid=103301) _notify_loop /usr/local/lib/python3.8/dist-packages/neutron_lib/callbacks/manager.py:192}}
Oct 10 13:15:11.970770 dv-neutron-860320-2-hyperv neutron-server[103302]: DEBUG neutron.db.l3_dvr_db [None req-8bd6a887-e1a1-4926-93ee-5de47e2d4a4b None None] Set router 1c31ccd9-3601-4eb4-a49c-b81e49ca648b gateway port host: dv-neutron-860320-2-hyperv {{(pid=103302) _build_routers_list /opt/stack/neutron/neutron/db/l3_dvr_db.py:906}}
Oct 10 13:15:11.974220 dv-neutron-860320-2-hyperv neutron-server[103301]: DEBUG neutron.db.provisioning_blocks [None req-1edbdf73-9239-4684-bc00-a3606b592bed None None] Provisioning complete for port bd7c0f85-f331-4470-ac56-22682466180e triggered by entity L2. {{(pid=103301) provisioning_complete /opt/stack/neutron/neutron/db/provisioning_blocks.py:140}}
Oct 10 13:15:11.974696 dv-neutron-860320-2-hyperv neutron-server[103301]: DEBUG neutron_lib.callbacks.manager [None req-1edbdf73-9239-4684-bc00-a3606b592bed None None] Notify callbacks ['neutron.plugins.ml2.plugin.Ml2Plugin._port_provisioned-1822540'] for port, provisioning_complete {{(pid=103301) _notify_loop /usr/local/lib/python3.8/dist-packages/neutron_lib/callbacks/manager.py:192}}
Oct 10 13:15:11.975157 dv-neutron-860320-2-hyperv neutron-server[103301]: INFO neutron.plugins.ml2.plugin [None req-1edbdf73-9239-4684-bc00-a3606b592bed None None] Attempt 1 to provision port bd7c0f85-f331-4470-ac56-22682466180e
Oct 10 13:15:11.980123 dv-neutron-860320-2-hyperv neutron-server[103301]: DEBUG neutron_lib.callbacks.manager [None req-71fd2c52-8ac9-4b96-a257-9837cbfce57f None None] Notify callbacks [] for port, precommit_update {{(pid=103301) _notify_loop /usr/local/lib/python3.8/dist-packages/neutron_lib/callbacks/manager.py:192}}
Oct 10 13:15:12.045536 dv-neutron-860320-2-hyperv neutron-server[103301]: DEBUG neutron_lib.callbacks.manager [None req-71fd2c52-8ac9-4b96-a257-9837cbfce57f None None] Notify callbacks ['neutron.plugins.ml2.plugin.SecurityGroupServerNotifierRpcMixin._notify_sg_on_port_change-1598498', 'neutron.plugins.ml2.ovo_rpc._ObjectChangeHandler.handle_event-218615', 'neutron.api.rpc.agentnotifiers.dhcp_rpc_agent_api.DhcpAgentNotifyAPI._native_event_send_dhcp_notification-624089', 'neutron.db.l3_db.L3RpcNotifierMixin._notify_gateway_port_ip_changed-8735341304540', 'neutron.db.l3_dvrscheduler_db._notify_l3_agent_port_update-8735340819321', 'neutron.db.l3_hascheduler_db._notify_l3_agent_ha_port_update-8735340819339'] for port, after_update {{(pid=103301) _notify_loop /usr/local/lib/python3.8/dist-packages/neutron_lib/callbacks/manager.py:192}}
Oct 10 13:15:12.129623 dv-neutron-860320-2-hyperv neutron-server[103301]: DEBUG neutron.plugins.ml2.managers [None req-71fd2c52-8ac9-4b96-a257-9837cbfce57f None None] Attempting to bind port 2b3decbe-ce55-4567-a8d8-a468d77b8a8d on host dv-neutron-860320-2-hyperv for vnic_type normal with profile {{(pid=103301) bind_port /opt/stack/neutron/neutron/plugins/ml2/managers.py:806}}
Oct 10 13:15:12.130162 dv-neutron-860320-2-hyperv neutron-server[103301]: DEBUG neutron.plugins.ml2.managers [None req-71fd2c52-8ac9-4b96-a257-9837cbfce57f None None] Attempting to bind port 2b3decbe-ce55-4567-a8d8-a468d77b8a8d by drivers openvswitch,hyperv on host dv-neutron-860320-2-hyperv at level 0 using segments [{'id': '18346ed4-0746-4032-b43a-28df4aeb3ee9', 'network_type': 'flat', 'physical_network': 'physnet1', 'segmentation_id': None, 'network_id': 'a5e36846-03df-4426-834a-7158841bb9f3'}] {{(pid=103301) _bind_port_level /opt/stack/neutron/neutron/plugins/ml2/managers.py:831}}
Oct 10 13:15:12.130709 dv-neutron-860320-2-hyperv neutron-server[103301]: DEBUG neutron.plugins.ml2.drivers.mech_agent [None req-71fd2c52-8ac9-4b96-a257-9837cbfce57f None None] Attempting to bind port 2b3decbe-ce55-4567-a8d8-a468d77b8a8d on network a5e36846-03df-4426-834a-7158841bb9f3 {{(pid=103301) bind_port /opt/stack/neutron/neutron/plugins/ml2/drivers/mech_agent.py:91}}
Oct 10 13:15:12.142686 dv-neutron-860320-2-hyperv neutron-server[103301]: DEBUG neutron.api.rpc.handlers.resources_rpc [None req-4529ced2-3c72-4829-88d2-70d166d646eb None None] Pushing event updated for resources: {'Port': ['ID=2b3decbe-ce55-4567-a8d8-a468d77b8a8d,revision_number=2']} {{(pid=103301) push /opt/stack/neutron/neutron/api/rpc/handlers/resources_rpc.py:237}}
