Oct 10 13:15:27.374415 dv-neutron-860320-2-hyperv neutron-server[103300]: DEBUG neutron.api.rpc.agentnotifiers.l3_rpc_agent_api [None req-44dba261-2ae5-4e87-89a2-88630ddf888a tempest-ExternalNetworksTestJSON-751356041 tempest-ExternalNetworksTestJSON-751356041-project-admin] Fanout notify agent at l3_agent the message fipnamespace_delete_on_ext_net for external_network 9f748515-8a8f-4fb7-8587-5e3f91bba00c {{(pid=103300) _notification_fanout /opt/stack/neutron/neutron/api/rpc/agentnotifiers/l3_rpc_agent_api.py:120}}
Oct 10 13:15:27.377865 dv-neutron-860320-2-hyperv neutron-server[103300]: DEBUG neutron_lib.callbacks.manager [None req-44dba261-2ae5-4e87-89a2-88630ddf888a tempest-ExternalNetworksTestJSON-751356041 tempest-ExternalNetworksTestJSON-751356041-project-admin] Notify callbacks ['neutron.api.rpc.agentnotifiers.dhcp_rpc_agent_api.DhcpAgentNotifyAPI._send_dhcp_notification-624043'] for network, before_response {{(pid=103300) _notify_loop /usr/local/lib/python3.8/dist-packages/neutron_lib/callbacks/manager.py:192}}
Oct 10 13:15:27.386275 dv-neutron-860320-2-hyperv neutron-server[103300]: INFO neutron.wsgi [None req-44dba261-2ae5-4e87-89a2-88630ddf888a tempest-ExternalNetworksTestJSON-751356041 tempest-ExternalNetworksTestJSON-751356041-project-admin] 10.222.0.17 "DELETE /v2.0/networks/9f748515-8a8f-4fb7-8587-5e3f91bba00c HTTP/1.1" status: 204 len: 168 time: 1.2578068
Oct 10 13:15:27.389300 dv-neutron-860320-2-hyperv neutron-server[103300]: DEBUG neutron.wsgi [-] (103300) accepted ('10.222.0.17', 53892) {{(pid=103300) server /usr/local/lib/python3.8/dist-packages/eventlet/wsgi.py:982}}
Oct 10 13:15:27.400924 dv-neutron-860320-2-hyperv neutron-server[103300]: DEBUG neutron.api.v2.base [None req-bbea0ff7-7dea-4831-a223-4e347614a299 tempest-ExternalNetworksTestJSON-751356041 tempest-ExternalNetworksTestJSON-751356041-project-admin] Request body: {'network': {'name': 'tempest-network--1145191186'}} {{(pid=103300) prepare_request_body /opt/stack/neutron/neutron/api/v2/base.py:729}}
Oct 10 13:15:27.435179 dv-neutron-860320-2-hyperv neutron-server[103299]: DEBUG neutron_lib.callbacks.manager [None req-8b205598-5418-40e1-8d98-9a57c7b0d2c2 tempest-ServersTestManualDisk-382057973 tempest-ServersTestManualDisk-382057973-project] Notify callbacks [] for floatingip, precommit_create {{(pid=103299) _notify_loop /usr/local/lib/python3.8/dist-packages/neutron_lib/callbacks/manager.py:192}}
Oct 10 13:15:27.442319 dv-neutron-860320-2-hyperv neutron-server[103300]: DEBUG neutron.api.rpc.handlers.resources_rpc [None req-44dba261-2ae5-4e87-89a2-88630ddf888a tempest-ExternalNetworksTestJSON-751356041 tempest-ExternalNetworksTestJSON-751356041-project-admin] Pushing event deleted for resources: {'Network': ['ID=9f748515-8a8f-4fb7-8587-5e3f91bba00c,revision_number=None']} {{(pid=103300) push /opt/stack/neutron/neutron/api/rpc/handlers/resources_rpc.py:237}}
Oct 10 13:15:27.493091 dv-neutron-860320-2-hyperv neutron-server[103299]: DEBUG neutron_lib.callbacks.manager [None req-8b205598-5418-40e1-8d98-9a57c7b0d2c2 tempest-ServersTestManualDisk-382057973 tempest-ServersTestManualDisk-382057973-project] Notify callbacks ['neutron.plugins.ml2.plugin.SecurityGroupDbMixin._ensure_default_security_group_handler-1598693'] for port, before_update {{(pid=103299) _notify_loop /usr/local/lib/python3.8/dist-packages/neutron_lib/callbacks/manager.py:192}}
Oct 10 13:15:27.501935 dv-neutron-860320-2-hyperv neutron-server[103300]: DEBUG neutron.db.db_base_plugin_common [None req-059f1d30-0afe-4673-9c86-f8ef1cc5d210 tempest-FloatingIPTestJSON-1135859656 tempest-FloatingIPTestJSON-1135859656-project] Allocated IP 172.20.0.9 (2b16b4b3-2f8a-4491-b973-aaf31cfedfe9/f103b47b-86f8-4dd0-b8c8-ded4c863e7c0/0548f7f9-7905-4aa2-a61c-21191a9d51dd) {{(pid=103300) _store_ip_allocation /opt/stack/neutron/neutron/db/db_base_plugin_common.py:131}}
Oct 10 13:15:27.535302 dv-neutron-860320-2-hyperv neutron-server[103300]: DEBUG neutron.wsgi [-] (103300) accepted ('10.222.0.17', 53900) {{(pid=103300) server /usr/local/lib/python3.8/dist-packages/eventlet/wsgi.py:982}}
Oct 10 13:15:27.542343 dv-neutron-860320-2-hyperv neutron-server[103300]: WARNING keystonemiddleware.auth_token [-] A valid token was submitted as a service token, but it was not a valid service token. This is incorrect but backwards compatible behaviour. This will be removed in future releases.
Oct 10 13:15:27.544606 dv-neutron-860320-2-hyperv neutron-server[103300]: DEBUG neutron.pecan_wsgi.hooks.quota_enforcement [None req-bbea0ff7-7dea-4831-a223-4e347614a299 tempest-ExternalNetworksTestJSON-751356041 tempest-ExternalNetworksTestJSON-751356041-project-admin] Made reservation on behalf of e1911117b2d8474bace2cfeb05e37704 for: {'network': 1} {{(pid=103300) before /opt/stack/neutron/neutron/pecan_wsgi/hooks/quota_enforcement.py:53}}
Oct 10 13:15:27.546869 dv-neutron-860320-2-hyperv neutron-server[103300]: DEBUG neutron_lib.callbacks.manager [None req-bbea0ff7-7dea-4831-a223-4e347614a299 tempest-ExternalNetworksTestJSON-751356041 tempest-ExternalNetworksTestJSON-751356041-project-admin] Notify callbacks ['neutron.plugins.ml2.plugin.SecurityGroupDbMixin._ensure_default_security_group_handler-1598693'] for network, before_create {{(pid=103300) _notify_loop /usr/local/lib/python3.8/dist-packages/neutron_lib/callbacks/manager.py:192}}
Oct 10 13:15:27.637073 dv-neutron-860320-2-hyperv neutron-server[103299]: DEBUG neutron_lib.callbacks.manager [None req-5b9cf5bb-e944-40a4-b946-61bae33feaa6 tempest-RoutersAdminTest-925268957 tempest-RoutersAdminTest-925268957-project-admin] Notify callbacks [] for port, precommit_create {{(pid=103299) _notify_loop /usr/local/lib/python3.8/dist-packages/neutron_lib/callbacks/manager.py:192}}
Oct 10 13:15:27.688983 dv-neutron-860320-2-hyperv neutron-server[103299]: DEBUG neutron_lib.callbacks.manager [None req-5b9cf5bb-e944-40a4-b946-61bae33feaa6 tempest-RoutersAdminTest-925268957 tempest-RoutersAdminTest-925268957-project-admin] Notify callbacks ['neutron.plugins.ml2.plugin.SecurityGroupServerNotifierRpcMixin._notify_sg_on_port_change-1598498', 'neutron.plugins.ml2.ovo_rpc._ObjectChangeHandler.handle_event-218615', 'neutron.api.rpc.agentnotifiers.dhcp_rpc_agent_api.DhcpAgentNotifyAPI._native_event_send_dhcp_notification-624089', 'neutron.db.l3_dvrscheduler_db._notify_l3_agent_new_port-8735340819303', 'neutron.services.segments.plugin.NovaSegmentNotifier._notify_port_created_or_deleted-9760090'] for port, after_create {{(pid=103299) _notify_loop /usr/local/lib/python3.8/dist-packages/neutron_lib/callbacks/manager.py:192}}
Oct 10 13:15:27.735843 dv-neutron-860320-2-hyperv neutron-server[103300]: DEBUG neutron.plugins.ml2.drivers.helpers [None req-bbea0ff7-7dea-4831-a223-4e347614a299 tempest-ExternalNetworksTestJSON-751356041 tempest-ExternalNetworksTestJSON-751356041-project-admin] vlan segment allocate from pool success with {'physical_network': 'physnet1', 'vlan_id': 481} {{(pid=103300) allocate_partially_specified_segment /opt/stack/neutron/neutron/plugins/ml2/drivers/helpers.py:153}}
Oct 10 13:15:27.736052 dv-neutron-860320-2-hyperv neutron-server[103299]: DEBUG neutron.scheduler.dhcp_agent_scheduler [None req-5b9cf5bb-e944-40a4-b946-61bae33feaa6 tempest-RoutersAdminTest-925268957 tempest-RoutersAdminTest-925268957-project-admin] Network c9a52b06-e137-42f8-ab7d-a872d5c875f4 is already hosted by enough agents. {{(pid=103299) _get_dhcp_agents_hosting_network /opt/stack/neutron/neutron/scheduler/dhcp_agent_scheduler.py:275}}
Oct 10 13:15:27.739461 dv-neutron-860320-2-hyperv neutron-server[103299]: DEBUG neutron.scheduler.base_scheduler [None req-5b9cf5bb-e944-40a4-b946-61bae33feaa6 tempest-RoutersAdminTest-925268957 tempest-RoutersAdminTest-925268957-project-admin] Resources bound (agent type, host, resource id): {{(pid=103299) schedule /opt/stack/neutron/neutron/scheduler/base_scheduler.py:57}}
Oct 10 13:15:27.768597 dv-neutron-860320-2-hyperv neutron-server[103299]: DEBUG neutron.db.l3_dvrscheduler_db [None req-5b9cf5bb-e944-40a4-b946-61bae33feaa6 tempest-RoutersAdminTest-925268957 tempest-RoutersAdminTest-925268957-project-admin] Received port after_create {{(pid=103299) _notify_l3_agent_new_port /opt/stack/neutron/neutron/db/l3_dvrscheduler_db.py:535}}
Oct 10 13:15:27.768715 dv-neutron-860320-2-hyperv neutron-server[103300]: INFO neutron.wsgi [req-16e190d4-dc89-43d9-a169-2f1c827fb86f req-4ebd6ab0-63c2-4594-91c0-4c487558c68f tempest-ServerActionsTestJSON-825273057 tempest-ServerActionsTestJSON-825273057-project] 10.222.0.17 "GET /v2.0/security-groups?name=tempest-securitygroup--904210956&fields=id&tenant_id=e600d45d9ba94c25a063c1c4b7c90c8f HTTP/1.1" status: 200 len: 267 time: 0.2310591
Oct 10 13:15:27.802796 dv-neutron-860320-2-hyperv neutron-server[103300]: DEBUG neutron.pecan_wsgi.hooks.quota_enforcement [None req-b0a0dcd9-f364-4cf9-ae2e-8e664f40e3f2 tempest-BulkNetworkOpsIpV6Test-658120676 tempest-BulkNetworkOpsIpV6Test-658120676-project] Made reservation on behalf of b7d7707ed5bf41d4aab0625aad954371 for: {'subnet': 2} {{(pid=103300) before /opt/stack/neutron/neutron/pecan_wsgi/hooks/quota_enforcement.py:53}}
Oct 10 13:15:27.808571 dv-neutron-860320-2-hyperv neutron-server[103300]: DEBUG neutron_lib.callbacks.manager [None req-b0a0dcd9-f364-4cf9-ae2e-8e664f40e3f2 tempest-BulkNetworkOpsIpV6Test-658120676 tempest-BulkNetworkOpsIpV6Test-658120676-project] Notify callbacks ['neutron.services.segments.plugin.SegmentHostRoutes.host_routes_before_create-9574839'] for subnet, before_create {{(pid=103300) _notify_loop /usr/local/lib/python3.8/dist-packages/neutron_lib/callbacks/manager.py:192}}
Oct 10 13:15:27.808913 dv-neutron-860320-2-hyperv neutron-server[103300]: DEBUG neutron_lib.callbacks.manager [None req-b0a0dcd9-f364-4cf9-ae2e-8e664f40e3f2 tempest-BulkNetworkOpsIpV6Test-658120676 tempest-BulkNetworkOpsIpV6Test-658120676-project] Notify callbacks ['neutron.services.segments.plugin.SegmentHostRoutes.host_routes_before_create-9574839'] for subnet, before_create {{(pid=103300) _notify_loop /usr/local/lib/python3.8/dist-packages/neutron_lib/callbacks/manager.py:192}}
Oct 10 13:15:27.837647 dv-neutron-860320-2-hyperv neutron-server[103299]: DEBUG neutron.api.rpc.handlers.resources_rpc [None req-5b9cf5bb-e944-40a4-b946-61bae33feaa6 tempest-RoutersAdminTest-925268957 tempest-RoutersAdminTest-925268957-project-admin] Pushing event updated for resources: {'Port': ['ID=72411495-170c-48b1-982c-d34219e22618,revision_number=1']} {{(pid=103299) push /opt/stack/neutron/neutron/api/rpc/handlers/resources_rpc.py:237}}
Oct 10 13:15:27.869074 dv-neutron-860320-2-hyperv neutron-server[103299]: DEBUG neutron.pecan_wsgi.hooks.policy_enforcement [None req-5b9cf5bb-e944-40a4-b946-61bae33feaa6 tempest-RoutersAdminTest-925268957 tempest-RoutersAdminTest-925268957-project-admin] Attributes excluded by policy engine: ['standard_attr_id', 'network'] {{(pid=103299) _exclude_attributes_by_policy /opt/stack/neutron/neutron/pecan_wsgi/hooks/policy_enforcement.py:259}}
Oct 10 13:15:27.869686 dv-neutron-860320-2-hyperv neutron-server[103299]: DEBUG neutron_lib.callbacks.manager [None req-5b9cf5bb-e944-40a4-b946-61bae33feaa6 tempest-RoutersAdminTest-925268957 tempest-RoutersAdminTest-925268957-project-admin] Notify callbacks ['neutron.notifiers.nova.Notifier._send_nova_notification-123778'] for port, before_response {{(pid=103299) _notify_loop /usr/local/lib/python3.8/dist-packages/neutron_lib/callbacks/manager.py:192}}
Oct 10 13:15:27.880447 dv-neutron-860320-2-hyperv neutron-server[103301]: DEBUG neutron.plugins.ml2.rpc [None req-1edbdf73-9239-4684-bc00-a3606b592bed None None] Device 5f6c81e8-7f8f-4758-8f6f-d6c2e55578e4 up at agent ovs-agent-dv-neutron-860320-2-hyperv {{(pid=103301) update_device_up /opt/stack/neutron/neutron/plugins/ml2/rpc.py:296}}
Oct 10 13:15:27.911305 dv-neutron-860320-2-hyperv neutron-server[103300]: DEBUG neutron_lib.callbacks.manager [None req-bbea0ff7-7dea-4831-a223-4e347614a299 tempest-ExternalNetworksTestJSON-751356041 tempest-ExternalNetworksTestJSON-751356041-project-admin] Notify callbacks ['neutron.plugins.ml2.plugin.Ml2Plugin._handle_segment_change-1815418'] for segment, precommit_create {{(pid=103300) _notify_loop /usr/local/lib/python3.8/dist-packages/neutron_lib/callbacks/manager.py:192}}
Oct 10 13:15:27.912562 dv-neutron-860320-2-hyperv neutron-server[103300]: INFO neutron.db.segments_db [None req-bbea0ff7-7dea-4831-a223-4e347614a299 tempest-ExternalNetworksTestJSON-751356041 tempest-ExternalNetworksTestJSON-751356041-project-admin] Added segment 0d4e966f-bf76-40c9-b300-450f240c5d35 of type vlan for network 402ad010-1ee2-45dc-80b8-7c29cc0ae8e7
Oct 10 13:15:27.931894 dv-neutron-860320-2-hyperv neutron-server[103299]: INFO neutron.wsgi [None req-5b9cf5bb-e944-40a4-b946-61bae33feaa6 tempest-RoutersAdminTest-925268957 tempest-RoutersAdminTest-925268957-project-admin] 10.222.0.17 "POST /v2.0/ports HTTP/1.1" status: 201 len: 1022 time: 1.1227608
Oct 10 13:15:27.932806 dv-neutron-860320-2-hyperv neutron-server[103299]: DEBUG neutron.wsgi [-] (103299) accepted ('10.222.0.17', 53904) {{(pid=103299) server /usr/local/lib/python3.8/dist-packages/eventlet/wsgi.py:982}}
Oct 10 13:15:27.941851 dv-neutron-860320-2-hyperv neutron-server[103299]: DEBUG neutron.wsgi [-] (103299) accepted ('10.222.0.17', 53906) {{(pid=103299) server /usr/local/lib/python3.8/dist-packages/eventlet/wsgi.py:982}}
Oct 10 13:15:27.958379 dv-neutron-860320-2-hyperv neutron-server[103301]: DEBUG neutron.db.provisioning_blocks [None req-1edbdf73-9239-4684-bc00-a3606b592bed None None] Provisioning complete for port 5f6c81e8-7f8f-4758-8f6f-d6c2e55578e4 triggered by entity L2. {{(pid=103301) provisioning_complete /opt/stack/neutron/neutron/db/provisioning_blocks.py:140}}
Oct 10 13:15:27.959129 dv-neutron-860320-2-hyperv neutron-server[103301]: DEBUG neutron_lib.callbacks.manager [None req-1edbdf73-9239-4684-bc00-a3606b592bed None None] Notify callbacks ['neutron.plugins.ml2.plugin.Ml2Plugin._port_provisioned-1822540'] for port, provisioning_complete {{(pid=103301) _notify_loop /usr/local/lib/python3.8/dist-packages/neutron_lib/callbacks/manager.py:192}}
Oct 10 13:15:27.959701 dv-neutron-860320-2-hyperv neutron-server[103301]: INFO neutron.plugins.ml2.plugin [None req-1edbdf73-9239-4684-bc00-a3606b592bed None None] Attempt 1 to provision port 5f6c81e8-7f8f-4758-8f6f-d6c2e55578e4
Oct 10 13:15:28.001988 dv-neutron-860320-2-hyperv neutron-server[103299]: DEBUG neutron_lib.callbacks.manager [None req-d5d35adc-770e-4fd9-8a90-8239c1da9a37 admin admin] Notify callbacks [] for security_group, before_create {{(pid=103299) _notify_loop /usr/local/lib/python3.8/dist-packages/neutron_lib/callbacks/manager.py:192}}
Oct 10 13:15:28.051738 dv-neutron-860320-2-hyperv neutron-server[103301]: DEBUG neutron.plugins.ml2.plugin [None req-1edbdf73-9239-4684-bc00-a3606b592bed None None] Current status of the port 5f6c81e8-7f8f-4758-8f6f-d6c2e55578e4 is: ACTIVE; New status is: ACTIVE {{(pid=103301) _update_individual_port_db_status /opt/stack/neutron/neutron/plugins/ml2/plugin.py:2279}}
Oct 10 13:15:28.151745 dv-neutron-860320-2-hyperv neutron-server[103299]: DEBUG neutron_lib.callbacks.manager [None req-8b205598-5418-40e1-8d98-9a57c7b0d2c2 tempest-ServersTestManualDisk-382057973 tempest-ServersTestManualDisk-382057973-project] Notify callbacks [] for port, precommit_update {{(pid=103299) _notify_loop /usr/local/lib/python3.8/dist-packages/neutron_lib/callbacks/manager.py:192}}
Oct 10 13:15:28.160818 dv-neutron-860320-2-hyperv neutron-server[103299]: DEBUG neutron_lib.callbacks.manager [None req-8b205598-5418-40e1-8d98-9a57c7b0d2c2 tempest-ServersTestManualDisk-382057973 tempest-ServersTestManualDisk-382057973-project] Notify callbacks ['neutron.plugins.ml2.plugin.SecurityGroupServerNotifierRpcMixin._notify_sg_on_port_change-1598498', 'neutron.plugins.ml2.ovo_rpc._ObjectChangeHandler.handle_event-218615', 'neutron.api.rpc.agentnotifiers.dhcp_rpc_agent_api.DhcpAgentNotifyAPI._native_event_send_dhcp_notification-624089', 'neutron.db.l3_db.L3RpcNotifierMixin._notify_gateway_port_ip_changed-8735341304540', 'neutron.db.l3_dvrscheduler_db._notify_l3_agent_port_update-8735340819321', 'neutron.db.l3_hascheduler_db._notify_l3_agent_ha_port_update-8735340819339', 'neutron.services.segments.plugin.NovaSegmentNotifier._notify_port_updated-9760083'] for port, after_update {{(pid=103299) _notify_loop /usr/local/lib/python3.8/dist-packages/neutron_lib/callbacks/manager.py:192}}
Oct 10 13:15:28.172488 dv-neutron-860320-2-hyperv neutron-server[103300]: DEBUG neutron_lib.callbacks.manager [None req-deddbc8d-ac82-4da1-8b39-a62605940205 tempest-ServersTestJSON-1472518255 tempest-ServersTestJSON-1472518255-project] Notify callbacks [] for port, precommit_create {{(pid=103300) _notify_loop /usr/local/lib/python3.8/dist-packages/neutron_lib/callbacks/manager.py:192}}
Oct 10 13:15:28.191143 dv-neutron-860320-2-hyperv neutron-server[103300]: DEBUG neutron_lib.callbacks.manager [None req-bbea0ff7-7dea-4831-a223-4e347614a299 tempest-ExternalNetworksTestJSON-751356041 tempest-ExternalNetworksTestJSON-751356041-project-admin] Notify callbacks ['neutron.services.auto_allocate.db._ensure_external_network_default_value_callback-8735340791516'] for network, precommit_create {{(pid=103300) _notify_loop /usr/local/lib/python3.8/dist-packages/neutron_lib/callbacks/manager.py:192}}
Oct 10 13:15:28.238928 dv-neutron-860320-2-hyperv neutron-server[103299]: DEBUG neutron_lib.callbacks.manager [None req-d5d35adc-770e-4fd9-8a90-8239c1da9a37 admin admin] Notify callbacks [] for security_group, precommit_create {{(pid=103299) _notify_loop /usr/local/lib/python3.8/dist-packages/neutron_lib/callbacks/manager.py:192}}
Oct 10 13:15:28.252462 dv-neutron-860320-2-hyperv neutron-server[103299]: DEBUG neutron_lib.callbacks.manager [None req-d5d35adc-770e-4fd9-8a90-8239c1da9a37 admin admin] Notify callbacks ['neutron.plugins.ml2.ovo_rpc._ObjectChangeHandler.handle_event-620006'] for security_group, after_create {{(pid=103299) _notify_loop /usr/local/lib/python3.8/dist-packages/neutron_lib/callbacks/manager.py:192}}
Oct 10 13:15:28.277761 dv-neutron-860320-2-hyperv neutron-server[103299]: DEBUG neutron.plugins.ml2.plugin [None req-74b6e88b-ab21-4e1e-80cf-4d171b77b906 tempest-RoutersAdminTest-925268957 tempest-RoutersAdminTest-925268957-project-admin] Deleting port 72411495-170c-48b1-982c-d34219e22618 {{(pid=103299) _pre_delete_port /opt/stack/neutron/neutron/plugins/ml2/plugin.py:2015}}
Oct 10 13:15:28.278104 dv-neutron-860320-2-hyperv neutron-server[103299]: DEBUG neutron_lib.callbacks.manager [None req-74b6e88b-ab21-4e1e-80cf-4d171b77b906 tempest-RoutersAdminTest-925268957 tempest-RoutersAdminTest-925268957-project-admin] Notify callbacks ['neutron.db.l3_db.L3_NAT_dbonly_mixin._prevent_l3_port_delete_callback-8735341298948'] for port, before_delete {{(pid=103299) _notify_loop /usr/local/lib/python3.8/dist-packages/neutron_lib/callbacks/manager.py:192}}
Oct 10 13:15:28.283298 dv-neutron-860320-2-hyperv neutron-server[103299]: DEBUG neutron.api.rpc.handlers.resources_rpc [None req-8b205598-5418-40e1-8d98-9a57c7b0d2c2 tempest-ServersTestManualDisk-382057973 tempest-ServersTestManualDisk-382057973-project] Pushing event updated for resources: {'Port': ['ID=88085654-1082-4d5f-af96-4194a0a9e69d,revision_number=2']} {{(pid=103299) push /opt/stack/neutron/neutron/api/rpc/handlers/resources_rpc.py:237}}
Oct 10 13:15:28.285861 dv-neutron-860320-2-hyperv neutron-server[103299]: DEBUG neutron_lib.callbacks.manager [None req-8b205598-5418-40e1-8d98-9a57c7b0d2c2 tempest-ServersTestManualDisk-382057973 tempest-ServersTestManualDisk-382057973-project] Notify callbacks ['neutron.services.l3_router.l3_router_plugin.DVRResourceOperationHandler._create_dvr_floating_gw_port-602689'] for floatingip, after_create {{(pid=103299) _notify_loop /usr/local/lib/python3.8/dist-packages/neutron_lib/callbacks/manager.py:192}}
Oct 10 13:15:28.333911 dv-neutron-860320-2-hyperv neutron-server[103299]: DEBUG neutron.api.rpc.handlers.resources_rpc [None req-d5d35adc-770e-4fd9-8a90-8239c1da9a37 admin admin] Pushing event updated for resources: {'SecurityGroup': ['ID=53827d1d-b3ca-4c9b-a5d4-c83aa61405cb,revision_number=1']} {{(pid=103299) push /opt/stack/neutron/neutron/api/rpc/handlers/resources_rpc.py:237}}
Oct 10 13:15:28.350391 dv-neutron-860320-2-hyperv neutron-server[103299]: INFO neutron.wsgi [None req-d5d35adc-770e-4fd9-8a90-8239c1da9a37 admin admin] 10.222.0.17 "GET /v2.0/security-groups?tenant_id=48d75e8ef47d42f4b91d122fdc9d7ca3&name=default HTTP/1.1" status: 200 len: 2979 time: 0.4107623
Oct 10 13:15:28.350391 dv-neutron-860320-2-hyperv neutron-server[103299]: DEBUG neutron.wsgi [-] (103299) accepted ('10.222.0.17', 53908) {{(pid=103299) server /usr/local/lib/python3.8/dist-packages/eventlet/wsgi.py:982}}
Oct 10 13:15:28.385657 dv-neutron-860320-2-hyperv neutron-server[103299]: DEBUG neutron_lib.callbacks.manager [None req-8b205598-5418-40e1-8d98-9a57c7b0d2c2 tempest-ServersTestManualDisk-382057973 tempest-ServersTestManualDisk-382057973-project] Notify callbacks ['neutron.notifiers.nova.Notifier._send_nova_notification-123778'] for floatingip, before_response {{(pid=103299) _notify_loop /usr/local/lib/python3.8/dist-packages/neutron_lib/callbacks/manager.py:192}}
Oct 10 13:15:28.386904 dv-neutron-860320-2-hyperv neutron-server[103299]: INFO neutron.wsgi [None req-8b205598-5418-40e1-8d98-9a57c7b0d2c2 tempest-ServersTestManualDisk-382057973 tempest-ServersTestManualDisk-382057973-project] 10.222.0.17 "POST /v2.0/floatingips HTTP/1.1" status: 201 len: 692 time: 5.6153545
Oct 10 13:15:28.441983 dv-neutron-860320-2-hyperv neutron-server[103299]: DEBUG neutron_lib.callbacks.manager [None req-74b6e88b-ab21-4e1e-80cf-4d171b77b906 tempest-RoutersAdminTest-925268957 tempest-RoutersAdminTest-925268957-project-admin] Notify callbacks ['neutron.services.l3_router.l3_router_plugin.L3_NAT_dbonly_mixin._precommit_delete_port_callback-601176'] for port, precommit_delete {{(pid=103299) _notify_loop /usr/local/lib/python3.8/dist-packages/neutron_lib/callbacks/manager.py:192}}
Oct 10 13:15:28.465079 dv-neutron-860320-2-hyperv neutron-server[103299]: DEBUG neutron.plugins.ml2.plugin [None req-74b6e88b-ab21-4e1e-80cf-4d171b77b906 tempest-RoutersAdminTest-925268957 tempest-RoutersAdminTest-925268957-project-admin] Calling delete_port for 72411495-170c-48b1-982c-d34219e22618 owned by {{(pid=103299) delete_port /opt/stack/neutron/neutron/plugins/ml2/plugin.py:2103}}
Oct 10 13:15:28.466878 dv-neutron-860320-2-hyperv neutron-server[103299]: DEBUG neutron_lib.callbacks.manager [None req-3c719169-5c77-4d5a-8489-09566cd1ee4a admin admin] Notify callbacks [] for security_group, before_delete {{(pid=103299) _notify_loop /usr/local/lib/python3.8/dist-packages/neutron_lib/callbacks/manager.py:192}}
Oct 10 13:15:28.483101 dv-neutron-860320-2-hyperv neutron-server[103300]: DEBUG neutron.pecan_wsgi.hooks.policy_enforcement [req-16e190d4-dc89-43d9-a169-2f1c827fb86f req-893fcb38-68a5-4f06-b6fd-d4259a8e9e11 tempest-ServerActionsTestJSON-825273057 tempest-ServerActionsTestJSON-825273057-project] Attributes excluded by policy engine: ['standard_attr_id', 'vlan_transparent', 'provider:network_type', 'provider:physical_network', 'provider:segmentation_id'] {{(pid=103300) _exclude_attributes_by_policy /opt/stack/neutron/neutron/pecan_wsgi/hooks/policy_enforcement.py:259}}
Oct 10 13:15:28.484598 dv-neutron-860320-2-hyperv neutron-server[103300]: INFO neutron.wsgi [req-16e190d4-dc89-43d9-a169-2f1c827fb86f req-893fcb38-68a5-4f06-b6fd-d4259a8e9e11 tempest-ServerActionsTestJSON-825273057 tempest-ServerActionsTestJSON-825273057-project] 10.222.0.17 "GET /v2.0/networks?id=f69cf4f0-7c27-42f4-91e6-5e8a8f039d50 HTTP/1.1" status: 200 len: 811 time: 0.7153802
Oct 10 13:15:28.510328 dv-neutron-860320-2-hyperv neutron-server[103300]: DEBUG neutron_lib.callbacks.manager [None req-bbea0ff7-7dea-4831-a223-4e347614a299 tempest-ExternalNetworksTestJSON-751356041 tempest-ExternalNetworksTestJSON-751356041-project-admin] Notify callbacks ['neutron.plugins.ml2.ovo_rpc._ObjectChangeHandler.handle_event-619954', 'neutron.api.rpc.agentnotifiers.dhcp_rpc_agent_api.DhcpAgentNotifyAPI._native_event_send_dhcp_notification-624089'] for network, after_create {{(pid=103300) _notify_loop /usr/local/lib/python3.8/dist-packages/neutron_lib/callbacks/manager.py:192}}
Oct 10 13:15:28.511426 dv-neutron-860320-2-hyperv neutron-server[103300]: DEBUG neutron.pecan_wsgi.hooks.policy_enforcement [None req-bbea0ff7-7dea-4831-a223-4e347614a299 tempest-ExternalNetworksTestJSON-751356041 tempest-ExternalNetworksTestJSON-751356041-project-admin] Attributes excluded by policy engine: ['standard_attr_id', 'vlan_transparent'] {{(pid=103300) _exclude_attributes_by_policy /opt/stack/neutron/neutron/pecan_wsgi/hooks/policy_enforcement.py:259}}
Oct 10 13:15:28.512024 dv-neutron-860320-2-hyperv neutron-server[103300]: DEBUG neutron_lib.callbacks.manager [None req-bbea0ff7-7dea-4831-a223-4e347614a299 tempest-ExternalNetworksTestJSON-751356041 tempest-ExternalNetworksTestJSON-751356041-project-admin] Notify callbacks ['neutron.api.rpc.agentnotifiers.dhcp_rpc_agent_api.DhcpAgentNotifyAPI._send_dhcp_notification-624043'] for network, before_response {{(pid=103300) _notify_loop /usr/local/lib/python3.8/dist-packages/neutron_lib/callbacks/manager.py:192}}
Oct 10 13:15:28.519616 dv-neutron-860320-2-hyperv neutron-server[103300]: DEBUG neutron_lib.callbacks.manager [None req-059f1d30-0afe-4673-9c86-f8ef1cc5d210 tempest-FloatingIPTestJSON-1135859656 tempest-FloatingIPTestJSON-1135859656-project] Notify callbacks [] for port, precommit_create {{(pid=103300) _notify_loop /usr/local/lib/python3.8/dist-packages/neutron_lib/callbacks/manager.py:192}}
Oct 10 13:15:28.547048 dv-neutron-860320-2-hyperv neutron-server[103299]: DEBUG neutron_lib.callbacks.manager [None req-3c719169-5c77-4d5a-8489-09566cd1ee4a admin admin] Notify callbacks [] for security_group, precommit_delete {{(pid=103299) _notify_loop /usr/local/lib/python3.8/dist-packages/neutron_lib/callbacks/manager.py:192}}
Oct 10 13:15:28.551214 dv-neutron-860320-2-hyperv neutron-server[103300]: INFO neutron.wsgi [req-16e190d4-dc89-43d9-a169-2f1c827fb86f req-6ddb2744-4b40-4910-b38c-553bb25f984a tempest-ServerActionsTestJSON-825273057 tempest-ServerActionsTestJSON-825273057-project] 10.222.0.17 "GET /v2.0/quotas/e600d45d9ba94c25a063c1c4b7c90c8f HTTP/1.1" status: 200 len: 375 time: 0.0579567
Oct 10 13:15:28.573784 dv-neutron-860320-2-hyperv neutron-server[103300]: DEBUG neutron_lib.callbacks.manager [None req-deddbc8d-ac82-4da1-8b39-a62605940205 tempest-ServersTestJSON-1472518255 tempest-ServersTestJSON-1472518255-project] Notify callbacks ['neutron.plugins.ml2.plugin.SecurityGroupServerNotifierRpcMixin._notify_sg_on_port_change-1598498', 'neutron.plugins.ml2.ovo_rpc._ObjectChangeHandler.handle_event-218615', 'neutron.api.rpc.agentnotifiers.dhcp_rpc_agent_api.DhcpAgentNotifyAPI._native_event_send_dhcp_notification-624089', 'neutron.db.l3_dvrscheduler_db._notify_l3_agent_new_port-8735340819303', 'neutron.services.segments.plugin.NovaSegmentNotifier._notify_port_created_or_deleted-2762074'] for port, after_create {{(pid=103300) _notify_loop /usr/local/lib/python3.8/dist-packages/neutron_lib/callbacks/manager.py:192}}
Oct 10 13:15:28.621235 dv-neutron-860320-2-hyperv neutron-server[103300]: INFO neutron.wsgi [None req-bbea0ff7-7dea-4831-a223-4e347614a299 tempest-ExternalNetworksTestJSON-751356041 tempest-ExternalNetworksTestJSON-751356041-project-admin] 10.222.0.17 "POST /v2.0/networks HTTP/1.1" status: 201 len: 864 time: 1.2250936
Oct 10 13:15:28.622790 dv-neutron-860320-2-hyperv neutron-server[103299]: DEBUG neutron.wsgi [-] (103299) accepted ('10.222.0.17', 53924) {{(pid=103299) server /usr/local/lib/python3.8/dist-packages/eventlet/wsgi.py:982}}
Oct 10 13:15:28.631919 dv-neutron-860320-2-hyperv neutron-server[103299]: DEBUG neutron.api.v2.base [None req-61612d26-ab26-4f53-8372-15036d4dab90 tempest-ExternalNetworksTestJSON-751356041 tempest-ExternalNetworksTestJSON-751356041-project-admin] Request body: {'network': {'router:external': True}} {{(pid=103299) prepare_request_body /opt/stack/neutron/neutron/api/v2/base.py:729}}
Oct 10 13:15:28.663880 dv-neutron-860320-2-hyperv neutron-server[103299]: DEBUG neutron_lib.callbacks.manager [None req-3c719169-5c77-4d5a-8489-09566cd1ee4a admin admin] Notify callbacks ['neutron.plugins.ml2.ovo_rpc._ObjectChangeHandler.handle_event-620006'] for security_group, after_delete {{(pid=103299) _notify_loop /usr/local/lib/python3.8/dist-packages/neutron_lib/callbacks/manager.py:192}}
Oct 10 13:15:28.666499 dv-neutron-860320-2-hyperv neutron-server[103299]: DEBUG neutron_lib.callbacks.manager [None req-3c719169-5c77-4d5a-8489-09566cd1ee4a admin admin] Notify callbacks [] for security_group, before_response {{(pid=103299) _notify_loop /usr/local/lib/python3.8/dist-packages/neutron_lib/callbacks/manager.py:192}}
Oct 10 13:15:28.667663 dv-neutron-860320-2-hyperv neutron-server[103299]: INFO neutron.wsgi [None req-3c719169-5c77-4d5a-8489-09566cd1ee4a admin admin] 10.222.0.17 "DELETE /v2.0/security-groups/53827d1d-b3ca-4c9b-a5d4-c83aa61405cb HTTP/1.1" status: 204 len: 168 time: 0.3169479
Oct 10 13:15:28.690093 dv-neutron-860320-2-hyperv neutron-server[103299]: DEBUG neutron.api.rpc.handlers.resources_rpc [None req-3c719169-5c77-4d5a-8489-09566cd1ee4a admin admin] Pushing event deleted for resources: {'SecurityGroup': ['ID=53827d1d-b3ca-4c9b-a5d4-c83aa61405cb,revision_number=None']} {{(pid=103299) push /opt/stack/neutron/neutron/api/rpc/handlers/resources_rpc.py:237}}
Oct 10 13:15:28.755214 dv-neutron-860320-2-hyperv neutron-server[103300]: DEBUG neutron.api.rpc.handlers.resources_rpc [None req-bbea0ff7-7dea-4831-a223-4e347614a299 tempest-ExternalNetworksTestJSON-751356041 tempest-ExternalNetworksTestJSON-751356041-project-admin] Pushing event updated for resources: {'Network': ['ID=402ad010-1ee2-45dc-80b8-7c29cc0ae8e7,revision_number=1']} {{(pid=103300) push /opt/stack/neutron/neutron/api/rpc/handlers/resources_rpc.py:237}}
Oct 10 13:15:28.761327 dv-neutron-860320-2-hyperv neutron-server[103300]: DEBUG neutron.scheduler.dhcp_agent_scheduler [None req-deddbc8d-ac82-4da1-8b39-a62605940205 tempest-ServersTestJSON-1472518255 tempest-ServersTestJSON-1472518255-project] Network a5e36846-03df-4426-834a-7158841bb9f3 is already hosted by enough agents. {{(pid=103300) _get_dhcp_agents_hosting_network /opt/stack/neutron/neutron/scheduler/dhcp_agent_scheduler.py:275}}
Oct 10 13:15:28.773742 dv-neutron-860320-2-hyperv neutron-server[103301]: DEBUG neutron.plugins.ml2.rpc [None req-1edbdf73-9239-4684-bc00-a3606b592bed None None] Network 402ad010-1ee2-45dc-80b8-7c29cc0ae8e7 details requested by agent ovs-agent-dv-neutron-860320-2-hyperv with host dv-neutron-860320-2-hyperv {{(pid=103301) get_network_details /opt/stack/neutron/neutron/plugins/ml2/rpc.py:248}}
Oct 10 13:15:28.784446 dv-neutron-860320-2-hyperv neutron-server[103300]: DEBUG neutron.scheduler.base_scheduler [None req-deddbc8d-ac82-4da1-8b39-a62605940205 tempest-ServersTestJSON-1472518255 tempest-ServersTestJSON-1472518255-project] Resources bound (agent type, host, resource id): {{(pid=103300) schedule /opt/stack/neutron/neutron/scheduler/base_scheduler.py:57}}
Oct 10 13:15:28.787221 dv-neutron-860320-2-hyperv neutron-server[103300]: DEBUG neutron.db.l3_dvrscheduler_db [None req-deddbc8d-ac82-4da1-8b39-a62605940205 tempest-ServersTestJSON-1472518255 tempest-ServersTestJSON-1472518255-project] Received port after_create {{(pid=103300) _notify_l3_agent_new_port /opt/stack/neutron/neutron/db/l3_dvrscheduler_db.py:535}}
Oct 10 13:15:28.874086 dv-neutron-860320-2-hyperv neutron-server[103300]: INFO neutron.wsgi [req-16e190d4-dc89-43d9-a169-2f1c827fb86f req-76e1fd26-2250-431f-a804-422fb92db0bd tempest-ServerActionsTestJSON-825273057 tempest-ServerActionsTestJSON-825273057-project] 10.222.0.17 "GET /v2.0/ports?tenant_id=e600d45d9ba94c25a063c1c4b7c90c8f&fields=id HTTP/1.1" status: 200 len: 348 time: 0.2978559
Oct 10 13:15:28.874759 dv-neutron-860320-2-hyperv neutron-server[103300]: DEBUG neutron.api.rpc.handlers.resources_rpc [None req-deddbc8d-ac82-4da1-8b39-a62605940205 tempest-ServersTestJSON-1472518255 tempest-ServersTestJSON-1472518255-project] Pushing event updated for resources: {'Port': ['ID=67dc95d6-7eb7-46a6-9672-d3c627a38d07,revision_number=1']} {{(pid=103300) push /opt/stack/neutron/neutron/api/rpc/handlers/resources_rpc.py:237}}
Oct 10 13:15:28.885089 dv-neutron-860320-2-hyperv neutron-server[103300]: DEBUG neutron_lib.callbacks.manager [None req-059f1d30-0afe-4673-9c86-f8ef1cc5d210 tempest-FloatingIPTestJSON-1135859656 tempest-FloatingIPTestJSON-1135859656-project] Notify callbacks ['neutron.plugins.ml2.plugin.SecurityGroupServerNotifierRpcMixin._notify_sg_on_port_change-1598498', 'neutron.plugins.ml2.ovo_rpc._ObjectChangeHandler.handle_event-218615', 'neutron.api.rpc.agentnotifiers.dhcp_rpc_agent_api.DhcpAgentNotifyAPI._native_event_send_dhcp_notification-624089', 'neutron.db.l3_dvrscheduler_db._notify_l3_agent_new_port-8735340819303', 'neutron.services.segments.plugin.NovaSegmentNotifier._notify_port_created_or_deleted-2762074'] for port, after_create {{(pid=103300) _notify_loop /usr/local/lib/python3.8/dist-packages/neutron_lib/callbacks/manager.py:192}}
Oct 10 13:15:29.035396 dv-neutron-860320-2-hyperv neutron-server[103300]: DEBUG neutron.scheduler.dhcp_agent_scheduler [None req-059f1d30-0afe-4673-9c86-f8ef1cc5d210 tempest-FloatingIPTestJSON-1135859656 tempest-FloatingIPTestJSON-1135859656-project] Network 2b16b4b3-2f8a-4491-b973-aaf31cfedfe9 is already hosted by enough agents. {{(pid=103300) _get_dhcp_agents_hosting_network /opt/stack/neutron/neutron/scheduler/dhcp_agent_scheduler.py:275}}
Oct 10 13:15:29.058418 dv-neutron-860320-2-hyperv neutron-server[103300]: DEBUG neutron.api.rpc.handlers.resources_rpc [None req-059f1d30-0afe-4673-9c86-f8ef1cc5d210 tempest-FloatingIPTestJSON-1135859656 tempest-FloatingIPTestJSON-1135859656-project] Pushing event updated for resources: {'Port': ['ID=0548f7f9-7905-4aa2-a61c-21191a9d51dd,revision_number=1']} {{(pid=103300) push /opt/stack/neutron/neutron/api/rpc/handlers/resources_rpc.py:237}}
Oct 10 13:15:29.060405 dv-neutron-860320-2-hyperv neutron-server[103299]: DEBUG neutron.wsgi [-] (103299) accepted ('10.222.0.17', 53942) {{(pid=103299) server /usr/local/lib/python3.8/dist-packages/eventlet/wsgi.py:982}}
Oct 10 13:15:29.062489 dv-neutron-860320-2-hyperv neutron-server[103299]: DEBUG neutron_lib.callbacks.manager [None req-74b6e88b-ab21-4e1e-80cf-4d171b77b906 tempest-RoutersAdminTest-925268957 tempest-RoutersAdminTest-925268957-project-admin] Notify callbacks ['neutron.plugins.ml2.plugin.SecurityGroupServerNotifierRpcMixin._notify_sg_on_port_change-1598498', 'neutron.plugins.ml2.ovo_rpc._ObjectChangeHandler.handle_event-218615', 'neutron.api.rpc.agentnotifiers.dhcp_rpc_agent_api.DhcpAgentNotifyAPI._native_event_send_dhcp_notification-624089', 'neutron.db.l3_db.L3RpcNotifierMixin._notify_routers_callback-8735341304522', 'neutron.db.l3_dvrscheduler_db._notify_port_delete-8735340819312', 'neutron.services.segments.plugin.NovaSegmentNotifier._notify_port_created_or_deleted-9760090'] for port, after_delete {{(pid=103299) _notify_loop /usr/local/lib/python3.8/dist-packages/neutron_lib/callbacks/manager.py:192}}
Oct 10 13:15:29.069297 dv-neutron-860320-2-hyperv neutron-server[103299]: WARNING keystonemiddleware.auth_token [-] A valid token was submitted as a service token, but it was not a valid service token. This is incorrect but backwards compatible behaviour. This will be removed in future releases.
Oct 10 13:15:29.071299 dv-neutron-860320-2-hyperv neutron-server[103300]: DEBUG neutron.scheduler.base_scheduler [None req-059f1d30-0afe-4673-9c86-f8ef1cc5d210 tempest-FloatingIPTestJSON-1135859656 tempest-FloatingIPTestJSON-1135859656-project] Resources bound (agent type, host, resource id): {{(pid=103300) schedule /opt/stack/neutron/neutron/scheduler/base_scheduler.py:57}}
Oct 10 13:15:29.074567 dv-neutron-860320-2-hyperv neutron-server[103300]: DEBUG neutron.db.l3_dvrscheduler_db [None req-059f1d30-0afe-4673-9c86-f8ef1cc5d210 tempest-FloatingIPTestJSON-1135859656 tempest-FloatingIPTestJSON-1135859656-project] Received port after_create {{(pid=103300) _notify_l3_agent_new_port /opt/stack/neutron/neutron/db/l3_dvrscheduler_db.py:535}}
Oct 10 13:15:29.127388 dv-neutron-860320-2-hyperv neutron-server[103299]: DEBUG neutron.api.rpc.handlers.resources_rpc [None req-74b6e88b-ab21-4e1e-80cf-4d171b77b906 tempest-RoutersAdminTest-925268957 tempest-RoutersAdminTest-925268957-project-admin] Pushing event deleted for resources: {'Port': ['ID=72411495-170c-48b1-982c-d34219e22618,revision_number=None']} {{(pid=103299) push /opt/stack/neutron/neutron/api/rpc/handlers/resources_rpc.py:237}}
Oct 10 13:15:29.136677 dv-neutron-860320-2-hyperv neutron-server[103300]: DEBUG neutron_lib.callbacks.manager [None req-deddbc8d-ac82-4da1-8b39-a62605940205 tempest-ServersTestJSON-1472518255 tempest-ServersTestJSON-1472518255-project] Notify callbacks [] for floatingip, precommit_create {{(pid=103300) _notify_loop /usr/local/lib/python3.8/dist-packages/neutron_lib/callbacks/manager.py:192}}
Oct 10 13:15:29.177412 dv-neutron-860320-2-hyperv neutron-server[103300]: DEBUG neutron.pecan_wsgi.hooks.policy_enforcement [None req-059f1d30-0afe-4673-9c86-f8ef1cc5d210 tempest-FloatingIPTestJSON-1135859656 tempest-FloatingIPTestJSON-1135859656-project] Attributes excluded by policy engine: ['standard_attr_id', 'binding:profile', 'binding:host_id', 'binding:vif_type', 'binding:vif_details', 'network'] {{(pid=103300) _exclude_attributes_by_policy /opt/stack/neutron/neutron/pecan_wsgi/hooks/policy_enforcement.py:259}}
Oct 10 13:15:29.178076 dv-neutron-860320-2-hyperv neutron-server[103300]: DEBUG neutron_lib.callbacks.manager [None req-059f1d30-0afe-4673-9c86-f8ef1cc5d210 tempest-FloatingIPTestJSON-1135859656 tempest-FloatingIPTestJSON-1135859656-project] Notify callbacks ['neutron.notifiers.nova.Notifier._send_nova_notification-123778'] for port, before_response {{(pid=103300) _notify_loop /usr/local/lib/python3.8/dist-packages/neutron_lib/callbacks/manager.py:192}}
Oct 10 13:15:29.235969 dv-neutron-860320-2-hyperv neutron-server[103299]: INFO neutron.wsgi [req-3c5d4aac-2ef2-40ff-a99b-928585214ec6 req-f170979a-1a6b-4f1f-be4e-da2a2ec6c056 tempest-ServersTestManualDisk-382057973 tempest-ServersTestManualDisk-382057973-project] 10.222.0.17 "GET /v2.0/security-groups?name=tempest-securitygroup--1906520413&fields=id&tenant_id=5dae36157f784551a93860e8d7888467 HTTP/1.1" status: 200 len: 267 time: 0.1742909
Oct 10 13:15:29.250246 dv-neutron-860320-2-hyperv neutron-server[103300]: DEBUG neutron.wsgi [req-16e190d4-dc89-43d9-a169-2f1c827fb86f req-aa8b20f6-5633-4706-a01e-6dfe41baace8 service neutron] http://10.222.0.17:9696/v2.0/extensions returned with HTTP 200 {{(pid=103300) __call__ /opt/stack/neutron/neutron/wsgi.py:729}}
Oct 10 13:15:29.251311 dv-neutron-860320-2-hyperv neutron-server[103300]: INFO neutron.wsgi [req-16e190d4-dc89-43d9-a169-2f1c827fb86f req-aa8b20f6-5633-4706-a01e-6dfe41baace8 service neutron] 10.222.0.17 "GET /v2.0/extensions HTTP/1.1" status: 200 len: 13640 time: 0.1009114
Oct 10 13:15:29.253023 dv-neutron-860320-2-hyperv neutron-server[103300]: DEBUG neutron_lib.callbacks.manager [None req-deddbc8d-ac82-4da1-8b39-a62605940205 tempest-ServersTestJSON-1472518255 tempest-ServersTestJSON-1472518255-project] Notify callbacks ['neutron.plugins.ml2.plugin.SecurityGroupDbMixin._ensure_default_security_group_handler-1598693'] for port, before_update {{(pid=103300) _notify_loop /usr/local/lib/python3.8/dist-packages/neutron_lib/callbacks/manager.py:192}}
Oct 10 13:15:29.267232 dv-neutron-860320-2-hyperv neutron-server[103300]: INFO neutron.wsgi [None req-059f1d30-0afe-4673-9c86-f8ef1cc5d210 tempest-FloatingIPTestJSON-1135859656 tempest-FloatingIPTestJSON-1135859656-project] 10.222.0.17 "POST /v2.0/ports HTTP/1.1" status: 201 len: 928 time: 2.9003060
Oct 10 13:15:29.273077 dv-neutron-860320-2-hyperv neutron-server[103299]: DEBUG neutron.wsgi [-] (103299) accepted ('10.222.0.17', 53950) {{(pid=103299) server /usr/local/lib/python3.8/dist-packages/eventlet/wsgi.py:982}}
Oct 10 13:15:29.279628 dv-neutron-860320-2-hyperv neutron-server[103299]: DEBUG neutron_lib.callbacks.manager [None req-74b6e88b-ab21-4e1e-80cf-4d171b77b906 tempest-RoutersAdminTest-925268957 tempest-RoutersAdminTest-925268957-project-admin] Notify callbacks ['neutron.notifiers.nova.Notifier._send_nova_notification-123778'] for port, before_response {{(pid=103299) _notify_loop /usr/local/lib/python3.8/dist-packages/neutron_lib/callbacks/manager.py:192}}
Oct 10 13:15:29.284452 dv-neutron-860320-2-hyperv neutron-server[103299]: INFO neutron.wsgi [None req-74b6e88b-ab21-4e1e-80cf-4d171b77b906 tempest-RoutersAdminTest-925268957 tempest-RoutersAdminTest-925268957-project-admin] 10.222.0.17 "DELETE /v2.0/ports/72411495-170c-48b1-982c-d34219e22618 HTTP/1.1" status: 204 len: 168 time: 1.3402739
Oct 10 13:15:29.286854 dv-neutron-860320-2-hyperv neutron-server[103299]: DEBUG neutron_lib.callbacks.manager [None req-61612d26-ab26-4f53-8372-15036d4dab90 tempest-ExternalNetworksTestJSON-751356041 tempest-ExternalNetworksTestJSON-751356041-project-admin] Notify callbacks ['neutron.services.auto_allocate.db._ensure_external_network_default_value_callback-8735340791516'] for network, precommit_update {{(pid=103299) _notify_loop /usr/local/lib/python3.8/dist-packages/neutron_lib/callbacks/manager.py:192}}
Oct 10 13:15:29.289293 dv-neutron-860320-2-hyperv neutron-server[103300]: DEBUG neutron.wsgi [-] (103300) accepted ('10.222.0.17', 53952) {{(pid=103300) server /usr/local/lib/python3.8/dist-packages/eventlet/wsgi.py:982}}
Oct 10 13:15:29.294133 dv-neutron-860320-2-hyperv neutron-server[103299]: DEBUG neutron.api.v2.base [None req-c22fae98-8cfa-42dd-b145-bc490b522179 tempest-FloatingIPTestJSON-1135859656 tempest-FloatingIPTestJSON-1135859656-project] Request body: {'floatingip': {'floating_network_id': 'a5e36846-03df-4426-834a-7158841bb9f3', 'port_id': '0548f7f9-7905-4aa2-a61c-21191a9d51dd', 'fixed_ip_address': '172.20.0.9'}} {{(pid=103299) prepare_request_body /opt/stack/neutron/neutron/api/v2/base.py:729}}
Oct 10 13:15:29.309275 dv-neutron-860320-2-hyperv neutron-server[103300]: DEBUG neutron.api.v2.base [None req-514a0230-0d38-4350-9427-b3fa67b29cd5 tempest-RoutersAdminTest-925268957 tempest-RoutersAdminTest-925268957-project-admin] Request body: {'router': {'external_gateway_info': {'network_id': 'c9a52b06-e137-42f8-ab7d-a872d5c875f4', 'external_fixed_ips': [{'subnet_id': '06b919e7-0c92-43c4-8415-c1d59361d9f4', 'ip_address': '172.20.0.2'}]}}} {{(pid=103300) prepare_request_body /opt/stack/neutron/neutron/api/v2/base.py:729}}
Oct 10 13:15:29.376772 dv-neutron-860320-2-hyperv neutron-server[103299]: DEBUG neutron_lib.callbacks.manager [None req-61612d26-ab26-4f53-8372-15036d4dab90 tempest-ExternalNetworksTestJSON-751356041 tempest-ExternalNetworksTestJSON-751356041-project-admin] Notify callbacks ['neutron.plugins.ml2.ovo_rpc._ObjectChangeHandler.handle_event-619954', 'neutron.api.rpc.agentnotifiers.dhcp_rpc_agent_api.DhcpAgentNotifyAPI._native_event_send_dhcp_notification-624089'] for network, after_update {{(pid=103299) _notify_loop /usr/local/lib/python3.8/dist-packages/neutron_lib/callbacks/manager.py:192}}
Oct 10 13:15:29.436079 dv-neutron-860320-2-hyperv neutron-server[103300]: DEBUG neutron_lib.callbacks.manager [None req-514a0230-0d38-4350-9427-b3fa67b29cd5 tempest-RoutersAdminTest-925268957 tempest-RoutersAdminTest-925268957-project-admin] Notify callbacks ['neutron.services.l3_router.l3_router_plugin.L3_HA_NAT_db_mixin._before_router_create_handler-592663', 'neutron.services.l3_router.service_providers.driver_controller.DriverController._check_router_request-3863'] for router, before_create {{(pid=103300) _notify_loop /usr/local/lib/python3.8/dist-packages/neutron_lib/callbacks/manager.py:192}}
Oct 10 13:15:29.437091 dv-neutron-860320-2-hyperv neutron-server[103300]: DEBUG neutron_lib.callbacks.manager [None req-514a0230-0d38-4350-9427-b3fa67b29cd5 tempest-RoutersAdminTest-925268957 tempest-RoutersAdminTest-925268957-project-admin] Notify callbacks ['neutron.services.l3_router.l3_router_plugin.L3_HA_NAT_db_mixin._precommit_router_create-592803', 'neutron.services.l3_router.l3_router_plugin.DVRResourceOperationHandler._set_distributed_flag-603350', 'neutron.services.l3_router.l3_router_plugin.RouterAvailabilityZoneMixin._process_az_request-758593', 'neutron.services.l3_router.service_providers.driver_controller.DriverController._set_router_provider-3950'] for router, precommit_create {{(pid=103300) _notify_loop /usr/local/lib/python3.8/dist-packages/neutron_lib/callbacks/manager.py:192}}
Oct 10 13:15:29.445551 dv-neutron-860320-2-hyperv neutron-server[103300]: DEBUG neutron_lib.callbacks.manager [None req-b0a0dcd9-f364-4cf9-ae2e-8e664f40e3f2 tempest-BulkNetworkOpsIpV6Test-658120676 tempest-BulkNetworkOpsIpV6Test-658120676-project] Notify callbacks ['neutron.plugins.ml2.ovo_rpc._ObjectChangeHandler.handle_event-609024', 'neutron.api.rpc.agentnotifiers.dhcp_rpc_agent_api.DhcpAgentNotifyAPI._native_event_send_dhcp_notification-624089', 'neutron.services.segments.plugin.NovaSegmentNotifier._notify_subnet_created-2761418', 'neutron.services.segments.plugin.SegmentHostRoutes.host_routes_after_create-9574725'] for subnet, after_create {{(pid=103300) _notify_loop /usr/local/lib/python3.8/dist-packages/neutron_lib/callbacks/manager.py:192}}
Oct 10 13:15:29.508837 dv-neutron-860320-2-hyperv neutron-server[103300]: DEBUG neutron.api.rpc.handlers.resources_rpc [None req-b0a0dcd9-f364-4cf9-ae2e-8e664f40e3f2 tempest-BulkNetworkOpsIpV6Test-658120676 tempest-BulkNetworkOpsIpV6Test-658120676-project] Pushing event updated for resources: {'Subnet': ['ID=82ce6930-f81f-4ad1-8c88-99e400aea30a,revision_number=0']} {{(pid=103300) push /opt/stack/neutron/neutron/api/rpc/handlers/resources_rpc.py:237}}
Oct 10 13:15:29.537069 dv-neutron-860320-2-hyperv neutron-server[103299]: DEBUG neutron.api.rpc.handlers.resources_rpc [None req-61612d26-ab26-4f53-8372-15036d4dab90 tempest-ExternalNetworksTestJSON-751356041 tempest-ExternalNetworksTestJSON-751356041-project-admin] Pushing event updated for resources: {'Network': ['ID=402ad010-1ee2-45dc-80b8-7c29cc0ae8e7,revision_number=2']} {{(pid=103299) push /opt/stack/neutron/neutron/api/rpc/handlers/resources_rpc.py:237}}
Oct 10 13:15:29.588063 dv-neutron-860320-2-hyperv neutron-server[103299]: DEBUG neutron.api.rpc.agentnotifiers.dhcp_rpc_agent_api [None req-61612d26-ab26-4f53-8372-15036d4dab90 tempest-ExternalNetworksTestJSON-751356041 tempest-ExternalNetworksTestJSON-751356041-project-admin] Network 402ad010-1ee2-45dc-80b8-7c29cc0ae8e7 is not hosted by any dhcp agent {{(pid=103299) _notify_agents /opt/stack/neutron/neutron/api/rpc/agentnotifiers/dhcp_rpc_agent_api.py:225}}
Oct 10 13:15:29.588944 dv-neutron-860320-2-hyperv neutron-server[103299]: DEBUG neutron.pecan_wsgi.hooks.policy_enforcement [None req-61612d26-ab26-4f53-8372-15036d4dab90 tempest-ExternalNetworksTestJSON-751356041 tempest-ExternalNetworksTestJSON-751356041-project-admin] Attributes excluded by policy engine: ['standard_attr_id', 'vlan_transparent'] {{(pid=103299) _exclude_attributes_by_policy /opt/stack/neutron/neutron/pecan_wsgi/hooks/policy_enforcement.py:259}}
Oct 10 13:15:29.589550 dv-neutron-860320-2-hyperv neutron-server[103299]: DEBUG neutron_lib.callbacks.manager [None req-61612d26-ab26-4f53-8372-15036d4dab90 tempest-ExternalNetworksTestJSON-751356041 tempest-ExternalNetworksTestJSON-751356041-project-admin] Notify callbacks [] for network, before_response {{(pid=103299) _notify_loop /usr/local/lib/python3.8/dist-packages/neutron_lib/callbacks/manager.py:192}}
Oct 10 13:15:29.590850 dv-neutron-860320-2-hyperv neutron-server[103299]: INFO neutron.wsgi [None req-61612d26-ab26-4f53-8372-15036d4dab90 tempest-ExternalNetworksTestJSON-751356041 tempest-ExternalNetworksTestJSON-751356041-project-admin] 10.222.0.17 "PUT /v2.0/networks/402ad010-1ee2-45dc-80b8-7c29cc0ae8e7 HTTP/1.1" status: 200 len: 858 time: 0.9657931
Oct 10 13:15:29.600198 dv-neutron-860320-2-hyperv neutron-server[103300]: DEBUG neutron.wsgi [-] (103300) accepted ('10.222.0.17', 53962) {{(pid=103300) server /usr/local/lib/python3.8/dist-packages/eventlet/wsgi.py:982}}
Oct 10 13:15:29.603711 dv-neutron-860320-2-hyperv neutron-server[103300]: INFO neutron.wsgi [req-16e190d4-dc89-43d9-a169-2f1c827fb86f req-38cc13eb-0efc-4a7d-b1c6-c3c01c339bdd service neutron] 10.222.0.17 "GET /v2.0/networks/f69cf4f0-7c27-42f4-91e6-5e8a8f039d50?fields=segments HTTP/1.1" status: 200 len: 212 time: 0.3152106
Oct 10 13:15:29.613686 dv-neutron-860320-2-hyperv neutron-server[103299]: DEBUG neutron_lib.callbacks.manager [None req-c22fae98-8cfa-42dd-b145-bc490b522179 tempest-FloatingIPTestJSON-1135859656 tempest-FloatingIPTestJSON-1135859656-project] Notify callbacks [] for floatingip, before_create {{(pid=103299) _notify_loop /usr/local/lib/python3.8/dist-packages/neutron_lib/callbacks/manager.py:192}}
Oct 10 13:15:29.671398 dv-neutron-860320-2-hyperv neutron-server[103300]: DEBUG neutron_lib.callbacks.manager [None req-514a0230-0d38-4350-9427-b3fa67b29cd5 tempest-RoutersAdminTest-925268957 tempest-RoutersAdminTest-925268957-project-admin] Notify callbacks [] for router_controller, precommit_add_association {{(pid=103300) _notify_loop /usr/local/lib/python3.8/dist-packages/neutron_lib/callbacks/manager.py:192}}
