Oct 11 08:05:36.404898 dv-neutron-860319-1-hyperv neutron-server[104899]: DEBUG neutron_lib.callbacks.manager [None req-229bb782-9e3e-478a-a739-609d17588e63 tempest-RoutersIpV6Test-113852528 tempest-RoutersIpV6Test-113852528-project] Publish callbacks ['neutron.services.l3_router.l3_router_plugin.DVRResourceOperationHandler._cache_related_dvr_routers_info_before_interface_removal-618532'] for router_interface (42c84f7a-4204-4686-bb0a-763371b21223), before_delete {{(pid=104899) _notify_loop /usr/local/lib/python3.8/dist-packages/neutron_lib/callbacks/manager.py:176}}
Oct 11 08:05:36.412705 dv-neutron-860319-1-hyperv neutron-server[104899]: INFO neutron.plugins.ml2.plugin [None req-46849663-9fda-418c-8973-407f8880ee80 tempest-PortsAdminExtendedAttrsIpV6TestJSON-913727765 tempest-PortsAdminExtendedAttrsIpV6TestJSON-913727765-project-admin] Attempt 5 to bind port b1e77347-4f9f-45dc-8e41-121307807e40
Oct 11 08:05:36.493005 dv-neutron-860319-1-hyperv neutron-server[104901]: INFO neutron.plugins.ml2.plugin [None req-12b0ea32-0d0d-4c44-8b9e-0c2e0f980990 None None] Attempt 10 to provision port 2df2612f-b6d6-4879-8549-69ac86fca0a6
Oct 11 08:05:36.530548 dv-neutron-860319-1-hyperv neutron-server[104899]: DEBUG neutron.plugins.ml2.managers [None req-46849663-9fda-418c-8973-407f8880ee80 tempest-PortsAdminExtendedAttrsIpV6TestJSON-913727765 tempest-PortsAdminExtendedAttrsIpV6TestJSON-913727765-project-admin] Attempting to bind port b1e77347-4f9f-45dc-8e41-121307807e40 on host hv-neutron-8603 for vnic_type normal with profile {{(pid=104899) bind_port /opt/stack/neutron/neutron/plugins/ml2/managers.py:811}}
Oct 11 08:05:36.530897 dv-neutron-860319-1-hyperv neutron-server[104899]: DEBUG neutron.plugins.ml2.managers [None req-46849663-9fda-418c-8973-407f8880ee80 tempest-PortsAdminExtendedAttrsIpV6TestJSON-913727765 tempest-PortsAdminExtendedAttrsIpV6TestJSON-913727765-project-admin] Attempting to bind port b1e77347-4f9f-45dc-8e41-121307807e40 by drivers openvswitch,hyperv on host hv-neutron-8603 at level 0 using segments [{'id': '1f83f78f-d35c-41eb-a7e0-b158775cf4f7', 'network_type': 'vlan', 'physical_network': 'physnet1', 'segmentation_id': 331, 'network_id': '99d6b975-9631-4d0b-995c-74f7ccb3e9b8'}] {{(pid=104899) _bind_port_level /opt/stack/neutron/neutron/plugins/ml2/managers.py:836}}
Oct 11 08:05:36.531807 dv-neutron-860319-1-hyperv neutron-server[104899]: DEBUG neutron.plugins.ml2.drivers.mech_agent [None req-46849663-9fda-418c-8973-407f8880ee80 tempest-PortsAdminExtendedAttrsIpV6TestJSON-913727765 tempest-PortsAdminExtendedAttrsIpV6TestJSON-913727765-project-admin] Attempting to bind port b1e77347-4f9f-45dc-8e41-121307807e40 on network 99d6b975-9631-4d0b-995c-74f7ccb3e9b8 {{(pid=104899) bind_port /opt/stack/neutron/neutron/plugins/ml2/drivers/mech_agent.py:91}}
Oct 11 08:05:36.575384 dv-neutron-860319-1-hyperv neutron-server[104901]: DEBUG neutron.plugins.ml2.plugin [None req-12b0ea32-0d0d-4c44-8b9e-0c2e0f980990 None None] Port 2df2612f-b6d6-4879-8549-69ac86fca0a6 cannot update to ACTIVE because it is not bound. {{(pid=104901) _port_provisioned /opt/stack/neutron/neutron/plugins/ml2/plugin.py:356}}
Oct 11 08:05:36.611616 dv-neutron-860319-1-hyperv neutron-server[104900]: INFO neutron.wsgi [req-b1f580eb-af5f-4f25-a80e-d61e84ff272d req-84a228f5-d12f-412b-8168-765ea9af2613 tempest-ServersTestManualDisk-923939329 tempest-ServersTestManualDisk-923939329-project] 10.222.0.30 "GET /v2.0/security-groups?id=b2462295-0602-4b8e-95e7-c0b504ae7555&fields=id&fields=name HTTP/1.1" status: 200 len: 313 time: 0.2147377
Oct 11 08:05:36.614261 dv-neutron-860319-1-hyperv neutron-server[104899]: DEBUG neutron.plugins.ml2.drivers.mech_agent [None req-46849663-9fda-418c-8973-407f8880ee80 tempest-PortsAdminExtendedAttrsIpV6TestJSON-913727765 tempest-PortsAdminExtendedAttrsIpV6TestJSON-913727765-project-admin] Port b1e77347-4f9f-45dc-8e41-121307807e40 on network 99d6b975-9631-4d0b-995c-74f7ccb3e9b8 not bound, no agent of type Open vSwitch agent registered on host hv-neutron-8603 {{(pid=104899) bind_port /opt/stack/neutron/neutron/plugins/ml2/drivers/mech_agent.py:103}}
Oct 11 08:05:36.617884 dv-neutron-860319-1-hyperv neutron-server[104899]: ERROR neutron.plugins.ml2.managers [None req-46849663-9fda-418c-8973-407f8880ee80 tempest-PortsAdminExtendedAttrsIpV6TestJSON-913727765 tempest-PortsAdminExtendedAttrsIpV6TestJSON-913727765-project-admin] Failed to bind port b1e77347-4f9f-45dc-8e41-121307807e40 on host hv-neutron-8603 for vnic_type normal using segments [{'id': '1f83f78f-d35c-41eb-a7e0-b158775cf4f7', 'network_type': 'vlan', 'physical_network': 'physnet1', 'segmentation_id': 331, 'network_id': '99d6b975-9631-4d0b-995c-74f7ccb3e9b8'}]
Oct 11 08:05:36.627144 dv-neutron-860319-1-hyperv neutron-server[104899]: INFO neutron.plugins.ml2.plugin [None req-46849663-9fda-418c-8973-407f8880ee80 tempest-PortsAdminExtendedAttrsIpV6TestJSON-913727765 tempest-PortsAdminExtendedAttrsIpV6TestJSON-913727765-project-admin] Attempt 6 to bind port b1e77347-4f9f-45dc-8e41-121307807e40
Oct 11 08:05:36.658781 dv-neutron-860319-1-hyperv neutron-server[104899]: INFO neutron.wsgi [req-2c87edf2-8d7e-4bc1-82cd-47b7e55e67ae req-9e0a9028-c048-4040-87c3-2f97a31eb827 tempest-ServersTestJSON-2012565829 tempest-ServersTestJSON-2012565829-project] 10.222.0.40 "POST /v2.0/ports HTTP/1.1" status: 201 len: 933 time: 4.9080274
Oct 11 08:05:36.663890 dv-neutron-860319-1-hyperv neutron-server[104899]: DEBUG neutron.plugins.ml2.managers [None req-46849663-9fda-418c-8973-407f8880ee80 tempest-PortsAdminExtendedAttrsIpV6TestJSON-913727765 tempest-PortsAdminExtendedAttrsIpV6TestJSON-913727765-project-admin] Attempting to bind port b1e77347-4f9f-45dc-8e41-121307807e40 on host hv-neutron-8603 for vnic_type normal with profile {{(pid=104899) bind_port /opt/stack/neutron/neutron/plugins/ml2/managers.py:811}}
Oct 11 08:05:36.663890 dv-neutron-860319-1-hyperv neutron-server[104899]: DEBUG neutron.plugins.ml2.managers [None req-46849663-9fda-418c-8973-407f8880ee80 tempest-PortsAdminExtendedAttrsIpV6TestJSON-913727765 tempest-PortsAdminExtendedAttrsIpV6TestJSON-913727765-project-admin] Attempting to bind port b1e77347-4f9f-45dc-8e41-121307807e40 by drivers openvswitch,hyperv on host hv-neutron-8603 at level 0 using segments [{'id': '1f83f78f-d35c-41eb-a7e0-b158775cf4f7', 'network_type': 'vlan', 'physical_network': 'physnet1', 'segmentation_id': 331, 'network_id': '99d6b975-9631-4d0b-995c-74f7ccb3e9b8'}] {{(pid=104899) _bind_port_level /opt/stack/neutron/neutron/plugins/ml2/managers.py:836}}
Oct 11 08:05:36.663890 dv-neutron-860319-1-hyperv neutron-server[104899]: DEBUG neutron.plugins.ml2.drivers.mech_agent [None req-46849663-9fda-418c-8973-407f8880ee80 tempest-PortsAdminExtendedAttrsIpV6TestJSON-913727765 tempest-PortsAdminExtendedAttrsIpV6TestJSON-913727765-project-admin] Attempting to bind port b1e77347-4f9f-45dc-8e41-121307807e40 on network 99d6b975-9631-4d0b-995c-74f7ccb3e9b8 {{(pid=104899) bind_port /opt/stack/neutron/neutron/plugins/ml2/drivers/mech_agent.py:91}}
Oct 11 08:05:36.665021 dv-neutron-860319-1-hyperv neutron-server[104899]: DEBUG neutron.plugins.ml2.managers [None req-0665ddf7-7d83-447d-bae1-44fd68ce589c tempest-PortsAdminExtendedAttrsTestJSON-968253541 tempest-PortsAdminExtendedAttrsTestJSON-968253541-project-admin] Attempting to bind port 8a094a77-886c-4891-8c02-d2a3451f16cc on host hv-neutron-8603 for vnic_type normal with profile {{(pid=104899) bind_port /opt/stack/neutron/neutron/plugins/ml2/managers.py:811}}
Oct 11 08:05:36.665352 dv-neutron-860319-1-hyperv neutron-server[104899]: DEBUG neutron.plugins.ml2.managers [None req-0665ddf7-7d83-447d-bae1-44fd68ce589c tempest-PortsAdminExtendedAttrsTestJSON-968253541 tempest-PortsAdminExtendedAttrsTestJSON-968253541-project-admin] Attempting to bind port 8a094a77-886c-4891-8c02-d2a3451f16cc by drivers openvswitch,hyperv on host hv-neutron-8603 at level 0 using segments [{'id': '5b4a5009-af89-4a7f-80f9-49560ac97b13', 'network_type': 'vlan', 'physical_network': 'physnet1', 'segmentation_id': 336, 'network_id': '01e2473d-dd39-40dd-b214-3453f6bf08de'}] {{(pid=104899) _bind_port_level /opt/stack/neutron/neutron/plugins/ml2/managers.py:836}}
Oct 11 08:05:36.665677 dv-neutron-860319-1-hyperv neutron-server[104899]: DEBUG neutron.plugins.ml2.drivers.mech_agent [None req-0665ddf7-7d83-447d-bae1-44fd68ce589c tempest-PortsAdminExtendedAttrsTestJSON-968253541 tempest-PortsAdminExtendedAttrsTestJSON-968253541-project-admin] Attempting to bind port 8a094a77-886c-4891-8c02-d2a3451f16cc on network 01e2473d-dd39-40dd-b214-3453f6bf08de {{(pid=104899) bind_port /opt/stack/neutron/neutron/plugins/ml2/drivers/mech_agent.py:91}}
Oct 11 08:05:36.670469 dv-neutron-860319-1-hyperv neutron-server[104899]: DEBUG neutron.plugins.ml2.managers [req-b9c4aeac-cf6d-4dde-86e9-2fa7693205d5 req-e283089a-46b0-4035-9ae6-b52bc0336738 service neutron] Attempting to bind port 2df2612f-b6d6-4879-8549-69ac86fca0a6 on host hv-neutron-8603 for vnic_type normal with profile {{(pid=104899) bind_port /opt/stack/neutron/neutron/plugins/ml2/managers.py:811}}
Oct 11 08:05:36.670800 dv-neutron-860319-1-hyperv neutron-server[104899]: DEBUG neutron.plugins.ml2.managers [req-b9c4aeac-cf6d-4dde-86e9-2fa7693205d5 req-e283089a-46b0-4035-9ae6-b52bc0336738 service neutron] Attempting to bind port 2df2612f-b6d6-4879-8549-69ac86fca0a6 by drivers openvswitch,hyperv on host hv-neutron-8603 at level 0 using segments [{'id': 'ece41b95-460a-4756-a61f-efed559823d1', 'network_type': 'vlan', 'physical_network': 'physnet1', 'segmentation_id': 346, 'network_id': 'e81483ba-4d07-43a8-979e-d2a72a716156'}] {{(pid=104899) _bind_port_level /opt/stack/neutron/neutron/plugins/ml2/managers.py:836}}
Oct 11 08:05:36.671149 dv-neutron-860319-1-hyperv neutron-server[104899]: DEBUG neutron.plugins.ml2.drivers.mech_agent [req-b9c4aeac-cf6d-4dde-86e9-2fa7693205d5 req-e283089a-46b0-4035-9ae6-b52bc0336738 service neutron] Attempting to bind port 2df2612f-b6d6-4879-8549-69ac86fca0a6 on network e81483ba-4d07-43a8-979e-d2a72a716156 {{(pid=104899) bind_port /opt/stack/neutron/neutron/plugins/ml2/drivers/mech_agent.py:91}}
Oct 11 08:05:36.690884 dv-neutron-860319-1-hyperv neutron-server[104899]: DEBUG neutron.plugins.ml2.drivers.mech_agent [None req-0665ddf7-7d83-447d-bae1-44fd68ce589c tempest-PortsAdminExtendedAttrsTestJSON-968253541 tempest-PortsAdminExtendedAttrsTestJSON-968253541-project-admin] Port 8a094a77-886c-4891-8c02-d2a3451f16cc on network 01e2473d-dd39-40dd-b214-3453f6bf08de not bound, no agent of type Open vSwitch agent registered on host hv-neutron-8603 {{(pid=104899) bind_port /opt/stack/neutron/neutron/plugins/ml2/drivers/mech_agent.py:103}}
Oct 11 08:05:36.691311 dv-neutron-860319-1-hyperv neutron-server[104899]: ERROR neutron.plugins.ml2.managers [None req-0665ddf7-7d83-447d-bae1-44fd68ce589c tempest-PortsAdminExtendedAttrsTestJSON-968253541 tempest-PortsAdminExtendedAttrsTestJSON-968253541-project-admin] Failed to bind port 8a094a77-886c-4891-8c02-d2a3451f16cc on host hv-neutron-8603 for vnic_type normal using segments [{'id': '5b4a5009-af89-4a7f-80f9-49560ac97b13', 'network_type': 'vlan', 'physical_network': 'physnet1', 'segmentation_id': 336, 'network_id': '01e2473d-dd39-40dd-b214-3453f6bf08de'}]
Oct 11 08:05:36.694400 dv-neutron-860319-1-hyperv neutron-server[104899]: INFO neutron.plugins.ml2.plugin [None req-0665ddf7-7d83-447d-bae1-44fd68ce589c tempest-PortsAdminExtendedAttrsTestJSON-968253541 tempest-PortsAdminExtendedAttrsTestJSON-968253541-project-admin] Attempt 8 to bind port 8a094a77-886c-4891-8c02-d2a3451f16cc
Oct 11 08:05:36.709250 dv-neutron-860319-1-hyperv neutron-server[104901]: DEBUG neutron.db.provisioning_blocks [None req-627f24d3-6a3e-4d5e-911c-47ccecf26cc5 None None] Provisioning complete for port b90b1b49-4e01-4a88-be6c-86c48d5680ea triggered by entity DHCP. {{(pid=104901) provisioning_complete /opt/stack/neutron/neutron/db/provisioning_blocks.py:141}}
Oct 11 08:05:36.711891 dv-neutron-860319-1-hyperv neutron-server[104901]: DEBUG neutron_lib.callbacks.manager [None req-627f24d3-6a3e-4d5e-911c-47ccecf26cc5 None None] Publish callbacks ['neutron.plugins.ml2.plugin.Ml2Plugin._port_provisioned-2018903'] for port (b90b1b49-4e01-4a88-be6c-86c48d5680ea), provisioning_complete {{(pid=104901) _notify_loop /usr/local/lib/python3.8/dist-packages/neutron_lib/callbacks/manager.py:176}}
Oct 11 08:05:36.712417 dv-neutron-860319-1-hyperv neutron-server[104901]: INFO neutron.plugins.ml2.plugin [None req-627f24d3-6a3e-4d5e-911c-47ccecf26cc5 None None] Attempt 1 to provision port b90b1b49-4e01-4a88-be6c-86c48d5680ea
Oct 11 08:05:36.755494 dv-neutron-860319-1-hyperv neutron-server[104899]: DEBUG neutron.api.v2.base [req-2c87edf2-8d7e-4bc1-82cd-47b7e55e67ae req-deb83791-0506-4c4e-891f-e89ae66f0227 service neutron] Request body: {'port': {'device_id': 'e6158ca5-1d99-4a69-b447-18907441575b', 'device_owner': 'compute:nova', 'binding:host_id': 'hv-neutron-8603'}} {{(pid=104899) prepare_request_body /opt/stack/neutron/neutron/api/v2/base.py:730}}
Oct 11 08:05:36.756873 dv-neutron-860319-1-hyperv neutron-server[104901]: DEBUG neutron.plugins.ml2.plugin [None req-627f24d3-6a3e-4d5e-911c-47ccecf26cc5 None None] Port b90b1b49-4e01-4a88-be6c-86c48d5680ea cannot update to ACTIVE because it is not bound. {{(pid=104901) _port_provisioned /opt/stack/neutron/neutron/plugins/ml2/plugin.py:356}}
Oct 11 08:05:36.759180 dv-neutron-860319-1-hyperv neutron-server[104899]: DEBUG neutron.pecan_wsgi.hooks.quota_enforcement [None req-d8bfe268-c9d4-4818-8b37-00bcbb006d1e tempest-RoutersIpV6AdminTest-1869091639 tempest-RoutersIpV6AdminTest-1869091639-project-admin] Made reservation on behalf of b3e62a44b32841898d5f8e5917e43eb0 for: {'subnet': 1} {{(pid=104899) before /opt/stack/neutron/neutron/pecan_wsgi/hooks/quota_enforcement.py:53}}
Oct 11 08:05:36.761367 dv-neutron-860319-1-hyperv neutron-server[104899]: DEBUG neutron_lib.callbacks.manager [None req-d8bfe268-c9d4-4818-8b37-00bcbb006d1e tempest-RoutersIpV6AdminTest-1869091639 tempest-RoutersIpV6AdminTest-1869091639-project-admin] Publish callbacks ['neutron.services.segments.plugin.SegmentHostRoutes.host_routes_before_create-13695389'] for subnet (None), before_create {{(pid=104899) _notify_loop /usr/local/lib/python3.8/dist-packages/neutron_lib/callbacks/manager.py:176}}
Oct 11 08:05:36.788042 dv-neutron-860319-1-hyperv neutron-server[104899]: DEBUG neutron.plugins.ml2.drivers.mech_agent [req-b9c4aeac-cf6d-4dde-86e9-2fa7693205d5 req-e283089a-46b0-4035-9ae6-b52bc0336738 service neutron] Port 2df2612f-b6d6-4879-8549-69ac86fca0a6 on network e81483ba-4d07-43a8-979e-d2a72a716156 not bound, no agent of type Open vSwitch agent registered on host hv-neutron-8603 {{(pid=104899) bind_port /opt/stack/neutron/neutron/plugins/ml2/drivers/mech_agent.py:103}}
Oct 11 08:05:36.788042 dv-neutron-860319-1-hyperv neutron-server[104899]: DEBUG neutron.plugins.ml2.drivers.mech_agent [req-b9c4aeac-cf6d-4dde-86e9-2fa7693205d5 req-e283089a-46b0-4035-9ae6-b52bc0336738 service neutron] Attempting to bind port 2df2612f-b6d6-4879-8549-69ac86fca0a6 on network e81483ba-4d07-43a8-979e-d2a72a716156 {{(pid=104899) bind_port /opt/stack/neutron/neutron/plugins/ml2/drivers/mech_agent.py:91}}
Oct 11 08:05:36.789223 dv-neutron-860319-1-hyperv neutron-server[104900]: DEBUG neutron.wsgi [-] (104900) accepted ('10.222.0.30', 41066) {{(pid=104900) server /usr/local/lib/python3.8/dist-packages/eventlet/wsgi.py:1004}}
Oct 11 08:05:36.789479 dv-neutron-860319-1-hyperv neutron-server[104899]: DEBUG neutron.plugins.ml2.drivers.mech_agent [None req-46849663-9fda-418c-8973-407f8880ee80 tempest-PortsAdminExtendedAttrsIpV6TestJSON-913727765 tempest-PortsAdminExtendedAttrsIpV6TestJSON-913727765-project-admin] Port b1e77347-4f9f-45dc-8e41-121307807e40 on network 99d6b975-9631-4d0b-995c-74f7ccb3e9b8 not bound, no agent of type Open vSwitch agent registered on host hv-neutron-8603 {{(pid=104899) bind_port /opt/stack/neutron/neutron/plugins/ml2/drivers/mech_agent.py:103}}
Oct 11 08:05:36.789803 dv-neutron-860319-1-hyperv neutron-server[104899]: ERROR neutron.plugins.ml2.managers [None req-46849663-9fda-418c-8973-407f8880ee80 tempest-PortsAdminExtendedAttrsIpV6TestJSON-913727765 tempest-PortsAdminExtendedAttrsIpV6TestJSON-913727765-project-admin] Failed to bind port b1e77347-4f9f-45dc-8e41-121307807e40 on host hv-neutron-8603 for vnic_type normal using segments [{'id': '1f83f78f-d35c-41eb-a7e0-b158775cf4f7', 'network_type': 'vlan', 'physical_network': 'physnet1', 'segmentation_id': 331, 'network_id': '99d6b975-9631-4d0b-995c-74f7ccb3e9b8'}]
Oct 11 08:05:36.836532 dv-neutron-860319-1-hyperv neutron-server[104899]: INFO neutron.plugins.ml2.plugin [None req-46849663-9fda-418c-8973-407f8880ee80 tempest-PortsAdminExtendedAttrsIpV6TestJSON-913727765 tempest-PortsAdminExtendedAttrsIpV6TestJSON-913727765-project-admin] Attempt 7 to bind port b1e77347-4f9f-45dc-8e41-121307807e40
Oct 11 08:05:36.861649 dv-neutron-860319-1-hyperv neutron-server[104900]: INFO neutron.wsgi [None req-43368b57-1629-46fe-96a6-d1e322df48d1 admin admin] 10.222.0.30 "GET /v2.0/security-groups?tenant_id=bf449b6019ba48cf8fe1bd67cce31db8&name=default HTTP/1.1" status: 200 len: 2992 time: 0.0709133
Oct 11 08:05:36.868557 dv-neutron-860319-1-hyperv neutron-server[104900]: DEBUG neutron.wsgi [-] (104900) accepted ('10.222.0.30', 41068) {{(pid=104900) server /usr/local/lib/python3.8/dist-packages/eventlet/wsgi.py:1004}}
Oct 11 08:05:36.892338 dv-neutron-860319-1-hyperv neutron-server[104899]: DEBUG neutron.plugins.ml2.managers [None req-0665ddf7-7d83-447d-bae1-44fd68ce589c tempest-PortsAdminExtendedAttrsTestJSON-968253541 tempest-PortsAdminExtendedAttrsTestJSON-968253541-project-admin] Attempting to bind port 8a094a77-886c-4891-8c02-d2a3451f16cc on host hv-neutron-8603 for vnic_type normal with profile {{(pid=104899) bind_port /opt/stack/neutron/neutron/plugins/ml2/managers.py:811}}
Oct 11 08:05:36.892657 dv-neutron-860319-1-hyperv neutron-server[104899]: DEBUG neutron.plugins.ml2.managers [None req-0665ddf7-7d83-447d-bae1-44fd68ce589c tempest-PortsAdminExtendedAttrsTestJSON-968253541 tempest-PortsAdminExtendedAttrsTestJSON-968253541-project-admin] Attempting to bind port 8a094a77-886c-4891-8c02-d2a3451f16cc by drivers openvswitch,hyperv on host hv-neutron-8603 at level 0 using segments [{'id': '5b4a5009-af89-4a7f-80f9-49560ac97b13', 'network_type': 'vlan', 'physical_network': 'physnet1', 'segmentation_id': 336, 'network_id': '01e2473d-dd39-40dd-b214-3453f6bf08de'}] {{(pid=104899) _bind_port_level /opt/stack/neutron/neutron/plugins/ml2/managers.py:836}}
Oct 11 08:05:36.892949 dv-neutron-860319-1-hyperv neutron-server[104899]: DEBUG neutron.plugins.ml2.drivers.mech_agent [None req-0665ddf7-7d83-447d-bae1-44fd68ce589c tempest-PortsAdminExtendedAttrsTestJSON-968253541 tempest-PortsAdminExtendedAttrsTestJSON-968253541-project-admin] Attempting to bind port 8a094a77-886c-4891-8c02-d2a3451f16cc on network 01e2473d-dd39-40dd-b214-3453f6bf08de {{(pid=104899) bind_port /opt/stack/neutron/neutron/plugins/ml2/drivers/mech_agent.py:91}}
Oct 11 08:05:36.894995 dv-neutron-860319-1-hyperv neutron-server[104899]: DEBUG neutron.plugins.ml2.drivers.mech_agent [req-b9c4aeac-cf6d-4dde-86e9-2fa7693205d5 req-e283089a-46b0-4035-9ae6-b52bc0336738 service neutron] Checking agent: {'id': 'd2a5325c-3295-403a-9d04-37043140dfe0', 'agent_type': 'HyperV agent', 'binary': 'neutron-hyperv-agent', 'topic': 'N/A', 'host': 'hv-neutron-8603', 'admin_state_up': True, 'created_at': datetime.datetime(2022, 10, 11, 8, 3, 8), 'started_at': datetime.datetime(2022, 10, 11, 8, 3, 8), 'heartbeat_timestamp': datetime.datetime(2022, 10, 11, 8, 5, 9), 'description': None, 'resources_synced': None, 'availability_zone': None, 'alive': True, 'configurations': {'vswitch_mappings': {'physnet1$': 'br-data'}}, 'resource_versions': {}} {{(pid=104899) bind_port /opt/stack/neutron/neutron/plugins/ml2/drivers/mech_agent.py:110}}
Oct 11 08:05:36.895358 dv-neutron-860319-1-hyperv neutron-server[104899]: DEBUG neutron.plugins.ml2.drivers.mech_agent [req-b9c4aeac-cf6d-4dde-86e9-2fa7693205d5 req-e283089a-46b0-4035-9ae6-b52bc0336738 service neutron] Checking segment: {'id': 'ece41b95-460a-4756-a61f-efed559823d1', 'network_type': 'vlan', 'physical_network': 'physnet1', 'segmentation_id': 346, 'network_id': 'e81483ba-4d07-43a8-979e-d2a72a716156'} for mappings: {'physnet1$': 'br-data'} with network types: ['local', 'flat', 'vlan'] {{(pid=104899) check_segment_for_agent /opt/stack/neutron/neutron/plugins/ml2/drivers/mech_agent.py:373}}
Oct 11 08:05:36.896033 dv-neutron-860319-1-hyperv neutron-server[104899]: DEBUG neutron.plugins.ml2.drivers.mech_agent [req-b9c4aeac-cf6d-4dde-86e9-2fa7693205d5 req-e283089a-46b0-4035-9ae6-b52bc0336738 service neutron] Bound using segment: {'id': 'ece41b95-460a-4756-a61f-efed559823d1', 'network_type': 'vlan', 'physical_network': 'physnet1', 'segmentation_id': 346, 'network_id': 'e81483ba-4d07-43a8-979e-d2a72a716156'} {{(pid=104899) bind_port /opt/stack/neutron/neutron/plugins/ml2/drivers/mech_agent.py:120}}
Oct 11 08:05:36.896438 dv-neutron-860319-1-hyperv neutron-server[104899]: DEBUG neutron.plugins.ml2.managers [req-b9c4aeac-cf6d-4dde-86e9-2fa7693205d5 req-e283089a-46b0-4035-9ae6-b52bc0336738 service neutron] Bound port: 2df2612f-b6d6-4879-8549-69ac86fca0a6, host: hv-neutron-8603, vif_type: hyperv, vif_details: {"connectivity": "legacy", "port_filter": false}, binding_levels: [{'bound_driver': 'hyperv', 'bound_segment': {'id': 'ece41b95-460a-4756-a61f-efed559823d1', 'network_type': 'vlan', 'physical_network': 'physnet1', 'segmentation_id': 346, 'network_id': 'e81483ba-4d07-43a8-979e-d2a72a716156'}}] {{(pid=104899) _bind_port_level /opt/stack/neutron/neutron/plugins/ml2/managers.py:948}}
Oct 11 08:05:36.896752 dv-neutron-860319-1-hyperv neutron-server[104899]: DEBUG neutron_lib.callbacks.manager [req-b9c4aeac-cf6d-4dde-86e9-2fa7693205d5 req-e283089a-46b0-4035-9ae6-b52bc0336738 service neutron] Publish callbacks ['neutron.plugins.ml2.plugin.SecurityGroupDbMixin._ensure_default_security_group_handler-1635473'] for port (2df2612f-b6d6-4879-8549-69ac86fca0a6), before_update {{(pid=104899) _notify_loop /usr/local/lib/python3.8/dist-packages/neutron_lib/callbacks/manager.py:176}}
Oct 11 08:05:36.927810 dv-neutron-860319-1-hyperv neutron-server[104899]: DEBUG neutron.plugins.ml2.managers [None req-46849663-9fda-418c-8973-407f8880ee80 tempest-PortsAdminExtendedAttrsIpV6TestJSON-913727765 tempest-PortsAdminExtendedAttrsIpV6TestJSON-913727765-project-admin] Attempting to bind port b1e77347-4f9f-45dc-8e41-121307807e40 on host hv-neutron-8603 for vnic_type normal with profile {{(pid=104899) bind_port /opt/stack/neutron/neutron/plugins/ml2/managers.py:811}}
Oct 11 08:05:36.928135 dv-neutron-860319-1-hyperv neutron-server[104899]: DEBUG neutron.plugins.ml2.managers [None req-46849663-9fda-418c-8973-407f8880ee80 tempest-PortsAdminExtendedAttrsIpV6TestJSON-913727765 tempest-PortsAdminExtendedAttrsIpV6TestJSON-913727765-project-admin] Attempting to bind port b1e77347-4f9f-45dc-8e41-121307807e40 by drivers openvswitch,hyperv on host hv-neutron-8603 at level 0 using segments [{'id': '1f83f78f-d35c-41eb-a7e0-b158775cf4f7', 'network_type': 'vlan', 'physical_network': 'physnet1', 'segmentation_id': 331, 'network_id': '99d6b975-9631-4d0b-995c-74f7ccb3e9b8'}] {{(pid=104899) _bind_port_level /opt/stack/neutron/neutron/plugins/ml2/managers.py:836}}
Oct 11 08:05:36.928440 dv-neutron-860319-1-hyperv neutron-server[104899]: DEBUG neutron.plugins.ml2.drivers.mech_agent [None req-46849663-9fda-418c-8973-407f8880ee80 tempest-PortsAdminExtendedAttrsIpV6TestJSON-913727765 tempest-PortsAdminExtendedAttrsIpV6TestJSON-913727765-project-admin] Attempting to bind port b1e77347-4f9f-45dc-8e41-121307807e40 on network 99d6b975-9631-4d0b-995c-74f7ccb3e9b8 {{(pid=104899) bind_port /opt/stack/neutron/neutron/plugins/ml2/drivers/mech_agent.py:91}}
Oct 11 08:05:36.944003 dv-neutron-860319-1-hyperv neutron-server[104899]: DEBUG neutron.plugins.ml2.drivers.mech_agent [None req-0665ddf7-7d83-447d-bae1-44fd68ce589c tempest-PortsAdminExtendedAttrsTestJSON-968253541 tempest-PortsAdminExtendedAttrsTestJSON-968253541-project-admin] Port 8a094a77-886c-4891-8c02-d2a3451f16cc on network 01e2473d-dd39-40dd-b214-3453f6bf08de not bound, no agent of type Open vSwitch agent registered on host hv-neutron-8603 {{(pid=104899) bind_port /opt/stack/neutron/neutron/plugins/ml2/drivers/mech_agent.py:103}}
Oct 11 08:05:36.944206 dv-neutron-860319-1-hyperv neutron-server[104899]: ERROR neutron.plugins.ml2.managers [None req-0665ddf7-7d83-447d-bae1-44fd68ce589c tempest-PortsAdminExtendedAttrsTestJSON-968253541 tempest-PortsAdminExtendedAttrsTestJSON-968253541-project-admin] Failed to bind port 8a094a77-886c-4891-8c02-d2a3451f16cc on host hv-neutron-8603 for vnic_type normal using segments [{'id': '5b4a5009-af89-4a7f-80f9-49560ac97b13', 'network_type': 'vlan', 'physical_network': 'physnet1', 'segmentation_id': 336, 'network_id': '01e2473d-dd39-40dd-b214-3453f6bf08de'}]
Oct 11 08:05:36.951783 dv-neutron-860319-1-hyperv neutron-server[104899]: INFO neutron.plugins.ml2.plugin [None req-0665ddf7-7d83-447d-bae1-44fd68ce589c tempest-PortsAdminExtendedAttrsTestJSON-968253541 tempest-PortsAdminExtendedAttrsTestJSON-968253541-project-admin] Attempt 9 to bind port 8a094a77-886c-4891-8c02-d2a3451f16cc
Oct 11 08:05:37.087724 dv-neutron-860319-1-hyperv neutron-server[104900]: DEBUG neutron.notifiers.nova [req-a3f7bce6-2f5a-44a8-aa38-c7d55879ae3e req-60ac03dd-88b8-413e-a786-100053f6af46 service neutron] Ignoring state change previous_port_status: DOWN current_port_status: DOWN port_id b90b1b49-4e01-4a88-be6c-86c48d5680ea {{(pid=104900) record_port_status_changed /opt/stack/neutron/neutron/notifiers/nova.py:235}}
Oct 11 08:05:37.102556 dv-neutron-860319-1-hyperv neutron-server[104900]: DEBUG neutron_lib.callbacks.manager [req-a3f7bce6-2f5a-44a8-aa38-c7d55879ae3e req-60ac03dd-88b8-413e-a786-100053f6af46 service neutron] Publish callbacks [] for port (b90b1b49-4e01-4a88-be6c-86c48d5680ea), precommit_update {{(pid=104900) _notify_loop /usr/local/lib/python3.8/dist-packages/neutron_lib/callbacks/manager.py:176}}
Oct 11 08:05:37.110941 dv-neutron-860319-1-hyperv neutron-server[104900]: DEBUG neutron_lib.callbacks.manager [None req-10abc85c-6cf7-47d0-afe2-a4aa48969265 admin admin] Publish callbacks [] for security_group (e58841af-0ba5-403c-9fd5-39aa1f3bae71), before_delete {{(pid=104900) _notify_loop /usr/local/lib/python3.8/dist-packages/neutron_lib/callbacks/manager.py:176}}
Oct 11 08:05:37.151130 dv-neutron-860319-1-hyperv neutron-server[104900]: DEBUG neutron.db.provisioning_blocks [req-a3f7bce6-2f5a-44a8-aa38-c7d55879ae3e req-60ac03dd-88b8-413e-a786-100053f6af46 service neutron] Transition to ACTIVE for port object b90b1b49-4e01-4a88-be6c-86c48d5680ea will not be triggered until provisioned by entity L2. {{(pid=104900) add_provisioning_component /opt/stack/neutron/neutron/db/provisioning_blocks.py:75}}
Oct 11 08:05:37.167548 dv-neutron-860319-1-hyperv neutron-server[104900]: DEBUG neutron_lib.callbacks.manager [None req-10abc85c-6cf7-47d0-afe2-a4aa48969265 admin admin] Publish callbacks [] for security_group (e58841af-0ba5-403c-9fd5-39aa1f3bae71), precommit_delete {{(pid=104900) _notify_loop /usr/local/lib/python3.8/dist-packages/neutron_lib/callbacks/manager.py:176}}
Oct 11 08:05:37.186827 dv-neutron-860319-1-hyperv neutron-server[104900]: DEBUG neutron.pecan_wsgi.hooks.policy_enforcement [req-6059b117-1906-4ae5-8dc6-ebff6ec13365 req-a09c64fa-259d-45c7-a486-312bae1dc2ce tempest-ServerActionsTestJSON-427992569 tempest-ServerActionsTestJSON-427992569-project] Attributes excluded by policy engine: ['standard_attr_id', 'binding:profile', 'binding:host_id', 'binding:vif_type', 'binding:vif_details'] {{(pid=104900) _exclude_attributes_by_policy /opt/stack/neutron/neutron/pecan_wsgi/hooks/policy_enforcement.py:259}}
Oct 11 08:05:37.189565 dv-neutron-860319-1-hyperv neutron-server[104900]: INFO neutron.wsgi [req-6059b117-1906-4ae5-8dc6-ebff6ec13365 req-a09c64fa-259d-45c7-a486-312bae1dc2ce tempest-ServerActionsTestJSON-427992569 tempest-ServerActionsTestJSON-427992569-project] 10.222.0.30 "GET /v2.0/ports?device_id=1ea9f48e-f2f1-4724-8120-fa79cfb73afa HTTP/1.1" status: 200 len: 943 time: 0.1953251
Oct 11 08:05:37.224303 dv-neutron-860319-1-hyperv neutron-server[104899]: DEBUG neutron_lib.callbacks.manager [req-2c87edf2-8d7e-4bc1-82cd-47b7e55e67ae req-deb83791-0506-4c4e-891f-e89ae66f0227 service neutron] Publish callbacks ['neutron.plugins.ml2.plugin.SecurityGroupDbMixin._ensure_default_security_group_handler-1635473'] for port (8c0c974d-fece-43e7-b47a-431a6032bc38), before_update {{(pid=104899) _notify_loop /usr/local/lib/python3.8/dist-packages/neutron_lib/callbacks/manager.py:176}}
Oct 11 08:05:37.244260 dv-neutron-860319-1-hyperv neutron-server[104900]: DEBUG neutron_lib.callbacks.manager [req-a3f7bce6-2f5a-44a8-aa38-c7d55879ae3e req-60ac03dd-88b8-413e-a786-100053f6af46 service neutron] Publish callbacks ['neutron.plugins.ml2.plugin.SecurityGroupServerNotifierRpcMixin._notify_sg_on_port_change-1636961', 'neutron.plugins.ml2.ovo_rpc._ObjectChangeHandler.handle_event-211903', 'neutron.api.rpc.agentnotifiers.dhcp_rpc_agent_api.DhcpAgentNotifyAPI._native_event_send_dhcp_notification-997699', 'neutron.db.l3_db.L3RpcNotifierMixin._notify_gateway_port_ip_changed-8739546124701', 'neutron.db.l3_dvrscheduler_db._notify_l3_agent_port_update-8739545620228', 'neutron.db.l3_hascheduler_db._notify_l3_agent_ha_port_update-8739545620246', 'neutron.services.segments.plugin.NovaSegmentNotifier._notify_port_updated-14816417'] for port (b90b1b49-4e01-4a88-be6c-86c48d5680ea), after_update {{(pid=104900) _notify_loop /usr/local/lib/python3.8/dist-packages/neutron_lib/callbacks/manager.py:176}}
Oct 11 08:05:37.252097 dv-neutron-860319-1-hyperv neutron-server[104899]: DEBUG neutron.plugins.ml2.drivers.mech_agent [None req-46849663-9fda-418c-8973-407f8880ee80 tempest-PortsAdminExtendedAttrsIpV6TestJSON-913727765 tempest-PortsAdminExtendedAttrsIpV6TestJSON-913727765-project-admin] Port b1e77347-4f9f-45dc-8e41-121307807e40 on network 99d6b975-9631-4d0b-995c-74f7ccb3e9b8 not bound, no agent of type Open vSwitch agent registered on host hv-neutron-8603 {{(pid=104899) bind_port /opt/stack/neutron/neutron/plugins/ml2/drivers/mech_agent.py:103}}
Oct 11 08:05:37.252097 dv-neutron-860319-1-hyperv neutron-server[104899]: ERROR neutron.plugins.ml2.managers [None req-46849663-9fda-418c-8973-407f8880ee80 tempest-PortsAdminExtendedAttrsIpV6TestJSON-913727765 tempest-PortsAdminExtendedAttrsIpV6TestJSON-913727765-project-admin] Failed to bind port b1e77347-4f9f-45dc-8e41-121307807e40 on host hv-neutron-8603 for vnic_type normal using segments [{'id': '1f83f78f-d35c-41eb-a7e0-b158775cf4f7', 'network_type': 'vlan', 'physical_network': 'physnet1', 'segmentation_id': 331, 'network_id': '99d6b975-9631-4d0b-995c-74f7ccb3e9b8'}]
Oct 11 08:05:37.256568 dv-neutron-860319-1-hyperv neutron-server[104899]: INFO neutron.plugins.ml2.plugin [None req-46849663-9fda-418c-8973-407f8880ee80 tempest-PortsAdminExtendedAttrsIpV6TestJSON-913727765 tempest-PortsAdminExtendedAttrsIpV6TestJSON-913727765-project-admin] Attempt 8 to bind port b1e77347-4f9f-45dc-8e41-121307807e40
Oct 11 08:05:37.258794 dv-neutron-860319-1-hyperv neutron-server[104901]: INFO neutron.plugins.ml2.plugin [None req-627f24d3-6a3e-4d5e-911c-47ccecf26cc5 None None] Attempt 2 to provision port b90b1b49-4e01-4a88-be6c-86c48d5680ea
Oct 11 08:05:37.277870 dv-neutron-860319-1-hyperv neutron-server[104899]: DEBUG neutron.pecan_wsgi.hooks.policy_enforcement [req-d6d7c28d-c009-4c17-a8ac-34925ec898ea req-d2613f75-4e33-42aa-b0b5-d7bb827da0ff tempest-ServersTestJSON-2012565829 tempest-ServersTestJSON-2012565829-project] Attributes excluded by policy engine: ['standard_attr_id', 'binding:profile', 'binding:host_id', 'binding:vif_type', 'binding:vif_details'] {{(pid=104899) _exclude_attributes_by_policy /opt/stack/neutron/neutron/pecan_wsgi/hooks/policy_enforcement.py:259}}
Oct 11 08:05:37.283766 dv-neutron-860319-1-hyperv neutron-server[104899]: INFO neutron.wsgi [req-d6d7c28d-c009-4c17-a8ac-34925ec898ea req-d2613f75-4e33-42aa-b0b5-d7bb827da0ff tempest-ServersTestJSON-2012565829 tempest-ServersTestJSON-2012565829-project] 10.222.0.30 "GET /v2.0/ports?device_id=e6158ca5-1d99-4a69-b447-18907441575b HTTP/1.1" status: 200 len: 931 time: 0.6617496
Oct 11 08:05:37.315114 dv-neutron-860319-1-hyperv neutron-server[104899]: DEBUG neutron.plugins.ml2.managers [None req-0665ddf7-7d83-447d-bae1-44fd68ce589c tempest-PortsAdminExtendedAttrsTestJSON-968253541 tempest-PortsAdminExtendedAttrsTestJSON-968253541-project-admin] Attempting to bind port 8a094a77-886c-4891-8c02-d2a3451f16cc on host hv-neutron-8603 for vnic_type normal with profile {{(pid=104899) bind_port /opt/stack/neutron/neutron/plugins/ml2/managers.py:811}}
Oct 11 08:05:37.315450 dv-neutron-860319-1-hyperv neutron-server[104899]: DEBUG neutron.plugins.ml2.managers [None req-0665ddf7-7d83-447d-bae1-44fd68ce589c tempest-PortsAdminExtendedAttrsTestJSON-968253541 tempest-PortsAdminExtendedAttrsTestJSON-968253541-project-admin] Attempting to bind port 8a094a77-886c-4891-8c02-d2a3451f16cc by drivers openvswitch,hyperv on host hv-neutron-8603 at level 0 using segments [{'id': '5b4a5009-af89-4a7f-80f9-49560ac97b13', 'network_type': 'vlan', 'physical_network': 'physnet1', 'segmentation_id': 336, 'network_id': '01e2473d-dd39-40dd-b214-3453f6bf08de'}] {{(pid=104899) _bind_port_level /opt/stack/neutron/neutron/plugins/ml2/managers.py:836}}
Oct 11 08:05:37.315862 dv-neutron-860319-1-hyperv neutron-server[104899]: DEBUG neutron.plugins.ml2.drivers.mech_agent [None req-0665ddf7-7d83-447d-bae1-44fd68ce589c tempest-PortsAdminExtendedAttrsTestJSON-968253541 tempest-PortsAdminExtendedAttrsTestJSON-968253541-project-admin] Attempting to bind port 8a094a77-886c-4891-8c02-d2a3451f16cc on network 01e2473d-dd39-40dd-b214-3453f6bf08de {{(pid=104899) bind_port /opt/stack/neutron/neutron/plugins/ml2/drivers/mech_agent.py:91}}
Oct 11 08:05:37.361973 dv-neutron-860319-1-hyperv neutron-server[104899]: DEBUG neutron.plugins.ml2.managers [None req-46849663-9fda-418c-8973-407f8880ee80 tempest-PortsAdminExtendedAttrsIpV6TestJSON-913727765 tempest-PortsAdminExtendedAttrsIpV6TestJSON-913727765-project-admin] Attempting to bind port b1e77347-4f9f-45dc-8e41-121307807e40 on host hv-neutron-8603 for vnic_type normal with profile {{(pid=104899) bind_port /opt/stack/neutron/neutron/plugins/ml2/managers.py:811}}
Oct 11 08:05:37.362229 dv-neutron-860319-1-hyperv neutron-server[104899]: DEBUG neutron.plugins.ml2.managers [None req-46849663-9fda-418c-8973-407f8880ee80 tempest-PortsAdminExtendedAttrsIpV6TestJSON-913727765 tempest-PortsAdminExtendedAttrsIpV6TestJSON-913727765-project-admin] Attempting to bind port b1e77347-4f9f-45dc-8e41-121307807e40 by drivers openvswitch,hyperv on host hv-neutron-8603 at level 0 using segments [{'id': '1f83f78f-d35c-41eb-a7e0-b158775cf4f7', 'network_type': 'vlan', 'physical_network': 'physnet1', 'segmentation_id': 331, 'network_id': '99d6b975-9631-4d0b-995c-74f7ccb3e9b8'}] {{(pid=104899) _bind_port_level /opt/stack/neutron/neutron/plugins/ml2/managers.py:836}}
Oct 11 08:05:37.362643 dv-neutron-860319-1-hyperv neutron-server[104899]: DEBUG neutron.plugins.ml2.drivers.mech_agent [None req-46849663-9fda-418c-8973-407f8880ee80 tempest-PortsAdminExtendedAttrsIpV6TestJSON-913727765 tempest-PortsAdminExtendedAttrsIpV6TestJSON-913727765-project-admin] Attempting to bind port b1e77347-4f9f-45dc-8e41-121307807e40 on network 99d6b975-9631-4d0b-995c-74f7ccb3e9b8 {{(pid=104899) bind_port /opt/stack/neutron/neutron/plugins/ml2/drivers/mech_agent.py:91}}
Oct 11 08:05:37.369576 dv-neutron-860319-1-hyperv neutron-server[104900]: INFO neutron.wsgi [req-6059b117-1906-4ae5-8dc6-ebff6ec13365 req-d7b6a3a6-399f-476d-9771-b7e56ffb7145 tempest-ServerActionsTestJSON-427992569 tempest-ServerActionsTestJSON-427992569-project] 10.222.0.30 "GET /v2.0/security-groups?id=4eeae640-9016-42dd-b780-3ed7022f6cda&fields=id&fields=name HTTP/1.1" status: 200 len: 313 time: 0.1609550
Oct 11 08:05:37.371162 dv-neutron-860319-1-hyperv neutron-server[104901]: DEBUG neutron.plugins.ml2.plugin [None req-627f24d3-6a3e-4d5e-911c-47ccecf26cc5 None None] Port b90b1b49-4e01-4a88-be6c-86c48d5680ea cannot update to ACTIVE because it is not bound. {{(pid=104901) _port_provisioned /opt/stack/neutron/neutron/plugins/ml2/plugin.py:356}}
Oct 11 08:05:37.384475 dv-neutron-860319-1-hyperv neutron-server[104899]: DEBUG neutron.plugins.ml2.drivers.mech_agent [None req-0665ddf7-7d83-447d-bae1-44fd68ce589c tempest-PortsAdminExtendedAttrsTestJSON-968253541 tempest-PortsAdminExtendedAttrsTestJSON-968253541-project-admin] Port 8a094a77-886c-4891-8c02-d2a3451f16cc on network 01e2473d-dd39-40dd-b214-3453f6bf08de not bound, no agent of type Open vSwitch agent registered on host hv-neutron-8603 {{(pid=104899) bind_port /opt/stack/neutron/neutron/plugins/ml2/drivers/mech_agent.py:103}}
Oct 11 08:05:37.384803 dv-neutron-860319-1-hyperv neutron-server[104899]: ERROR neutron.plugins.ml2.managers [None req-0665ddf7-7d83-447d-bae1-44fd68ce589c tempest-PortsAdminExtendedAttrsTestJSON-968253541 tempest-PortsAdminExtendedAttrsTestJSON-968253541-project-admin] Failed to bind port 8a094a77-886c-4891-8c02-d2a3451f16cc on host hv-neutron-8603 for vnic_type normal using segments [{'id': '5b4a5009-af89-4a7f-80f9-49560ac97b13', 'network_type': 'vlan', 'physical_network': 'physnet1', 'segmentation_id': 336, 'network_id': '01e2473d-dd39-40dd-b214-3453f6bf08de'}]
Oct 11 08:05:37.387773 dv-neutron-860319-1-hyperv neutron-server[104900]: DEBUG neutron.api.rpc.handlers.resources_rpc [None req-60ac03dd-88b8-413e-a786-100053f6af46 service neutron] Pushing event updated for resources: {'Port': ['ID=b90b1b49-4e01-4a88-be6c-86c48d5680ea,revision_number=2']} {{(pid=104900) push /opt/stack/neutron/neutron/api/rpc/handlers/resources_rpc.py:237}}
Oct 11 08:05:37.393659 dv-neutron-860319-1-hyperv neutron-server[104900]: DEBUG neutron_lib.callbacks.manager [None req-10abc85c-6cf7-47d0-afe2-a4aa48969265 admin admin] Publish callbacks ['neutron.plugins.ml2.ovo_rpc._ObjectChangeHandler.handle_event-547142'] for security_group (e58841af-0ba5-403c-9fd5-39aa1f3bae71), after_delete {{(pid=104900) _notify_loop /usr/local/lib/python3.8/dist-packages/neutron_lib/callbacks/manager.py:176}}
Oct 11 08:05:37.398315 dv-neutron-860319-1-hyperv neutron-server[104900]: DEBUG neutron_lib.callbacks.manager [None req-10abc85c-6cf7-47d0-afe2-a4aa48969265 admin admin] Publish callbacks [] for security_group (None), before_response {{(pid=104900) _notify_loop /usr/local/lib/python3.8/dist-packages/neutron_lib/callbacks/manager.py:176}}
Oct 11 08:05:37.398450 dv-neutron-860319-1-hyperv neutron-server[104899]: INFO neutron.plugins.ml2.plugin [None req-0665ddf7-7d83-447d-bae1-44fd68ce589c tempest-PortsAdminExtendedAttrsTestJSON-968253541 tempest-PortsAdminExtendedAttrsTestJSON-968253541-project-admin] Attempt 10 to bind port 8a094a77-886c-4891-8c02-d2a3451f16cc
Oct 11 08:05:37.398540 dv-neutron-860319-1-hyperv neutron-server[104900]: INFO neutron.wsgi [None req-10abc85c-6cf7-47d0-afe2-a4aa48969265 admin admin] 10.222.0.30 "DELETE /v2.0/security-groups/e58841af-0ba5-403c-9fd5-39aa1f3bae71 HTTP/1.1" status: 204 len: 168 time: 0.5273082
Oct 11 08:05:37.411502 dv-neutron-860319-1-hyperv neutron-server[104900]: DEBUG neutron.api.rpc.handlers.resources_rpc [None req-10abc85c-6cf7-47d0-afe2-a4aa48969265 admin admin] Pushing event deleted for resources: {'SecurityGroup': ['ID=e58841af-0ba5-403c-9fd5-39aa1f3bae71,revision_number=None']} {{(pid=104900) push /opt/stack/neutron/neutron/api/rpc/handlers/resources_rpc.py:237}}
Oct 11 08:05:37.424412 dv-neutron-860319-1-hyperv neutron-server[104899]: DEBUG neutron.plugins.ml2.drivers.mech_agent [None req-46849663-9fda-418c-8973-407f8880ee80 tempest-PortsAdminExtendedAttrsIpV6TestJSON-913727765 tempest-PortsAdminExtendedAttrsIpV6TestJSON-913727765-project-admin] Port b1e77347-4f9f-45dc-8e41-121307807e40 on network 99d6b975-9631-4d0b-995c-74f7ccb3e9b8 not bound, no agent of type Open vSwitch agent registered on host hv-neutron-8603 {{(pid=104899) bind_port /opt/stack/neutron/neutron/plugins/ml2/drivers/mech_agent.py:103}}
Oct 11 08:05:37.424762 dv-neutron-860319-1-hyperv neutron-server[104899]: ERROR neutron.plugins.ml2.managers [None req-46849663-9fda-418c-8973-407f8880ee80 tempest-PortsAdminExtendedAttrsIpV6TestJSON-913727765 tempest-PortsAdminExtendedAttrsIpV6TestJSON-913727765-project-admin] Failed to bind port b1e77347-4f9f-45dc-8e41-121307807e40 on host hv-neutron-8603 for vnic_type normal using segments [{'id': '1f83f78f-d35c-41eb-a7e0-b158775cf4f7', 'network_type': 'vlan', 'physical_network': 'physnet1', 'segmentation_id': 331, 'network_id': '99d6b975-9631-4d0b-995c-74f7ccb3e9b8'}]
Oct 11 08:05:37.429644 dv-neutron-860319-1-hyperv neutron-server[104900]: DEBUG neutron.plugins.ml2.managers [req-a3f7bce6-2f5a-44a8-aa38-c7d55879ae3e req-60ac03dd-88b8-413e-a786-100053f6af46 service neutron] Attempting to bind port b90b1b49-4e01-4a88-be6c-86c48d5680ea on host hv-neutron-8603 for vnic_type normal with profile {{(pid=104900) bind_port /opt/stack/neutron/neutron/plugins/ml2/managers.py:811}}
Oct 11 08:05:37.430005 dv-neutron-860319-1-hyperv neutron-server[104900]: DEBUG neutron.plugins.ml2.managers [req-a3f7bce6-2f5a-44a8-aa38-c7d55879ae3e req-60ac03dd-88b8-413e-a786-100053f6af46 service neutron] Attempting to bind port b90b1b49-4e01-4a88-be6c-86c48d5680ea by drivers openvswitch,hyperv on host hv-neutron-8603 at level 0 using segments [{'id': 'c14963f6-9762-461e-a11b-35a73f6222a8', 'network_type': 'vlan', 'physical_network': 'physnet1', 'segmentation_id': 321, 'network_id': 'f5d6335a-64f8-42f8-87e8-0de473daefbe'}] {{(pid=104900) _bind_port_level /opt/stack/neutron/neutron/plugins/ml2/managers.py:836}}
Oct 11 08:05:37.430360 dv-neutron-860319-1-hyperv neutron-server[104900]: DEBUG neutron.plugins.ml2.drivers.mech_agent [req-a3f7bce6-2f5a-44a8-aa38-c7d55879ae3e req-60ac03dd-88b8-413e-a786-100053f6af46 service neutron] Attempting to bind port b90b1b49-4e01-4a88-be6c-86c48d5680ea on network f5d6335a-64f8-42f8-87e8-0de473daefbe {{(pid=104900) bind_port /opt/stack/neutron/neutron/plugins/ml2/drivers/mech_agent.py:91}}
Oct 11 08:05:37.435180 dv-neutron-860319-1-hyperv neutron-server[104900]: DEBUG neutron.plugins.ml2.drivers.mech_agent [req-a3f7bce6-2f5a-44a8-aa38-c7d55879ae3e req-60ac03dd-88b8-413e-a786-100053f6af46 service neutron] Port b90b1b49-4e01-4a88-be6c-86c48d5680ea on network f5d6335a-64f8-42f8-87e8-0de473daefbe not bound, no agent of type Open vSwitch agent registered on host hv-neutron-8603 {{(pid=104900) bind_port /opt/stack/neutron/neutron/plugins/ml2/drivers/mech_agent.py:103}}
Oct 11 08:05:37.438468 dv-neutron-860319-1-hyperv neutron-server[104900]: DEBUG neutron.plugins.ml2.drivers.mech_agent [req-a3f7bce6-2f5a-44a8-aa38-c7d55879ae3e req-60ac03dd-88b8-413e-a786-100053f6af46 service neutron] Attempting to bind port b90b1b49-4e01-4a88-be6c-86c48d5680ea on network f5d6335a-64f8-42f8-87e8-0de473daefbe {{(pid=104900) bind_port /opt/stack/neutron/neutron/plugins/ml2/drivers/mech_agent.py:91}}
Oct 11 08:05:37.440595 dv-neutron-860319-1-hyperv neutron-server[104899]: INFO neutron.plugins.ml2.plugin [None req-46849663-9fda-418c-8973-407f8880ee80 tempest-PortsAdminExtendedAttrsIpV6TestJSON-913727765 tempest-PortsAdminExtendedAttrsIpV6TestJSON-913727765-project-admin] Attempt 9 to bind port b1e77347-4f9f-45dc-8e41-121307807e40
Oct 11 08:05:37.440803 dv-neutron-860319-1-hyperv neutron-server[104900]: DEBUG neutron.plugins.ml2.drivers.mech_agent [req-a3f7bce6-2f5a-44a8-aa38-c7d55879ae3e req-60ac03dd-88b8-413e-a786-100053f6af46 service neutron] Checking agent: {'id': 'd2a5325c-3295-403a-9d04-37043140dfe0', 'agent_type': 'HyperV agent', 'binary': 'neutron-hyperv-agent', 'topic': 'N/A', 'host': 'hv-neutron-8603', 'admin_state_up': True, 'created_at': datetime.datetime(2022, 10, 11, 8, 3, 8), 'started_at': datetime.datetime(2022, 10, 11, 8, 3, 8), 'heartbeat_timestamp': datetime.datetime(2022, 10, 11, 8, 5, 9), 'description': None, 'resources_synced': None, 'availability_zone': None, 'alive': True, 'configurations': {'vswitch_mappings': {'physnet1$': 'br-data'}}, 'resource_versions': {}} {{(pid=104900) bind_port /opt/stack/neutron/neutron/plugins/ml2/drivers/mech_agent.py:110}}
Oct 11 08:05:37.441300 dv-neutron-860319-1-hyperv neutron-server[104900]: DEBUG neutron.plugins.ml2.drivers.mech_agent [req-a3f7bce6-2f5a-44a8-aa38-c7d55879ae3e req-60ac03dd-88b8-413e-a786-100053f6af46 service neutron] Checking segment: {'id': 'c14963f6-9762-461e-a11b-35a73f6222a8', 'network_type': 'vlan', 'physical_network': 'physnet1', 'segmentation_id': 321, 'network_id': 'f5d6335a-64f8-42f8-87e8-0de473daefbe'} for mappings: {'physnet1$': 'br-data'} with network types: ['local', 'flat', 'vlan'] {{(pid=104900) check_segment_for_agent /opt/stack/neutron/neutron/plugins/ml2/drivers/mech_agent.py:373}}
Oct 11 08:05:37.441732 dv-neutron-860319-1-hyperv neutron-server[104900]: DEBUG neutron.plugins.ml2.drivers.mech_agent [req-a3f7bce6-2f5a-44a8-aa38-c7d55879ae3e req-60ac03dd-88b8-413e-a786-100053f6af46 service neutron] Bound using segment: {'id': 'c14963f6-9762-461e-a11b-35a73f6222a8', 'network_type': 'vlan', 'physical_network': 'physnet1', 'segmentation_id': 321, 'network_id': 'f5d6335a-64f8-42f8-87e8-0de473daefbe'} {{(pid=104900) bind_port /opt/stack/neutron/neutron/plugins/ml2/drivers/mech_agent.py:120}}
Oct 11 08:05:37.442172 dv-neutron-860319-1-hyperv neutron-server[104900]: DEBUG neutron.plugins.ml2.managers [req-a3f7bce6-2f5a-44a8-aa38-c7d55879ae3e req-60ac03dd-88b8-413e-a786-100053f6af46 service neutron] Bound port: b90b1b49-4e01-4a88-be6c-86c48d5680ea, host: hv-neutron-8603, vif_type: hyperv, vif_details: {"connectivity": "legacy", "port_filter": false}, binding_levels: [{'bound_driver': 'hyperv', 'bound_segment': {'id': 'c14963f6-9762-461e-a11b-35a73f6222a8', 'network_type': 'vlan', 'physical_network': 'physnet1', 'segmentation_id': 321, 'network_id': 'f5d6335a-64f8-42f8-87e8-0de473daefbe'}}] {{(pid=104900) _bind_port_level /opt/stack/neutron/neutron/plugins/ml2/managers.py:948}}
Oct 11 08:05:37.442535 dv-neutron-860319-1-hyperv neutron-server[104900]: DEBUG neutron_lib.callbacks.manager [req-a3f7bce6-2f5a-44a8-aa38-c7d55879ae3e req-60ac03dd-88b8-413e-a786-100053f6af46 service neutron] Publish callbacks ['neutron.plugins.ml2.plugin.SecurityGroupDbMixin._ensure_default_security_group_handler-1635473'] for port (b90b1b49-4e01-4a88-be6c-86c48d5680ea), before_update {{(pid=104900) _notify_loop /usr/local/lib/python3.8/dist-packages/neutron_lib/callbacks/manager.py:176}}
Oct 11 08:05:37.492361 dv-neutron-860319-1-hyperv neutron-server[104901]: DEBUG neutron_lib.callbacks.manager [None req-7c83d3ed-9bbe-45ac-9e6d-d240d194cc27 None None] Publish callbacks ['neutron.services.segments.db._update_segment_host_mapping_for_agent-8739546179871', 'neutron.plugins.ml2.plugin.Ml2Plugin._retry_binding_revived_agents-2017781'] for agent (2932bead-999e-43bc-80a9-81992ddfe266), after_update {{(pid=104901) _notify_loop /usr/local/lib/python3.8/dist-packages/neutron_lib/callbacks/manager.py:176}}
Oct 11 08:05:37.562512 dv-neutron-860319-1-hyperv neutron-server[104899]: DEBUG neutron.plugins.ml2.managers [None req-0665ddf7-7d83-447d-bae1-44fd68ce589c tempest-PortsAdminExtendedAttrsTestJSON-968253541 tempest-PortsAdminExtendedAttrsTestJSON-968253541-project-admin] Attempting to bind port 8a094a77-886c-4891-8c02-d2a3451f16cc on host hv-neutron-8603 for vnic_type normal with profile {{(pid=104899) bind_port /opt/stack/neutron/neutron/plugins/ml2/managers.py:811}}
Oct 11 08:05:37.563085 dv-neutron-860319-1-hyperv neutron-server[104899]: DEBUG neutron.plugins.ml2.managers [None req-0665ddf7-7d83-447d-bae1-44fd68ce589c tempest-PortsAdminExtendedAttrsTestJSON-968253541 tempest-PortsAdminExtendedAttrsTestJSON-968253541-project-admin] Attempting to bind port 8a094a77-886c-4891-8c02-d2a3451f16cc by drivers openvswitch,hyperv on host hv-neutron-8603 at level 0 using segments [{'id': '5b4a5009-af89-4a7f-80f9-49560ac97b13', 'network_type': 'vlan', 'physical_network': 'physnet1', 'segmentation_id': 336, 'network_id': '01e2473d-dd39-40dd-b214-3453f6bf08de'}] {{(pid=104899) _bind_port_level /opt/stack/neutron/neutron/plugins/ml2/managers.py:836}}
Oct 11 08:05:37.563583 dv-neutron-860319-1-hyperv neutron-server[104899]: DEBUG neutron.plugins.ml2.drivers.mech_agent [None req-0665ddf7-7d83-447d-bae1-44fd68ce589c tempest-PortsAdminExtendedAttrsTestJSON-968253541 tempest-PortsAdminExtendedAttrsTestJSON-968253541-project-admin] Attempting to bind port 8a094a77-886c-4891-8c02-d2a3451f16cc on network 01e2473d-dd39-40dd-b214-3453f6bf08de {{(pid=104899) bind_port /opt/stack/neutron/neutron/plugins/ml2/drivers/mech_agent.py:91}}
Oct 11 08:05:37.566746 dv-neutron-860319-1-hyperv neutron-server[104900]: DEBUG neutron.plugins.ml2.db [req-a3f7bce6-2f5a-44a8-aa38-c7d55879ae3e req-60ac03dd-88b8-413e-a786-100053f6af46 service neutron] For port b90b1b49-4e01-4a88-be6c-86c48d5680ea, host hv-neutron-8603, cleared binding levels {{(pid=104900) clear_binding_levels /opt/stack/neutron/neutron/plugins/ml2/db.py:87}}
Oct 11 08:05:37.571553 dv-neutron-860319-1-hyperv neutron-server[104900]: DEBUG neutron.plugins.ml2.db [req-a3f7bce6-2f5a-44a8-aa38-c7d55879ae3e req-60ac03dd-88b8-413e-a786-100053f6af46 service neutron] For port b90b1b49-4e01-4a88-be6c-86c48d5680ea, host hv-neutron-8603, set binding levels [PortBindingLevel(driver='hyperv',host='hv-neutron-8603',level=0,port_id=b90b1b49-4e01-4a88-be6c-86c48d5680ea,segment=NetworkSegment(c14963f6-9762-461e-a11b-35a73f6222a8),segment_id=c14963f6-9762-461e-a11b-35a73f6222a8)] {{(pid=104900) set_binding_levels /opt/stack/neutron/neutron/plugins/ml2/db.py:59}}
