Oct 04 23:37:11.419589 dv-neutron-860275-5-hyperv devstack@keystone.service[88276]: DEBUG keystone.server.flask.request_processing.middleware.auth_context [None req-99bcb00e-93fb-47bd-8955-0212d1cab972 None admin] Validating token access rules against request {{(pid=88276) validate_allowed_request /usr/local/lib/python3.8/dist-packages/keystonemiddleware/auth_token/__init__.py:545}}
Oct 04 23:37:11.458313 dv-neutron-860275-5-hyperv devstack@keystone.service[88276]: DEBUG keystone.server.flask.request_processing.middleware.auth_context [None req-5ae905db-3f4e-4b7a-b843-027b112627ba None admin] RBAC: auth_context: {'token': , 'domain_id': None, 'trust_id': None, 'trustor_id': None, 'trustee_id': None, 'domain_name': None, 'group_ids': [], 'user_id': 'e38c4f8ca5f24b889ef9fce15d6a1f9a', 'user_domain_id': 'default', 'system_scope': 'all', 'project_id': None, 'project_domain_id': None, 'roles': ['admin', 'member', 'reader'], 'is_admin_project': True, 'service_user_id': None, 'service_user_domain_id': None, 'service_project_id': None, 'service_project_domain_id': None, 'service_roles': []} {{(pid=88276) fill_context /opt/stack/keystone/keystone/server/flask/request_processing/middleware/auth_context.py:478}}
Oct 04 23:37:11.458979 dv-neutron-860275-5-hyperv devstack@keystone.service[88276]: DEBUG keystone.server.flask.request_processing.req_logging [None req-5ae905db-3f4e-4b7a-b843-027b112627ba None admin] REQUEST_METHOD: `PUT` {{(pid=88276) log_request_info /opt/stack/keystone/keystone/server/flask/request_processing/req_logging.py:27}}
Oct 04 23:37:11.459259 dv-neutron-860275-5-hyperv devstack@keystone.service[88276]: DEBUG keystone.server.flask.request_processing.req_logging [None req-5ae905db-3f4e-4b7a-b843-027b112627ba None admin] SCRIPT_NAME: `/identity` {{(pid=88276) log_request_info /opt/stack/keystone/keystone/server/flask/request_processing/req_logging.py:28}}
Oct 04 23:37:11.459529 dv-neutron-860275-5-hyperv devstack@keystone.service[88276]: DEBUG keystone.server.flask.request_processing.req_logging [None req-5ae905db-3f4e-4b7a-b843-027b112627ba None admin] PATH_INFO: `/v3/projects/876cdb5d00ef4404aab20ce638e82f95/users/82fea4083ef945769bd13690c65b6474/roles/365490a6867a4540ad4ea1faa72f22eb` {{(pid=88276) log_request_info /opt/stack/keystone/keystone/server/flask/request_processing/req_logging.py:29}}
Oct 04 23:37:11.461971 dv-neutron-860275-5-hyperv devstack@keystone.service[88276]: DEBUG keystone.common.rbac_enforcer.enforcer [None req-5ae905db-3f4e-4b7a-b843-027b112627ba None admin] RBAC: Authorizing `identity:create_grant(project_id=876cdb5d00ef4404aab20ce638e82f95, user_id=82fea4083ef945769bd13690c65b6474, role_id=365490a6867a4540ad4ea1faa72f22eb)` {{(pid=88276) enforce_call /opt/stack/keystone/keystone/common/rbac_enforcer/enforcer.py:449}}
Oct 04 23:37:11.463431 dv-neutron-860275-5-hyperv devstack@keystone.service[88276]: DEBUG keystone.common.rbac_enforcer.enforcer [None req-5ae905db-3f4e-4b7a-b843-027b112627ba None admin] RBAC: Authorization granted {{(pid=88276) enforce_call /opt/stack/keystone/keystone/common/rbac_enforcer/enforcer.py:457}}
Oct 04 23:37:11.480395 dv-neutron-860275-5-hyperv devstack@keystone.service[88276]: [pid: 88276|app: 0|req: 111/234] 10.222.0.46 () {58 vars in 1439 bytes} [Tue Oct 4 23:37:11 2022] PUT /identity/v3/projects/876cdb5d00ef4404aab20ce638e82f95/users/82fea4083ef945769bd13690c65b6474/roles/365490a6867a4540ad4ea1faa72f22eb => generated 0 bytes in 215 msecs (HTTP/1.1 204) 3 headers in 132 bytes (0 switches on core 0)
Oct 04 23:37:12.349707 dv-neutron-860275-5-hyperv devstack@keystone.service[88275]: DEBUG keystone.server.flask.request_processing.req_logging [None req-c20799ff-45ff-43af-aec6-60ee3a24e1cf None None] REQUEST_METHOD: `GET` {{(pid=88275) log_request_info /opt/stack/keystone/keystone/server/flask/request_processing/req_logging.py:27}}
Oct 04 23:37:12.350217 dv-neutron-860275-5-hyperv devstack@keystone.service[88275]: DEBUG keystone.server.flask.request_processing.req_logging [None req-c20799ff-45ff-43af-aec6-60ee3a24e1cf None None] SCRIPT_NAME: `/identity` {{(pid=88275) log_request_info /opt/stack/keystone/keystone/server/flask/request_processing/req_logging.py:28}}
Oct 04 23:37:12.350217 dv-neutron-860275-5-hyperv devstack@keystone.service[88275]: DEBUG keystone.server.flask.request_processing.req_logging [None req-c20799ff-45ff-43af-aec6-60ee3a24e1cf None None] PATH_INFO: `/` {{(pid=88275) log_request_info /opt/stack/keystone/keystone/server/flask/request_processing/req_logging.py:29}}
Oct 04 23:37:12.351913 dv-neutron-860275-5-hyperv devstack@keystone.service[88275]: [pid: 88275|app: 0|req: 124/235] 10.222.0.46 () {54 vars in 927 bytes} [Tue Oct 4 23:37:12 2022] GET /identity => generated 270 bytes in 3 msecs (HTTP/1.1 300) 6 headers in 234 bytes (1 switches on core 0)
Oct 04 23:37:12.357163 dv-neutron-860275-5-hyperv devstack@keystone.service[88276]: DEBUG keystone.server.flask.request_processing.req_logging [None req-e343a708-30a4-4eaa-875a-67456da9ae75 None None] REQUEST_METHOD: `POST` {{(pid=88276) log_request_info /opt/stack/keystone/keystone/server/flask/request_processing/req_logging.py:27}}
Oct 04 23:37:12.357581 dv-neutron-860275-5-hyperv devstack@keystone.service[88276]: DEBUG keystone.server.flask.request_processing.req_logging [None req-e343a708-30a4-4eaa-875a-67456da9ae75 None None] SCRIPT_NAME: `/identity` {{(pid=88276) log_request_info /opt/stack/keystone/keystone/server/flask/request_processing/req_logging.py:28}}
Oct 04 23:37:12.357876 dv-neutron-860275-5-hyperv devstack@keystone.service[88276]: DEBUG keystone.server.flask.request_processing.req_logging [None req-e343a708-30a4-4eaa-875a-67456da9ae75 None None] PATH_INFO: `/v3/auth/tokens` {{(pid=88276) log_request_info /opt/stack/keystone/keystone/server/flask/request_processing/req_logging.py:29}}
Oct 04 23:37:12.386601 dv-neutron-860275-5-hyperv devstack@keystone.service[88276]: DEBUG keystone.auth.core [None req-e343a708-30a4-4eaa-875a-67456da9ae75 None None] MFA Rules not processed for user `e38c4f8ca5f24b889ef9fce15d6a1f9a`. Rule list: `[]` (Enabled: `True`). {{(pid=88276) check_auth_methods_against_rules /opt/stack/keystone/keystone/auth/core.py:438}}
Oct 04 23:37:12.387783 dv-neutron-860275-5-hyperv devstack@keystone.service[88276]: DEBUG keystone.common.fernet_utils [None req-e343a708-30a4-4eaa-875a-67456da9ae75 None None] Loaded 2 Fernet keys from /etc/keystone/fernet-keys/, but `[fernet_tokens] max_active_keys = 3`; perhaps there have not been enough key rotations to reach `max_active_keys` yet? {{(pid=88276) load_keys /opt/stack/keystone/keystone/common/fernet_utils.py:286}}
Oct 04 23:37:12.480179 dv-neutron-860275-5-hyperv devstack@keystone.service[88276]: [pid: 88276|app: 0|req: 112/236] 10.222.0.46 () {58 vars in 1024 bytes} [Tue Oct 4 23:37:12 2022] POST /identity/v3/auth/tokens => generated 799 bytes in 124 msecs (HTTP/1.1 201) 6 headers in 363 bytes (1 switches on core 0)
Oct 04 23:37:12.576421 dv-neutron-860275-5-hyperv devstack@keystone.service[88275]: DEBUG keystone.server.flask.request_processing.req_logging [None req-0230af05-21f6-4efa-b95a-76e95fd5aeca None None] REQUEST_METHOD: `GET` {{(pid=88275) log_request_info /opt/stack/keystone/keystone/server/flask/request_processing/req_logging.py:27}}
Oct 04 23:37:12.576712 dv-neutron-860275-5-hyperv devstack@keystone.service[88275]: DEBUG keystone.server.flask.request_processing.req_logging [None req-0230af05-21f6-4efa-b95a-76e95fd5aeca None None] SCRIPT_NAME: `/identity` {{(pid=88275) log_request_info /opt/stack/keystone/keystone/server/flask/request_processing/req_logging.py:28}}
Oct 04 23:37:12.576892 dv-neutron-860275-5-hyperv devstack@keystone.service[88275]: DEBUG keystone.server.flask.request_processing.req_logging [None req-0230af05-21f6-4efa-b95a-76e95fd5aeca None None] PATH_INFO: `/` {{(pid=88275) log_request_info /opt/stack/keystone/keystone/server/flask/request_processing/req_logging.py:29}}
Oct 04 23:37:12.578262 dv-neutron-860275-5-hyperv devstack@keystone.service[88275]: [pid: 88275|app: 0|req: 125/237] 10.222.0.46 () {54 vars in 927 bytes} [Tue Oct 4 23:37:12 2022] GET /identity => generated 270 bytes in 3 msecs (HTTP/1.1 300) 6 headers in 234 bytes (1 switches on core 0)
Oct 04 23:37:12.583641 dv-neutron-860275-5-hyperv devstack@keystone.service[88276]: DEBUG keystone.server.flask.request_processing.req_logging [None req-0fde2afe-462d-48e1-a3ec-c18ba698ebd4 None None] REQUEST_METHOD: `POST` {{(pid=88276) log_request_info /opt/stack/keystone/keystone/server/flask/request_processing/req_logging.py:27}}
Oct 04 23:37:12.584197 dv-neutron-860275-5-hyperv devstack@keystone.service[88276]: DEBUG keystone.server.flask.request_processing.req_logging [None req-0fde2afe-462d-48e1-a3ec-c18ba698ebd4 None None] SCRIPT_NAME: `/identity` {{(pid=88276) log_request_info /opt/stack/keystone/keystone/server/flask/request_processing/req_logging.py:28}}
Oct 04 23:37:12.584661 dv-neutron-860275-5-hyperv devstack@keystone.service[88276]: DEBUG keystone.server.flask.request_processing.req_logging [None req-0fde2afe-462d-48e1-a3ec-c18ba698ebd4 None None] PATH_INFO: `/v3/auth/tokens` {{(pid=88276) log_request_info /opt/stack/keystone/keystone/server/flask/request_processing/req_logging.py:29}}
Oct 04 23:37:12.614603 dv-neutron-860275-5-hyperv devstack@keystone.service[88276]: DEBUG keystone.auth.core [None req-0fde2afe-462d-48e1-a3ec-c18ba698ebd4 None None] MFA Rules not processed for user `e38c4f8ca5f24b889ef9fce15d6a1f9a`. Rule list: `[]` (Enabled: `True`). {{(pid=88276) check_auth_methods_against_rules /opt/stack/keystone/keystone/auth/core.py:438}}
Oct 04 23:37:12.616707 dv-neutron-860275-5-hyperv devstack@keystone.service[88276]: DEBUG keystone.common.fernet_utils [None req-0fde2afe-462d-48e1-a3ec-c18ba698ebd4 None None] Loaded 2 Fernet keys from /etc/keystone/fernet-keys/, but `[fernet_tokens] max_active_keys = 3`; perhaps there have not been enough key rotations to reach `max_active_keys` yet? {{(pid=88276) load_keys /opt/stack/keystone/keystone/common/fernet_utils.py:286}}
Oct 04 23:37:12.635208 dv-neutron-860275-5-hyperv devstack@keystone.service[88276]: DEBUG dbcounter [-] [88276] Writing DB stats keystone:SELECT=99,keystone:INSERT=1 {{(pid=88276) stat_writer /usr/local/lib/python3.8/dist-packages/dbcounter.py:114}}
Oct 04 23:37:12.707944 dv-neutron-860275-5-hyperv devstack@keystone.service[88276]: [pid: 88276|app: 0|req: 113/238] 10.222.0.46 () {58 vars in 1024 bytes} [Tue Oct 4 23:37:12 2022] POST /identity/v3/auth/tokens => generated 799 bytes in 125 msecs (HTTP/1.1 201) 6 headers in 363 bytes (1 switches on core 0)
Oct 04 23:37:12.943584 dv-neutron-860275-5-hyperv devstack@keystone.service[88275]: DEBUG keystone.server.flask.request_processing.middleware.auth_context [None req-0230af05-21f6-4efa-b95a-76e95fd5aeca None None] Authenticating user token {{(pid=88275) process_request /usr/local/lib/python3.8/dist-packages/keystonemiddleware/auth_token/__init__.py:407}}
Oct 04 23:37:12.978144 dv-neutron-860275-5-hyperv devstack@keystone.service[88275]: DEBUG dbcounter [-] [88275] Writing DB stats keystone:SELECT=100 {{(pid=88275) stat_writer /usr/local/lib/python3.8/dist-packages/dbcounter.py:114}}
Oct 04 23:37:13.073577 dv-neutron-860275-5-hyperv devstack@keystone.service[88275]: DEBUG keystone.server.flask.request_processing.middleware.auth_context [None req-0230af05-21f6-4efa-b95a-76e95fd5aeca None None] Validating token access rules against request {{(pid=88275) validate_allowed_request /usr/local/lib/python3.8/dist-packages/keystonemiddleware/auth_token/__init__.py:545}}
Oct 04 23:37:13.103295 dv-neutron-860275-5-hyperv devstack@keystone.service[88276]: DEBUG keystone.server.flask.request_processing.req_logging [None req-5245d9fc-62ba-4f05-bf3d-e7f2d5dccce4 None None] REQUEST_METHOD: `GET` {{(pid=88276) log_request_info /opt/stack/keystone/keystone/server/flask/request_processing/req_logging.py:27}}
Oct 04 23:37:13.103887 dv-neutron-860275-5-hyperv devstack@keystone.service[88276]: DEBUG keystone.server.flask.request_processing.req_logging [None req-5245d9fc-62ba-4f05-bf3d-e7f2d5dccce4 None None] SCRIPT_NAME: `/identity` {{(pid=88276) log_request_info /opt/stack/keystone/keystone/server/flask/request_processing/req_logging.py:28}}
Oct 04 23:37:13.104374 dv-neutron-860275-5-hyperv devstack@keystone.service[88276]: DEBUG keystone.server.flask.request_processing.req_logging [None req-5245d9fc-62ba-4f05-bf3d-e7f2d5dccce4 None None] PATH_INFO: `/` {{(pid=88276) log_request_info /opt/stack/keystone/keystone/server/flask/request_processing/req_logging.py:29}}
Oct 04 23:37:13.105974 dv-neutron-860275-5-hyperv devstack@keystone.service[88276]: [pid: 88276|app: 0|req: 114/239] 10.222.0.46 () {54 vars in 927 bytes} [Tue Oct 4 23:37:13 2022] GET /identity => generated 270 bytes in 4 msecs (HTTP/1.1 300) 6 headers in 234 bytes (2 switches on core 0)
Oct 04 23:37:13.106948 dv-neutron-860275-5-hyperv devstack@keystone.service[88276]: DEBUG keystone.server.flask.request_processing.middleware.auth_context [None req-5245d9fc-62ba-4f05-bf3d-e7f2d5dccce4 None None] Authenticating user token {{(pid=88276) process_request /usr/local/lib/python3.8/dist-packages/keystonemiddleware/auth_token/__init__.py:407}}
Oct 04 23:37:13.118374 dv-neutron-860275-5-hyperv devstack@keystone.service[88275]: DEBUG keystone.server.flask.request_processing.middleware.auth_context [None req-9bccc41b-ecb7-4a95-88b9-0792ffa1d5a5 None admin] RBAC: auth_context: {'token': , 'domain_id': None, 'trust_id': None, 'trustor_id': None, 'trustee_id': None, 'domain_name': None, 'group_ids': [], 'user_id': 'e38c4f8ca5f24b889ef9fce15d6a1f9a', 'user_domain_id': 'default', 'system_scope': 'all', 'project_id': None, 'project_domain_id': None, 'roles': ['admin', 'member', 'reader'], 'is_admin_project': True, 'service_user_id': None, 'service_user_domain_id': None, 'service_project_id': None, 'service_project_domain_id': None, 'service_roles': []} {{(pid=88275) fill_context /opt/stack/keystone/keystone/server/flask/request_processing/middleware/auth_context.py:478}}
Oct 04 23:37:13.119038 dv-neutron-860275-5-hyperv devstack@keystone.service[88275]: DEBUG keystone.server.flask.request_processing.req_logging [None req-9bccc41b-ecb7-4a95-88b9-0792ffa1d5a5 None admin] REQUEST_METHOD: `GET` {{(pid=88275) log_request_info /opt/stack/keystone/keystone/server/flask/request_processing/req_logging.py:27}}
Oct 04 23:37:13.119381 dv-neutron-860275-5-hyperv devstack@keystone.service[88275]: DEBUG keystone.server.flask.request_processing.req_logging [None req-9bccc41b-ecb7-4a95-88b9-0792ffa1d5a5 None admin] SCRIPT_NAME: `/identity` {{(pid=88275) log_request_info /opt/stack/keystone/keystone/server/flask/request_processing/req_logging.py:28}}
Oct 04 23:37:13.119655 dv-neutron-860275-5-hyperv devstack@keystone.service[88275]: DEBUG keystone.server.flask.request_processing.req_logging [None req-9bccc41b-ecb7-4a95-88b9-0792ffa1d5a5 None admin] PATH_INFO: `/v3/roles/reader` {{(pid=88275) log_request_info /opt/stack/keystone/keystone/server/flask/request_processing/req_logging.py:29}}
Oct 04 23:37:13.131446 dv-neutron-860275-5-hyperv devstack@keystone.service[88275]: DEBUG keystone.common.rbac_enforcer.enforcer [None req-9bccc41b-ecb7-4a95-88b9-0792ffa1d5a5 None admin] Extracting inferred target data resulted in "NOT FOUND (404)". {{(pid=88275) enforce_call /opt/stack/keystone/keystone/common/rbac_enforcer/enforcer.py:409}}
Oct 04 23:37:13.137079 dv-neutron-860275-5-hyperv devstack@keystone.service[88275]: ERROR keystone.server.flask.application [None req-9bccc41b-ecb7-4a95-88b9-0792ffa1d5a5 None admin] Could not find role: reader.: keystone.exception.RoleNotFound: Could not find role: reader.
Oct 04 23:37:13.137079 dv-neutron-860275-5-hyperv devstack@keystone.service[88275]: ERROR keystone.server.flask.application
Traceback (most recent call last):
Oct 04 23:37:13.137079 dv-neutron-860275-5-hyperv devstack@keystone.service[88275]: ERROR keystone.server.flask.application
File "/usr/local/lib/python3.8/dist-packages/flask/app.py", line 1820, in full_dispatch_request
Oct 04 23:37:13.137079 dv-neutron-860275-5-hyperv devstack@keystone.service[88275]: ERROR keystone.server.flask.application rv = self.dispatch_request()
Oct 04 23:37:13.137079 dv-neutron-860275-5-hyperv devstack@keystone.service[88275]: ERROR keystone.server.flask.application
File "/usr/local/lib/python3.8/dist-packages/flask/app.py", line 1796, in dispatch_request
Oct 04 23:37:13.137079 dv-neutron-860275-5-hyperv devstack@keystone.service[88275]: ERROR keystone.server.flask.application return self.ensure_sync(self.view_functions[rule.endpoint])(**view_args)
Oct 04 23:37:13.137079 dv-neutron-860275-5-hyperv devstack@keystone.service[88275]: ERROR keystone.server.flask.application
File "/usr/local/lib/python3.8/dist-packages/flask_restful/__init__.py", line 467, in wrapper
Oct 04 23:37:13.137079 dv-neutron-860275-5-hyperv devstack@keystone.service[88275]: ERROR keystone.server.flask.application resp = resource(*args, **kwargs)
Oct 04 23:37:13.137079 dv-neutron-860275-5-hyperv devstack@keystone.service[88275]: ERROR keystone.server.flask.application
File "/usr/local/lib/python3.8/dist-packages/flask/views.py", line 107, in view
Oct 04 23:37:13.137079 dv-neutron-860275-5-hyperv devstack@keystone.service[88275]: ERROR keystone.server.flask.application return current_app.ensure_sync(self.dispatch_request)(**kwargs)
Oct 04 23:37:13.137079 dv-neutron-860275-5-hyperv devstack@keystone.service[88275]: ERROR keystone.server.flask.application
File "/usr/local/lib/python3.8/dist-packages/flask_restful/__init__.py", line 582, in dispatch_request
Oct 04 23:37:13.137079 dv-neutron-860275-5-hyperv devstack@keystone.service[88275]: ERROR keystone.server.flask.application resp = meth(*args, **kwargs)
Oct 04 23:37:13.137079 dv-neutron-860275-5-hyperv devstack@keystone.service[88275]: ERROR keystone.server.flask.application
File "/opt/stack/keystone/keystone/api/roles.py", line 50, in get
Oct 04 23:37:13.137079 dv-neutron-860275-5-hyperv devstack@keystone.service[88275]: ERROR keystone.server.flask.application return self._get_role(role_id)
Oct 04 23:37:13.137079 dv-neutron-860275-5-hyperv devstack@keystone.service[88275]: ERROR keystone.server.flask.application
File "/opt/stack/keystone/keystone/api/roles.py", line 70, in _get_role
Oct 04 23:37:13.137079 dv-neutron-860275-5-hyperv devstack@keystone.service[88275]: ERROR keystone.server.flask.application ENFORCER.enforce_call(action='identity:get_role')
Oct 04 23:37:13.138053 dv-neutron-860275-5-hyperv devstack@keystone.service[88275]: ERROR keystone.server.flask.application
File "/opt/stack/keystone/keystone/common/rbac_enforcer/enforcer.py", line 402, in enforce_call
Oct 04 23:37:13.138053 dv-neutron-860275-5-hyperv devstack@keystone.service[88275]: ERROR keystone.server.flask.application policy_dict.update(cls._extract_member_target_data(
Oct 04 23:37:13.138053 dv-neutron-860275-5-hyperv devstack@keystone.service[88275]: ERROR keystone.server.flask.application
File "/opt/stack/keystone/keystone/common/rbac_enforcer/enforcer.py", line 234, in _extract_member_target_data
Oct 04 23:37:13.138053 dv-neutron-860275-5-hyperv devstack@keystone.service[88275]: ERROR keystone.server.flask.application member_name: func(flask.request.view_args[key])
Oct 04 23:37:13.138053 dv-neutron-860275-5-hyperv devstack@keystone.service[88275]: ERROR keystone.server.flask.application
File "/opt/stack/keystone/keystone/common/manager.py", line 115, in wrapped
Oct 04 23:37:13.138053 dv-neutron-860275-5-hyperv devstack@keystone.service[88275]: ERROR keystone.server.flask.application __ret_val = __f(*args, **kwargs)
Oct 04 23:37:13.138053 dv-neutron-860275-5-hyperv devstack@keystone.service[88275]: ERROR keystone.server.flask.application
File "/usr/local/lib/python3.8/dist-packages/decorator.py", line 232, in fun
Oct 04 23:37:13.138053 dv-neutron-860275-5-hyperv devstack@keystone.service[88275]: ERROR keystone.server.flask.application return caller(func, *(extras + args), **kw)
Oct 04 23:37:13.138053 dv-neutron-860275-5-hyperv devstack@keystone.service[88275]: ERROR keystone.server.flask.application
File "/usr/local/lib/python3.8/dist-packages/dogpile/cache/region.py", line 1577, in get_or_create_for_user_func
Oct 04 23:37:13.138053 dv-neutron-860275-5-hyperv devstack@keystone.service[88275]: ERROR keystone.server.flask.application return self.get_or_create(
Oct 04 23:37:13.138053 dv-neutron-860275-5-hyperv devstack@keystone.service[88275]: ERROR keystone.server.flask.application
File "/usr/local/lib/python3.8/dist-packages/dogpile/cache/region.py", line 1042, in get_or_create
Oct 04 23:37:13.138053 dv-neutron-860275-5-hyperv devstack@keystone.service[88275]: ERROR keystone.server.flask.application with Lock(
Oct 04 23:37:13.138053 dv-neutron-860275-5-hyperv devstack@keystone.service[88275]: ERROR keystone.server.flask.application
File "/usr/local/lib/python3.8/dist-packages/dogpile/lock.py", line 185, in __enter__
Oct 04 23:37:13.138053 dv-neutron-860275-5-hyperv devstack@keystone.service[88275]: ERROR keystone.server.flask.application return self._enter()
Oct 04 23:37:13.138053 dv-neutron-860275-5-hyperv devstack@keystone.service[88275]: ERROR keystone.server.flask.application
File "/usr/local/lib/python3.8/dist-packages/dogpile/lock.py", line 94, in _enter
Oct 04 23:37:13.138053 dv-neutron-860275-5-hyperv devstack@keystone.service[88275]: ERROR keystone.server.flask.application generated = self._enter_create(value, createdtime)
Oct 04 23:37:13.138833 dv-neutron-860275-5-hyperv devstack@keystone.service[88275]: ERROR keystone.server.flask.application
File "/usr/local/lib/python3.8/dist-packages/dogpile/lock.py", line 178, in _enter_create
Oct 04 23:37:13.138833 dv-neutron-860275-5-hyperv devstack@keystone.service[88275]: ERROR keystone.server.flask.application return self.creator()
Oct 04 23:37:13.138833 dv-neutron-860275-5-hyperv devstack@keystone.service[88275]: ERROR keystone.server.flask.application
File "/usr/local/lib/python3.8/dist-packages/dogpile/cache/region.py", line 995, in gen_value
Oct 04 23:37:13.138833 dv-neutron-860275-5-hyperv devstack@keystone.service[88275]: ERROR keystone.server.flask.application created_value = creator(
Oct 04 23:37:13.138833 dv-neutron-860275-5-hyperv devstack@keystone.service[88275]: ERROR keystone.server.flask.application
File "/opt/stack/keystone/keystone/assignment/core.py", line 1276, in get_role
Oct 04 23:37:13.138833 dv-neutron-860275-5-hyperv devstack@keystone.service[88275]: ERROR keystone.server.flask.application return self.driver.get_role(role_id)
Oct 04 23:37:13.138833 dv-neutron-860275-5-hyperv devstack@keystone.service[88275]: ERROR keystone.server.flask.application
File "/opt/stack/keystone/keystone/assignment/role_backends/sql.py", line 70, in get_role
Oct 04 23:37:13.138833 dv-neutron-860275-5-hyperv devstack@keystone.service[88275]: ERROR keystone.server.flask.application return self._get_role(session, role_id).to_dict()
Oct 04 23:37:13.138833 dv-neutron-860275-5-hyperv devstack@keystone.service[88275]: ERROR keystone.server.flask.application
File "/opt/stack/keystone/keystone/assignment/role_backends/sql.py", line 65, in _get_role
Oct 04 23:37:13.138833 dv-neutron-860275-5-hyperv devstack@keystone.service[88275]: ERROR keystone.server.flask.application raise exception.RoleNotFound(role_id=role_id)
Oct 04 23:37:13.138833 dv-neutron-860275-5-hyperv devstack@keystone.service[88275]: ERROR keystone.server.flask.application keystone.exception.RoleNotFound: Could not find role: reader.
Oct 04 23:37:13.138833 dv-neutron-860275-5-hyperv devstack@keystone.service[88275]: ERROR keystone.server.flask.application
Oct 04 23:37:13.138833 dv-neutron-860275-5-hyperv devstack@keystone.service[88275]: [pid: 88275|app: 0|req: 126/240] 10.222.0.46 () {56 vars in 1099 bytes} [Tue Oct 4 23:37:12 2022] GET /identity/v3/roles/reader => generated 84 bytes in 195 msecs (HTTP/1.1 404) 5 headers in 183 bytes (1 switches on core 0)
Oct 04 23:37:13.139986 dv-neutron-860275-5-hyperv devstack@keystone.service[88275]: DEBUG keystone.server.flask.request_processing.req_logging [None req-d76cca2f-881f-4fa2-9340-ebaa3bc27bc6 None None] REQUEST_METHOD: `POST` {{(pid=88275) log_request_info /opt/stack/keystone/keystone/server/flask/request_processing/req_logging.py:27}}
Oct 04 23:37:13.140146 dv-neutron-860275-5-hyperv devstack@keystone.service[88275]: DEBUG keystone.server.flask.request_processing.req_logging [None req-d76cca2f-881f-4fa2-9340-ebaa3bc27bc6 None None] SCRIPT_NAME: `/identity` {{(pid=88275) log_request_info /opt/stack/keystone/keystone/server/flask/request_processing/req_logging.py:28}}
Oct 04 23:37:13.140399 dv-neutron-860275-5-hyperv devstack@keystone.service[88275]: DEBUG keystone.server.flask.request_processing.req_logging [None req-d76cca2f-881f-4fa2-9340-ebaa3bc27bc6 None None] PATH_INFO: `/v3/auth/tokens` {{(pid=88275) log_request_info /opt/stack/keystone/keystone/server/flask/request_processing/req_logging.py:29}}
Oct 04 23:37:13.159315 dv-neutron-860275-5-hyperv devstack@keystone.service[88275]: DEBUG keystone.auth.core [None req-d76cca2f-881f-4fa2-9340-ebaa3bc27bc6 None None] MFA Rules not processed for user `e38c4f8ca5f24b889ef9fce15d6a1f9a`. Rule list: `[]` (Enabled: `True`). {{(pid=88275) check_auth_methods_against_rules /opt/stack/keystone/keystone/auth/core.py:438}}
Oct 04 23:37:13.160498 dv-neutron-860275-5-hyperv devstack@keystone.service[88275]: DEBUG keystone.common.fernet_utils [None req-d76cca2f-881f-4fa2-9340-ebaa3bc27bc6 None None] Loaded 2 Fernet keys from /etc/keystone/fernet-keys/, but `[fernet_tokens] max_active_keys = 3`; perhaps there have not been enough key rotations to reach `max_active_keys` yet? {{(pid=88275) load_keys /opt/stack/keystone/keystone/common/fernet_utils.py:286}}
Oct 04 23:37:13.232003 dv-neutron-860275-5-hyperv devstack@keystone.service[88276]: DEBUG keystone.server.flask.request_processing.middleware.auth_context [None req-5245d9fc-62ba-4f05-bf3d-e7f2d5dccce4 None None] Validating token access rules against request {{(pid=88276) validate_allowed_request /usr/local/lib/python3.8/dist-packages/keystonemiddleware/auth_token/__init__.py:545}}
Oct 04 23:37:13.244041 dv-neutron-860275-5-hyperv devstack@keystone.service[88275]: [pid: 88275|app: 0|req: 127/241] 10.222.0.46 () {58 vars in 1024 bytes} [Tue Oct 4 23:37:13 2022] POST /identity/v3/auth/tokens => generated 799 bytes in 105 msecs (HTTP/1.1 201) 6 headers in 363 bytes (1 switches on core 0)
Oct 04 23:37:13.245454 dv-neutron-860275-5-hyperv devstack@keystone.service[88275]: DEBUG keystone.server.flask.request_processing.middleware.auth_context [None req-d76cca2f-881f-4fa2-9340-ebaa3bc27bc6 None None] Authenticating user token {{(pid=88275) process_request /usr/local/lib/python3.8/dist-packages/keystonemiddleware/auth_token/__init__.py:407}}
Oct 04 23:37:13.270877 dv-neutron-860275-5-hyperv devstack@keystone.service[88275]: DEBUG dbcounter [-] [88275] Writing DB stats keystone:SELECT=100 {{(pid=88275) stat_writer /usr/local/lib/python3.8/dist-packages/dbcounter.py:114}}
Oct 04 23:37:13.271647 dv-neutron-860275-5-hyperv devstack@keystone.service[88276]: DEBUG keystone.server.flask.request_processing.middleware.auth_context [None req-cb2dfb3f-b668-48f6-8799-2f5469b6d2f0 None admin] RBAC: auth_context: {'token': , 'domain_id': None, 'trust_id': None, 'trustor_id': None, 'trustee_id': None, 'domain_name': None, 'group_ids': [], 'user_id': 'e38c4f8ca5f24b889ef9fce15d6a1f9a', 'user_domain_id': 'default', 'system_scope': 'all', 'project_id': None, 'project_domain_id': None, 'roles': ['admin', 'member', 'reader'], 'is_admin_project': True, 'service_user_id': None, 'service_user_domain_id': None, 'service_project_id': None, 'service_project_domain_id': None, 'service_roles': []} {{(pid=88276) fill_context /opt/stack/keystone/keystone/server/flask/request_processing/middleware/auth_context.py:478}}
Oct 04 23:37:13.273692 dv-neutron-860275-5-hyperv devstack@keystone.service[88276]: DEBUG keystone.server.flask.request_processing.req_logging [None req-cb2dfb3f-b668-48f6-8799-2f5469b6d2f0 None admin] REQUEST_METHOD: `GET` {{(pid=88276) log_request_info /opt/stack/keystone/keystone/server/flask/request_processing/req_logging.py:27}}
Oct 04 23:37:13.274150 dv-neutron-860275-5-hyperv devstack@keystone.service[88276]: DEBUG keystone.server.flask.request_processing.req_logging [None req-cb2dfb3f-b668-48f6-8799-2f5469b6d2f0 None admin] SCRIPT_NAME: `/identity` {{(pid=88276) log_request_info /opt/stack/keystone/keystone/server/flask/request_processing/req_logging.py:28}}
Oct 04 23:37:13.274726 dv-neutron-860275-5-hyperv devstack@keystone.service[88276]: DEBUG keystone.server.flask.request_processing.req_logging [None req-cb2dfb3f-b668-48f6-8799-2f5469b6d2f0 None admin] PATH_INFO: `/v3/domains/default` {{(pid=88276) log_request_info /opt/stack/keystone/keystone/server/flask/request_processing/req_logging.py:29}}
Oct 04 23:37:13.276680 dv-neutron-860275-5-hyperv devstack@keystone.service[88276]: DEBUG keystone.common.rbac_enforcer.enforcer [None req-cb2dfb3f-b668-48f6-8799-2f5469b6d2f0 None admin] RBAC: Authorizing `identity:get_domain(domain_id=default)` {{(pid=88276) enforce_call /opt/stack/keystone/keystone/common/rbac_enforcer/enforcer.py:449}}
Oct 04 23:37:13.278917 dv-neutron-860275-5-hyperv devstack@keystone.service[88276]: DEBUG keystone.common.rbac_enforcer.enforcer [None req-cb2dfb3f-b668-48f6-8799-2f5469b6d2f0 None admin] RBAC: Authorization granted {{(pid=88276) enforce_call /opt/stack/keystone/keystone/common/rbac_enforcer/enforcer.py:457}}
Oct 04 23:37:13.281714 dv-neutron-860275-5-hyperv devstack@keystone.service[88276]: [pid: 88276|app: 0|req: 115/242] 10.222.0.46 () {56 vars in 1108 bytes} [Tue Oct 4 23:37:13 2022] GET /identity/v3/domains/default => generated 199 bytes in 175 msecs (HTTP/1.1 200) 5 headers in 177 bytes (1 switches on core 0)
Oct 04 23:37:13.283099 dv-neutron-860275-5-hyperv devstack@keystone.service[88276]: DEBUG keystone.server.flask.request_processing.req_logging [None req-ba057e3f-a3ed-4492-8bf0-76a1c730d88d None None] REQUEST_METHOD: `GET` {{(pid=88276) log_request_info /opt/stack/keystone/keystone/server/flask/request_processing/req_logging.py:27}}
Oct 04 23:37:13.283566 dv-neutron-860275-5-hyperv devstack@keystone.service[88276]: DEBUG keystone.server.flask.request_processing.req_logging [None req-ba057e3f-a3ed-4492-8bf0-76a1c730d88d None None] SCRIPT_NAME: `/identity` {{(pid=88276) log_request_info /opt/stack/keystone/keystone/server/flask/request_processing/req_logging.py:28}}
Oct 04 23:37:13.284183 dv-neutron-860275-5-hyperv devstack@keystone.service[88276]: DEBUG keystone.server.flask.request_processing.req_logging [None req-ba057e3f-a3ed-4492-8bf0-76a1c730d88d None None] PATH_INFO: `/` {{(pid=88276) log_request_info /opt/stack/keystone/keystone/server/flask/request_processing/req_logging.py:29}}
Oct 04 23:37:13.286910 dv-neutron-860275-5-hyperv devstack@keystone.service[88276]: [pid: 88276|app: 0|req: 116/243] 10.222.0.46 () {54 vars in 927 bytes} [Tue Oct 4 23:37:13 2022] GET /identity => generated 270 bytes in 4 msecs (HTTP/1.1 300) 6 headers in 234 bytes (1 switches on core 0)
Oct 04 23:37:13.288658 dv-neutron-860275-5-hyperv devstack@keystone.service[88276]: DEBUG keystone.server.flask.request_processing.middleware.auth_context [None req-ba057e3f-a3ed-4492-8bf0-76a1c730d88d None None] Authenticating user token {{(pid=88276) process_request /usr/local/lib/python3.8/dist-packages/keystonemiddleware/auth_token/__init__.py:407}}
Oct 04 23:37:13.315745 dv-neutron-860275-5-hyperv devstack@keystone.service[88276]: DEBUG dbcounter [-] [88276] Writing DB stats keystone:SELECT=100 {{(pid=88276) stat_writer /usr/local/lib/python3.8/dist-packages/dbcounter.py:114}}
Oct 04 23:37:13.377240 dv-neutron-860275-5-hyperv devstack@keystone.service[88275]: DEBUG keystone.server.flask.request_processing.middleware.auth_context [None req-d76cca2f-881f-4fa2-9340-ebaa3bc27bc6 None None] Validating token access rules against request {{(pid=88275) validate_allowed_request /usr/local/lib/python3.8/dist-packages/keystonemiddleware/auth_token/__init__.py:545}}
Oct 04 23:37:13.404341 dv-neutron-860275-5-hyperv devstack@keystone.service[88276]: DEBUG keystone.server.flask.request_processing.middleware.auth_context [None req-ba057e3f-a3ed-4492-8bf0-76a1c730d88d None None] Validating token access rules against request {{(pid=88276) validate_allowed_request /usr/local/lib/python3.8/dist-packages/keystonemiddleware/auth_token/__init__.py:545}}
Oct 04 23:37:13.414589 dv-neutron-860275-5-hyperv devstack@keystone.service[88275]: DEBUG keystone.server.flask.request_processing.middleware.auth_context [None req-ab61870a-9194-4d5c-af60-a19d689c50dc None admin] RBAC: auth_context: {'token': , 'domain_id': None, 'trust_id': None, 'trustor_id': None, 'trustee_id': None, 'domain_name': None, 'group_ids': [], 'user_id': 'e38c4f8ca5f24b889ef9fce15d6a1f9a', 'user_domain_id': 'default', 'system_scope': 'all', 'project_id': None, 'project_domain_id': None, 'roles': ['admin', 'member', 'reader'], 'is_admin_project': True, 'service_user_id': None, 'service_user_domain_id': None, 'service_project_id': None, 'service_project_domain_id': None, 'service_roles': []} {{(pid=88275) fill_context /opt/stack/keystone/keystone/server/flask/request_processing/middleware/auth_context.py:478}}
Oct 04 23:37:13.415417 dv-neutron-860275-5-hyperv devstack@keystone.service[88275]: DEBUG keystone.server.flask.request_processing.req_logging [None req-ab61870a-9194-4d5c-af60-a19d689c50dc None admin] REQUEST_METHOD: `GET` {{(pid=88275) log_request_info /opt/stack/keystone/keystone/server/flask/request_processing/req_logging.py:27}}
Oct 04 23:37:13.415930 dv-neutron-860275-5-hyperv devstack@keystone.service[88275]: DEBUG keystone.server.flask.request_processing.req_logging [None req-ab61870a-9194-4d5c-af60-a19d689c50dc None admin] SCRIPT_NAME: `/identity` {{(pid=88275) log_request_info /opt/stack/keystone/keystone/server/flask/request_processing/req_logging.py:28}}
Oct 04 23:37:13.416346 dv-neutron-860275-5-hyperv devstack@keystone.service[88275]: DEBUG keystone.server.flask.request_processing.req_logging [None req-ab61870a-9194-4d5c-af60-a19d689c50dc None admin] PATH_INFO: `/v3/roles` {{(pid=88275) log_request_info /opt/stack/keystone/keystone/server/flask/request_processing/req_logging.py:29}}
Oct 04 23:37:13.417163 dv-neutron-860275-5-hyperv devstack@keystone.service[88275]: DEBUG keystone.common.rbac_enforcer.enforcer [None req-ab61870a-9194-4d5c-af60-a19d689c50dc None admin] RBAC: Adding query filter params (name=reader) {{(pid=88275) _extract_filter_values /opt/stack/keystone/keystone/common/rbac_enforcer/enforcer.py:167}}
Oct 04 23:37:13.417610 dv-neutron-860275-5-hyperv devstack@keystone.service[88275]: DEBUG keystone.common.rbac_enforcer.enforcer [None req-ab61870a-9194-4d5c-af60-a19d689c50dc None admin] RBAC: Authorizing `identity:list_roles()` {{(pid=88275) enforce_call /opt/stack/keystone/keystone/common/rbac_enforcer/enforcer.py:449}}
Oct 04 23:37:13.419273 dv-neutron-860275-5-hyperv devstack@keystone.service[88275]: DEBUG keystone.common.rbac_enforcer.enforcer [None req-ab61870a-9194-4d5c-af60-a19d689c50dc None admin] RBAC: Authorization granted {{(pid=88275) enforce_call /opt/stack/keystone/keystone/common/rbac_enforcer/enforcer.py:457}}
Oct 04 23:37:13.427913 dv-neutron-860275-5-hyperv devstack@keystone.service[88275]: [pid: 88275|app: 0|req: 128/244] 10.222.0.46 () {56 vars in 1101 bytes} [Tue Oct 4 23:37:13 2022] GET /identity/v3/roles?name=reader => generated 341 bytes in 183 msecs (HTTP/1.1 200) 5 headers in 177 bytes (1 switches on core 0)
Oct 04 23:37:13.430142 dv-neutron-860275-5-hyperv devstack@keystone.service[88275]: DEBUG keystone.server.flask.request_processing.req_logging [None req-ce8f5931-623e-4925-a34f-33e5e4b0a0fe None None] REQUEST_METHOD: `POST` {{(pid=88275) log_request_info /opt/stack/keystone/keystone/server/flask/request_processing/req_logging.py:27}}
Oct 04 23:37:13.430606 dv-neutron-860275-5-hyperv devstack@keystone.service[88275]: DEBUG keystone.server.flask.request_processing.req_logging [None req-ce8f5931-623e-4925-a34f-33e5e4b0a0fe None None] SCRIPT_NAME: `/identity` {{(pid=88275) log_request_info /opt/stack/keystone/keystone/server/flask/request_processing/req_logging.py:28}}
Oct 04 23:37:13.431058 dv-neutron-860275-5-hyperv devstack@keystone.service[88275]: DEBUG keystone.server.flask.request_processing.req_logging [None req-ce8f5931-623e-4925-a34f-33e5e4b0a0fe None None] PATH_INFO: `/v3/auth/tokens` {{(pid=88275) log_request_info /opt/stack/keystone/keystone/server/flask/request_processing/req_logging.py:29}}
Oct 04 23:37:13.440623 dv-neutron-860275-5-hyperv devstack@keystone.service[88276]: DEBUG keystone.server.flask.request_processing.middleware.auth_context [None req-13c1a9b9-9324-4f6a-8b03-5c1b420e0751 None admin] RBAC: auth_context: {'token': , 'domain_id': None, 'trust_id': None, 'trustor_id': None, 'trustee_id': None, 'domain_name': None, 'group_ids': [], 'user_id': 'e38c4f8ca5f24b889ef9fce15d6a1f9a', 'user_domain_id': 'default', 'system_scope': 'all', 'project_id': None, 'project_domain_id': None, 'roles': ['admin', 'member', 'reader'], 'is_admin_project': True, 'service_user_id': None, 'service_user_domain_id': None, 'service_project_id': None, 'service_project_domain_id': None, 'service_roles': []} {{(pid=88276) fill_context /opt/stack/keystone/keystone/server/flask/request_processing/middleware/auth_context.py:478}}
Oct 04 23:37:13.441232 dv-neutron-860275-5-hyperv devstack@keystone.service[88276]: DEBUG keystone.server.flask.request_processing.req_logging [None req-13c1a9b9-9324-4f6a-8b03-5c1b420e0751 None admin] REQUEST_METHOD: `POST` {{(pid=88276) log_request_info /opt/stack/keystone/keystone/server/flask/request_processing/req_logging.py:27}}
Oct 04 23:37:13.441509 dv-neutron-860275-5-hyperv devstack@keystone.service[88276]: DEBUG keystone.server.flask.request_processing.req_logging [None req-13c1a9b9-9324-4f6a-8b03-5c1b420e0751 None admin] SCRIPT_NAME: `/identity` {{(pid=88276) log_request_info /opt/stack/keystone/keystone/server/flask/request_processing/req_logging.py:28}}
Oct 04 23:37:13.441810 dv-neutron-860275-5-hyperv devstack@keystone.service[88276]: DEBUG keystone.server.flask.request_processing.req_logging [None req-13c1a9b9-9324-4f6a-8b03-5c1b420e0751 None admin] PATH_INFO: `/v3/users` {{(pid=88276) log_request_info /opt/stack/keystone/keystone/server/flask/request_processing/req_logging.py:29}}
Oct 04 23:37:13.442569 dv-neutron-860275-5-hyperv devstack@keystone.service[88276]: DEBUG keystone.common.rbac_enforcer.enforcer [None req-13c1a9b9-9324-4f6a-8b03-5c1b420e0751 None admin] RBAC: Authorizing `identity:create_user()` {{(pid=88276) enforce_call /opt/stack/keystone/keystone/common/rbac_enforcer/enforcer.py:449}}
Oct 04 23:37:13.444142 dv-neutron-860275-5-hyperv devstack@keystone.service[88276]: DEBUG keystone.common.rbac_enforcer.enforcer [None req-13c1a9b9-9324-4f6a-8b03-5c1b420e0751 None admin] RBAC: Authorization granted {{(pid=88276) enforce_call /opt/stack/keystone/keystone/common/rbac_enforcer/enforcer.py:457}}
Oct 04 23:37:13.451152 dv-neutron-860275-5-hyperv devstack@keystone.service[88275]: DEBUG keystone.auth.core [None req-ce8f5931-623e-4925-a34f-33e5e4b0a0fe None None] MFA Rules not processed for user `e38c4f8ca5f24b889ef9fce15d6a1f9a`. Rule list: `[]` (Enabled: `True`). {{(pid=88275) check_auth_methods_against_rules /opt/stack/keystone/keystone/auth/core.py:438}}
Oct 04 23:37:13.452528 dv-neutron-860275-5-hyperv devstack@keystone.service[88275]: DEBUG keystone.common.fernet_utils [None req-ce8f5931-623e-4925-a34f-33e5e4b0a0fe None None] Loaded 2 Fernet keys from /etc/keystone/fernet-keys/, but `[fernet_tokens] max_active_keys = 3`; perhaps there have not been enough key rotations to reach `max_active_keys` yet? {{(pid=88275) load_keys /opt/stack/keystone/keystone/common/fernet_utils.py:286}}
Oct 04 23:37:13.473986 dv-neutron-860275-5-hyperv devstack@keystone.service[88276]: [pid: 88276|app: 0|req: 117/245] 10.222.0.46 () {60 vars in 1132 bytes} [Tue Oct 4 23:37:13 2022] POST /identity/v3/users => generated 293 bytes in 181 msecs (HTTP/1.1 201) 5 headers in 182 bytes (1 switches on core 0)
Oct 04 23:37:13.475028 dv-neutron-860275-5-hyperv devstack@keystone.service[88276]: DEBUG keystone.server.flask.request_processing.middleware.auth_context [None req-13c1a9b9-9324-4f6a-8b03-5c1b420e0751 None admin] Authenticating user token {{(pid=88276) process_request /usr/local/lib/python3.8/dist-packages/keystonemiddleware/auth_token/__init__.py:407}}
Oct 04 23:37:13.528664 dv-neutron-860275-5-hyperv devstack@keystone.service[88275]: [pid: 88275|app: 0|req: 129/246] 10.222.0.46 () {58 vars in 1024 bytes} [Tue Oct 4 23:37:13 2022] POST /identity/v3/auth/tokens => generated 799 bytes in 100 msecs (HTTP/1.1 201) 6 headers in 363 bytes (1 switches on core 0)
Oct 04 23:37:13.543868 dv-neutron-860275-5-hyperv devstack@keystone.service[88275]: DEBUG keystone.server.flask.request_processing.middleware.auth_context [None req-ce8f5931-623e-4925-a34f-33e5e4b0a0fe None None] Authenticating user token {{(pid=88275) process_request /usr/local/lib/python3.8/dist-packages/keystonemiddleware/auth_token/__init__.py:407}}
Oct 04 23:37:13.564182 dv-neutron-860275-5-hyperv devstack@keystone.service[88275]: DEBUG dbcounter [-] [88275] Writing DB stats keystone:SELECT=100 {{(pid=88275) stat_writer /usr/local/lib/python3.8/dist-packages/dbcounter.py:114}}
Oct 04 23:37:13.649746 dv-neutron-860275-5-hyperv devstack@keystone.service[88276]: DEBUG dbcounter [-] [88276] Writing DB stats keystone:SELECT=97,keystone:INSERT=3 {{(pid=88276) stat_writer /usr/local/lib/python3.8/dist-packages/dbcounter.py:114}}
Oct 04 23:37:13.716775 dv-neutron-860275-5-hyperv devstack@keystone.service[88276]: DEBUG keystone.server.flask.request_processing.middleware.auth_context [None req-13c1a9b9-9324-4f6a-8b03-5c1b420e0751 None admin] Validating token access rules against request {{(pid=88276) validate_allowed_request /usr/local/lib/python3.8/dist-packages/keystonemiddleware/auth_token/__init__.py:545}}
Oct 04 23:37:13.738191 dv-neutron-860275-5-hyperv devstack@keystone.service[88275]: DEBUG keystone.server.flask.request_processing.middleware.auth_context [None req-ce8f5931-623e-4925-a34f-33e5e4b0a0fe None None] Validating token access rules against request {{(pid=88275) validate_allowed_request /usr/local/lib/python3.8/dist-packages/keystonemiddleware/auth_token/__init__.py:545}}
Oct 04 23:37:13.766536 dv-neutron-860275-5-hyperv devstack@keystone.service[88276]: DEBUG keystone.server.flask.request_processing.middleware.auth_context [None req-5480fa74-2025-4285-863b-9fc2affb8c63 None admin] RBAC: auth_context: {'token': , 'domain_id': None, 'trust_id': None, 'trustor_id': None, 'trustee_id': None, 'domain_name': None, 'group_ids': [], 'user_id': 'e38c4f8ca5f24b889ef9fce15d6a1f9a', 'user_domain_id': 'default', 'system_scope': 'all', 'project_id': None, 'project_domain_id': None, 'roles': ['admin', 'member', 'reader'], 'is_admin_project': True, 'service_user_id': None, 'service_user_domain_id': None, 'service_project_id': None, 'service_project_domain_id': None, 'service_roles': []} {{(pid=88276) fill_context /opt/stack/keystone/keystone/server/flask/request_processing/middleware/auth_context.py:478}}
Oct 04 23:37:13.767179 dv-neutron-860275-5-hyperv devstack@keystone.service[88276]: DEBUG keystone.server.flask.request_processing.req_logging [None req-5480fa74-2025-4285-863b-9fc2affb8c63 None admin] REQUEST_METHOD: `GET` {{(pid=88276) log_request_info /opt/stack/keystone/keystone/server/flask/request_processing/req_logging.py:27}}
Oct 04 23:37:13.767459 dv-neutron-860275-5-hyperv devstack@keystone.service[88276]: DEBUG keystone.server.flask.request_processing.req_logging [None req-5480fa74-2025-4285-863b-9fc2affb8c63 None admin] SCRIPT_NAME: `/identity` {{(pid=88276) log_request_info /opt/stack/keystone/keystone/server/flask/request_processing/req_logging.py:28}}
Oct 04 23:37:13.767760 dv-neutron-860275-5-hyperv devstack@keystone.service[88276]: DEBUG keystone.server.flask.request_processing.req_logging [None req-5480fa74-2025-4285-863b-9fc2affb8c63 None admin] PATH_INFO: `/v3/users/e28c50acc3eb40d4b5dbd43b999a69be` {{(pid=88276) log_request_info /opt/stack/keystone/keystone/server/flask/request_processing/req_logging.py:29}}
Oct 04 23:37:13.783407 dv-neutron-860275-5-hyperv devstack@keystone.service[88275]: DEBUG keystone.server.flask.request_processing.middleware.auth_context [None req-2a67cc98-aa37-4d78-bbd4-5fad73d52c61 None admin] RBAC: auth_context: {'token': , 'domain_id': None, 'trust_id': None, 'trustor_id': None, 'trustee_id': None, 'domain_name': None, 'group_ids': [], 'user_id': 'e38c4f8ca5f24b889ef9fce15d6a1f9a', 'user_domain_id': 'default', 'system_scope': 'all', 'project_id': None, 'project_domain_id': None, 'roles': ['admin', 'member', 'reader'], 'is_admin_project': True, 'service_user_id': None, 'service_user_domain_id': None, 'service_project_id': None, 'service_project_domain_id': None, 'service_roles': []} {{(pid=88275) fill_context /opt/stack/keystone/keystone/server/flask/request_processing/middleware/auth_context.py:478}}
Oct 04 23:37:13.783730 dv-neutron-860275-5-hyperv devstack@keystone.service[88276]: DEBUG keystone.common.rbac_enforcer.enforcer [None req-5480fa74-2025-4285-863b-9fc2affb8c63 None admin] RBAC: Authorizing `identity:get_user(user_id=e28c50acc3eb40d4b5dbd43b999a69be)` {{(pid=88276) enforce_call /opt/stack/keystone/keystone/common/rbac_enforcer/enforcer.py:449}}
Oct 04 23:37:13.784616 dv-neutron-860275-5-hyperv devstack@keystone.service[88275]: DEBUG keystone.server.flask.request_processing.req_logging [None req-2a67cc98-aa37-4d78-bbd4-5fad73d52c61 None admin] REQUEST_METHOD: `GET` {{(pid=88275) log_request_info /opt/stack/keystone/keystone/server/flask/request_processing/req_logging.py:27}}
Oct 04 23:37:13.785100 dv-neutron-860275-5-hyperv devstack@keystone.service[88275]: DEBUG keystone.server.flask.request_processing.req_logging [None req-2a67cc98-aa37-4d78-bbd4-5fad73d52c61 None admin] SCRIPT_NAME: `/identity` {{(pid=88275) log_request_info /opt/stack/keystone/keystone/server/flask/request_processing/req_logging.py:28}}
Oct 04 23:37:13.785204 dv-neutron-860275-5-hyperv devstack@keystone.service[88276]: DEBUG keystone.common.rbac_enforcer.enforcer [None req-5480fa74-2025-4285-863b-9fc2affb8c63 None admin] RBAC: Authorization granted {{(pid=88276) enforce_call /opt/stack/keystone/keystone/common/rbac_enforcer/enforcer.py:457}}
Oct 04 23:37:13.785801 dv-neutron-860275-5-hyperv devstack@keystone.service[88275]: DEBUG keystone.server.flask.request_processing.req_logging [None req-2a67cc98-aa37-4d78-bbd4-5fad73d52c61 None admin] PATH_INFO: `/v3/roles/admin` {{(pid=88275) log_request_info /opt/stack/keystone/keystone/server/flask/request_processing/req_logging.py:29}}
Oct 04 23:37:13.787525 dv-neutron-860275-5-hyperv devstack@keystone.service[88276]: [pid: 88276|app: 0|req: 118/247] 10.222.0.46 () {56 vars in 1177 bytes} [Tue Oct 4 23:37:13 2022] GET /identity/v3/users/e28c50acc3eb40d4b5dbd43b999a69be => generated 297 bytes in 312 msecs (HTTP/1.1 200) 5 headers in 177 bytes (1 switches on core 0)
Oct 04 23:37:13.793077 dv-neutron-860275-5-hyperv devstack@keystone.service[88276]: DEBUG keystone.server.flask.request_processing.middleware.auth_context [None req-5480fa74-2025-4285-863b-9fc2affb8c63 None admin] Authenticating user token {{(pid=88276) process_request /usr/local/lib/python3.8/dist-packages/keystonemiddleware/auth_token/__init__.py:407}}
Oct 04 23:37:13.799431 dv-neutron-860275-5-hyperv devstack@keystone.service[88275]: DEBUG keystone.common.rbac_enforcer.enforcer [None req-2a67cc98-aa37-4d78-bbd4-5fad73d52c61 None admin] Extracting inferred target data resulted in "NOT FOUND (404)". {{(pid=88275) enforce_call /opt/stack/keystone/keystone/common/rbac_enforcer/enforcer.py:409}}
Oct 04 23:37:13.805474 dv-neutron-860275-5-hyperv devstack@keystone.service[88275]: ERROR keystone.server.flask.application [None req-2a67cc98-aa37-4d78-bbd4-5fad73d52c61 None admin] Could not find role: admin.: keystone.exception.RoleNotFound: Could not find role: admin.
Oct 04 23:37:13.805474 dv-neutron-860275-5-hyperv devstack@keystone.service[88275]: ERROR keystone.server.flask.application
Traceback (most recent call last):
Oct 04 23:37:13.805474 dv-neutron-860275-5-hyperv devstack@keystone.service[88275]: ERROR keystone.server.flask.application
File "/usr/local/lib/python3.8/dist-packages/flask/app.py", line 1820, in full_dispatch_request
Oct 04 23:37:13.805474 dv-neutron-860275-5-hyperv devstack@keystone.service[88275]: ERROR keystone.server.flask.application rv = self.dispatch_request()
Oct 04 23:37:13.805474 dv-neutron-860275-5-hyperv devstack@keystone.service[88275]: ERROR keystone.server.flask.application
File "/usr/local/lib/python3.8/dist-packages/flask/app.py", line 1796, in dispatch_request
Oct 04 23:37:13.805474 dv-neutron-860275-5-hyperv devstack@keystone.service[88275]: ERROR keystone.server.flask.application return self.ensure_sync(self.view_functions[rule.endpoint])(**view_args)
Oct 04 23:37:13.805474 dv-neutron-860275-5-hyperv devstack@keystone.service[88275]: ERROR keystone.server.flask.application
File "/usr/local/lib/python3.8/dist-packages/flask_restful/__init__.py", line 467, in wrapper
Oct 04 23:37:13.805474 dv-neutron-860275-5-hyperv devstack@keystone.service[88275]: ERROR keystone.server.flask.application resp = resource(*args, **kwargs)
Oct 04 23:37:13.805474 dv-neutron-860275-5-hyperv devstack@keystone.service[88275]: ERROR keystone.server.flask.application
File "/usr/local/lib/python3.8/dist-packages/flask/views.py", line 107, in view
