Oct 03 08:20:41.481056 dv-neutron-860002-2-hyperv devstack@placement-api.service[107526]: DEBUG placement.objects.research_context [req-522602cd-90a3-4faa-9d88-0592e32c5ad9 req-eb9e070a-41a3-4972-a8c4-9b80537e10b6 service placement] found 1 providers after filtering by previous result {{(pid=107526) get_provider_ids_matching /opt/stack/placement/placement/objects/research_context.py:594}}
Oct 03 08:20:41.485373 dv-neutron-860002-2-hyperv devstack@placement-api.service[107527]: DEBUG placement.requestlog [req-33ede6bd-6cac-45cc-bcc7-bcd5e414544d req-d1fb55e7-8638-4adc-ab07-c2972d0f0c45 None None] Starting request: 10.222.0.30 "GET /placement/allocations/3fbda6a8-c2fa-4eb5-b7ed-82ec4616963e" {{(pid=107527) __call__ /opt/stack/placement/placement/requestlog.py:55}}
Oct 03 08:20:41.513207 dv-neutron-860002-2-hyperv devstack@placement-api.service[107526]: DEBUG placement.objects.allocation_candidate [req-522602cd-90a3-4faa-9d88-0592e32c5ad9 req-eb9e070a-41a3-4972-a8c4-9b80537e10b6 service placement] RequestGroup(use_same_provider=False, resources={DISK_GB:1, MEMORY_MB:1024, VCPU:1}, traits=(), aggregates=[]) (suffix '') returned 1 matches {{(pid=107526) _get_by_requests /opt/stack/placement/placement/objects/allocation_candidate.py:156}}
Oct 03 08:20:41.513957 dv-neutron-860002-2-hyperv devstack@placement-api.service[107526]: DEBUG placement.objects.allocation_candidate [req-522602cd-90a3-4faa-9d88-0592e32c5ad9 req-eb9e070a-41a3-4972-a8c4-9b80537e10b6 service placement] Merging candidates yields 1 allocation requests and 1 provider summaries {{(pid=107526) _merge_candidates /opt/stack/placement/placement/objects/allocation_candidate.py:809}}
Oct 03 08:20:41.516759 dv-neutron-860002-2-hyperv devstack@placement-api.service[107526]: INFO placement.requestlog [req-522602cd-90a3-4faa-9d88-0592e32c5ad9 req-eb9e070a-41a3-4972-a8c4-9b80537e10b6 service placement] 10.222.0.13 "GET /placement/allocation_candidates?limit=1000&resources=DISK_GB%3A1%2CMEMORY_MB%3A1024%2CVCPU%3A1&root_required=%21COMPUTE_STATUS_DISABLED" status: 200 len: 767 microversion: 1.36
Oct 03 08:20:41.519878 dv-neutron-860002-2-hyperv devstack@placement-api.service[107526]: [pid: 107526|app: 0|req: 9/20] 10.222.0.13 () {60 vars in 1506 bytes} [Mon Oct 3 08:20:41 2022] GET /placement/allocation_candidates?limit=1000&resources=DISK_GB%3A1%2CMEMORY_MB%3A1024%2CVCPU%3A1&root_required=%21COMPUTE_STATUS_DISABLED => generated 767 bytes in 163 msecs (HTTP/1.1 200) 8 headers in 296 bytes (1 switches on core 0)
Oct 03 08:20:41.521358 dv-neutron-860002-2-hyperv devstack@placement-api.service[107527]: INFO placement.requestlog [req-33ede6bd-6cac-45cc-bcc7-bcd5e414544d req-d1fb55e7-8638-4adc-ab07-c2972d0f0c45 service placement] 10.222.0.30 "GET /placement/allocations/3fbda6a8-c2fa-4eb5-b7ed-82ec4616963e" status: 200 len: 258 microversion: 1.28
Oct 03 08:20:41.522239 dv-neutron-860002-2-hyperv devstack@placement-api.service[107527]: [pid: 107527|app: 0|req: 12/21] 10.222.0.30 () {60 vars in 1377 bytes} [Mon Oct 3 08:20:41 2022] GET /placement/allocations/3fbda6a8-c2fa-4eb5-b7ed-82ec4616963e => generated 258 bytes in 37 msecs (HTTP/1.1 200) 8 headers in 296 bytes (1 switches on core 0)
Oct 03 08:20:41.693551 dv-neutron-860002-2-hyperv devstack@placement-api.service[107526]: DEBUG placement.requestlog [req-522602cd-90a3-4faa-9d88-0592e32c5ad9 req-706a565b-7a87-40d6-a2a9-67cef9f8c48a None None] Starting request: 10.222.0.13 "GET /placement/allocations/7bfc5b32-58a3-4b99-bb6a-19955c56fd7d" {{(pid=107526) __call__ /opt/stack/placement/placement/requestlog.py:55}}
Oct 03 08:20:41.719255 dv-neutron-860002-2-hyperv devstack@placement-api.service[107526]: INFO placement.requestlog [req-522602cd-90a3-4faa-9d88-0592e32c5ad9 req-706a565b-7a87-40d6-a2a9-67cef9f8c48a service placement] 10.222.0.13 "GET /placement/allocations/7bfc5b32-58a3-4b99-bb6a-19955c56fd7d" status: 200 len: 19 microversion: 1.28
Oct 03 08:20:41.730149 dv-neutron-860002-2-hyperv devstack@placement-api.service[107526]: [pid: 107526|app: 0|req: 10/22] 10.222.0.13 () {60 vars in 1380 bytes} [Mon Oct 3 08:20:41 2022] GET /placement/allocations/7bfc5b32-58a3-4b99-bb6a-19955c56fd7d => generated 19 bytes in 38 msecs (HTTP/1.1 200) 8 headers in 295 bytes (1 switches on core 0)
Oct 03 08:20:41.730568 dv-neutron-860002-2-hyperv devstack@placement-api.service[107527]: DEBUG placement.requestlog [req-522602cd-90a3-4faa-9d88-0592e32c5ad9 req-7dbde068-690b-45b1-a440-536c7d38410a None None] Starting request: 10.222.0.13 "PUT /placement/allocations/7bfc5b32-58a3-4b99-bb6a-19955c56fd7d" {{(pid=107527) __call__ /opt/stack/placement/placement/requestlog.py:55}}
Oct 03 08:20:41.948747 dv-neutron-860002-2-hyperv devstack@placement-api.service[107527]: DEBUG placement.handlers.allocation [req-522602cd-90a3-4faa-9d88-0592e32c5ad9 req-7dbde068-690b-45b1-a440-536c7d38410a service placement] Successfully wrote allocations [, , ] {{(pid=107527) _update_consumers_and_create_allocations /opt/stack/placement/placement/handlers/allocation.py:462}}
Oct 03 08:20:41.958663 dv-neutron-860002-2-hyperv devstack@placement-api.service[107527]: INFO placement.requestlog [req-522602cd-90a3-4faa-9d88-0592e32c5ad9 req-7dbde068-690b-45b1-a440-536c7d38410a service placement] 10.222.0.13 "PUT /placement/allocations/7bfc5b32-58a3-4b99-bb6a-19955c56fd7d" status: 204 len: 0 microversion: 1.36
Oct 03 08:20:41.962123 dv-neutron-860002-2-hyperv devstack@placement-api.service[107527]: [pid: 107527|app: 0|req: 13/23] 10.222.0.13 () {64 vars in 1433 bytes} [Mon Oct 3 08:20:41 2022] PUT /placement/allocations/7bfc5b32-58a3-4b99-bb6a-19955c56fd7d => generated 0 bytes in 231 msecs (HTTP/1.1 204) 5 headers in 199 bytes (1 switches on core 0)
Oct 03 08:20:41.979210 dv-neutron-860002-2-hyperv devstack@placement-api.service[107526]: DEBUG placement.requestlog [req-f5658708-a947-407e-9aa1-f3dd95837aff req-7e587f39-fb12-4866-9e59-39f62b95abf0 None None] Starting request: 10.222.0.13 "GET /placement/allocation_candidates?limit=1000&resources=DISK_GB%3A1%2CMEMORY_MB%3A1024%2CVCPU%3A1&root_required=%21COMPUTE_STATUS_DISABLED" {{(pid=107526) __call__ /opt/stack/placement/placement/requestlog.py:55}}
Oct 03 08:20:42.138091 dv-neutron-860002-2-hyperv devstack@placement-api.service[107526]: DEBUG placement.objects.research_context [req-f5658708-a947-407e-9aa1-f3dd95837aff req-7e587f39-fb12-4866-9e59-39f62b95abf0 service placement] getting providers with 1 DISK_GB {{(pid=107526) __init__ /opt/stack/placement/placement/objects/research_context.py:136}}
Oct 03 08:20:42.159981 dv-neutron-860002-2-hyperv devstack@placement-api.service[107526]: DEBUG placement.objects.research_context [req-f5658708-a947-407e-9aa1-f3dd95837aff req-7e587f39-fb12-4866-9e59-39f62b95abf0 service placement] getting providers with 1024 MEMORY_MB {{(pid=107526) __init__ /opt/stack/placement/placement/objects/research_context.py:136}}
Oct 03 08:20:42.171693 dv-neutron-860002-2-hyperv devstack@placement-api.service[107526]: DEBUG placement.objects.research_context [req-f5658708-a947-407e-9aa1-f3dd95837aff req-7e587f39-fb12-4866-9e59-39f62b95abf0 service placement] getting providers with 1 VCPU {{(pid=107526) __init__ /opt/stack/placement/placement/objects/research_context.py:136}}
Oct 03 08:20:42.183891 dv-neutron-860002-2-hyperv devstack@placement-api.service[107526]: DEBUG placement.objects.research_context [req-f5658708-a947-407e-9aa1-f3dd95837aff req-7e587f39-fb12-4866-9e59-39f62b95abf0 service placement] found 1 providers with available 1 DISK_GB {{(pid=107526) get_provider_ids_matching /opt/stack/placement/placement/objects/research_context.py:563}}
Oct 03 08:20:42.184349 dv-neutron-860002-2-hyperv devstack@placement-api.service[107526]: DEBUG placement.objects.research_context [req-f5658708-a947-407e-9aa1-f3dd95837aff req-7e587f39-fb12-4866-9e59-39f62b95abf0 service placement] found 1 providers with available 1024 MEMORY_MB {{(pid=107526) get_provider_ids_matching /opt/stack/placement/placement/objects/research_context.py:563}}
Oct 03 08:20:42.185576 dv-neutron-860002-2-hyperv devstack@placement-api.service[107526]: DEBUG placement.objects.research_context [req-f5658708-a947-407e-9aa1-f3dd95837aff req-7e587f39-fb12-4866-9e59-39f62b95abf0 service placement] found 1 providers after filtering by previous result {{(pid=107526) get_provider_ids_matching /opt/stack/placement/placement/objects/research_context.py:594}}
Oct 03 08:20:42.186889 dv-neutron-860002-2-hyperv devstack@placement-api.service[107526]: DEBUG placement.objects.research_context [req-f5658708-a947-407e-9aa1-f3dd95837aff req-7e587f39-fb12-4866-9e59-39f62b95abf0 service placement] found 1 providers with available 1 VCPU {{(pid=107526) get_provider_ids_matching /opt/stack/placement/placement/objects/research_context.py:563}}
Oct 03 08:20:42.187257 dv-neutron-860002-2-hyperv devstack@placement-api.service[107526]: DEBUG placement.objects.research_context [req-f5658708-a947-407e-9aa1-f3dd95837aff req-7e587f39-fb12-4866-9e59-39f62b95abf0 service placement] found 1 providers after filtering by previous result {{(pid=107526) get_provider_ids_matching /opt/stack/placement/placement/objects/research_context.py:594}}
Oct 03 08:20:42.206664 dv-neutron-860002-2-hyperv devstack@placement-api.service[107527]: DEBUG placement.requestlog [req-0923280a-0eae-4a0b-a10a-5b3a4c19a103 req-b77d60ed-accb-4c27-844b-5b6f1b1bda07 None None] Starting request: 10.222.0.30 "GET /placement/resource_providers/936f52e2-5e88-4133-a379-dd0195f5d126/allocations" {{(pid=107527) __call__ /opt/stack/placement/placement/requestlog.py:55}}
Oct 03 08:20:42.212094 dv-neutron-860002-2-hyperv devstack@placement-api.service[107526]: DEBUG placement.objects.allocation_candidate [req-f5658708-a947-407e-9aa1-f3dd95837aff req-7e587f39-fb12-4866-9e59-39f62b95abf0 service placement] RequestGroup(use_same_provider=False, resources={DISK_GB:1, MEMORY_MB:1024, VCPU:1}, traits=(), aggregates=[]) (suffix '') returned 1 matches {{(pid=107526) _get_by_requests /opt/stack/placement/placement/objects/allocation_candidate.py:156}}
Oct 03 08:20:42.212094 dv-neutron-860002-2-hyperv devstack@placement-api.service[107526]: DEBUG placement.objects.allocation_candidate [req-f5658708-a947-407e-9aa1-f3dd95837aff req-7e587f39-fb12-4866-9e59-39f62b95abf0 service placement] Merging candidates yields 1 allocation requests and 1 provider summaries {{(pid=107526) _merge_candidates /opt/stack/placement/placement/objects/allocation_candidate.py:809}}
Oct 03 08:20:42.216544 dv-neutron-860002-2-hyperv devstack@placement-api.service[107526]: INFO placement.requestlog [req-f5658708-a947-407e-9aa1-f3dd95837aff req-7e587f39-fb12-4866-9e59-39f62b95abf0 service placement] 10.222.0.13 "GET /placement/allocation_candidates?limit=1000&resources=DISK_GB%3A1%2CMEMORY_MB%3A1024%2CVCPU%3A1&root_required=%21COMPUTE_STATUS_DISABLED" status: 200 len: 767 microversion: 1.36
Oct 03 08:20:42.217288 dv-neutron-860002-2-hyperv devstack@placement-api.service[107526]: [pid: 107526|app: 0|req: 11/24] 10.222.0.13 () {60 vars in 1506 bytes} [Mon Oct 3 08:20:41 2022] GET /placement/allocation_candidates?limit=1000&resources=DISK_GB%3A1%2CMEMORY_MB%3A1024%2CVCPU%3A1&root_required=%21COMPUTE_STATUS_DISABLED => generated 767 bytes in 239 msecs (HTTP/1.1 200) 8 headers in 296 bytes (2 switches on core 0)
Oct 03 08:20:42.300289 dv-neutron-860002-2-hyperv devstack@placement-api.service[107527]: INFO placement.requestlog [req-0923280a-0eae-4a0b-a10a-5b3a4c19a103 req-b77d60ed-accb-4c27-844b-5b6f1b1bda07 service placement] 10.222.0.30 "GET /placement/resource_providers/936f52e2-5e88-4133-a379-dd0195f5d126/allocations" status: 200 len: 254 microversion: 1.0
Oct 03 08:20:42.300678 dv-neutron-860002-2-hyperv devstack@placement-api.service[107527]: [pid: 107527|app: 0|req: 14/25] 10.222.0.30 () {58 vars in 1390 bytes} [Mon Oct 3 08:20:42 2022] GET /placement/resource_providers/936f52e2-5e88-4133-a379-dd0195f5d126/allocations => generated 254 bytes in 95 msecs (HTTP/1.1 200) 6 headers in 224 bytes (2 switches on core 0)
Oct 03 08:20:42.337229 dv-neutron-860002-2-hyperv devstack@placement-api.service[107526]: DEBUG placement.requestlog [req-f5658708-a947-407e-9aa1-f3dd95837aff req-f0a6590c-36bd-4c7f-a9e0-47615fda05cb None None] Starting request: 10.222.0.13 "GET /placement/allocations/26111472-bb63-408c-9378-17a2b2af28b9" {{(pid=107526) __call__ /opt/stack/placement/placement/requestlog.py:55}}
Oct 03 08:20:42.360069 dv-neutron-860002-2-hyperv devstack@placement-api.service[107526]: INFO placement.requestlog [req-f5658708-a947-407e-9aa1-f3dd95837aff req-f0a6590c-36bd-4c7f-a9e0-47615fda05cb service placement] 10.222.0.13 "GET /placement/allocations/26111472-bb63-408c-9378-17a2b2af28b9" status: 200 len: 19 microversion: 1.28
Oct 03 08:20:42.363686 dv-neutron-860002-2-hyperv devstack@placement-api.service[107526]: [pid: 107526|app: 0|req: 12/26] 10.222.0.13 () {60 vars in 1380 bytes} [Mon Oct 3 08:20:42 2022] GET /placement/allocations/26111472-bb63-408c-9378-17a2b2af28b9 => generated 19 bytes in 27 msecs (HTTP/1.1 200) 8 headers in 295 bytes (1 switches on core 0)
Oct 03 08:20:42.378934 dv-neutron-860002-2-hyperv devstack@placement-api.service[107527]: DEBUG placement.requestlog [req-f5658708-a947-407e-9aa1-f3dd95837aff req-9fb18954-48e5-4f99-bc0c-cdd21b46f313 None None] Starting request: 10.222.0.13 "PUT /placement/allocations/26111472-bb63-408c-9378-17a2b2af28b9" {{(pid=107527) __call__ /opt/stack/placement/placement/requestlog.py:55}}
Oct 03 08:20:42.542047 dv-neutron-860002-2-hyperv devstack@placement-api.service[107526]: DEBUG placement.requestlog [req-0923280a-0eae-4a0b-a10a-5b3a4c19a103 req-a0ae5182-52d6-48e5-b075-203119ebd6a1 None None] Starting request: 10.222.0.30 "GET /placement/resource_providers/936f52e2-5e88-4133-a379-dd0195f5d126/allocations" {{(pid=107526) __call__ /opt/stack/placement/placement/requestlog.py:55}}
Oct 03 08:20:42.621230 dv-neutron-860002-2-hyperv devstack@placement-api.service[107527]: DEBUG placement.handlers.allocation [req-f5658708-a947-407e-9aa1-f3dd95837aff req-9fb18954-48e5-4f99-bc0c-cdd21b46f313 service placement] Successfully wrote allocations [, , ] {{(pid=107527) _update_consumers_and_create_allocations /opt/stack/placement/placement/handlers/allocation.py:462}}
Oct 03 08:20:42.630911 dv-neutron-860002-2-hyperv devstack@placement-api.service[107526]: INFO placement.requestlog [req-0923280a-0eae-4a0b-a10a-5b3a4c19a103 req-a0ae5182-52d6-48e5-b075-203119ebd6a1 service placement] 10.222.0.30 "GET /placement/resource_providers/936f52e2-5e88-4133-a379-dd0195f5d126/allocations" status: 200 len: 254 microversion: 1.0
Oct 03 08:20:42.632533 dv-neutron-860002-2-hyperv devstack@placement-api.service[107527]: INFO placement.requestlog [req-f5658708-a947-407e-9aa1-f3dd95837aff req-9fb18954-48e5-4f99-bc0c-cdd21b46f313 service placement] 10.222.0.13 "PUT /placement/allocations/26111472-bb63-408c-9378-17a2b2af28b9" status: 204 len: 0 microversion: 1.36
Oct 03 08:20:42.633494 dv-neutron-860002-2-hyperv devstack@placement-api.service[107527]: [pid: 107527|app: 0|req: 15/27] 10.222.0.13 () {64 vars in 1433 bytes} [Mon Oct 3 08:20:42 2022] PUT /placement/allocations/26111472-bb63-408c-9378-17a2b2af28b9 => generated 0 bytes in 255 msecs (HTTP/1.1 204) 5 headers in 199 bytes (1 switches on core 0)
Oct 03 08:20:42.634119 dv-neutron-860002-2-hyperv devstack@placement-api.service[107526]: [pid: 107526|app: 0|req: 13/28] 10.222.0.30 () {58 vars in 1390 bytes} [Mon Oct 3 08:20:42 2022] GET /placement/resource_providers/936f52e2-5e88-4133-a379-dd0195f5d126/allocations => generated 254 bytes in 92 msecs (HTTP/1.1 200) 6 headers in 224 bytes (1 switches on core 0)
Oct 03 08:20:42.641487 dv-neutron-860002-2-hyperv devstack@placement-api.service[107527]: DEBUG placement.requestlog [req-0923280a-0eae-4a0b-a10a-5b3a4c19a103 req-44f3949e-6d6f-4938-b72a-0d17cbb02b87 None None] Starting request: 10.222.0.30 "GET /placement/allocations/3fbda6a8-c2fa-4eb5-b7ed-82ec4616963e" {{(pid=107527) __call__ /opt/stack/placement/placement/requestlog.py:55}}
Oct 03 08:20:42.666272 dv-neutron-860002-2-hyperv devstack@placement-api.service[107527]: INFO placement.requestlog [req-0923280a-0eae-4a0b-a10a-5b3a4c19a103 req-44f3949e-6d6f-4938-b72a-0d17cbb02b87 service placement] 10.222.0.30 "GET /placement/allocations/3fbda6a8-c2fa-4eb5-b7ed-82ec4616963e" status: 200 len: 258 microversion: 1.28
Oct 03 08:20:42.666937 dv-neutron-860002-2-hyperv devstack@placement-api.service[107527]: [pid: 107527|app: 0|req: 16/29] 10.222.0.30 () {60 vars in 1377 bytes} [Mon Oct 3 08:20:42 2022] GET /placement/allocations/3fbda6a8-c2fa-4eb5-b7ed-82ec4616963e => generated 258 bytes in 26 msecs (HTTP/1.1 200) 8 headers in 296 bytes (2 switches on core 0)
Oct 03 08:20:42.683517 dv-neutron-860002-2-hyperv devstack@placement-api.service[107526]: DEBUG placement.requestlog [req-0923280a-0eae-4a0b-a10a-5b3a4c19a103 req-c2ac830a-2731-4012-8483-d0b2c46e811f None None] Starting request: 10.222.0.30 "GET /placement/allocations/7bfc5b32-58a3-4b99-bb6a-19955c56fd7d" {{(pid=107526) __call__ /opt/stack/placement/placement/requestlog.py:55}}
Oct 03 08:20:42.722073 dv-neutron-860002-2-hyperv devstack@placement-api.service[107526]: INFO placement.requestlog [req-0923280a-0eae-4a0b-a10a-5b3a4c19a103 req-c2ac830a-2731-4012-8483-d0b2c46e811f service placement] 10.222.0.30 "GET /placement/allocations/7bfc5b32-58a3-4b99-bb6a-19955c56fd7d" status: 200 len: 258 microversion: 1.28
Oct 03 08:20:42.723935 dv-neutron-860002-2-hyperv devstack@placement-api.service[107526]: [pid: 107526|app: 0|req: 14/30] 10.222.0.30 () {60 vars in 1377 bytes} [Mon Oct 3 08:20:42 2022] GET /placement/allocations/7bfc5b32-58a3-4b99-bb6a-19955c56fd7d => generated 258 bytes in 40 msecs (HTTP/1.1 200) 8 headers in 296 bytes (1 switches on core 0)
Oct 03 08:20:43.470935 dv-neutron-860002-2-hyperv devstack@placement-api.service[107527]: DEBUG placement.requestlog [req-522602cd-90a3-4faa-9d88-0592e32c5ad9 req-362c9009-2b4b-417b-87d7-b23d529a8f1a None None] Starting request: 10.222.0.30 "GET /placement/allocations/7bfc5b32-58a3-4b99-bb6a-19955c56fd7d" {{(pid=107527) __call__ /opt/stack/placement/placement/requestlog.py:55}}
Oct 03 08:20:43.505841 dv-neutron-860002-2-hyperv devstack@placement-api.service[107527]: INFO placement.requestlog [req-522602cd-90a3-4faa-9d88-0592e32c5ad9 req-362c9009-2b4b-417b-87d7-b23d529a8f1a service placement] 10.222.0.30 "GET /placement/allocations/7bfc5b32-58a3-4b99-bb6a-19955c56fd7d" status: 200 len: 258 microversion: 1.28
Oct 03 08:20:43.506491 dv-neutron-860002-2-hyperv devstack@placement-api.service[107527]: [pid: 107527|app: 0|req: 17/31] 10.222.0.30 () {60 vars in 1377 bytes} [Mon Oct 3 08:20:43 2022] GET /placement/allocations/7bfc5b32-58a3-4b99-bb6a-19955c56fd7d => generated 258 bytes in 36 msecs (HTTP/1.1 200) 8 headers in 296 bytes (1 switches on core 0)
Oct 03 08:20:43.553387 dv-neutron-860002-2-hyperv devstack@placement-api.service[107526]: DEBUG placement.requestlog [req-f5658708-a947-407e-9aa1-f3dd95837aff req-5041f939-5345-463a-a586-48c92bcc0774 None None] Starting request: 10.222.0.30 "GET /placement/allocations/26111472-bb63-408c-9378-17a2b2af28b9" {{(pid=107526) __call__ /opt/stack/placement/placement/requestlog.py:55}}
Oct 03 08:20:43.590068 dv-neutron-860002-2-hyperv devstack@placement-api.service[107526]: INFO placement.requestlog [req-f5658708-a947-407e-9aa1-f3dd95837aff req-5041f939-5345-463a-a586-48c92bcc0774 service placement] 10.222.0.30 "GET /placement/allocations/26111472-bb63-408c-9378-17a2b2af28b9" status: 200 len: 258 microversion: 1.28
Oct 03 08:20:43.591095 dv-neutron-860002-2-hyperv devstack@placement-api.service[107526]: [pid: 107526|app: 0|req: 15/32] 10.222.0.30 () {60 vars in 1377 bytes} [Mon Oct 3 08:20:43 2022] GET /placement/allocations/26111472-bb63-408c-9378-17a2b2af28b9 => generated 258 bytes in 38 msecs (HTTP/1.1 200) 8 headers in 296 bytes (1 switches on core 0)
Oct 03 08:20:43.798942 dv-neutron-860002-2-hyperv devstack@placement-api.service[107527]: DEBUG placement.requestlog [req-522602cd-90a3-4faa-9d88-0592e32c5ad9 req-281019f1-f18d-4c93-b833-db1f4b07cfb5 None None] Starting request: 10.222.0.30 "GET /placement/resource_providers/936f52e2-5e88-4133-a379-dd0195f5d126/allocations" {{(pid=107527) __call__ /opt/stack/placement/placement/requestlog.py:55}}
Oct 03 08:20:43.860847 dv-neutron-860002-2-hyperv devstack@placement-api.service[107527]: INFO placement.requestlog [req-522602cd-90a3-4faa-9d88-0592e32c5ad9 req-281019f1-f18d-4c93-b833-db1f4b07cfb5 service placement] 10.222.0.30 "GET /placement/resource_providers/936f52e2-5e88-4133-a379-dd0195f5d126/allocations" status: 200 len: 355 microversion: 1.0
Oct 03 08:20:43.863245 dv-neutron-860002-2-hyperv devstack@placement-api.service[107527]: [pid: 107527|app: 0|req: 18/33] 10.222.0.30 () {58 vars in 1390 bytes} [Mon Oct 3 08:20:43 2022] GET /placement/resource_providers/936f52e2-5e88-4133-a379-dd0195f5d126/allocations => generated 355 bytes in 65 msecs (HTTP/1.1 200) 6 headers in 224 bytes (2 switches on core 0)
Oct 03 08:20:43.872418 dv-neutron-860002-2-hyperv devstack@placement-api.service[107526]: DEBUG placement.requestlog [req-522602cd-90a3-4faa-9d88-0592e32c5ad9 req-79453b9f-0bbb-4746-806d-ccbd07398ec6 None None] Starting request: 10.222.0.30 "GET /placement/allocations/26111472-bb63-408c-9378-17a2b2af28b9" {{(pid=107526) __call__ /opt/stack/placement/placement/requestlog.py:55}}
Oct 03 08:20:43.907066 dv-neutron-860002-2-hyperv devstack@placement-api.service[107526]: INFO placement.requestlog [req-522602cd-90a3-4faa-9d88-0592e32c5ad9 req-79453b9f-0bbb-4746-806d-ccbd07398ec6 service placement] 10.222.0.30 "GET /placement/allocations/26111472-bb63-408c-9378-17a2b2af28b9" status: 200 len: 258 microversion: 1.28
Oct 03 08:20:43.909299 dv-neutron-860002-2-hyperv devstack@placement-api.service[107526]: [pid: 107526|app: 0|req: 16/34] 10.222.0.30 () {60 vars in 1377 bytes} [Mon Oct 3 08:20:43 2022] GET /placement/allocations/26111472-bb63-408c-9378-17a2b2af28b9 => generated 258 bytes in 38 msecs (HTTP/1.1 200) 8 headers in 296 bytes (1 switches on core 0)
Oct 03 08:20:43.917174 dv-neutron-860002-2-hyperv devstack@placement-api.service[107527]: DEBUG placement.requestlog [req-522602cd-90a3-4faa-9d88-0592e32c5ad9 req-bb972b40-d7f4-438f-bd3d-0ce970079196 None None] Starting request: 10.222.0.30 "GET /placement/allocations/3fbda6a8-c2fa-4eb5-b7ed-82ec4616963e" {{(pid=107527) __call__ /opt/stack/placement/placement/requestlog.py:55}}
Oct 03 08:20:43.964753 dv-neutron-860002-2-hyperv devstack@placement-api.service[107527]: INFO placement.requestlog [req-522602cd-90a3-4faa-9d88-0592e32c5ad9 req-bb972b40-d7f4-438f-bd3d-0ce970079196 service placement] 10.222.0.30 "GET /placement/allocations/3fbda6a8-c2fa-4eb5-b7ed-82ec4616963e" status: 200 len: 258 microversion: 1.28
Oct 03 08:20:43.968481 dv-neutron-860002-2-hyperv devstack@placement-api.service[107527]: [pid: 107527|app: 0|req: 19/35] 10.222.0.30 () {60 vars in 1377 bytes} [Mon Oct 3 08:20:43 2022] GET /placement/allocations/3fbda6a8-c2fa-4eb5-b7ed-82ec4616963e => generated 258 bytes in 52 msecs (HTTP/1.1 200) 8 headers in 296 bytes (1 switches on core 0)
Oct 03 08:20:43.990241 dv-neutron-860002-2-hyperv devstack@placement-api.service[107526]: DEBUG placement.requestlog [req-522602cd-90a3-4faa-9d88-0592e32c5ad9 req-a728e924-36cb-440b-81af-dd45defe447c None None] Starting request: 10.222.0.30 "GET /placement/allocations/7bfc5b32-58a3-4b99-bb6a-19955c56fd7d" {{(pid=107526) __call__ /opt/stack/placement/placement/requestlog.py:55}}
Oct 03 08:20:44.053502 dv-neutron-860002-2-hyperv devstack@placement-api.service[107526]: INFO placement.requestlog [req-522602cd-90a3-4faa-9d88-0592e32c5ad9 req-a728e924-36cb-440b-81af-dd45defe447c service placement] 10.222.0.30 "GET /placement/allocations/7bfc5b32-58a3-4b99-bb6a-19955c56fd7d" status: 200 len: 258 microversion: 1.28
Oct 03 08:20:44.054668 dv-neutron-860002-2-hyperv devstack@placement-api.service[107526]: [pid: 107526|app: 0|req: 17/36] 10.222.0.30 () {60 vars in 1377 bytes} [Mon Oct 3 08:20:43 2022] GET /placement/allocations/7bfc5b32-58a3-4b99-bb6a-19955c56fd7d => generated 258 bytes in 65 msecs (HTTP/1.1 200) 8 headers in 296 bytes (1 switches on core 0)
Oct 03 08:20:44.951906 dv-neutron-860002-2-hyperv devstack@placement-api.service[107527]: DEBUG placement.requestlog [req-f5658708-a947-407e-9aa1-f3dd95837aff req-338b1ccb-2688-4730-bbf6-8903bd34df44 None None] Starting request: 10.222.0.30 "GET /placement/resource_providers/936f52e2-5e88-4133-a379-dd0195f5d126/allocations" {{(pid=107527) __call__ /opt/stack/placement/placement/requestlog.py:55}}
Oct 03 08:20:44.991816 dv-neutron-860002-2-hyperv devstack@placement-api.service[107527]: INFO placement.requestlog [req-f5658708-a947-407e-9aa1-f3dd95837aff req-338b1ccb-2688-4730-bbf6-8903bd34df44 service placement] 10.222.0.30 "GET /placement/resource_providers/936f52e2-5e88-4133-a379-dd0195f5d126/allocations" status: 200 len: 355 microversion: 1.0
Oct 03 08:20:44.994134 dv-neutron-860002-2-hyperv devstack@placement-api.service[107527]: [pid: 107527|app: 0|req: 20/37] 10.222.0.30 () {58 vars in 1390 bytes} [Mon Oct 3 08:20:44 2022] GET /placement/resource_providers/936f52e2-5e88-4133-a379-dd0195f5d126/allocations => generated 355 bytes in 42 msecs (HTTP/1.1 200) 6 headers in 224 bytes (1 switches on core 0)
Oct 03 08:20:45.000655 dv-neutron-860002-2-hyperv devstack@placement-api.service[107526]: DEBUG placement.requestlog [req-f5658708-a947-407e-9aa1-f3dd95837aff req-e5ee01c6-d9f7-4d72-bdb5-bc1244e6ca60 None None] Starting request: 10.222.0.30 "GET /placement/allocations/26111472-bb63-408c-9378-17a2b2af28b9" {{(pid=107526) __call__ /opt/stack/placement/placement/requestlog.py:55}}
Oct 03 08:20:45.029966 dv-neutron-860002-2-hyperv devstack@placement-api.service[107526]: INFO placement.requestlog [req-f5658708-a947-407e-9aa1-f3dd95837aff req-e5ee01c6-d9f7-4d72-bdb5-bc1244e6ca60 service placement] 10.222.0.30 "GET /placement/allocations/26111472-bb63-408c-9378-17a2b2af28b9" status: 200 len: 258 microversion: 1.28
Oct 03 08:20:45.031355 dv-neutron-860002-2-hyperv devstack@placement-api.service[107526]: [pid: 107526|app: 0|req: 18/38] 10.222.0.30 () {60 vars in 1377 bytes} [Mon Oct 3 08:20:44 2022] GET /placement/allocations/26111472-bb63-408c-9378-17a2b2af28b9 => generated 258 bytes in 31 msecs (HTTP/1.1 200) 8 headers in 296 bytes (2 switches on core 0)
Oct 03 08:20:45.051227 dv-neutron-860002-2-hyperv devstack@placement-api.service[107527]: DEBUG placement.requestlog [req-f5658708-a947-407e-9aa1-f3dd95837aff req-8143b371-bdd5-47fd-ab6f-07f4b5e1d094 None None] Starting request: 10.222.0.30 "GET /placement/allocations/3fbda6a8-c2fa-4eb5-b7ed-82ec4616963e" {{(pid=107527) __call__ /opt/stack/placement/placement/requestlog.py:55}}
Oct 03 08:20:45.078231 dv-neutron-860002-2-hyperv devstack@placement-api.service[107527]: DEBUG dbcounter [-] [107527] Writing DB stats placement:SELECT=80,placement:INSERT=12,placement:DELETE=4,placement:UPDATE=4 {{(pid=107527) stat_writer /usr/local/lib/python3.8/dist-packages/dbcounter.py:114}}
Oct 03 08:20:45.096686 dv-neutron-860002-2-hyperv devstack@placement-api.service[107527]: INFO placement.requestlog [req-f5658708-a947-407e-9aa1-f3dd95837aff req-8143b371-bdd5-47fd-ab6f-07f4b5e1d094 service placement] 10.222.0.30 "GET /placement/allocations/3fbda6a8-c2fa-4eb5-b7ed-82ec4616963e" status: 200 len: 258 microversion: 1.28
Oct 03 08:20:45.098083 dv-neutron-860002-2-hyperv devstack@placement-api.service[107527]: [pid: 107527|app: 0|req: 21/39] 10.222.0.30 () {60 vars in 1377 bytes} [Mon Oct 3 08:20:45 2022] GET /placement/allocations/3fbda6a8-c2fa-4eb5-b7ed-82ec4616963e => generated 258 bytes in 48 msecs (HTTP/1.1 200) 8 headers in 296 bytes (1 switches on core 0)
Oct 03 08:20:45.107572 dv-neutron-860002-2-hyperv devstack@placement-api.service[107526]: DEBUG placement.requestlog [req-f5658708-a947-407e-9aa1-f3dd95837aff req-735fd68e-61a4-404f-8591-2a2b550de46a None None] Starting request: 10.222.0.30 "GET /placement/allocations/7bfc5b32-58a3-4b99-bb6a-19955c56fd7d" {{(pid=107526) __call__ /opt/stack/placement/placement/requestlog.py:55}}
Oct 03 08:20:45.148939 dv-neutron-860002-2-hyperv devstack@placement-api.service[107526]: INFO placement.requestlog [req-f5658708-a947-407e-9aa1-f3dd95837aff req-735fd68e-61a4-404f-8591-2a2b550de46a service placement] 10.222.0.30 "GET /placement/allocations/7bfc5b32-58a3-4b99-bb6a-19955c56fd7d" status: 200 len: 258 microversion: 1.28
Oct 03 08:20:45.149469 dv-neutron-860002-2-hyperv devstack@placement-api.service[107526]: [pid: 107526|app: 0|req: 19/40] 10.222.0.30 () {60 vars in 1377 bytes} [Mon Oct 3 08:20:45 2022] GET /placement/allocations/7bfc5b32-58a3-4b99-bb6a-19955c56fd7d => generated 258 bytes in 42 msecs (HTTP/1.1 200) 8 headers in 296 bytes (1 switches on core 0)
Oct 03 08:20:50.605262 dv-neutron-860002-2-hyperv devstack@placement-api.service[107527]: DEBUG placement.requestlog [None req-36459bfe-3e46-45a2-82ca-c5332543ac3a None None] Starting request: 10.222.0.13 "GET /placement/resource_providers/413397d4-bccb-4a5c-a8bc-85d81a462b85/aggregates" {{(pid=107527) __call__ /opt/stack/placement/placement/requestlog.py:55}}
Oct 03 08:20:50.863984 dv-neutron-860002-2-hyperv devstack@placement-api.service[107527]: INFO placement.requestlog [None req-36459bfe-3e46-45a2-82ca-c5332543ac3a service placement] 10.222.0.13 "GET /placement/resource_providers/413397d4-bccb-4a5c-a8bc-85d81a462b85/aggregates" status: 404 len: 235 microversion: 1.1
Oct 03 08:20:50.864585 dv-neutron-860002-2-hyperv devstack@placement-api.service[107527]: [pid: 107527|app: 0|req: 22/41] 10.222.0.13 () {58 vars in 1362 bytes} [Mon Oct 3 08:20:50 2022] GET /placement/resource_providers/413397d4-bccb-4a5c-a8bc-85d81a462b85/aggregates => generated 235 bytes in 260 msecs (HTTP/1.1 404) 5 headers in 202 bytes (1 switches on core 0)
Oct 03 08:20:50.977826 dv-neutron-860002-2-hyperv devstack@placement-api.service[107526]: DEBUG placement.requestlog [None req-b6612c88-6ef7-4429-a19d-dbc419fea075 None None] Starting request: 10.222.0.13 "DELETE /placement/resource_providers/413397d4-bccb-4a5c-a8bc-85d81a462b85" {{(pid=107526) __call__ /opt/stack/placement/placement/requestlog.py:55}}
Oct 03 08:20:50.994923 dv-neutron-860002-2-hyperv devstack@placement-api.service[107526]: DEBUG placement.wsgi_wrapper [None req-b6612c88-6ef7-4429-a19d-dbc419fea075 service placement] Placement API returning an error response: No resource provider with uuid 413397d4-bccb-4a5c-a8bc-85d81a462b85 found for delete {{(pid=107526) call_func /opt/stack/placement/placement/wsgi_wrapper.py:31}}
Oct 03 08:20:50.996067 dv-neutron-860002-2-hyperv devstack@placement-api.service[107526]: INFO placement.requestlog [None req-b6612c88-6ef7-4429-a19d-dbc419fea075 service placement] 10.222.0.13 "DELETE /placement/resource_providers/413397d4-bccb-4a5c-a8bc-85d81a462b85" status: 404 len: 246 microversion: 1.1
Oct 03 08:20:50.996927 dv-neutron-860002-2-hyperv devstack@placement-api.service[107526]: [pid: 107526|app: 0|req: 20/42] 10.222.0.13 () {60 vars in 1351 bytes} [Mon Oct 3 08:20:50 2022] DELETE /placement/resource_providers/413397d4-bccb-4a5c-a8bc-85d81a462b85 => generated 246 bytes in 19 msecs (HTTP/1.1 404) 6 headers in 231 bytes (1 switches on core 0)
Oct 03 08:20:55.606631 dv-neutron-860002-2-hyperv devstack@placement-api.service[107527]: DEBUG placement.requestlog [None req-295c7c62-54f9-4e6a-8799-a079e92b9402 None None] Starting request: 10.222.0.13 "GET /placement/resource_providers/0b51d2e0-30fb-44e7-bc77-36f5ccdf853a/aggregates" {{(pid=107527) __call__ /opt/stack/placement/placement/requestlog.py:55}}
Oct 03 08:20:55.960800 dv-neutron-860002-2-hyperv devstack@placement-api.service[107527]: INFO placement.requestlog [None req-295c7c62-54f9-4e6a-8799-a079e92b9402 service placement] 10.222.0.13 "GET /placement/resource_providers/0b51d2e0-30fb-44e7-bc77-36f5ccdf853a/aggregates" status: 404 len: 235 microversion: 1.1
Oct 03 08:20:55.961292 dv-neutron-860002-2-hyperv devstack@placement-api.service[107527]: [pid: 107527|app: 0|req: 23/43] 10.222.0.13 () {58 vars in 1362 bytes} [Mon Oct 3 08:20:55 2022] GET /placement/resource_providers/0b51d2e0-30fb-44e7-bc77-36f5ccdf853a/aggregates => generated 235 bytes in 355 msecs (HTTP/1.1 404) 5 headers in 202 bytes (1 switches on core 0)
Oct 03 08:20:55.991264 dv-neutron-860002-2-hyperv devstack@placement-api.service[107526]: DEBUG placement.requestlog [None req-3656da30-d7a4-48aa-bde4-d2bd4dfcc891 None None] Starting request: 10.222.0.13 "DELETE /placement/resource_providers/0b51d2e0-30fb-44e7-bc77-36f5ccdf853a" {{(pid=107526) __call__ /opt/stack/placement/placement/requestlog.py:55}}
Oct 03 08:20:56.008826 dv-neutron-860002-2-hyperv devstack@placement-api.service[107526]: DEBUG placement.wsgi_wrapper [None req-3656da30-d7a4-48aa-bde4-d2bd4dfcc891 service placement] Placement API returning an error response: No resource provider with uuid 0b51d2e0-30fb-44e7-bc77-36f5ccdf853a found for delete {{(pid=107526) call_func /opt/stack/placement/placement/wsgi_wrapper.py:31}}
Oct 03 08:20:56.009591 dv-neutron-860002-2-hyperv devstack@placement-api.service[107526]: INFO placement.requestlog [None req-3656da30-d7a4-48aa-bde4-d2bd4dfcc891 service placement] 10.222.0.13 "DELETE /placement/resource_providers/0b51d2e0-30fb-44e7-bc77-36f5ccdf853a" status: 404 len: 246 microversion: 1.1
Oct 03 08:20:56.010419 dv-neutron-860002-2-hyperv devstack@placement-api.service[107526]: [pid: 107526|app: 0|req: 21/44] 10.222.0.13 () {60 vars in 1351 bytes} [Mon Oct 3 08:20:55 2022] DELETE /placement/resource_providers/0b51d2e0-30fb-44e7-bc77-36f5ccdf853a => generated 246 bytes in 19 msecs (HTTP/1.1 404) 6 headers in 231 bytes (1 switches on core 0)
Oct 03 08:21:04.939002 dv-neutron-860002-2-hyperv devstack@placement-api.service[107527]: DEBUG placement.requestlog [None req-ea703812-9a03-4426-bec2-aa98745b1abe None None] Starting request: 10.222.0.13 "GET /placement/resource_providers/ac9cda2f-9b99-4e6c-8c4f-06681d5e844c/aggregates" {{(pid=107527) __call__ /opt/stack/placement/placement/requestlog.py:55}}
Oct 03 08:21:04.956223 dv-neutron-860002-2-hyperv devstack@placement-api.service[107527]: INFO placement.requestlog [None req-ea703812-9a03-4426-bec2-aa98745b1abe service placement] 10.222.0.13 "GET /placement/resource_providers/ac9cda2f-9b99-4e6c-8c4f-06681d5e844c/aggregates" status: 404 len: 235 microversion: 1.1
Oct 03 08:21:04.957053 dv-neutron-860002-2-hyperv devstack@placement-api.service[107527]: [pid: 107527|app: 0|req: 24/45] 10.222.0.13 () {58 vars in 1362 bytes} [Mon Oct 3 08:21:04 2022] GET /placement/resource_providers/ac9cda2f-9b99-4e6c-8c4f-06681d5e844c/aggregates => generated 235 bytes in 19 msecs (HTTP/1.1 404) 5 headers in 202 bytes (1 switches on core 0)
Oct 03 08:21:05.004162 dv-neutron-860002-2-hyperv devstack@placement-api.service[107526]: DEBUG placement.requestlog [None req-0baac63c-5e9b-4f8a-becc-2c81b7652c7b None None] Starting request: 10.222.0.13 "DELETE /placement/resource_providers/ac9cda2f-9b99-4e6c-8c4f-06681d5e844c" {{(pid=107526) __call__ /opt/stack/placement/placement/requestlog.py:55}}
Oct 03 08:21:05.016723 dv-neutron-860002-2-hyperv devstack@placement-api.service[107526]: DEBUG dbcounter [-] [107526] Writing DB stats placement:SELECT=90,placement:INSERT=6,placement:DELETE=2,placement:UPDATE=2 {{(pid=107526) stat_writer /usr/local/lib/python3.8/dist-packages/dbcounter.py:114}}
Oct 03 08:21:05.025685 dv-neutron-860002-2-hyperv devstack@placement-api.service[107526]: DEBUG placement.wsgi_wrapper [None req-0baac63c-5e9b-4f8a-becc-2c81b7652c7b service placement] Placement API returning an error response: No resource provider with uuid ac9cda2f-9b99-4e6c-8c4f-06681d5e844c found for delete {{(pid=107526) call_func /opt/stack/placement/placement/wsgi_wrapper.py:31}}
Oct 03 08:21:05.030438 dv-neutron-860002-2-hyperv devstack@placement-api.service[107526]: INFO placement.requestlog [None req-0baac63c-5e9b-4f8a-becc-2c81b7652c7b service placement] 10.222.0.13 "DELETE /placement/resource_providers/ac9cda2f-9b99-4e6c-8c4f-06681d5e844c" status: 404 len: 246 microversion: 1.1
Oct 03 08:21:05.031349 dv-neutron-860002-2-hyperv devstack@placement-api.service[107526]: [pid: 107526|app: 0|req: 22/46] 10.222.0.13 () {60 vars in 1351 bytes} [Mon Oct 3 08:21:05 2022] DELETE /placement/resource_providers/ac9cda2f-9b99-4e6c-8c4f-06681d5e844c => generated 246 bytes in 28 msecs (HTTP/1.1 404) 6 headers in 231 bytes (1 switches on core 0)
Oct 03 08:21:07.091931 dv-neutron-860002-2-hyperv devstack@placement-api.service[107527]: DEBUG placement.requestlog [None req-ae5ba595-0db1-4a36-9f3c-ffb76226b400 None None] Starting request: 10.222.0.13 "GET /placement/resource_providers/0dd979fb-3c2d-49be-bed6-79edadc8d981/aggregates" {{(pid=107527) __call__ /opt/stack/placement/placement/requestlog.py:55}}
Oct 03 08:21:07.121902 dv-neutron-860002-2-hyperv devstack@placement-api.service[107527]: INFO placement.requestlog [None req-ae5ba595-0db1-4a36-9f3c-ffb76226b400 service placement] 10.222.0.13 "GET /placement/resource_providers/0dd979fb-3c2d-49be-bed6-79edadc8d981/aggregates" status: 404 len: 235 microversion: 1.1
Oct 03 08:21:07.122272 dv-neutron-860002-2-hyperv devstack@placement-api.service[107527]: [pid: 107527|app: 0|req: 25/47] 10.222.0.13 () {58 vars in 1362 bytes} [Mon Oct 3 08:21:07 2022] GET /placement/resource_providers/0dd979fb-3c2d-49be-bed6-79edadc8d981/aggregates => generated 235 bytes in 31 msecs (HTTP/1.1 404) 5 headers in 202 bytes (1 switches on core 0)
Oct 03 08:21:07.166569 dv-neutron-860002-2-hyperv devstack@placement-api.service[107526]: DEBUG placement.requestlog [None req-cc470837-ad3a-417a-85ce-b643b2d3bf80 None None] Starting request: 10.222.0.13 "DELETE /placement/resource_providers/0dd979fb-3c2d-49be-bed6-79edadc8d981" {{(pid=107526) __call__ /opt/stack/placement/placement/requestlog.py:55}}
Oct 03 08:21:07.189210 dv-neutron-860002-2-hyperv devstack@placement-api.service[107526]: DEBUG placement.wsgi_wrapper [None req-cc470837-ad3a-417a-85ce-b643b2d3bf80 service placement] Placement API returning an error response: No resource provider with uuid 0dd979fb-3c2d-49be-bed6-79edadc8d981 found for delete {{(pid=107526) call_func /opt/stack/placement/placement/wsgi_wrapper.py:31}}
Oct 03 08:21:07.190021 dv-neutron-860002-2-hyperv devstack@placement-api.service[107526]: INFO placement.requestlog [None req-cc470837-ad3a-417a-85ce-b643b2d3bf80 service placement] 10.222.0.13 "DELETE /placement/resource_providers/0dd979fb-3c2d-49be-bed6-79edadc8d981" status: 404 len: 246 microversion: 1.1
Oct 03 08:21:07.190679 dv-neutron-860002-2-hyperv devstack@placement-api.service[107526]: [pid: 107526|app: 0|req: 23/48] 10.222.0.13 () {60 vars in 1351 bytes} [Mon Oct 3 08:21:07 2022] DELETE /placement/resource_providers/0dd979fb-3c2d-49be-bed6-79edadc8d981 => generated 246 bytes in 26 msecs (HTTP/1.1 404) 6 headers in 231 bytes (1 switches on core 0)
Oct 03 08:21:17.100725 dv-neutron-860002-2-hyperv devstack@placement-api.service[107527]: DEBUG dbcounter [-] [107527] Writing DB stats placement:SELECT=8 {{(pid=107527) stat_writer /usr/local/lib/python3.8/dist-packages/dbcounter.py:114}}
Oct 03 08:21:17.174849 dv-neutron-860002-2-hyperv devstack@placement-api.service[107526]: DEBUG dbcounter [-] [107526] Writing DB stats placement:SELECT=3 {{(pid=107526) stat_writer /usr/local/lib/python3.8/dist-packages/dbcounter.py:114}}
Oct 03 08:21:17.671418 dv-neutron-860002-2-hyperv devstack@placement-api.service[107527]: DEBUG placement.requestlog [None req-0b0ea67f-c7a6-4e02-b744-697283be2eaf None None] Starting request: 10.222.0.13 "GET /placement/resource_providers/b9d14504-0124-42ce-8d2b-5c9f7244301b/aggregates" {{(pid=107527) __call__ /opt/stack/placement/placement/requestlog.py:55}}
Oct 03 08:21:17.692400 dv-neutron-860002-2-hyperv devstack@placement-api.service[107527]: INFO placement.requestlog [None req-0b0ea67f-c7a6-4e02-b744-697283be2eaf service placement] 10.222.0.13 "GET /placement/resource_providers/b9d14504-0124-42ce-8d2b-5c9f7244301b/aggregates" status: 404 len: 235 microversion: 1.1
Oct 03 08:21:17.693344 dv-neutron-860002-2-hyperv devstack@placement-api.service[107527]: [pid: 107527|app: 0|req: 26/49] 10.222.0.13 () {58 vars in 1362 bytes} [Mon Oct 3 08:21:17 2022] GET /placement/resource_providers/b9d14504-0124-42ce-8d2b-5c9f7244301b/aggregates => generated 235 bytes in 22 msecs (HTTP/1.1 404) 5 headers in 202 bytes (1 switches on core 0)
Oct 03 08:21:17.715436 dv-neutron-860002-2-hyperv devstack@placement-api.service[107526]: DEBUG placement.requestlog [None req-433348e8-66a9-49de-8d38-a5cdcb99abcd None None] Starting request: 10.222.0.13 "DELETE /placement/resource_providers/b9d14504-0124-42ce-8d2b-5c9f7244301b" {{(pid=107526) __call__ /opt/stack/placement/placement/requestlog.py:55}}
Oct 03 08:21:17.740772 dv-neutron-860002-2-hyperv devstack@placement-api.service[107526]: DEBUG placement.wsgi_wrapper [None req-433348e8-66a9-49de-8d38-a5cdcb99abcd service placement] Placement API returning an error response: No resource provider with uuid b9d14504-0124-42ce-8d2b-5c9f7244301b found for delete {{(pid=107526) call_func /opt/stack/placement/placement/wsgi_wrapper.py:31}}
Oct 03 08:21:17.782448 dv-neutron-860002-2-hyperv devstack@placement-api.service[107526]: INFO placement.requestlog [None req-433348e8-66a9-49de-8d38-a5cdcb99abcd service placement] 10.222.0.13 "DELETE /placement/resource_providers/b9d14504-0124-42ce-8d2b-5c9f7244301b" status: 404 len: 246 microversion: 1.1
Oct 03 08:21:17.784553 dv-neutron-860002-2-hyperv devstack@placement-api.service[107526]: [pid: 107526|app: 0|req: 24/50] 10.222.0.13 () {60 vars in 1351 bytes} [Mon Oct 3 08:21:17 2022] DELETE /placement/resource_providers/b9d14504-0124-42ce-8d2b-5c9f7244301b => generated 246 bytes in 69 msecs (HTTP/1.1 404) 6 headers in 231 bytes (1 switches on core 0)
Oct 03 08:21:20.239760 dv-neutron-860002-2-hyperv devstack@placement-api.service[107527]: DEBUG placement.requestlog [None req-4535f579-e301-4be3-be79-d6cbf1a900eb None None] Starting request: 10.222.0.13 "GET /placement/resource_providers/903e35f5-74a3-48dd-8746-b40e4836f6ac/aggregates" {{(pid=107527) __call__ /opt/stack/placement/placement/requestlog.py:55}}
Oct 03 08:21:20.254185 dv-neutron-860002-2-hyperv devstack@placement-api.service[107527]: INFO placement.requestlog [None req-4535f579-e301-4be3-be79-d6cbf1a900eb service placement] 10.222.0.13 "GET /placement/resource_providers/903e35f5-74a3-48dd-8746-b40e4836f6ac/aggregates" status: 404 len: 235 microversion: 1.1
Oct 03 08:21:20.255894 dv-neutron-860002-2-hyperv devstack@placement-api.service[107527]: [pid: 107527|app: 0|req: 27/51] 10.222.0.13 () {58 vars in 1362 bytes} [Mon Oct 3 08:21:20 2022] GET /placement/resource_providers/903e35f5-74a3-48dd-8746-b40e4836f6ac/aggregates => generated 235 bytes in 16 msecs (HTTP/1.1 404) 5 headers in 202 bytes (2 switches on core 0)
Oct 03 08:21:20.273983 dv-neutron-860002-2-hyperv devstack@placement-api.service[107526]: DEBUG placement.requestlog [None req-614e48ad-b387-4d74-b163-197bbaa57974 None None] Starting request: 10.222.0.13 "DELETE /placement/resource_providers/903e35f5-74a3-48dd-8746-b40e4836f6ac" {{(pid=107526) __call__ /opt/stack/placement/placement/requestlog.py:55}}
Oct 03 08:21:20.291964 dv-neutron-860002-2-hyperv devstack@placement-api.service[107526]: DEBUG placement.wsgi_wrapper [None req-614e48ad-b387-4d74-b163-197bbaa57974 service placement] Placement API returning an error response: No resource provider with uuid 903e35f5-74a3-48dd-8746-b40e4836f6ac found for delete {{(pid=107526) call_func /opt/stack/placement/placement/wsgi_wrapper.py:31}}
Oct 03 08:21:20.292868 dv-neutron-860002-2-hyperv devstack@placement-api.service[107526]: INFO placement.requestlog [None req-614e48ad-b387-4d74-b163-197bbaa57974 service placement] 10.222.0.13 "DELETE /placement/resource_providers/903e35f5-74a3-48dd-8746-b40e4836f6ac" status: 404 len: 246 microversion: 1.1
Oct 03 08:21:20.293561 dv-neutron-860002-2-hyperv devstack@placement-api.service[107526]: [pid: 107526|app: 0|req: 25/52] 10.222.0.13 () {60 vars in 1351 bytes} [Mon Oct 3 08:21:20 2022] DELETE /placement/resource_providers/903e35f5-74a3-48dd-8746-b40e4836f6ac => generated 246 bytes in 20 msecs (HTTP/1.1 404) 6 headers in 231 bytes (1 switches on core 0)
Oct 03 08:21:24.240017 dv-neutron-860002-2-hyperv devstack@placement-api.service[107527]: DEBUG placement.requestlog [None req-9c7779aa-2164-4a57-b872-405ef3276bed None None] Starting request: 10.222.0.13 "GET /placement/resource_providers/9dbfef78-446a-4c0e-b960-2fae8d4204fb/aggregates" {{(pid=107527) __call__ /opt/stack/placement/placement/requestlog.py:55}}
Oct 03 08:21:24.254332 dv-neutron-860002-2-hyperv devstack@placement-api.service[107527]: INFO placement.requestlog [None req-9c7779aa-2164-4a57-b872-405ef3276bed service placement] 10.222.0.13 "GET /placement/resource_providers/9dbfef78-446a-4c0e-b960-2fae8d4204fb/aggregates" status: 404 len: 235 microversion: 1.1
Oct 03 08:21:24.255238 dv-neutron-860002-2-hyperv devstack@placement-api.service[107527]: [pid: 107527|app: 0|req: 28/53] 10.222.0.13 () {58 vars in 1362 bytes} [Mon Oct 3 08:21:24 2022] GET /placement/resource_providers/9dbfef78-446a-4c0e-b960-2fae8d4204fb/aggregates => generated 235 bytes in 16 msecs (HTTP/1.1 404) 5 headers in 202 bytes (1 switches on core 0)
Oct 03 08:21:24.274814 dv-neutron-860002-2-hyperv devstack@placement-api.service[107526]: DEBUG placement.requestlog [None req-86d0c668-cfa7-4794-9f59-bdda160fe11e None None] Starting request: 10.222.0.13 "DELETE /placement/resource_providers/9dbfef78-446a-4c0e-b960-2fae8d4204fb" {{(pid=107526) __call__ /opt/stack/placement/placement/requestlog.py:55}}
Oct 03 08:21:24.291704 dv-neutron-860002-2-hyperv devstack@placement-api.service[107526]: DEBUG placement.wsgi_wrapper [None req-86d0c668-cfa7-4794-9f59-bdda160fe11e service placement] Placement API returning an error response: No resource provider with uuid 9dbfef78-446a-4c0e-b960-2fae8d4204fb found for delete {{(pid=107526) call_func /opt/stack/placement/placement/wsgi_wrapper.py:31}}
Oct 03 08:21:24.292840 dv-neutron-860002-2-hyperv devstack@placement-api.service[107526]: INFO placement.requestlog [None req-86d0c668-cfa7-4794-9f59-bdda160fe11e service placement] 10.222.0.13 "DELETE /placement/resource_providers/9dbfef78-446a-4c0e-b960-2fae8d4204fb" status: 404 len: 246 microversion: 1.1
Oct 03 08:21:24.293697 dv-neutron-860002-2-hyperv devstack@placement-api.service[107526]: [pid: 107526|app: 0|req: 26/54] 10.222.0.13 () {60 vars in 1351 bytes} [Mon Oct 3 08:21:24 2022] DELETE /placement/resource_providers/9dbfef78-446a-4c0e-b960-2fae8d4204fb => generated 246 bytes in 20 msecs (HTTP/1.1 404) 6 headers in 231 bytes (1 switches on core 0)
Oct 03 08:21:26.319564 dv-neutron-860002-2-hyperv devstack@placement-api.service[107527]: DEBUG placement.requestlog [None req-4721bd6a-0488-4431-835e-3f6bca381b7e None None] Starting request: 10.222.0.13 "GET /placement/resource_providers/343c5f1e-b974-4273-88da-f88f9b755d4f/aggregates" {{(pid=107527) __call__ /opt/stack/placement/placement/requestlog.py:55}}
Oct 03 08:21:26.331779 dv-neutron-860002-2-hyperv devstack@placement-api.service[107527]: INFO placement.requestlog [None req-4721bd6a-0488-4431-835e-3f6bca381b7e service placement] 10.222.0.13 "GET /placement/resource_providers/343c5f1e-b974-4273-88da-f88f9b755d4f/aggregates" status: 404 len: 235 microversion: 1.1
Oct 03 08:21:26.332725 dv-neutron-860002-2-hyperv devstack@placement-api.service[107527]: [pid: 107527|app: 0|req: 29/55] 10.222.0.13 () {58 vars in 1362 bytes} [Mon Oct 3 08:21:26 2022] GET /placement/resource_providers/343c5f1e-b974-4273-88da-f88f9b755d4f/aggregates => generated 235 bytes in 13 msecs (HTTP/1.1 404) 5 headers in 202 bytes (1 switches on core 0)
Oct 03 08:21:26.340602 dv-neutron-860002-2-hyperv devstack@placement-api.service[107526]: DEBUG placement.requestlog [None req-3992e32d-b0c1-441d-9760-e3616e173276 None None] Starting request: 10.222.0.13 "DELETE /placement/resource_providers/343c5f1e-b974-4273-88da-f88f9b755d4f" {{(pid=107526) __call__ /opt/stack/placement/placement/requestlog.py:55}}
Oct 03 08:21:26.358160 dv-neutron-860002-2-hyperv devstack@placement-api.service[107526]: DEBUG placement.wsgi_wrapper [None req-3992e32d-b0c1-441d-9760-e3616e173276 service placement] Placement API returning an error response: No resource provider with uuid 343c5f1e-b974-4273-88da-f88f9b755d4f found for delete {{(pid=107526) call_func /opt/stack/placement/placement/wsgi_wrapper.py:31}}
Oct 03 08:21:26.359585 dv-neutron-860002-2-hyperv devstack@placement-api.service[107526]: INFO placement.requestlog [None req-3992e32d-b0c1-441d-9760-e3616e173276 service placement] 10.222.0.13 "DELETE /placement/resource_providers/343c5f1e-b974-4273-88da-f88f9b755d4f" status: 404 len: 246 microversion: 1.1
Oct 03 08:21:26.360143 dv-neutron-860002-2-hyperv devstack@placement-api.service[107526]: [pid: 107526|app: 0|req: 27/56] 10.222.0.13 () {60 vars in 1351 bytes} [Mon Oct 3 08:21:26 2022] DELETE /placement/resource_providers/343c5f1e-b974-4273-88da-f88f9b755d4f => generated 246 bytes in 20 msecs (HTTP/1.1 404) 6 headers in 231 bytes (1 switches on core 0)
Oct 03 08:21:26.386182 dv-neutron-860002-2-hyperv devstack@placement-api.service[107527]: DEBUG placement.requestlog [None req-6b8a5a1a-0735-44bf-9b77-90c483ac7de1 None None] Starting request: 10.222.0.13 "GET /placement/resource_providers/1b932d81-7fa3-4a50-a5fc-ffb513174473/aggregates" {{(pid=107527) __call__ /opt/stack/placement/placement/requestlog.py:55}}
Oct 03 08:21:26.396933 dv-neutron-860002-2-hyperv devstack@placement-api.service[107527]: INFO placement.requestlog [None req-6b8a5a1a-0735-44bf-9b77-90c483ac7de1 service placement] 10.222.0.13 "GET /placement/resource_providers/1b932d81-7fa3-4a50-a5fc-ffb513174473/aggregates" status: 404 len: 235 microversion: 1.1
