Oct 03 09:59:58.919169 dv-neutron-859996-1-hyperv neutron-server[104436]: ERROR neutron.plugins.ml2.managers [None req-d103174d-ded1-457f-8dc8-38d0e4d19641 tempest-PortsAdminExtendedAttrsTestJSON-1620013784 tempest-PortsAdminExtendedAttrsTestJSON-1620013784-project-admin] Failed to bind port ecbac9af-ace0-4a98-a61f-2274221e26e7 on host hv-neutron-8599 for vnic_type normal using segments [{'id': '21f761cb-a2a0-47d7-9e05-4c12bd08ddb4', 'network_type': 'vlan', 'physical_network': 'physnet1', 'segmentation_id': 215, 'network_id': 'ec528e86-971e-4398-965f-ad0ac3b00fdc'}]
Oct 03 09:59:58.931442 dv-neutron-859996-1-hyperv neutron-server[104436]: INFO neutron.plugins.ml2.plugin [None req-d103174d-ded1-457f-8dc8-38d0e4d19641 tempest-PortsAdminExtendedAttrsTestJSON-1620013784 tempest-PortsAdminExtendedAttrsTestJSON-1620013784-project-admin] Attempt 6 to bind port ecbac9af-ace0-4a98-a61f-2274221e26e7
Oct 03 09:59:58.947488 dv-neutron-859996-1-hyperv neutron-server[104437]: DEBUG neutron_lib.callbacks.manager [None req-9a315282-961a-4c6a-bcdf-faf246265439 admin admin] Publish callbacks [] for security_group (38948843-a096-4d84-b348-96c39ef7bf24), precommit_delete {{(pid=104437) _notify_loop /usr/local/lib/python3.8/dist-packages/neutron_lib/callbacks/manager.py:176}}
Oct 03 09:59:58.953563 dv-neutron-859996-1-hyperv neutron-server[104436]: DEBUG neutron_lib.callbacks.manager [None req-b61c2ec8-0619-41f6-bfdf-57fde0f67e62 tempest-AllowedAddressPairTestJSON-1474473627 tempest-AllowedAddressPairTestJSON-1474473627-project] Publish callbacks [] for network (None), before_response {{(pid=104436) _notify_loop /usr/local/lib/python3.8/dist-packages/neutron_lib/callbacks/manager.py:176}}
Oct 03 09:59:58.959268 dv-neutron-859996-1-hyperv neutron-server[104436]: INFO neutron.wsgi [None req-b61c2ec8-0619-41f6-bfdf-57fde0f67e62 tempest-AllowedAddressPairTestJSON-1474473627 tempest-AllowedAddressPairTestJSON-1474473627-project] 10.222.0.39 "DELETE /v2.0/networks/2dbe6751-317a-4a48-a60f-64408a9829dd HTTP/1.1" status: 204 len: 168 time: 3.1334007
Oct 03 09:59:58.964345 dv-neutron-859996-1-hyperv neutron-server[104436]: DEBUG neutron.db.db_base_plugin_common [None req-cc74b80b-ee88-418e-815e-59465e2fdf18 tempest-FloatingIPAdminTestJSON-1346611459 tempest-FloatingIPAdminTestJSON-1346611459-project-admin] Allocated IP 172.26.7.16 (68e6b7bd-a5ea-42c5-9448-be3ea530f281/1d031270-b17b-4fe1-ab40-9f02743a693b/8ddcfa1a-ed40-4a16-a81a-db571158fd40) {{(pid=104436) _store_ip_allocation /opt/stack/neutron/neutron/db/db_base_plugin_common.py:131}}
Oct 03 09:59:59.001765 dv-neutron-859996-1-hyperv neutron-server[104437]: DEBUG neutron_lib.callbacks.manager [None req-9a315282-961a-4c6a-bcdf-faf246265439 admin admin] Publish callbacks ['neutron.plugins.ml2.ovo_rpc._ObjectChangeHandler.handle_event-755138'] for security_group (38948843-a096-4d84-b348-96c39ef7bf24), after_delete {{(pid=104437) _notify_loop /usr/local/lib/python3.8/dist-packages/neutron_lib/callbacks/manager.py:176}}
Oct 03 09:59:59.003944 dv-neutron-859996-1-hyperv neutron-server[104436]: DEBUG neutron_lib.callbacks.manager [None req-9ae37ead-5559-4923-8e78-d66671cd8eba tempest-PortsAdminExtendedAttrsIpV6TestJSON-1638769154 tempest-PortsAdminExtendedAttrsIpV6TestJSON-1638769154-project-admin] Publish callbacks ['neutron.plugins.ml2.plugin.SecurityGroupServerNotifierRpcMixin._notify_sg_on_port_change-33205572', 'neutron.plugins.ml2.ovo_rpc._ObjectChangeHandler.handle_event-928873', 'neutron.api.rpc.agentnotifiers.dhcp_rpc_agent_api.DhcpAgentNotifyAPI._native_event_send_dhcp_notification-622430', 'neutron.db.l3_dvrscheduler_db._notify_l3_agent_new_port-8782519333066', 'neutron.services.segments.plugin.NovaSegmentNotifier._notify_port_created_or_deleted-4180953'] for port (e5a22aff-4288-4916-8a48-7c8df6fa7d2b), after_create {{(pid=104436) _notify_loop /usr/local/lib/python3.8/dist-packages/neutron_lib/callbacks/manager.py:176}}
Oct 03 09:59:59.004757 dv-neutron-859996-1-hyperv neutron-server[104437]: DEBUG neutron_lib.callbacks.manager [None req-9a315282-961a-4c6a-bcdf-faf246265439 admin admin] Publish callbacks [] for security_group (None), before_response {{(pid=104437) _notify_loop /usr/local/lib/python3.8/dist-packages/neutron_lib/callbacks/manager.py:176}}
Oct 03 09:59:59.009029 dv-neutron-859996-1-hyperv neutron-server[104436]: INFO neutron.wsgi [req-0353bad6-8e32-4629-ad7f-60cc9d6abddc req-ebd66c8e-6a6c-4140-89b6-eaec7512ace9 tempest-ServersTestJSON-650246444 tempest-ServersTestJSON-650246444-project] 10.222.0.39 "GET /v2.0/ports?device_id=fb75d16b-f025-4e8e-8f38-3e797c622d9b HTTP/1.1" status: 200 len: 210 time: 0.0802734
Oct 03 09:59:59.014727 dv-neutron-859996-1-hyperv neutron-server[104437]: INFO neutron.wsgi [None req-9a315282-961a-4c6a-bcdf-faf246265439 admin admin] 10.222.0.39 "DELETE /v2.0/security-groups/38948843-a096-4d84-b348-96c39ef7bf24 HTTP/1.1" status: 204 len: 168 time: 0.1496534
Oct 03 09:59:59.021471 dv-neutron-859996-1-hyperv neutron-server[104436]: DEBUG neutron_lib.callbacks.manager [req-60391ecf-e1f0-47f1-a958-f470956f6d02 req-b8985e5c-9f95-4758-bffe-c8a1556a3107 tempest-ServersTestJSON-650246444 tempest-ServersTestJSON-650246444-project] Publish callbacks [] for port (d62b9407-3c2d-493a-b454-d86054c2bf55), precommit_create {{(pid=104436) _notify_loop /usr/local/lib/python3.8/dist-packages/neutron_lib/callbacks/manager.py:176}}
Oct 03 09:59:59.033211 dv-neutron-859996-1-hyperv neutron-server[104437]: DEBUG neutron.api.rpc.handlers.resources_rpc [None req-9a315282-961a-4c6a-bcdf-faf246265439 admin admin] Pushing event deleted for resources: {'SecurityGroup': ['ID=38948843-a096-4d84-b348-96c39ef7bf24,revision_number=None']} {{(pid=104437) push /opt/stack/neutron/neutron/api/rpc/handlers/resources_rpc.py:237}}
Oct 03 09:59:59.035732 dv-neutron-859996-1-hyperv neutron-server[104436]: DEBUG neutron.api.rpc.handlers.resources_rpc [None req-b61c2ec8-0619-41f6-bfdf-57fde0f67e62 tempest-AllowedAddressPairTestJSON-1474473627 tempest-AllowedAddressPairTestJSON-1474473627-project] Pushing event deleted for resources: {'Network': ['ID=2dbe6751-317a-4a48-a60f-64408a9829dd,revision_number=None']} {{(pid=104436) push /opt/stack/neutron/neutron/api/rpc/handlers/resources_rpc.py:237}}
Oct 03 09:59:59.069646 dv-neutron-859996-1-hyperv neutron-server[104436]: DEBUG neutron.plugins.ml2.managers [None req-d103174d-ded1-457f-8dc8-38d0e4d19641 tempest-PortsAdminExtendedAttrsTestJSON-1620013784 tempest-PortsAdminExtendedAttrsTestJSON-1620013784-project-admin] Attempting to bind port ecbac9af-ace0-4a98-a61f-2274221e26e7 on host hv-neutron-8599 for vnic_type normal with profile {{(pid=104436) bind_port /opt/stack/neutron/neutron/plugins/ml2/managers.py:811}}
Oct 03 09:59:59.069992 dv-neutron-859996-1-hyperv neutron-server[104436]: DEBUG neutron.plugins.ml2.managers [None req-d103174d-ded1-457f-8dc8-38d0e4d19641 tempest-PortsAdminExtendedAttrsTestJSON-1620013784 tempest-PortsAdminExtendedAttrsTestJSON-1620013784-project-admin] Attempting to bind port ecbac9af-ace0-4a98-a61f-2274221e26e7 by drivers openvswitch,hyperv on host hv-neutron-8599 at level 0 using segments [{'id': '21f761cb-a2a0-47d7-9e05-4c12bd08ddb4', 'network_type': 'vlan', 'physical_network': 'physnet1', 'segmentation_id': 215, 'network_id': 'ec528e86-971e-4398-965f-ad0ac3b00fdc'}] {{(pid=104436) _bind_port_level /opt/stack/neutron/neutron/plugins/ml2/managers.py:836}}
Oct 03 09:59:59.070308 dv-neutron-859996-1-hyperv neutron-server[104436]: DEBUG neutron.plugins.ml2.drivers.mech_agent [None req-d103174d-ded1-457f-8dc8-38d0e4d19641 tempest-PortsAdminExtendedAttrsTestJSON-1620013784 tempest-PortsAdminExtendedAttrsTestJSON-1620013784-project-admin] Attempting to bind port ecbac9af-ace0-4a98-a61f-2274221e26e7 on network ec528e86-971e-4398-965f-ad0ac3b00fdc {{(pid=104436) bind_port /opt/stack/neutron/neutron/plugins/ml2/drivers/mech_agent.py:91}}
Oct 03 09:59:59.108713 dv-neutron-859996-1-hyperv neutron-server[104436]: DEBUG neutron.scheduler.dhcp_agent_scheduler [None req-9ae37ead-5559-4923-8e78-d66671cd8eba tempest-PortsAdminExtendedAttrsIpV6TestJSON-1638769154 tempest-PortsAdminExtendedAttrsIpV6TestJSON-1638769154-project-admin] Network ca21ad9b-564e-4177-9c9e-5863e8f6b85a is already hosted by enough agents. {{(pid=104436) _get_dhcp_agents_hosting_network /opt/stack/neutron/neutron/scheduler/dhcp_agent_scheduler.py:275}}
Oct 03 09:59:59.124492 dv-neutron-859996-1-hyperv neutron-server[104436]: DEBUG neutron.plugins.ml2.drivers.mech_agent [None req-d103174d-ded1-457f-8dc8-38d0e4d19641 tempest-PortsAdminExtendedAttrsTestJSON-1620013784 tempest-PortsAdminExtendedAttrsTestJSON-1620013784-project-admin] Port ecbac9af-ace0-4a98-a61f-2274221e26e7 on network ec528e86-971e-4398-965f-ad0ac3b00fdc not bound, no agent of type Open vSwitch agent registered on host hv-neutron-8599 {{(pid=104436) bind_port /opt/stack/neutron/neutron/plugins/ml2/drivers/mech_agent.py:103}}
Oct 03 09:59:59.124804 dv-neutron-859996-1-hyperv neutron-server[104436]: ERROR neutron.plugins.ml2.managers [None req-d103174d-ded1-457f-8dc8-38d0e4d19641 tempest-PortsAdminExtendedAttrsTestJSON-1620013784 tempest-PortsAdminExtendedAttrsTestJSON-1620013784-project-admin] Failed to bind port ecbac9af-ace0-4a98-a61f-2274221e26e7 on host hv-neutron-8599 for vnic_type normal using segments [{'id': '21f761cb-a2a0-47d7-9e05-4c12bd08ddb4', 'network_type': 'vlan', 'physical_network': 'physnet1', 'segmentation_id': 215, 'network_id': 'ec528e86-971e-4398-965f-ad0ac3b00fdc'}]
Oct 03 09:59:59.153507 dv-neutron-859996-1-hyperv neutron-server[104436]: INFO neutron.plugins.ml2.plugin [None req-d103174d-ded1-457f-8dc8-38d0e4d19641 tempest-PortsAdminExtendedAttrsTestJSON-1620013784 tempest-PortsAdminExtendedAttrsTestJSON-1620013784-project-admin] Attempt 7 to bind port ecbac9af-ace0-4a98-a61f-2274221e26e7
Oct 03 09:59:59.164840 dv-neutron-859996-1-hyperv neutron-server[104436]: DEBUG neutron.scheduler.base_scheduler [None req-9ae37ead-5559-4923-8e78-d66671cd8eba tempest-PortsAdminExtendedAttrsIpV6TestJSON-1638769154 tempest-PortsAdminExtendedAttrsIpV6TestJSON-1638769154-project-admin] Resources bound (agent type, host, resource id): {{(pid=104436) schedule /opt/stack/neutron/neutron/scheduler/base_scheduler.py:57}}
Oct 03 09:59:59.183382 dv-neutron-859996-1-hyperv neutron-server[104436]: INFO neutron.wsgi [req-d879d1ad-46da-4711-bb3e-ba227c121979 req-4ac4edaf-9600-498b-9fae-a548b064780a service neutron] 10.222.0.39 "GET /v2.0/networks/9751c4dd-9702-4810-a1ef-1e0f62e04e57?fields=segments HTTP/1.1" status: 200 len: 212 time: 0.5437827
Oct 03 09:59:59.192629 dv-neutron-859996-1-hyperv neutron-server[104436]: DEBUG neutron.db.l3_dvrscheduler_db [None req-9ae37ead-5559-4923-8e78-d66671cd8eba tempest-PortsAdminExtendedAttrsIpV6TestJSON-1638769154 tempest-PortsAdminExtendedAttrsIpV6TestJSON-1638769154-project-admin] Received port after_create {{(pid=104436) _notify_l3_agent_new_port /opt/stack/neutron/neutron/db/l3_dvrscheduler_db.py:532}}
Oct 03 09:59:59.193765 dv-neutron-859996-1-hyperv neutron-server[104436]: DEBUG neutron.pecan_wsgi.hooks.policy_enforcement [None req-9ae37ead-5559-4923-8e78-d66671cd8eba tempest-PortsAdminExtendedAttrsIpV6TestJSON-1638769154 tempest-PortsAdminExtendedAttrsIpV6TestJSON-1638769154-project-admin] Attributes excluded by policy engine: ['standard_attr_id', 'network'] {{(pid=104436) _exclude_attributes_by_policy /opt/stack/neutron/neutron/pecan_wsgi/hooks/policy_enforcement.py:259}}
Oct 03 09:59:59.194315 dv-neutron-859996-1-hyperv neutron-server[104436]: DEBUG neutron_lib.callbacks.manager [None req-9ae37ead-5559-4923-8e78-d66671cd8eba tempest-PortsAdminExtendedAttrsIpV6TestJSON-1638769154 tempest-PortsAdminExtendedAttrsIpV6TestJSON-1638769154-project-admin] Publish callbacks ['neutron.notifiers.nova.Notifier._send_nova_notification-837244'] for port (None), before_response {{(pid=104436) _notify_loop /usr/local/lib/python3.8/dist-packages/neutron_lib/callbacks/manager.py:176}}
Oct 03 09:59:59.205183 dv-neutron-859996-1-hyperv neutron-server[104436]: DEBUG neutron.api.rpc.handlers.resources_rpc [None req-9ae37ead-5559-4923-8e78-d66671cd8eba tempest-PortsAdminExtendedAttrsIpV6TestJSON-1638769154 tempest-PortsAdminExtendedAttrsIpV6TestJSON-1638769154-project-admin] Pushing event updated for resources: {'Port': ['ID=e5a22aff-4288-4916-8a48-7c8df6fa7d2b,revision_number=1']} {{(pid=104436) push /opt/stack/neutron/neutron/api/rpc/handlers/resources_rpc.py:237}}
Oct 03 09:59:59.208544 dv-neutron-859996-1-hyperv neutron-server[104438]: INFO neutron.plugins.ml2.plugin [None req-4cb54063-eee2-4869-a4f1-fec692e8d4f7 None None] Attempt 5 to provision port e7ad29c1-db43-4dc6-a086-b265a8e9c6c7
Oct 03 09:59:59.237465 dv-neutron-859996-1-hyperv neutron-server[104436]: DEBUG neutron.plugins.ml2.managers [None req-d103174d-ded1-457f-8dc8-38d0e4d19641 tempest-PortsAdminExtendedAttrsTestJSON-1620013784 tempest-PortsAdminExtendedAttrsTestJSON-1620013784-project-admin] Attempting to bind port ecbac9af-ace0-4a98-a61f-2274221e26e7 on host hv-neutron-8599 for vnic_type normal with profile {{(pid=104436) bind_port /opt/stack/neutron/neutron/plugins/ml2/managers.py:811}}
Oct 03 09:59:59.237465 dv-neutron-859996-1-hyperv neutron-server[104436]: DEBUG neutron.plugins.ml2.managers [None req-d103174d-ded1-457f-8dc8-38d0e4d19641 tempest-PortsAdminExtendedAttrsTestJSON-1620013784 tempest-PortsAdminExtendedAttrsTestJSON-1620013784-project-admin] Attempting to bind port ecbac9af-ace0-4a98-a61f-2274221e26e7 by drivers openvswitch,hyperv on host hv-neutron-8599 at level 0 using segments [{'id': '21f761cb-a2a0-47d7-9e05-4c12bd08ddb4', 'network_type': 'vlan', 'physical_network': 'physnet1', 'segmentation_id': 215, 'network_id': 'ec528e86-971e-4398-965f-ad0ac3b00fdc'}] {{(pid=104436) _bind_port_level /opt/stack/neutron/neutron/plugins/ml2/managers.py:836}}
Oct 03 09:59:59.237737 dv-neutron-859996-1-hyperv neutron-server[104436]: DEBUG neutron.plugins.ml2.drivers.mech_agent [None req-d103174d-ded1-457f-8dc8-38d0e4d19641 tempest-PortsAdminExtendedAttrsTestJSON-1620013784 tempest-PortsAdminExtendedAttrsTestJSON-1620013784-project-admin] Attempting to bind port ecbac9af-ace0-4a98-a61f-2274221e26e7 on network ec528e86-971e-4398-965f-ad0ac3b00fdc {{(pid=104436) bind_port /opt/stack/neutron/neutron/plugins/ml2/drivers/mech_agent.py:91}}
Oct 03 09:59:59.250983 dv-neutron-859996-1-hyperv neutron-server[104438]: DEBUG neutron.plugins.ml2.plugin [None req-4cb54063-eee2-4869-a4f1-fec692e8d4f7 None None] Port e7ad29c1-db43-4dc6-a086-b265a8e9c6c7 cannot update to ACTIVE because it is not bound. {{(pid=104438) _port_provisioned /opt/stack/neutron/neutron/plugins/ml2/plugin.py:356}} O