Sep 28 16:46:42.300774 dv-neutron-859645-1-hyperv neutron-server[113585]: DEBUG neutron.pecan_wsgi.hooks.policy_enforcement [None req-811af009-acf9-4f10-99a9-8cf19721f897 tempest-ExternalNetworksTestJSON-1314462265 tempest-ExternalNetworksTestJSON-1314462265-project-admin] Attributes excluded by policy engine: ['standard_attr_id', 'vlan_transparent'] {{(pid=113585) _exclude_attributes_by_policy /opt/stack/neutron/neutron/pecan_wsgi/hooks/policy_enforcement.py:259}}
Sep 28 16:46:42.300956 dv-neutron-859645-1-hyperv neutron-server[113585]: DEBUG neutron_lib.callbacks.manager [None req-811af009-acf9-4f10-99a9-8cf19721f897 tempest-ExternalNetworksTestJSON-1314462265 tempest-ExternalNetworksTestJSON-1314462265-project-admin] Publish callbacks ['neutron.api.rpc.agentnotifiers.dhcp_rpc_agent_api.DhcpAgentNotifyAPI._send_dhcp_notification-3682932'] for network (None), before_response {{(pid=113585) _notify_loop /usr/local/lib/python3.8/dist-packages/neutron_lib/callbacks/manager.py:176}}
Sep 28 16:46:42.308343 dv-neutron-859645-1-hyperv neutron-server[113584]: DEBUG dbcounter [-] [113584] Writing DB stats neutron:SELECT=96,neutron:INSERT=2,neutron:UPDATE=2 {{(pid=113584) stat_writer /usr/local/lib/python3.8/dist-packages/dbcounter.py:114}}
Sep 28 16:46:42.308656 dv-neutron-859645-1-hyperv neutron-server[113585]: DEBUG neutron_lib.callbacks.manager [None req-fad5bce5-0f2c-42c9-9452-7e867cfa1fbd tempest-FloatingIPTestJSON-1032175648 tempest-FloatingIPTestJSON-1032175648-project] Publish callbacks [] for router_gateway (e8d0f6ca-c796-4823-a4df-891f551aa7c9), precommit_update {{(pid=113585) _notify_loop /usr/local/lib/python3.8/dist-packages/neutron_lib/callbacks/manager.py:176}}
Sep 28 16:46:42.320563 dv-neutron-859645-1-hyperv neutron-server[113585]: DEBUG neutron.api.rpc.handlers.resources_rpc [None req-ac6a4ec9-4f6d-4136-bbe6-caf62cb2edb1 tempest-ServersTestJSON-405317367 tempest-ServersTestJSON-405317367-project] Pushing event updated for resources: {'Port': ['ID=1562554f-61d7-4c0c-b5ed-33a6f39e07fa,revision_number=1']} {{(pid=113585) push /opt/stack/neutron/neutron/api/rpc/handlers/resources_rpc.py:237}}
Sep 28 16:46:42.329726 dv-neutron-859645-1-hyperv neutron-server[113584]: DEBUG neutron_lib.callbacks.manager [None req-b31843c7-c076-4499-9aae-ae6d3c6a34d4 tempest-ServersTestManualDisk-6511696 tempest-ServersTestManualDisk-6511696-project] Publish callbacks [] for port (3907c7ff-6a0e-406d-beb7-ca52bd3ac2b8), precommit_create {{(pid=113584) _notify_loop /usr/local/lib/python3.8/dist-packages/neutron_lib/callbacks/manager.py:176}}
Sep 28 16:46:42.342213 dv-neutron-859645-1-hyperv neutron-server[113585]: DEBUG dbcounter [-] [113585] Writing DB stats neutron:SELECT=88,neutron:INSERT=8,neutron:UPDATE=3,neutron:DELETE=1 {{(pid=113585) stat_writer /usr/local/lib/python3.8/dist-packages/dbcounter.py:114}}
Sep 28 16:46:42.366493 dv-neutron-859645-1-hyperv neutron-server[113584]: DEBUG neutron.plugins.ml2.managers [None req-b9ad8757-0b85-4c42-a8d0-2bc6456def75 tempest-PortsAdminExtendedAttrsIpV6TestJSON-1898960421 tempest-PortsAdminExtendedAttrsIpV6TestJSON-1898960421-project-admin] Attempting to bind port 8d55a7e9-c9cb-4704-a8a1-5d1052d380ac on host hv-neutron-8596 for vnic_type normal with profile {{(pid=113584) bind_port /opt/stack/neutron/neutron/plugins/ml2/managers.py:810}}
Sep 28 16:46:42.366931 dv-neutron-859645-1-hyperv neutron-server[113584]: DEBUG neutron.plugins.ml2.managers [None req-b9ad8757-0b85-4c42-a8d0-2bc6456def75 tempest-PortsAdminExtendedAttrsIpV6TestJSON-1898960421 tempest-PortsAdminExtendedAttrsIpV6TestJSON-1898960421-project-admin] Attempting to bind port 8d55a7e9-c9cb-4704-a8a1-5d1052d380ac by drivers openvswitch,hyperv on host hv-neutron-8596 at level 0 using segments [{'id': 'f30264eb-0074-432c-be31-301956800fe2', 'network_type': 'vlan', 'physical_network': 'physnet1', 'segmentation_id': 70, 'network_id': '1bef2c5e-8f22-4ce5-85f6-d36ebb912260'}] {{(pid=113584) _bind_port_level /opt/stack/neutron/neutron/plugins/ml2/managers.py:835}}
Sep 28 16:46:42.367357 dv-neutron-859645-1-hyperv neutron-server[113584]: DEBUG neutron.plugins.ml2.drivers.mech_agent [None req-b9ad8757-0b85-4c42-a8d0-2bc6456def75 tempest-PortsAdminExtendedAttrsIpV6TestJSON-1898960421 tempest-PortsAdminExtendedAttrsIpV6TestJSON-1898960421-project-admin] Attempting to bind port 8d55a7e9-c9cb-4704-a8a1-5d1052d380ac on network 1bef2c5e-8f22-4ce5-85f6-d36ebb912260 {{(pid=113584) bind_port /opt/stack/neutron/neutron/plugins/ml2/drivers/mech_agent.py:91}}
Sep 28 16:46:42.398412 dv-neutron-859645-1-hyperv neutron-server[113585]: INFO neutron.wsgi [None req-811af009-acf9-4f10-99a9-8cf19721f897 tempest-ExternalNetworksTestJSON-1314462265 tempest-ExternalNetworksTestJSON-1314462265-project-admin] 10.222.0.26 "POST /networking/v2.0/networks HTTP/1.1" status: 201 len: 861 time: 1.0059700
Sep 28 16:46:42.405463 dv-neutron-859645-1-hyperv neutron-server[113584]: DEBUG neutron.wsgi [-] (113584) accepted ('10.222.0.26', 40372) {{(pid=113584) server /usr/local/lib/python3.8/dist-packages/eventlet/wsgi.py:1004}}
Sep 28 16:46:42.495975 dv-neutron-859645-1-hyperv neutron-server[113585]: DEBUG neutron.api.rpc.handlers.resources_rpc [None req-811af009-acf9-4f10-99a9-8cf19721f897 tempest-ExternalNetworksTestJSON-1314462265 tempest-ExternalNetworksTestJSON-1314462265-project-admin] Pushing event updated for resources: {'Network': ['ID=bd4fd8ae-ac58-4460-bc5a-d132a9c93701,revision_number=1']} {{(pid=113585) push /opt/stack/neutron/neutron/api/rpc/handlers/resources_rpc.py:237}}
Sep 28 16:46:42.508313 dv-neutron-859645-1-hyperv neutron-server[113586]: DEBUG neutron.plugins.ml2.rpc [None req-acd0b3b7-a3af-4155-a39f-3b83f031047a None None] Network bd4fd8ae-ac58-4460-bc5a-d132a9c93701 details requested by agent ovs-agent-dv-neutron-859645-1-hyperv with host dv-neutron-859645-1-hyperv {{(pid=113586) get_network_details /opt/stack/neutron/neutron/plugins/ml2/rpc.py:248}}
Sep 28 16:46:42.534490 dv-neutron-859645-1-hyperv neutron-server[113584]: DEBUG neutron_lib.callbacks.manager [None req-53458f0e-69e4-48ec-9a27-9e62cc08cbc2 tempest-DHCPAgentSchedulersTestJSON-1806895074 tempest-DHCPAgentSchedulersTestJSON-1806895074-project] Publish callbacks ['neutron.plugins.ml2.plugin.SecurityGroupServerNotifierRpcMixin._notify_sg_on_port_change-953702', 'neutron.plugins.ml2.ovo_rpc._ObjectChangeHandler.handle_event-4120261', 'neutron.api.rpc.agentnotifiers.dhcp_rpc_agent_api.DhcpAgentNotifyAPI._native_event_send_dhcp_notification-3682822', 'neutron.db.l3_db.L3RpcNotifierMixin._notify_routers_callback-8728231351188', 'neutron.db.l3_dvrscheduler_db._notify_port_delete-8728230910949', 'neutron.services.segments.plugin.NovaSegmentNotifier._notify_port_created_or_deleted-26535188'] for port (09021e6a-ba5d-427b-a6c0-a26a351a7522), after_delete {{(pid=113584) _notify_loop /usr/local/lib/python3.8/dist-packages/neutron_lib/callbacks/manager.py:176}}
Sep 28 16:46:42.536345 dv-neutron-859645-1-hyperv neutron-server[113584]: DEBUG neutron.plugins.ml2.drivers.mech_agent [None req-b9ad8757-0b85-4c42-a8d0-2bc6456def75 tempest-PortsAdminExtendedAttrsIpV6TestJSON-1898960421 tempest-PortsAdminExtendedAttrsIpV6TestJSON-1898960421-project-admin] Port 8d55a7e9-c9cb-4704-a8a1-5d1052d380ac on network 1bef2c5e-8f22-4ce5-85f6-d36ebb912260 not bound, no agent of type Open vSwitch agent registered on host hv-neutron-8596 {{(pid=113584) bind_port /opt/stack/neutron/neutron/plugins/ml2/drivers/mech_agent.py:120}}
Sep 28 16:46:42.536674 dv-neutron-859645-1-hyperv neutron-server[113584]: ERROR neutron.plugins.ml2.managers [None req-b9ad8757-0b85-4c42-a8d0-2bc6456def75 tempest-PortsAdminExtendedAttrsIpV6TestJSON-1898960421 tempest-PortsAdminExtendedAttrsIpV6TestJSON-1898960421-project-admin] Failed to bind port 8d55a7e9-c9cb-4704-a8a1-5d1052d380ac on host hv-neutron-8596 for vnic_type normal using segments [{'id': 'f30264eb-0074-432c-be31-301956800fe2', 'network_type': 'vlan', 'physical_network': 'physnet1', 'segmentation_id': 70, 'network_id': '1bef2c5e-8f22-4ce5-85f6-d36ebb912260'}]
Sep 28 16:46:42.554336 dv-neutron-859645-1-hyperv neutron-server[113584]: INFO neutron.plugins.ml2.plugin [None req-b9ad8757-0b85-4c42-a8d0-2bc6456def75 tempest-PortsAdminExtendedAttrsIpV6TestJSON-1898960421 tempest-PortsAdminExtendedAttrsIpV6TestJSON-1898960421-project-admin] Attempt 5 to bind port 8d55a7e9-c9cb-4704-a8a1-5d1052d380ac
Sep 28 16:46:42.554948 dv-neutron-859645-1-hyperv neutron-server[113585]: DEBUG neutron_lib.callbacks.manager [None req-ac6a4ec9-4f6d-4136-bbe6-caf62cb2edb1 tempest-ServersTestJSON-405317367 tempest-ServersTestJSON-405317367-project] Publish callbacks [] for floatingip (1f037880-6501-4d22-a14a-055f44b5ac5e), precommit_create {{(pid=113585) _notify_loop /usr/local/lib/python3.8/dist-packages/neutron_lib/callbacks/manager.py:176}}
Sep 28 16:46:42.628035 dv-neutron-859645-1-hyperv neutron-server[113584]: DEBUG neutron.api.rpc.handlers.resources_rpc [None req-53458f0e-69e4-48ec-9a27-9e62cc08cbc2 tempest-DHCPAgentSchedulersTestJSON-1806895074 tempest-DHCPAgentSchedulersTestJSON-1806895074-project] Pushing event deleted for resources: {'Port': ['ID=09021e6a-ba5d-427b-a6c0-a26a351a7522,revision_number=None']} {{(pid=113584) push /opt/stack/neutron/neutron/api/rpc/handlers/resources_rpc.py:237}}
Sep 28 16:46:42.653435 dv-neutron-859645-1-hyperv neutron-server[113584]: DEBUG neutron.db.l3_dvrscheduler_db [None req-53458f0e-69e4-48ec-9a27-9e62cc08cbc2 tempest-DHCPAgentSchedulersTestJSON-1806895074 tempest-DHCPAgentSchedulersTestJSON-1806895074-project] No DVR routers for this DVR port 09021e6a-ba5d-427b-a6c0-a26a351a7522 on host dv-neutron-859645-1-hyperv {{(pid=113584) get_dvr_routers_to_remove /opt/stack/neutron/neutron/db/l3_dvrscheduler_db.py:215}}
Sep 28 16:46:42.658392 dv-neutron-859645-1-hyperv neutron-server[113584]: DEBUG neutron.plugins.ml2.managers [None req-b9ad8757-0b85-4c42-a8d0-2bc6456def75 tempest-PortsAdminExtendedAttrsIpV6TestJSON-1898960421 tempest-PortsAdminExtendedAttrsIpV6TestJSON-1898960421-project-admin] Attempting to bind port 8d55a7e9-c9cb-4704-a8a1-5d1052d380ac on host hv-neutron-8596 for vnic_type normal with profile {{(pid=113584) bind_port /opt/stack/neutron/neutron/plugins/ml2/managers.py:810}}
Sep 28 16:46:42.658729 dv-neutron-859645-1-hyperv neutron-server[113584]: DEBUG neutron.plugins.ml2.managers [None req-b9ad8757-0b85-4c42-a8d0-2bc6456def75 tempest-PortsAdminExtendedAttrsIpV6TestJSON-1898960421 tempest-PortsAdminExtendedAttrsIpV6TestJSON-1898960421-project-admin] Attempting to bind port 8d55a7e9-c9cb-4704-a8a1-5d1052d380ac by drivers openvswitch,hyperv on host hv-neutron-8596 at level 0 using segments [{'id': 'f30264eb-0074-432c-be31-301956800fe2', 'network_type': 'vlan', 'physical_network': 'physnet1', 'segmentation_id': 70, 'network_id': '1bef2c5e-8f22-4ce5-85f6-d36ebb912260'}] {{(pid=113584) _bind_port_level /opt/stack/neutron/neutron/plugins/ml2/managers.py:835}}
Sep 28 16:46:42.659061 dv-neutron-859645-1-hyperv neutron-server[113584]: DEBUG neutron.plugins.ml2.drivers.mech_agent [None req-b9ad8757-0b85-4c42-a8d0-2bc6456def75 tempest-PortsAdminExtendedAttrsIpV6TestJSON-1898960421 tempest-PortsAdminExtendedAttrsIpV6TestJSON-1898960421-project-admin] Attempting to bind port 8d55a7e9-c9cb-4704-a8a1-5d1052d380ac on network 1bef2c5e-8f22-4ce5-85f6-d36ebb912260 {{(pid=113584) bind_port /opt/stack/neutron/neutron/plugins/ml2/drivers/mech_agent.py:91}}
Sep 28 16:46:42.664774 dv-neutron-859645-1-hyperv neutron-server[113585]: DEBUG neutron_lib.callbacks.manager [None req-ac6a4ec9-4f6d-4136-bbe6-caf62cb2edb1 tempest-ServersTestJSON-405317367 tempest-ServersTestJSON-405317367-project] Publish callbacks ['neutron.plugins.ml2.plugin.SecurityGroupDbMixin._ensure_default_security_group_handler-953509'] for port (1562554f-61d7-4c0c-b5ed-33a6f39e07fa), before_update {{(pid=113585) _notify_loop /usr/local/lib/python3.8/dist-packages/neutron_lib/callbacks/manager.py:176}}
Sep 28 16:46:42.682821 dv-neutron-859645-1-hyperv neutron-server[113585]: DEBUG neutron_lib.callbacks.manager [None req-fad5bce5-0f2c-42c9-9452-7e867cfa1fbd tempest-FloatingIPTestJSON-1032175648 tempest-FloatingIPTestJSON-1032175648-project] Publish callbacks [] for router_gateway (e8d0f6ca-c796-4823-a4df-891f551aa7c9), before_create {{(pid=113585) _notify_loop /usr/local/lib/python3.8/dist-packages/neutron_lib/callbacks/manager.py:176}}
Sep 28 16:46:42.720573 dv-neutron-859645-1-hyperv neutron-server[113585]: DEBUG neutron_lib.callbacks.manager [None req-fad5bce5-0f2c-42c9-9452-7e867cfa1fbd tempest-FloatingIPTestJSON-1032175648 tempest-FloatingIPTestJSON-1032175648-project] Publish callbacks ['neutron.plugins.ml2.plugin.SecurityGroupDbMixin._ensure_default_security_group_handler-953509'] for port (None), before_create {{(pid=113585) _notify_loop /usr/local/lib/python3.8/dist-packages/neutron_lib/callbacks/manager.py:176}}
Sep 28 16:46:42.914147 dv-neutron-859645-1-hyperv neutron-server[113585]: DEBUG neutron_lib.callbacks.manager [None req-ac6a4ec9-4f6d-4136-bbe6-caf62cb2edb1 tempest-ServersTestJSON-405317367 tempest-ServersTestJSON-405317367-project] Publish callbacks [] for port (1562554f-61d7-4c0c-b5ed-33a6f39e07fa), precommit_update {{(pid=113585) _notify_loop /usr/local/lib/python3.8/dist-packages/neutron_lib/callbacks/manager.py:176}}
Sep 28 16:46:42.919034 dv-neutron-859645-1-hyperv neutron-server[113585]: DEBUG neutron_lib.callbacks.manager [None req-ac6a4ec9-4f6d-4136-bbe6-caf62cb2edb1 tempest-ServersTestJSON-405317367 tempest-ServersTestJSON-405317367-project] Publish callbacks ['neutron.plugins.ml2.plugin.SecurityGroupServerNotifierRpcMixin._notify_sg_on_port_change-953702', 'neutron.plugins.ml2.ovo_rpc._ObjectChangeHandler.handle_event-4120261', 'neutron.api.rpc.agentnotifiers.dhcp_rpc_agent_api.DhcpAgentNotifyAPI._native_event_send_dhcp_notification-3682822', 'neutron.db.l3_db.L3RpcNotifierMixin._notify_gateway_port_ip_changed-8728231349679', 'neutron.db.l3_dvrscheduler_db._notify_l3_agent_port_update-8728230910958', 'neutron.db.l3_hascheduler_db._notify_l3_agent_ha_port_update-8728230910980', 'neutron.services.segments.plugin.NovaSegmentNotifier._notify_port_updated-26139108'] for port (1562554f-61d7-4c0c-b5ed-33a6f39e07fa), after_update {{(pid=113585) _notify_loop /usr/local/lib/python3.8/dist-packages/neutron_lib/callbacks/manager.py:176}}
Sep 28 16:46:42.932676 dv-neutron-859645-1-hyperv neutron-server[113584]: DEBUG neutron.plugins.ml2.drivers.mech_agent [None req-b9ad8757-0b85-4c42-a8d0-2bc6456def75 tempest-PortsAdminExtendedAttrsIpV6TestJSON-1898960421 tempest-PortsAdminExtendedAttrsIpV6TestJSON-1898960421-project-admin] Port 8d55a7e9-c9cb-4704-a8a1-5d1052d380ac on network 1bef2c5e-8f22-4ce5-85f6-d36ebb912260 not bound, no agent of type Open vSwitch agent registered on host hv-neutron-8596 {{(pid=113584) bind_port /opt/stack/neutron/neutron/plugins/ml2/drivers/mech_agent.py:120}}
Sep 28 16:46:42.933209 dv-neutron-859645-1-hyperv neutron-server[113584]: ERROR neutron.plugins.ml2.managers [None req-b9ad8757-0b85-4c42-a8d0-2bc6456def75 tempest-PortsAdminExtendedAttrsIpV6TestJSON-1898960421 tempest-PortsAdminExtendedAttrsIpV6TestJSON-1898960421-project-admin] Failed to bind port 8d55a7e9-c9cb-4704-a8a1-5d1052d380ac on host hv-neutron-8596 for vnic_type normal using segments [{'id': 'f30264eb-0074-432c-be31-301956800fe2', 'network_type': 'vlan', 'physical_network': 'physnet1', 'segmentation_id': 70, 'network_id': '1bef2c5e-8f22-4ce5-85f6-d36ebb912260'}]
Sep 28 16:46:42.947154 dv-neutron-859645-1-hyperv neutron-server[113584]: DEBUG neutron.db.db_base_plugin_common [None req-c9134568-d8a2-4c1b-81e2-c4c0ad95022b tempest-AllowedAddressPairTestJSON-1573237153 tempest-AllowedAddressPairTestJSON-1573237153-project] Allocated IP 172.20.0.14 (c8ed48a3-42a0-4dfa-bc78-81e55dfcd4e5/84027662-d338-4928-9649-f8a954b17666/3323a203-8daa-4424-a523-80c4c96539eb) {{(pid=113584) _store_ip_allocation /opt/stack/neutron/neutron/db/db_base_plugin_common.py:131}}
Sep 28 16:46:42.949220 dv-neutron-859645-1-hyperv neutron-server[113584]: INFO neutron.plugins.ml2.plugin [None req-b9ad8757-0b85-4c42-a8d0-2bc6456def75 tempest-PortsAdminExtendedAttrsIpV6TestJSON-1898960421 tempest-PortsAdminExtendedAttrsIpV6TestJSON-1898960421-project-admin] Attempt 6 to bind port 8d55a7e9-c9cb-4704-a8a1-5d1052d380ac
Sep 28 16:46:42.985729 dv-neutron-859645-1-hyperv neutron-server[113584]: DEBUG neutron_lib.callbacks.manager [None req-b31843c7-c076-4499-9aae-ae6d3c6a34d4 tempest-ServersTestManualDisk-6511696 tempest-ServersTestManualDisk-6511696-project] Publish callbacks ['neutron.plugins.ml2.plugin.SecurityGroupServerNotifierRpcMixin._notify_sg_on_port_change-953702', 'neutron.plugins.ml2.ovo_rpc._ObjectChangeHandler.handle_event-4120261', 'neutron.api.rpc.agentnotifiers.dhcp_rpc_agent_api.DhcpAgentNotifyAPI._native_event_send_dhcp_notification-3682822', 'neutron.db.l3_dvrscheduler_db._notify_l3_agent_new_port-8728230910940', 'neutron.services.segments.plugin.NovaSegmentNotifier._notify_port_created_or_deleted-26535188'] for port (3907c7ff-6a0e-406d-beb7-ca52bd3ac2b8), after_create {{(pid=113584) _notify_loop /usr/local/lib/python3.8/dist-packages/neutron_lib/callbacks/manager.py:176}}
Sep 28 16:46:43.030766 dv-neutron-859645-1-hyperv neutron-server[113585]: DEBUG neutron_lib.callbacks.manager [None req-ac6a4ec9-4f6d-4136-bbe6-caf62cb2edb1 tempest-ServersTestJSON-405317367 tempest-ServersTestJSON-405317367-project] Publish callbacks ['neutron.services.l3_router.l3_router_plugin.DVRResourceOperationHandler._create_dvr_floating_gw_port-3730088'] for floatingip (1f037880-6501-4d22-a14a-055f44b5ac5e), after_create {{(pid=113585) _notify_loop /usr/local/lib/python3.8/dist-packages/neutron_lib/callbacks/manager.py:176}}
Sep 28 16:46:43.038588 dv-neutron-859645-1-hyperv neutron-server[113585]: DEBUG neutron.api.rpc.handlers.resources_rpc [None req-ac6a4ec9-4f6d-4136-bbe6-caf62cb2edb1 tempest-ServersTestJSON-405317367 tempest-ServersTestJSON-405317367-project] Pushing event updated for resources: {'Port': ['ID=1562554f-61d7-4c0c-b5ed-33a6f39e07fa,revision_number=2']} {{(pid=113585) push /opt/stack/neutron/neutron/api/rpc/handlers/resources_rpc.py:237}}
Sep 28 16:46:43.055165 dv-neutron-859645-1-hyperv neutron-server[113585]: DEBUG neutron.db.db_base_plugin_common [None req-fad5bce5-0f2c-42c9-9452-7e867cfa1fbd tempest-FloatingIPTestJSON-1032175648 tempest-FloatingIPTestJSON-1032175648-project] Allocated IP 172.26.5.20 (c2cf4e09-dd97-4baf-a693-5014313cb7d5/a32d2806-145e-4866-bb27-360f0c2fd222/22cf09be-2859-4f41-b151-ccf299567dab) {{(pid=113585) _store_ip_allocation /opt/stack/neutron/neutron/db/db_base_plugin_common.py:131}}
Sep 28 16:46:43.062690 dv-neutron-859645-1-hyperv neutron-server[113585]: DEBUG neutron_lib.callbacks.manager [None req-ac6a4ec9-4f6d-4136-bbe6-caf62cb2edb1 tempest-ServersTestJSON-405317367 tempest-ServersTestJSON-405317367-project] Publish callbacks ['neutron.notifiers.nova.Notifier._send_nova_notification-56924'] for floatingip (None), before_response {{(pid=113585) _notify_loop /usr/local/lib/python3.8/dist-packages/neutron_lib/callbacks/manager.py:176}}
Sep 28 16:46:43.064452 dv-neutron-859645-1-hyperv neutron-server[113585]: INFO neutron.wsgi [None req-ac6a4ec9-4f6d-4136-bbe6-caf62cb2edb1 tempest-ServersTestJSON-405317367 tempest-ServersTestJSON-405317367-project] 10.222.0.26 "POST /networking/v2.0/floatingips HTTP/1.1" status: 201 len: 693 time: 4.1344249
Sep 28 16:46:43.082339 dv-neutron-859645-1-hyperv neutron-server[113584]: DEBUG neutron.pecan_wsgi.hooks.policy_enforcement [None req-e86c732b-7444-4acc-918f-8dd7848aaf1d tempest-ExternalNetworksTestJSON-86551903 tempest-ExternalNetworksTestJSON-86551903-project] Attributes excluded by policy engine: ['standard_attr_id', 'vlan_transparent', 'provider:network_type', 'provider:physical_network', 'provider:segmentation_id'] {{(pid=113584) _exclude_attributes_by_policy /opt/stack/neutron/neutron/pecan_wsgi/hooks/policy_enforcement.py:259}}
Sep 28 16:46:43.089666 dv-neutron-859645-1-hyperv neutron-server[113584]: DEBUG neutron.pecan_wsgi.hooks.policy_enforcement [None req-e86c732b-7444-4acc-918f-8dd7848aaf1d tempest-ExternalNetworksTestJSON-86551903 tempest-ExternalNetworksTestJSON-86551903-project] Attributes excluded by policy engine: ['standard_attr_id', 'vlan_transparent', 'provider:network_type', 'provider:physical_network', 'provider:segmentation_id'] {{(pid=113584) _exclude_attributes_by_policy /opt/stack/neutron/neutron/pecan_wsgi/hooks/policy_enforcement.py:259}}
Sep 28 16:46:43.097030 dv-neutron-859645-1-hyperv neutron-server[113584]: DEBUG neutron.pecan_wsgi.hooks.policy_enforcement [None req-e86c732b-7444-4acc-918f-8dd7848aaf1d tempest-ExternalNetworksTestJSON-86551903 tempest-ExternalNetworksTestJSON-86551903-project] Attributes excluded by policy engine: ['standard_attr_id', 'vlan_transparent', 'provider:network_type', 'provider:physical_network', 'provider:segmentation_id'] {{(pid=113584) _exclude_attributes_by_policy /opt/stack/neutron/neutron/pecan_wsgi/hooks/policy_enforcement.py:259}}
Sep 28 16:46:43.102325 dv-neutron-859645-1-hyperv neutron-server[113584]: DEBUG neutron.pecan_wsgi.hooks.policy_enforcement [None req-e86c732b-7444-4acc-918f-8dd7848aaf1d tempest-ExternalNetworksTestJSON-86551903 tempest-ExternalNetworksTestJSON-86551903-project] Attributes excluded by policy engine: ['standard_attr_id', 'vlan_transparent', 'provider:network_type', 'provider:physical_network', 'provider:segmentation_id'] {{(pid=113584) _exclude_attributes_by_policy /opt/stack/neutron/neutron/pecan_wsgi/hooks/policy_enforcement.py:259}}
Sep 28 16:46:43.104047 dv-neutron-859645-1-hyperv neutron-server[113584]: INFO neutron.wsgi [None req-e86c732b-7444-4acc-918f-8dd7848aaf1d tempest-ExternalNetworksTestJSON-86551903 tempest-ExternalNetworksTestJSON-86551903-project] 10.222.0.26 "GET /networking/v2.0/networks HTTP/1.1" status: 200 len: 2453 time: 0.6948168
Sep 28 16:46:43.104894 dv-neutron-859645-1-hyperv neutron-server[113584]: DEBUG neutron.plugins.ml2.managers [None req-b9ad8757-0b85-4c42-a8d0-2bc6456def75 tempest-PortsAdminExtendedAttrsIpV6TestJSON-1898960421 tempest-PortsAdminExtendedAttrsIpV6TestJSON-1898960421-project-admin] Attempting to bind port 8d55a7e9-c9cb-4704-a8a1-5d1052d380ac on host hv-neutron-8596 for vnic_type normal with profile {{(pid=113584) bind_port /opt/stack/neutron/neutron/plugins/ml2/managers.py:810}}
Sep 28 16:46:43.105226 dv-neutron-859645-1-hyperv neutron-server[113584]: DEBUG neutron.plugins.ml2.managers [None req-b9ad8757-0b85-4c42-a8d0-2bc6456def75 tempest-PortsAdminExtendedAttrsIpV6TestJSON-1898960421 tempest-PortsAdminExtendedAttrsIpV6TestJSON-1898960421-project-admin] Attempting to bind port 8d55a7e9-c9cb-4704-a8a1-5d1052d380ac by drivers openvswitch,hyperv on host hv-neutron-8596 at level 0 using segments [{'id': 'f30264eb-0074-432c-be31-301956800fe2', 'network_type': 'vlan', 'physical_network': 'physnet1', 'segmentation_id': 70, 'network_id': '1bef2c5e-8f22-4ce5-85f6-d36ebb912260'}] {{(pid=113584) _bind_port_level /opt/stack/neutron/neutron/plugins/ml2/managers.py:835}}
Sep 28 16:46:43.105557 dv-neutron-859645-1-hyperv neutron-server[113584]: DEBUG neutron.plugins.ml2.drivers.mech_agent [None req-b9ad8757-0b85-4c42-a8d0-2bc6456def75 tempest-PortsAdminExtendedAttrsIpV6TestJSON-1898960421 tempest-PortsAdminExtendedAttrsIpV6TestJSON-1898960421-project-admin] Attempting to bind port 8d55a7e9-c9cb-4704-a8a1-5d1052d380ac on network 1bef2c5e-8f22-4ce5-85f6-d36ebb912260 {{(pid=113584) bind_port /opt/stack/neutron/neutron/plugins/ml2/drivers/mech_agent.py:91}}
Sep 28 16:46:43.126820 dv-neutron-859645-1-hyperv neutron-server[113584]: DEBUG neutron.wsgi [-] (113584) accepted ('10.222.0.26', 40376) {{(pid=113584) server /usr/local/lib/python3.8/dist-packages/eventlet/wsgi.py:1004}}
Sep 28 16:46:43.146609 dv-neutron-859645-1-hyperv neutron-server[113584]: DEBUG neutron_lib.callbacks.manager [None req-61e5e592-f89c-4a1b-b24b-d90760e9bbb8 tempest-ServerActionsTestJSON-1922961953 tempest-ServerActionsTestJSON-1922961953-project] Publish callbacks [] for port (a9359506-0ef0-4958-8d02-92e54e378604), precommit_update {{(pid=113584) _notify_loop /usr/local/lib/python3.8/dist-packages/neutron_lib/callbacks/manager.py:176}}
Sep 28 16:46:43.163268 dv-neutron-859645-1-hyperv neutron-server[113584]: DEBUG neutron_lib.callbacks.manager [None req-53458f0e-69e4-48ec-9a27-9e62cc08cbc2 tempest-DHCPAgentSchedulersTestJSON-1806895074 tempest-DHCPAgentSchedulersTestJSON-1806895074-project] Publish callbacks ['neutron.plugins.ml2.plugin.Ml2Plugin._network_delete_precommit_handler-830876', 'neutron.services.segments.db._delete_segments_for_network-8728231376330'] for network (7959ba5c-5a64-4256-bc22-c4a3b89649f9), precommit_delete {{(pid=113584) _notify_loop /usr/local/lib/python3.8/dist-packages/neutron_lib/callbacks/manager.py:176}}
Sep 28 16:46:43.170714 dv-neutron-859645-1-hyperv neutron-server[113585]: DEBUG dbcounter [-] [113585] Writing DB stats neutron:DELETE=2,neutron:SELECT=91,neutron:INSERT=4,neutron:UPDATE=3 {{(pid=113585) stat_writer /usr/local/lib/python3.8/dist-packages/dbcounter.py:114}}
Sep 28 16:46:43.221803 dv-neutron-859645-1-hyperv neutron-server[113585]: DEBUG neutron_lib.callbacks.manager [None req-fad5bce5-0f2c-42c9-9452-7e867cfa1fbd tempest-FloatingIPTestJSON-1032175648 tempest-FloatingIPTestJSON-1032175648-project] Publish callbacks [] for port (22cf09be-2859-4f41-b151-ccf299567dab), precommit_create {{(pid=113585) _notify_loop /usr/local/lib/python3.8/dist-packages/neutron_lib/callbacks/manager.py:176}}
Sep 28 16:46:43.227206 dv-neutron-859645-1-hyperv neutron-server[113584]: DEBUG neutron.scheduler.dhcp_agent_scheduler [None req-b31843c7-c076-4499-9aae-ae6d3c6a34d4 tempest-ServersTestManualDisk-6511696 tempest-ServersTestManualDisk-6511696-project] Network c2cf4e09-dd97-4baf-a693-5014313cb7d5 is already hosted by enough agents. {{(pid=113584) _get_dhcp_agents_hosting_network /opt/stack/neutron/neutron/scheduler/dhcp_agent_scheduler.py:275}}
Sep 28 16:46:43.229598 dv-neutron-859645-1-hyperv neutron-server[113584]: DEBUG neutron_lib.callbacks.manager [None req-61e5e592-f89c-4a1b-b24b-d90760e9bbb8 tempest-ServerActionsTestJSON-1922961953 tempest-ServerActionsTestJSON-1922961953-project] Publish callbacks ['neutron.plugins.ml2.plugin.SecurityGroupServerNotifierRpcMixin._notify_sg_on_port_change-953702', 'neutron.plugins.ml2.ovo_rpc._ObjectChangeHandler.handle_event-4120261', 'neutron.api.rpc.agentnotifiers.dhcp_rpc_agent_api.DhcpAgentNotifyAPI._native_event_send_dhcp_notification-3682822', 'neutron.db.l3_db.L3RpcNotifierMixin._notify_gateway_port_ip_changed-8728231349679', 'neutron.db.l3_dvrscheduler_db._notify_l3_agent_port_update-8728230910958', 'neutron.db.l3_hascheduler_db._notify_l3_agent_ha_port_update-8728230910980', 'neutron.services.segments.plugin.NovaSegmentNotifier._notify_port_updated-26535171'] for port (a9359506-0ef0-4958-8d02-92e54e378604), after_update {{(pid=113584) _notify_loop /usr/local/lib/python3.8/dist-packages/neutron_lib/callbacks/manager.py:176}}
Sep 28 16:46:43.231556 dv-neutron-859645-1-hyperv neutron-server[113584]: DEBUG dbcounter [-] [113584] Writing DB stats neutron:SELECT=91,neutron:DELETE=5,neutron:UPDATE=2,neutron:INSERT=2 {{(pid=113584) stat_writer /usr/local/lib/python3.8/dist-packages/dbcounter.py:114}}
Sep 28 16:46:43.232375 dv-neutron-859645-1-hyperv neutron-server[113584]: DEBUG neutron.plugins.ml2.drivers.mech_agent [None req-b9ad8757-0b85-4c42-a8d0-2bc6456def75 tempest-PortsAdminExtendedAttrsIpV6TestJSON-1898960421 tempest-PortsAdminExtendedAttrsIpV6TestJSON-1898960421-project-admin] Port 8d55a7e9-c9cb-4704-a8a1-5d1052d380ac on network 1bef2c5e-8f22-4ce5-85f6-d36ebb912260 not bound, no agent of type Open vSwitch agent registered on host hv-neutron-8596 {{(pid=113584) bind_port /opt/stack/neutron/neutron/plugins/ml2/drivers/mech_agent.py:120}}
Sep 28 16:46:43.232704 dv-neutron-859645-1-hyperv neutron-server[113584]: ERROR neutron.plugins.ml2.managers [None req-b9ad8757-0b85-4c42-a8d0-2bc6456def75 tempest-PortsAdminExtendedAttrsIpV6TestJSON-1898960421 tempest-PortsAdminExtendedAttrsIpV6TestJSON-1898960421-project-admin] Failed to bind port 8d55a7e9-c9cb-4704-a8a1-5d1052d380ac on host hv-neutron-8596 for vnic_type normal using segments [{'id': 'f30264eb-0074-432c-be31-301956800fe2', 'network_type': 'vlan', 'physical_network': 'physnet1', 'segmentation_id': 70, 'network_id': '1bef2c5e-8f22-4ce5-85f6-d36ebb912260'}]
Sep 28 16:46:43.246852 dv-neutron-859645-1-hyperv neutron-server[113584]: INFO neutron.plugins.ml2.plugin [None req-b9ad8757-0b85-4c42-a8d0-2bc6456def75 tempest-PortsAdminExtendedAttrsIpV6TestJSON-1898960421 tempest-PortsAdminExtendedAttrsIpV6TestJSON-1898960421-project-admin] Attempt 7 to bind port 8d55a7e9-c9cb-4704-a8a1-5d1052d380ac
Sep 28 16:46:43.266311 dv-neutron-859645-1-hyperv neutron-server[113585]: DEBUG neutron_lib.callbacks.manager [None req-fad5bce5-0f2c-42c9-9452-7e867cfa1fbd tempest-FloatingIPTestJSON-1032175648 tempest-FloatingIPTestJSON-1032175648-project] Publish callbacks ['neutron.plugins.ml2.plugin.SecurityGroupServerNotifierRpcMixin._notify_sg_on_port_change-953702', 'neutron.plugins.ml2.ovo_rpc._ObjectChangeHandler.handle_event-4120261', 'neutron.api.rpc.agentnotifiers.dhcp_rpc_agent_api.DhcpAgentNotifyAPI._native_event_send_dhcp_notification-3682822', 'neutron.db.l3_dvrscheduler_db._notify_l3_agent_new_port-8728230910940', 'neutron.services.segments.plugin.NovaSegmentNotifier._notify_port_created_or_deleted-26139123'] for port (22cf09be-2859-4f41-b151-ccf299567dab), after_create {{(pid=113585) _notify_loop /usr/local/lib/python3.8/dist-packages/neutron_lib/callbacks/manager.py:176}}
Sep 28 16:46:43.308286 dv-neutron-859645-1-hyperv neutron-server[113584]: DEBUG neutron.scheduler.base_scheduler [None req-b31843c7-c076-4499-9aae-ae6d3c6a34d4 tempest-ServersTestManualDisk-6511696 tempest-ServersTestManualDisk-6511696-project] Resources bound (agent type, host, resource id): {{(pid=113584) schedule /opt/stack/neutron/neutron/scheduler/base_scheduler.py:57}}
Sep 28 16:46:43.314859 dv-neutron-859645-1-hyperv neutron-server[113585]: DEBUG neutron.api.rpc.handlers.resources_rpc [None req-fad5bce5-0f2c-42c9-9452-7e867cfa1fbd tempest-FloatingIPTestJSON-1032175648 tempest-FloatingIPTestJSON-1032175648-project] Pushing event updated for resources: {'Port': ['ID=22cf09be-2859-4f41-b151-ccf299567dab,revision_number=1']} {{(pid=113585) push /opt/stack/neutron/neutron/api/rpc/handlers/resources_rpc.py:237}}
Sep 28 16:46:43.330420 dv-neutron-859645-1-hyperv neutron-server[113584]: DEBUG neutron.api.rpc.handlers.resources_rpc [None req-b31843c7-c076-4499-9aae-ae6d3c6a34d4 tempest-ServersTestManualDisk-6511696 tempest-ServersTestManualDisk-6511696-project] Pushing event updated for resources: {'Port': ['ID=3907c7ff-6a0e-406d-beb7-ca52bd3ac2b8,revision_number=1']} {{(pid=113584) push /opt/stack/neutron/neutron/api/rpc/handlers/resources_rpc.py:237}}
Sep 28 16:46:43.337123 dv-neutron-859645-1-hyperv neutron-server[113584]: DEBUG neutron.db.l3_dvrscheduler_db [None req-b31843c7-c076-4499-9aae-ae6d3c6a34d4 tempest-ServersTestManualDisk-6511696 tempest-ServersTestManualDisk-6511696-project] Received port after_create {{(pid=113584) _notify_l3_agent_new_port /opt/stack/neutron/neutron/db/l3_dvrscheduler_db.py:538}}
Sep 28 16:46:43.342448 dv-neutron-859645-1-hyperv neutron-server[113584]: DEBUG neutron.services.segments.db [None req-53458f0e-69e4-48ec-9a27-9e62cc08cbc2 tempest-DHCPAgentSchedulersTestJSON-1806895074 tempest-DHCPAgentSchedulersTestJSON-1806895074-project] neutron.services.segments.plugin.Plugin method get_segments called with arguments (,) {'filters': {'network_id': ['7959ba5c-5a64-4256-bc22-c4a3b89649f9']}} {{(pid=113584) wrapper /usr/local/lib/python3.8/dist-packages/oslo_log/helpers.py:65}}
Sep 28 16:46:43.343686 dv-neutron-859645-1-hyperv neutron-server[113585]: DEBUG neutron.scheduler.dhcp_agent_scheduler [None req-fad5bce5-0f2c-42c9-9452-7e867cfa1fbd tempest-FloatingIPTestJSON-1032175648 tempest-FloatingIPTestJSON-1032175648-project] Network c2cf4e09-dd97-4baf-a693-5014313cb7d5 is already hosted by enough agents. {{(pid=113585) _get_dhcp_agents_hosting_network /opt/stack/neutron/neutron/scheduler/dhcp_agent_scheduler.py:275}}
Sep 28 16:46:43.347222 dv-neutron-859645-1-hyperv neutron-server[113585]: DEBUG neutron.scheduler.base_scheduler [None req-fad5bce5-0f2c-42c9-9452-7e867cfa1fbd tempest-FloatingIPTestJSON-1032175648 tempest-FloatingIPTestJSON-1032175648-project] Resources bound (agent type, host, resource id): {{(pid=113585) schedule /opt/stack/neutron/neutron/scheduler/base_scheduler.py:57}}
Sep 28 16:46:43.349163 dv-neutron-859645-1-hyperv neutron-server[113585]: DEBUG neutron.db.l3_dvrscheduler_db [None req-fad5bce5-0f2c-42c9-9452-7e867cfa1fbd tempest-FloatingIPTestJSON-1032175648 tempest-FloatingIPTestJSON-1032175648-project] Received port after_create {{(pid=113585) _notify_l3_agent_new_port /opt/stack/neutron/neutron/db/l3_dvrscheduler_db.py:538}}
Sep 28 16:46:43.362060 dv-neutron-859645-1-hyperv neutron-server[113586]: DEBUG neutron.plugins.ml2.rpc [None req-acd0b3b7-a3af-4155-a39f-3b83f031047a None None] Device d786064f-cca4-4e71-924a-e983c7b1295f up at agent ovs-agent-dv-neutron-859645-1-hyperv {{(pid=113586) update_device_up /opt/stack/neutron/neutron/plugins/ml2/rpc.py:296}}
Sep 28 16:46:43.400331 dv-neutron-859645-1-hyperv neutron-server[113584]: DEBUG neutron.services.segments.db [None req-53458f0e-69e4-48ec-9a27-9e62cc08cbc2 tempest-DHCPAgentSchedulersTestJSON-1806895074 tempest-DHCPAgentSchedulersTestJSON-1806895074-project] neutron.services.segments.plugin.Plugin method delete_segment called with arguments (, 'fbd31f2f-6cfc-4ede-b1ea-4772d2fffd41') {'for_net_delete': True} {{(pid=113584) wrapper /usr/local/lib/python3.8/dist-packages/oslo_log/helpers.py:65}}
Sep 28 16:46:43.400634 dv-neutron-859645-1-hyperv neutron-server[113584]: DEBUG neutron.services.segments.db [None req-53458f0e-69e4-48ec-9a27-9e62cc08cbc2 tempest-DHCPAgentSchedulersTestJSON-1806895074 tempest-DHCPAgentSchedulersTestJSON-1806895074-project] neutron.services.segments.plugin.Plugin method get_segment called with arguments (, 'fbd31f2f-6cfc-4ede-b1ea-4772d2fffd41') {} {{(pid=113584) wrapper /usr/local/lib/python3.8/dist-packages/oslo_log/helpers.py:65}}
Sep 28 16:46:43.413867 dv-neutron-859645-1-hyperv neutron-server[113586]: DEBUG neutron.db.provisioning_blocks [None req-acd0b3b7-a3af-4155-a39f-3b83f031047a None None] Provisioning complete for port d786064f-cca4-4e71-924a-e983c7b1295f triggered by entity L2. {{(pid=113586) provisioning_complete /opt/stack/neutron/neutron/db/provisioning_blocks.py:144}}
Sep 28 16:46:43.414198 dv-neutron-859645-1-hyperv neutron-server[113586]: DEBUG neutron_lib.callbacks.manager [None req-acd0b3b7-a3af-4155-a39f-3b83f031047a None None] Publish callbacks ['neutron.plugins.ml2.plugin.Ml2Plugin._port_provisioned-830005'] for port (d786064f-cca4-4e71-924a-e983c7b1295f), provisioning_complete {{(pid=113586) _notify_loop /usr/local/lib/python3.8/dist-packages/neutron_lib/callbacks/manager.py:176}}
Sep 28 16:46:43.414534 dv-neutron-859645-1-hyperv neutron-server[113586]: INFO neutron.plugins.ml2.plugin [None req-acd0b3b7-a3af-4155-a39f-3b83f031047a None None] Attempt 1 to provision port d786064f-cca4-4e71-924a-e983c7b1295f
Sep 28 16:46:43.424150 dv-neutron-859645-1-hyperv neutron-server[113584]: DEBUG neutron.plugins.ml2.managers [None req-b9ad8757-0b85-4c42-a8d0-2bc6456def75 tempest-PortsAdminExtendedAttrsIpV6TestJSON-1898960421 tempest-PortsAdminExtendedAttrsIpV6TestJSON-1898960421-project-admin] Attempting to bind port 8d55a7e9-c9cb-4704-a8a1-5d1052d380ac on host hv-neutron-8596 for vnic_type normal with profile {{(pid=113584) bind_port /opt/stack/neutron/neutron/plugins/ml2/managers.py:810}}
Sep 28 16:46:43.424490 dv-neutron-859645-1-hyperv neutron-server[113584]: DEBUG neutron.plugins.ml2.managers [None req-b9ad8757-0b85-4c42-a8d0-2bc6456def75 tempest-PortsAdminExtendedAttrsIpV6TestJSON-1898960421 tempest-PortsAdminExtendedAttrsIpV6TestJSON-1898960421-project-admin] Attempting to bind port 8d55a7e9-c9cb-4704-a8a1-5d1052d380ac by drivers openvswitch,hyperv on host hv-neutron-8596 at level 0 using segments [{'id': 'f30264eb-0074-432c-be31-301956800fe2', 'network_type': 'vlan', 'physical_network': 'physnet1', 'segmentation_id': 70, 'network_id': '1bef2c5e-8f22-4ce5-85f6-d36ebb912260'}] {{(pid=113584) _bind_port_level /opt/stack/neutron/neutron/plugins/ml2/managers.py:835}}
Sep 28 16:46:43.424824 dv-neutron-859645-1-hyperv neutron-server[113584]: DEBUG neutron.plugins.ml2.drivers.mech_agent [None req-b9ad8757-0b85-4c42-a8d0-2bc6456def75 tempest-PortsAdminExtendedAttrsIpV6TestJSON-1898960421 tempest-PortsAdminExtendedAttrsIpV6TestJSON-1898960421-project-admin] Attempting to bind port 8d55a7e9-c9cb-4704-a8a1-5d1052d380ac on network 1bef2c5e-8f22-4ce5-85f6-d36ebb912260 {{(pid=113584) bind_port /opt/stack/neutron/neutron/plugins/ml2/drivers/mech_agent.py:91}}
Sep 28 16:46:43.461224 dv-neutron-859645-1-hyperv neutron-server[113584]: DEBUG dbcounter [-] [113584] Writing DB stats neutron:SELECT=96,neutron:UPDATE=2,neutron:INSERT=2 {{(pid=113584) stat_writer /usr/local/lib/python3.8/dist-packages/dbcounter.py:114}}
Sep 28 16:46:43.467753 dv-neutron-859645-1-hyperv neutron-server[113584]: DEBUG neutron_lib.callbacks.manager [None req-53458f0e-69e4-48ec-9a27-9e62cc08cbc2 tempest-DHCPAgentSchedulersTestJSON-1806895074 tempest-DHCPAgentSchedulersTestJSON-1806895074-project] Publish callbacks ['neutron.plugins.ml2.db._prevent_segment_delete_with_port_bound-8728231428711', 'neutron.services.segments.plugin.Plugin._prevent_segment_delete_with_subnet_associated-26997288'] for segment (fbd31f2f-6cfc-4ede-b1ea-4772d2fffd41), before_delete {{(pid=113584) _notify_loop /usr/local/lib/python3.8/dist-packages/neutron_lib/callbacks/manager.py:176}}
Sep 28 16:46:43.497698 dv-neutron-859645-1-hyperv neutron-server[113586]: DEBUG neutron.plugins.ml2.plugin [None req-acd0b3b7-a3af-4155-a39f-3b83f031047a None None] Current status of the port d786064f-cca4-4e71-924a-e983c7b1295f is: ACTIVE; New status is: ACTIVE {{(pid=113586) _update_individual_port_db_status /opt/stack/neutron/neutron/plugins/ml2/plugin.py:2325}}
Sep 28 16:46:43.498853 dv-neutron-859645-1-hyperv neutron-server[113586]: DEBUG neutron.plugins.ml2.rpc [None req-acd0b3b7-a3af-4155-a39f-3b83f031047a None None] Device 0ec0bd83-c08a-43ab-8d2b-e7cca677b5e9 up at agent ovs-agent-dv-neutron-859645-1-hyperv {{(pid=113586) update_device_up /opt/stack/neutron/neutron/plugins/ml2/rpc.py:296}}
Sep 28 16:46:43.508231 dv-neutron-859645-1-hyperv neutron-server[113585]: DEBUG dbcounter [-] [113585] Writing DB stats neutron:SELECT=92,neutron:INSERT=4,neutron:UPDATE=3,neutron:DELETE=1 {{(pid=113585) stat_writer /usr/local/lib/python3.8/dist-packages/dbcounter.py:114}}
Sep 28 16:46:43.524829 dv-neutron-859645-1-hyperv neutron-server[113584]: DEBUG neutron.plugins.ml2.drivers.mech_agent [None req-b9ad8757-0b85-4c42-a8d0-2bc6456def75 tempest-PortsAdminExtendedAttrsIpV6TestJSON-1898960421 tempest-PortsAdminExtendedAttrsIpV6TestJSON-1898960421-project-admin] Port 8d55a7e9-c9cb-4704-a8a1-5d1052d380ac on network 1bef2c5e-8f22-4ce5-85f6-d36ebb912260 not bound, no agent of type Open vSwitch agent registered on host hv-neutron-8596 {{(pid=113584) bind_port /opt/stack/neutron/neutron/plugins/ml2/drivers/mech_agent.py:120}}
Sep 28 16:46:43.525159 dv-neutron-859645-1-hyperv neutron-server[113584]: ERROR neutron.plugins.ml2.managers [None req-b9ad8757-0b85-4c42-a8d0-2bc6456def75 tempest-PortsAdminExtendedAttrsIpV6TestJSON-1898960421 tempest-PortsAdminExtendedAttrsIpV6TestJSON-1898960421-project-admin] Failed to bind port 8d55a7e9-c9cb-4704-a8a1-5d1052d380ac on host hv-neutron-8596 for vnic_type normal using segments [{'id': 'f30264eb-0074-432c-be31-301956800fe2', 'network_type': 'vlan', 'physical_network': 'physnet1', 'segmentation_id': 70, 'network_id': '1bef2c5e-8f22-4ce5-85f6-d36ebb912260'}]
Sep 28 16:46:43.536314 dv-neutron-859645-1-hyperv neutron-server[113584]: INFO neutron.plugins.ml2.plugin [None req-b9ad8757-0b85-4c42-a8d0-2bc6456def75 tempest-PortsAdminExtendedAttrsIpV6TestJSON-1898960421 tempest-PortsAdminExtendedAttrsIpV6TestJSON-1898960421-project-admin] Attempt 8 to bind port 8d55a7e9-c9cb-4704-a8a1-5d1052d380ac
Sep 28 16:46:43.542555 dv-neutron-859645-1-hyperv neutron-server[113584]: DEBUG neutron_lib.callbacks.manager [None req-438d48f1-a1a4-49f3-91b5-b0956f5a3fd6 tempest-ExternalNetworksTestJSON-1314462265 tempest-ExternalNetworksTestJSON-1314462265-project-admin] Publish callbacks ['neutron.plugins.ml2.plugin.External_net_db_mixin._before_network_delete_handler-974331'] for network (bd4fd8ae-ac58-4460-bc5a-d132a9c93701), before_delete {{(pid=113584) _notify_loop /usr/local/lib/python3.8/dist-packages/neutron_lib/callbacks/manager.py:176}}
Sep 28 16:46:43.571124 dv-neutron-859645-1-hyperv neutron-server[113586]: DEBUG neutron.db.provisioning_blocks [None req-acd0b3b7-a3af-4155-a39f-3b83f031047a None None] Provisioning complete for port 0ec0bd83-c08a-43ab-8d2b-e7cca677b5e9 triggered by entity L2. {{(pid=113586) provisioning_complete /opt/stack/neutron/neutron/db/provisioning_blocks.py:144}}
Sep 28 16:46:43.571306 dv-neutron-859645-1-hyperv neutron-server[113584]: DEBUG neutron_lib.callbacks.manager [None req-61e5e592-f89c-4a1b-b24b-d90760e9bbb8 tempest-ServerActionsTestJSON-1922961953 tempest-ServerActionsTestJSON-1922961953-project] Publish callbacks ['neutron.services.l3_router.l3_router_plugin.DVRResourceOperationHandler._create_dvr_floating_gw_port-3730088'] for floatingip (02b69402-358f-4a24-8dd2-706445a16d9c), after_create {{(pid=113584) _notify_loop /usr/local/lib/python3.8/dist-packages/neutron_lib/callbacks/manager.py:176}}
Sep 28 16:46:43.572016 dv-neutron-859645-1-hyperv neutron-server[113586]: DEBUG neutron_lib.callbacks.manager [None req-acd0b3b7-a3af-4155-a39f-3b83f031047a None None] Publish callbacks ['neutron.plugins.ml2.plugin.Ml2Plugin._port_provisioned-830005'] for port (0ec0bd83-c08a-43ab-8d2b-e7cca677b5e9), provisioning_complete {{(pid=113586) _notify_loop /usr/local/lib/python3.8/dist-packages/neutron_lib/callbacks/manager.py:176}}
Sep 28 16:46:43.572556 dv-neutron-859645-1-hyperv neutron-server[113586]: INFO neutron.plugins.ml2.plugin [None req-acd0b3b7-a3af-4155-a39f-3b83f031047a None None] Attempt 1 to provision port 0ec0bd83-c08a-43ab-8d2b-e7cca677b5e9
Sep 28 16:46:43.574343 dv-neutron-859645-1-hyperv neutron-server[113584]: DEBUG neutron_lib.callbacks.manager [None req-53458f0e-69e4-48ec-9a27-9e62cc08cbc2 tempest-DHCPAgentSchedulersTestJSON-1806895074 tempest-DHCPAgentSchedulersTestJSON-1806895074-project] Publish callbacks ['neutron.plugins.ml2.plugin.Ml2Plugin._handle_segment_change-843457'] for segment (fbd31f2f-6cfc-4ede-b1ea-4772d2fffd41), precommit_delete {{(pid=113584) _notify_loop /usr/local/lib/python3.8/dist-packages/neutron_lib/callbacks/manager.py:176}}
Sep 28 16:46:43.584013 dv-neutron-859645-1-hyperv neutron-server[113584]: DEBUG neutron.wsgi [-] (113584) accepted ('10.222.0.26', 40402) {{(pid=113584) server /usr/local/lib/python3.8/dist-packages/eventlet/wsgi.py:1004}}
Sep 28 16:46:43.595835 dv-neutron-859645-1-hyperv neutron-server[113584]: DEBUG neutron.api.rpc.handlers.resources_rpc [None req-61e5e592-f89c-4a1b-b24b-d90760e9bbb8 tempest-ServerActionsTestJSON-1922961953 tempest-ServerActionsTestJSON-1922961953-project] Pushing event updated for resources: {'Port': ['ID=a9359506-0ef0-4958-8d02-92e54e378604,revision_number=2']} {{(pid=113584) push /opt/stack/neutron/neutron/api/rpc/handlers/resources_rpc.py:237}}
Sep 28 16:46:43.598229 dv-neutron-859645-1-hyperv neutron-server[113584]: WARNING keystonemiddleware.auth_token [-] A valid token was submitted as a service token, but it was not a valid service token. This is incorrect but backwards compatible behaviour. This will be removed in future releases.
Sep 28 16:46:43.623472 dv-neutron-859645-1-hyperv neutron-server[113584]: DEBUG neutron.plugins.ml2.drivers.type_vlan [None req-53458f0e-69e4-48ec-9a27-9e62cc08cbc2 tempest-DHCPAgentSchedulersTestJSON-1806895074 tempest-DHCPAgentSchedulersTestJSON-1806895074-project] Releasing vlan 77 on physical network physnet1 to pool {{(pid=113584) release_segment /opt/stack/neutron/neutron/plugins/ml2/drivers/type_vlan.py:304}}
Sep 28 16:46:43.623719 dv-neutron-859645-1-hyperv neutron-server[113584]: DEBUG neutron_lib.callbacks.manager [None req-53458f0e-69e4-48ec-9a27-9e62cc08cbc2 tempest-DHCPAgentSchedulersTestJSON-1806895074 tempest-DHCPAgentSchedulersTestJSON-1806895074-project] Publish callbacks ['neutron.plugins.ml2.plugin.Ml2Plugin._handle_segment_change-843457', 'neutron.services.segments.plugin.NovaSegmentNotifier._notify_segment_deleted-26535399'] for segment (fbd31f2f-6cfc-4ede-b1ea-4772d2fffd41), after_delete {{(pid=113584) _notify_loop /usr/local/lib/python3.8/dist-packages/neutron_lib/callbacks/manager.py:176}}
Sep 28 16:46:43.627933 dv-neutron-859645-1-hyperv neutron-server[113584]: DEBUG neutron.plugins.ml2.managers [None req-b9ad8757-0b85-4c42-a8d0-2bc6456def75 tempest-PortsAdminExtendedAttrsIpV6TestJSON-1898960421 tempest-PortsAdminExtendedAttrsIpV6TestJSON-1898960421-project-admin] Attempting to bind port 8d55a7e9-c9cb-4704-a8a1-5d1052d380ac on host hv-neutron-8596 for vnic_type normal with profile {{(pid=113584) bind_port /opt/stack/neutron/neutron/plugins/ml2/managers.py:810}}
Sep 28 16:46:43.628174 dv-neutron-859645-1-hyperv neutron-server[113584]: DEBUG neutron.plugins.ml2.managers [None req-b9ad8757-0b85-4c42-a8d0-2bc6456def75 tempest-PortsAdminExtendedAttrsIpV6TestJSON-1898960421 tempest-PortsAdminExtendedAttrsIpV6TestJSON-1898960421-project-admin] Attempting to bind port 8d55a7e9-c9cb-4704-a8a1-5d1052d380ac by drivers openvswitch,hyperv on host hv-neutron-8596 at level 0 using segments [{'id': 'f30264eb-0074-432c-be31-301956800fe2', 'network_type': 'vlan', 'physical_network': 'physnet1', 'segmentation_id': 70, 'network_id': '1bef2c5e-8f22-4ce5-85f6-d36ebb912260'}] {{(pid=113584) _bind_port_level /opt/stack/neutron/neutron/plugins/ml2/managers.py:835}}
Sep 28 16:46:43.628522 dv-neutron-859645-1-hyperv neutron-server[113584]: DEBUG neutron.plugins.ml2.drivers.mech_agent [None req-b9ad8757-0b85-4c42-a8d0-2bc6456def75 tempest-PortsAdminExtendedAttrsIpV6TestJSON-1898960421 tempest-PortsAdminExtendedAttrsIpV6TestJSON-1898960421-project-admin] Attempting to bind port 8d55a7e9-c9cb-4704-a8a1-5d1052d380ac on network 1bef2c5e-8f22-4ce5-85f6-d36ebb912260 {{(pid=113584) bind_port /opt/stack/neutron/neutron/plugins/ml2/drivers/mech_agent.py:91}}
Sep 28 16:46:43.668242 dv-neutron-859645-1-hyperv neutron-server[113584]: INFO neutron.services.segments.plugin [-] Segment fbd31f2f-6cfc-4ede-b1ea-4772d2fffd41 resource provider aggregate not found
Sep 28 16:46:43.686596 dv-neutron-859645-1-hyperv neutron-server[113586]: DEBUG neutron.plugins.ml2.plugin [None req-acd0b3b7-a3af-4155-a39f-3b83f031047a None None] Current status of the port 0ec0bd83-c08a-43ab-8d2b-e7cca677b5e9 is: DOWN; New status is: ACTIVE {{(pid=113586) _update_individual_port_db_status /opt/stack/neutron/neutron/plugins/ml2/plugin.py:2325}}
Sep 28 16:46:43.687173 dv-neutron-859645-1-hyperv neutron-server[113586]: DEBUG neutron_lib.callbacks.manager [None req-acd0b3b7-a3af-4155-a39f-3b83f031047a None None] Publish callbacks ['neutron.plugins.ml2.plugin.SecurityGroupDbMixin._ensure_default_security_group_handler-953509'] for port (0ec0bd83-c08a-43ab-8d2b-e7cca677b5e9), before_update {{(pid=113586) _notify_loop /usr/local/lib/python3.8/dist-packages/neutron_lib/callbacks/manager.py:176}}
Sep 28 16:46:43.718968 dv-neutron-859645-1-hyperv neutron-server[113584]: DEBUG neutron_lib.callbacks.manager [None req-61e5e592-f89c-4a1b-b24b-d90760e9bbb8 tempest-ServerActionsTestJSON-1922961953 tempest-ServerActionsTestJSON-1922961953-project] Publish callbacks ['neutron.notifiers.nova.Notifier._send_nova_notification-56924'] for floatingip (None), before_response {{(pid=113584) _notify_loop /usr/local/lib/python3.8/dist-packages/neutron_lib/callbacks/manager.py:176}}
Sep 28 16:46:43.720742 dv-neutron-859645-1-hyperv neutron-server[113584]: INFO neutron.wsgi [None req-61e5e592-f89c-4a1b-b24b-d90760e9bbb8 tempest-ServerActionsTestJSON-1922961953 tempest-ServerActionsTestJSON-1922961953-project] 10.222.0.26 "POST /networking/v2.0/floatingips HTTP/1.1" status: 201 len: 693 time: 4.3160334
Sep 28 16:46:43.734386 dv-neutron-859645-1-hyperv neutron-server[113586]: DEBUG neutron.plugins.ml2.db [None req-acd0b3b7-a3af-4155-a39f-3b83f031047a None None] For port 0ec0bd83-c08a-43ab-8d2b-e7cca677b5e9, host dv-neutron-859645-1-hyperv, got binding levels [PortBindingLevel(driver='openvswitch',host='dv-neutron-859645-1-hyperv',level=0,port_id=0ec0bd83-c08a-43ab-8d2b-e7cca677b5e9,segment=NetworkSegment(1632a90b-85c7-42d2-ab9f-ccf5034b4aa4),segment_id=1632a90b-85c7-42d2-ab9f-ccf5034b4aa4)] {{(pid=113586) get_binding_level_objs /opt/stack/neutron/neutron/plugins/ml2/db.py:74}}
Sep 28 16:46:43.740239 dv-neutron-859645-1-hyperv neutron-server[113586]: DEBUG neutron_lib.callbacks.manager [None req-acd0b3b7-a3af-4155-a39f-3b83f031047a None None] Publish callbacks ['neutron.plugins.ml2.plugin.SecurityGroupServerNotifierRpcMixin._notify_sg_on_port_change-953702', 'neutron.plugins.ml2.ovo_rpc._ObjectChangeHandler.handle_event-4120261', 'neutron.api.rpc.agentnotifiers.dhcp_rpc_agent_api.DhcpAgentNotifyAPI._native_event_send_dhcp_notification-3682822', 'neutron.db.l3_db.L3RpcNotifierMixin._notify_gateway_port_ip_changed-8728231349679', 'neutron.db.l3_dvrscheduler_db._notify_l3_agent_port_update-8728230910958', 'neutron.db.l3_hascheduler_db._notify_l3_agent_ha_port_update-8728230910980'] for port (0ec0bd83-c08a-43ab-8d2b-e7cca677b5e9), after_update {{(pid=113586) _notify_loop /usr/local/lib/python3.8/dist-packages/neutron_lib/callbacks/manager.py:176}}
