Sep 28 16:33:29.216140 dv-neutron-859645-1-hyperv devstack@keystone.service[88390]: DEBUG keystone.server.flask.request_processing.req_logging [None req-966a5662-ff34-41e7-88d1-b9d4e36afdac None admin] SCRIPT_NAME: `/identity` {{(pid=88390) log_request_info /opt/stack/keystone/keystone/server/flask/request_processing/req_logging.py:28}}
Sep 28 16:33:29.216320 dv-neutron-859645-1-hyperv devstack@keystone.service[88389]: DEBUG dbcounter [-] [88389] Writing DB stats keystone:SELECT=100 {{(pid=88389) stat_writer /usr/local/lib/python3.8/dist-packages/dbcounter.py:114}}
Sep 28 16:33:29.216455 dv-neutron-859645-1-hyperv devstack@keystone.service[88390]: DEBUG keystone.server.flask.request_processing.req_logging [None req-966a5662-ff34-41e7-88d1-b9d4e36afdac None admin] PATH_INFO: `/v3/roles` {{(pid=88390) log_request_info /opt/stack/keystone/keystone/server/flask/request_processing/req_logging.py:29}}
Sep 28 16:33:29.217228 dv-neutron-859645-1-hyperv devstack@keystone.service[88390]: DEBUG keystone.common.rbac_enforcer.enforcer [None req-966a5662-ff34-41e7-88d1-b9d4e36afdac None admin] RBAC: Adding query filter params (name=admin) {{(pid=88390) _extract_filter_values /opt/stack/keystone/keystone/common/rbac_enforcer/enforcer.py:167}}
Sep 28 16:33:29.217417 dv-neutron-859645-1-hyperv devstack@keystone.service[88390]: DEBUG keystone.common.rbac_enforcer.enforcer [None req-966a5662-ff34-41e7-88d1-b9d4e36afdac None admin] RBAC: Authorizing `identity:list_roles()` {{(pid=88390) enforce_call /opt/stack/keystone/keystone/common/rbac_enforcer/enforcer.py:449}}
Sep 28 16:33:29.219007 dv-neutron-859645-1-hyperv devstack@keystone.service[88390]: DEBUG keystone.common.rbac_enforcer.enforcer [None req-966a5662-ff34-41e7-88d1-b9d4e36afdac None admin] RBAC: Authorization granted {{(pid=88390) enforce_call /opt/stack/keystone/keystone/common/rbac_enforcer/enforcer.py:457}}
Sep 28 16:33:29.229038 dv-neutron-859645-1-hyperv devstack@keystone.service[88390]: [pid: 88390|app: 0|req: 107/222] 10.222.0.26 () {56 vars in 1099 bytes} [Wed Sep 28 16:33:29 2022] GET /identity/v3/roles?name=admin => generated 339 bytes in 214 msecs (HTTP/1.1 200) 5 headers in 177 bytes (1 switches on core 0)
Sep 28 16:33:29.234648 dv-neutron-859645-1-hyperv devstack@keystone.service[88390]: DEBUG keystone.server.flask.request_processing.middleware.auth_context [None req-966a5662-ff34-41e7-88d1-b9d4e36afdac None admin] Authenticating user token {{(pid=88390) process_request /usr/local/lib/python3.8/dist-packages/keystonemiddleware/auth_token/__init__.py:407}}
Sep 28 16:33:29.247028 dv-neutron-859645-1-hyperv devstack@keystone.service[88390]: DEBUG dbcounter [-] [88390] Writing DB stats keystone:SELECT=97,keystone:INSERT=3 {{(pid=88390) stat_writer /usr/local/lib/python3.8/dist-packages/dbcounter.py:114}}
Sep 28 16:33:29.272965 dv-neutron-859645-1-hyperv devstack@keystone.service[88389]: [pid: 88389|app: 0|req: 116/223] 10.222.0.26 () {58 vars in 1024 bytes} [Wed Sep 28 16:33:29 2022] POST /identity/v3/auth/tokens => generated 799 bytes in 107 msecs (HTTP/1.1 201) 6 headers in 363 bytes (2 switches on core 0)
Sep 28 16:33:29.274212 dv-neutron-859645-1-hyperv devstack@keystone.service[88389]: DEBUG keystone.server.flask.request_processing.middleware.auth_context [None req-957ba1cb-09a3-48da-b8d0-1b113fa33b28 None None] Authenticating user token {{(pid=88389) process_request /usr/local/lib/python3.8/dist-packages/keystonemiddleware/auth_token/__init__.py:407}}
Sep 28 16:33:29.376875 dv-neutron-859645-1-hyperv devstack@keystone.service[88390]: DEBUG keystone.server.flask.request_processing.middleware.auth_context [None req-966a5662-ff34-41e7-88d1-b9d4e36afdac None admin] Validating token access rules against request {{(pid=88390) validate_allowed_request /usr/local/lib/python3.8/dist-packages/keystonemiddleware/auth_token/__init__.py:545}}
Sep 28 16:33:29.405956 dv-neutron-859645-1-hyperv devstack@keystone.service[88389]: DEBUG keystone.server.flask.request_processing.middleware.auth_context [None req-957ba1cb-09a3-48da-b8d0-1b113fa33b28 None None] Validating token access rules against request {{(pid=88389) validate_allowed_request /usr/local/lib/python3.8/dist-packages/keystonemiddleware/auth_token/__init__.py:545}}
Sep 28 16:33:29.425220 dv-neutron-859645-1-hyperv devstack@keystone.service[88390]: DEBUG keystone.server.flask.request_processing.middleware.auth_context [None req-2abeb748-d587-48c1-bd9e-8e42ac8e6d94 None admin] RBAC: auth_context: {'token': , 'domain_id': None, 'trust_id': None, 'trustor_id': None, 'trustee_id': None, 'domain_name': None, 'group_ids': [], 'user_id': '9baa36feb0b141feb7b6d28fd0145383', 'user_domain_id': 'default', 'system_scope': 'all', 'project_id': None, 'project_domain_id': None, 'roles': ['admin', 'member', 'reader'], 'is_admin_project': True, 'service_user_id': None, 'service_user_domain_id': None, 'service_project_id': None, 'service_project_domain_id': None, 'service_roles': []} {{(pid=88390) fill_context /opt/stack/keystone/keystone/server/flask/request_processing/middleware/auth_context.py:478}}
Sep 28 16:33:29.426179 dv-neutron-859645-1-hyperv devstack@keystone.service[88390]: DEBUG keystone.server.flask.request_processing.req_logging [None req-2abeb748-d587-48c1-bd9e-8e42ac8e6d94 None admin] REQUEST_METHOD: `GET` {{(pid=88390) log_request_info /opt/stack/keystone/keystone/server/flask/request_processing/req_logging.py:27}}
Sep 28 16:33:29.426654 dv-neutron-859645-1-hyperv devstack@keystone.service[88390]: DEBUG keystone.server.flask.request_processing.req_logging [None req-2abeb748-d587-48c1-bd9e-8e42ac8e6d94 None admin] SCRIPT_NAME: `/identity` {{(pid=88390) log_request_info /opt/stack/keystone/keystone/server/flask/request_processing/req_logging.py:28}}
Sep 28 16:33:29.427768 dv-neutron-859645-1-hyperv devstack@keystone.service[88390]: DEBUG keystone.server.flask.request_processing.req_logging [None req-2abeb748-d587-48c1-bd9e-8e42ac8e6d94 None admin] PATH_INFO: `/v3/auth/tokens` {{(pid=88390) log_request_info /opt/stack/keystone/keystone/server/flask/request_processing/req_logging.py:29}}
Sep 28 16:33:29.442794 dv-neutron-859645-1-hyperv devstack@keystone.service[88389]: DEBUG keystone.server.flask.request_processing.middleware.auth_context [None req-81d48730-79a0-4f1f-8dc8-e5af1177525b None admin] RBAC: auth_context: {'token': , 'domain_id': None, 'trust_id': None, 'trustor_id': None, 'trustee_id': None, 'domain_name': None, 'group_ids': [], 'user_id': '9baa36feb0b141feb7b6d28fd0145383', 'user_domain_id': 'default', 'system_scope': 'all', 'project_id': None, 'project_domain_id': None, 'roles': ['admin', 'member', 'reader'], 'is_admin_project': True, 'service_user_id': None, 'service_user_domain_id': None, 'service_project_id': None, 'service_project_domain_id': None, 'service_roles': []} {{(pid=88389) fill_context /opt/stack/keystone/keystone/server/flask/request_processing/middleware/auth_context.py:478}}
Sep 28 16:33:29.443198 dv-neutron-859645-1-hyperv devstack@keystone.service[88389]: DEBUG keystone.server.flask.request_processing.req_logging [None req-81d48730-79a0-4f1f-8dc8-e5af1177525b None admin] REQUEST_METHOD: `GET` {{(pid=88389) log_request_info /opt/stack/keystone/keystone/server/flask/request_processing/req_logging.py:27}}
Sep 28 16:33:29.443473 dv-neutron-859645-1-hyperv devstack@keystone.service[88389]: DEBUG keystone.server.flask.request_processing.req_logging [None req-81d48730-79a0-4f1f-8dc8-e5af1177525b None admin] SCRIPT_NAME: `/identity` {{(pid=88389) log_request_info /opt/stack/keystone/keystone/server/flask/request_processing/req_logging.py:28}}
Sep 28 16:33:29.443744 dv-neutron-859645-1-hyperv devstack@keystone.service[88389]: DEBUG keystone.server.flask.request_processing.req_logging [None req-81d48730-79a0-4f1f-8dc8-e5af1177525b None admin] PATH_INFO: `/v3/users/17fe23ac71004a21b9c4b5ddf704eef3` {{(pid=88389) log_request_info /opt/stack/keystone/keystone/server/flask/request_processing/req_logging.py:29}}
Sep 28 16:33:29.444878 dv-neutron-859645-1-hyperv devstack@keystone.service[88389]: DEBUG keystone.common.rbac_enforcer.enforcer [None req-81d48730-79a0-4f1f-8dc8-e5af1177525b None admin] RBAC: Authorizing `identity:get_user(user_id=17fe23ac71004a21b9c4b5ddf704eef3)` {{(pid=88389) enforce_call /opt/stack/keystone/keystone/common/rbac_enforcer/enforcer.py:449}}
Sep 28 16:33:29.447604 dv-neutron-859645-1-hyperv devstack@keystone.service[88389]: DEBUG keystone.common.rbac_enforcer.enforcer [None req-81d48730-79a0-4f1f-8dc8-e5af1177525b None admin] RBAC: Authorization granted {{(pid=88389) enforce_call /opt/stack/keystone/keystone/common/rbac_enforcer/enforcer.py:457}}
Sep 28 16:33:29.453797 dv-neutron-859645-1-hyperv devstack@keystone.service[88389]: [pid: 88389|app: 0|req: 117/224] 10.222.0.26 () {56 vars in 1177 bytes} [Wed Sep 28 16:33:29 2022] GET /identity/v3/users/17fe23ac71004a21b9c4b5ddf704eef3 => generated 283 bytes in 176 msecs (HTTP/1.1 200) 5 headers in 177 bytes (1 switches on core 0)
Sep 28 16:33:29.455006 dv-neutron-859645-1-hyperv devstack@keystone.service[88389]: DEBUG keystone.server.flask.request_processing.middleware.auth_context [None req-81d48730-79a0-4f1f-8dc8-e5af1177525b None admin] Authenticating user token {{(pid=88389) process_request /usr/local/lib/python3.8/dist-packages/keystonemiddleware/auth_token/__init__.py:407}}
Sep 28 16:33:29.491169 dv-neutron-859645-1-hyperv devstack@keystone.service[88389]: DEBUG dbcounter [-] [88389] Writing DB stats keystone:SELECT=100 {{(pid=88389) stat_writer /usr/local/lib/python3.8/dist-packages/dbcounter.py:114}}
Sep 28 16:33:29.523185 dv-neutron-859645-1-hyperv devstack@keystone.service[88390]: DEBUG keystone.common.rbac_enforcer.enforcer [None req-2abeb748-d587-48c1-bd9e-8e42ac8e6d94 None admin] RBAC: Authorizing `identity:validate_token()` {{(pid=88390) enforce_call /opt/stack/keystone/keystone/common/rbac_enforcer/enforcer.py:449}}
Sep 28 16:33:29.525770 dv-neutron-859645-1-hyperv devstack@keystone.service[88390]: DEBUG keystone.common.rbac_enforcer.enforcer [None req-2abeb748-d587-48c1-bd9e-8e42ac8e6d94 None admin] RBAC: Authorization granted {{(pid=88390) enforce_call /opt/stack/keystone/keystone/common/rbac_enforcer/enforcer.py:457}}
Sep 28 16:33:29.542309 dv-neutron-859645-1-hyperv devstack@keystone.service[88390]: DEBUG dbcounter [-] [88390] Writing DB stats keystone:SELECT=100 {{(pid=88390) stat_writer /usr/local/lib/python3.8/dist-packages/dbcounter.py:114}}
Sep 28 16:33:29.588723 dv-neutron-859645-1-hyperv devstack@keystone.service[88389]: DEBUG keystone.server.flask.request_processing.middleware.auth_context [None req-81d48730-79a0-4f1f-8dc8-e5af1177525b None admin] Validating token access rules against request {{(pid=88389) validate_allowed_request /usr/local/lib/python3.8/dist-packages/keystonemiddleware/auth_token/__init__.py:545}}
Sep 28 16:33:29.626743 dv-neutron-859645-1-hyperv devstack@keystone.service[88389]: DEBUG keystone.server.flask.request_processing.middleware.auth_context [None req-435a6a68-3d70-4b1e-9133-d2e2fd6ef063 None admin] RBAC: auth_context: {'token': , 'domain_id': None, 'trust_id': None, 'trustor_id': None, 'trustee_id': None, 'domain_name': None, 'group_ids': [], 'user_id': '9baa36feb0b141feb7b6d28fd0145383', 'user_domain_id': 'default', 'system_scope': 'all', 'project_id': None, 'project_domain_id': None, 'roles': ['admin', 'member', 'reader'], 'is_admin_project': True, 'service_user_id': None, 'service_user_domain_id': None, 'service_project_id': None, 'service_project_domain_id': None, 'service_roles': []} {{(pid=88389) fill_context /opt/stack/keystone/keystone/server/flask/request_processing/middleware/auth_context.py:478}}
Sep 28 16:33:29.627378 dv-neutron-859645-1-hyperv devstack@keystone.service[88389]: DEBUG keystone.server.flask.request_processing.req_logging [None req-435a6a68-3d70-4b1e-9133-d2e2fd6ef063 None admin] REQUEST_METHOD: `GET` {{(pid=88389) log_request_info /opt/stack/keystone/keystone/server/flask/request_processing/req_logging.py:27}}
Sep 28 16:33:29.627655 dv-neutron-859645-1-hyperv devstack@keystone.service[88389]: DEBUG keystone.server.flask.request_processing.req_logging [None req-435a6a68-3d70-4b1e-9133-d2e2fd6ef063 None admin] SCRIPT_NAME: `/identity` {{(pid=88389) log_request_info /opt/stack/keystone/keystone/server/flask/request_processing/req_logging.py:28}}
Sep 28 16:33:29.627927 dv-neutron-859645-1-hyperv devstack@keystone.service[88389]: DEBUG keystone.server.flask.request_processing.req_logging [None req-435a6a68-3d70-4b1e-9133-d2e2fd6ef063 None admin] PATH_INFO: `/v3/projects/0405539a36bd4ecd9de66472cfb12b82` {{(pid=88389) log_request_info /opt/stack/keystone/keystone/server/flask/request_processing/req_logging.py:29}}
Sep 28 16:33:29.629066 dv-neutron-859645-1-hyperv devstack@keystone.service[88389]: DEBUG keystone.common.rbac_enforcer.enforcer [None req-435a6a68-3d70-4b1e-9133-d2e2fd6ef063 None admin] RBAC: Authorizing `identity:get_project(project_id=0405539a36bd4ecd9de66472cfb12b82)` {{(pid=88389) enforce_call /opt/stack/keystone/keystone/common/rbac_enforcer/enforcer.py:449}}
Sep 28 16:33:29.630648 dv-neutron-859645-1-hyperv devstack@keystone.service[88389]: DEBUG keystone.common.rbac_enforcer.enforcer [None req-435a6a68-3d70-4b1e-9133-d2e2fd6ef063 None admin] RBAC: Authorization granted {{(pid=88389) enforce_call /opt/stack/keystone/keystone/common/rbac_enforcer/enforcer.py:457}}
Sep 28 16:33:29.632598 dv-neutron-859645-1-hyperv devstack@keystone.service[88389]: [pid: 88389|app: 0|req: 118/225] 10.222.0.26 () {56 vars in 1186 bytes} [Wed Sep 28 16:33:29 2022] GET /identity/v3/projects/0405539a36bd4ecd9de66472cfb12b82 => generated 302 bytes in 178 msecs (HTTP/1.1 200) 5 headers in 177 bytes (1 switches on core 0)
Sep 28 16:33:29.633462 dv-neutron-859645-1-hyperv devstack@keystone.service[88389]: DEBUG keystone.server.flask.request_processing.middleware.auth_context [None req-435a6a68-3d70-4b1e-9133-d2e2fd6ef063 None admin] Authenticating user token {{(pid=88389) process_request /usr/local/lib/python3.8/dist-packages/keystonemiddleware/auth_token/__init__.py:407}}
Sep 28 16:33:29.664664 dv-neutron-859645-1-hyperv devstack@keystone.service[88390]: [pid: 88390|app: 0|req: 108/226] 10.222.0.26 () {58 vars in 1282 bytes} [Wed Sep 28 16:33:29 2022] GET /identity/v3/auth/tokens => generated 799 bytes in 435 msecs (HTTP/1.1 200) 6 headers in 358 bytes (1 switches on core 0)
Sep 28 16:33:29.666450 dv-neutron-859645-1-hyperv devstack@keystone.service[88390]: DEBUG keystone.server.flask.request_processing.middleware.auth_context [None req-2abeb748-d587-48c1-bd9e-8e42ac8e6d94 None admin] Authenticating user token {{(pid=88390) process_request /usr/local/lib/python3.8/dist-packages/keystonemiddleware/auth_token/__init__.py:407}}
Sep 28 16:33:29.738096 dv-neutron-859645-1-hyperv devstack@keystone.service[88389]: DEBUG dbcounter [-] [88389] Writing DB stats keystone:SELECT=100 {{(pid=88389) stat_writer /usr/local/lib/python3.8/dist-packages/dbcounter.py:114}}
Sep 28 16:33:29.744961 dv-neutron-859645-1-hyperv devstack@keystone.service[88389]: DEBUG keystone.server.flask.request_processing.middleware.auth_context [None req-435a6a68-3d70-4b1e-9133-d2e2fd6ef063 None admin] Validating token access rules against request {{(pid=88389) validate_allowed_request /usr/local/lib/python3.8/dist-packages/keystonemiddleware/auth_token/__init__.py:545}}
Sep 28 16:33:29.781121 dv-neutron-859645-1-hyperv devstack@keystone.service[88390]: DEBUG keystone.server.flask.request_processing.middleware.auth_context [None req-2abeb748-d587-48c1-bd9e-8e42ac8e6d94 None admin] Validating token access rules against request {{(pid=88390) validate_allowed_request /usr/local/lib/python3.8/dist-packages/keystonemiddleware/auth_token/__init__.py:545}}
Sep 28 16:33:29.781570 dv-neutron-859645-1-hyperv devstack@keystone.service[88389]: DEBUG keystone.server.flask.request_processing.middleware.auth_context [None req-8706d7d2-0f5b-4566-9e37-cd14d7d2c381 None admin] RBAC: auth_context: {'token': , 'domain_id': None, 'trust_id': None, 'trustor_id': None, 'trustee_id': None, 'domain_name': None, 'group_ids': [], 'user_id': '9baa36feb0b141feb7b6d28fd0145383', 'user_domain_id': 'default', 'system_scope': 'all', 'project_id': None, 'project_domain_id': None, 'roles': ['admin', 'member', 'reader'], 'is_admin_project': True, 'service_user_id': None, 'service_user_domain_id': None, 'service_project_id': None, 'service_project_domain_id': None, 'service_roles': []} {{(pid=88389) fill_context /opt/stack/keystone/keystone/server/flask/request_processing/middleware/auth_context.py:478}}
Sep 28 16:33:29.782243 dv-neutron-859645-1-hyperv devstack@keystone.service[88389]: DEBUG keystone.server.flask.request_processing.req_logging [None req-8706d7d2-0f5b-4566-9e37-cd14d7d2c381 None admin] REQUEST_METHOD: `GET` {{(pid=88389) log_request_info /opt/stack/keystone/keystone/server/flask/request_processing/req_logging.py:27}}
Sep 28 16:33:29.782611 dv-neutron-859645-1-hyperv devstack@keystone.service[88389]: DEBUG keystone.server.flask.request_processing.req_logging [None req-8706d7d2-0f5b-4566-9e37-cd14d7d2c381 None admin] SCRIPT_NAME: `/identity` {{(pid=88389) log_request_info /opt/stack/keystone/keystone/server/flask/request_processing/req_logging.py:28}}
Sep 28 16:33:29.782892 dv-neutron-859645-1-hyperv devstack@keystone.service[88389]: DEBUG keystone.server.flask.request_processing.req_logging [None req-8706d7d2-0f5b-4566-9e37-cd14d7d2c381 None admin] PATH_INFO: `/v3/roles/anotherrole` {{(pid=88389) log_request_info /opt/stack/keystone/keystone/server/flask/request_processing/req_logging.py:29}}
Sep 28 16:33:29.793728 dv-neutron-859645-1-hyperv devstack@keystone.service[88389]: DEBUG keystone.common.rbac_enforcer.enforcer [None req-8706d7d2-0f5b-4566-9e37-cd14d7d2c381 None admin] Extracting inferred target data resulted in "NOT FOUND (404)". {{(pid=88389) enforce_call /opt/stack/keystone/keystone/common/rbac_enforcer/enforcer.py:409}}
Sep 28 16:33:29.795297 dv-neutron-859645-1-hyperv devstack@keystone.service[88390]: DEBUG dbcounter [-] [88390] Writing DB stats keystone:SELECT=100 {{(pid=88390) stat_writer /usr/local/lib/python3.8/dist-packages/dbcounter.py:114}}
Sep 28 16:33:29.798716 dv-neutron-859645-1-hyperv devstack@keystone.service[88389]: ERROR keystone.server.flask.application [None req-8706d7d2-0f5b-4566-9e37-cd14d7d2c381 None admin] Could not find role: anotherrole.: keystone.exception.RoleNotFound: Could not find role: anotherrole.
Sep 28 16:33:29.798716 dv-neutron-859645-1-hyperv devstack@keystone.service[88389]: ERROR keystone.server.flask.application
Traceback (most recent call last):
Sep 28 16:33:29.798716 dv-neutron-859645-1-hyperv devstack@keystone.service[88389]: ERROR keystone.server.flask.application
File "/usr/local/lib/python3.8/dist-packages/flask/app.py", line 1820, in full_dispatch_request
Sep 28 16:33:29.798716 dv-neutron-859645-1-hyperv devstack@keystone.service[88389]: ERROR keystone.server.flask.application rv = self.dispatch_request()
Sep 28 16:33:29.798716 dv-neutron-859645-1-hyperv devstack@keystone.service[88389]: ERROR keystone.server.flask.application
File "/usr/local/lib/python3.8/dist-packages/flask/app.py", line 1796, in dispatch_request
Sep 28 16:33:29.798716 dv-neutron-859645-1-hyperv devstack@keystone.service[88389]: ERROR keystone.server.flask.application return self.ensure_sync(self.view_functions[rule.endpoint])(**view_args)
Sep 28 16:33:29.798716 dv-neutron-859645-1-hyperv devstack@keystone.service[88389]: ERROR keystone.server.flask.application
File "/usr/local/lib/python3.8/dist-packages/flask_restful/__init__.py", line 467, in wrapper
Sep 28 16:33:29.798716 dv-neutron-859645-1-hyperv devstack@keystone.service[88389]: ERROR keystone.server.flask.application resp = resource(*args, **kwargs)
Sep 28 16:33:29.798716 dv-neutron-859645-1-hyperv devstack@keystone.service[88389]: ERROR keystone.server.flask.application
File "/usr/local/lib/python3.8/dist-packages/flask/views.py", line 107, in view
Sep 28 16:33:29.798716 dv-neutron-859645-1-hyperv devstack@keystone.service[88389]: ERROR keystone.server.flask.application return current_app.ensure_sync(self.dispatch_request)(**kwargs)
Sep 28 16:33:29.798716 dv-neutron-859645-1-hyperv devstack@keystone.service[88389]: ERROR keystone.server.flask.application
File "/usr/local/lib/python3.8/dist-packages/flask_restful/__init__.py", line 582, in dispatch_request
Sep 28 16:33:29.798716 dv-neutron-859645-1-hyperv devstack@keystone.service[88389]: ERROR keystone.server.flask.application resp = meth(*args, **kwargs)
Sep 28 16:33:29.798716 dv-neutron-859645-1-hyperv devstack@keystone.service[88389]: ERROR keystone.server.flask.application
File "/opt/stack/keystone/keystone/api/roles.py", line 50, in get
Sep 28 16:33:29.798716 dv-neutron-859645-1-hyperv devstack@keystone.service[88389]: ERROR keystone.server.flask.application return self._get_role(role_id)
Sep 28 16:33:29.798716 dv-neutron-859645-1-hyperv devstack@keystone.service[88389]: ERROR keystone.server.flask.application
File "/opt/stack/keystone/keystone/api/roles.py", line 70, in _get_role
Sep 28 16:33:29.798716 dv-neutron-859645-1-hyperv devstack@keystone.service[88389]: ERROR keystone.server.flask.application ENFORCER.enforce_call(action='identity:get_role')
Sep 28 16:33:29.801850 dv-neutron-859645-1-hyperv devstack@keystone.service[88389]: ERROR keystone.server.flask.application
File "/opt/stack/keystone/keystone/common/rbac_enforcer/enforcer.py", line 402, in enforce_call
Sep 28 16:33:29.801850 dv-neutron-859645-1-hyperv devstack@keystone.service[88389]: ERROR keystone.server.flask.application policy_dict.update(cls._extract_member_target_data(
Sep 28 16:33:29.801850 dv-neutron-859645-1-hyperv devstack@keystone.service[88389]: ERROR keystone.server.flask.application
File "/opt/stack/keystone/keystone/common/rbac_enforcer/enforcer.py", line 234, in _extract_member_target_data
Sep 28 16:33:29.801850 dv-neutron-859645-1-hyperv devstack@keystone.service[88389]: ERROR keystone.server.flask.application member_name: func(flask.request.view_args[key])
Sep 28 16:33:29.801850 dv-neutron-859645-1-hyperv devstack@keystone.service[88389]: ERROR keystone.server.flask.application
File "/opt/stack/keystone/keystone/common/manager.py", line 115, in wrapped
Sep 28 16:33:29.801850 dv-neutron-859645-1-hyperv devstack@keystone.service[88389]: ERROR keystone.server.flask.application __ret_val = __f(*args, **kwargs)
Sep 28 16:33:29.801850 dv-neutron-859645-1-hyperv devstack@keystone.service[88389]: ERROR keystone.server.flask.application
File "/usr/local/lib/python3.8/dist-packages/decorator.py", line 232, in fun
Sep 28 16:33:29.801850 dv-neutron-859645-1-hyperv devstack@keystone.service[88389]: ERROR keystone.server.flask.application return caller(func, *(extras + args), **kw)
Sep 28 16:33:29.801850 dv-neutron-859645-1-hyperv devstack@keystone.service[88389]: ERROR keystone.server.flask.application
File "/usr/local/lib/python3.8/dist-packages/dogpile/cache/region.py", line 1577, in get_or_create_for_user_func
Sep 28 16:33:29.801850 dv-neutron-859645-1-hyperv devstack@keystone.service[88389]: ERROR keystone.server.flask.application return self.get_or_create(
Sep 28 16:33:29.801850 dv-neutron-859645-1-hyperv devstack@keystone.service[88389]: ERROR keystone.server.flask.application
File "/usr/local/lib/python3.8/dist-packages/dogpile/cache/region.py", line 1042, in get_or_create
Sep 28 16:33:29.801850 dv-neutron-859645-1-hyperv devstack@keystone.service[88389]: ERROR keystone.server.flask.application with Lock(
Sep 28 16:33:29.801850 dv-neutron-859645-1-hyperv devstack@keystone.service[88389]: ERROR keystone.server.flask.application
File "/usr/local/lib/python3.8/dist-packages/dogpile/lock.py", line 185, in __enter__
Sep 28 16:33:29.801850 dv-neutron-859645-1-hyperv devstack@keystone.service[88389]: ERROR keystone.server.flask.application return self._enter()
Sep 28 16:33:29.801850 dv-neutron-859645-1-hyperv devstack@keystone.service[88389]: ERROR keystone.server.flask.application
File "/usr/local/lib/python3.8/dist-packages/dogpile/lock.py", line 94, in _enter
Sep 28 16:33:29.801850 dv-neutron-859645-1-hyperv devstack@keystone.service[88389]: ERROR keystone.server.flask.application generated = self._enter_create(value, createdtime)
Sep 28 16:33:29.803291 dv-neutron-859645-1-hyperv devstack@keystone.service[88389]: ERROR keystone.server.flask.application
File "/usr/local/lib/python3.8/dist-packages/dogpile/lock.py", line 178, in _enter_create
Sep 28 16:33:29.803291 dv-neutron-859645-1-hyperv devstack@keystone.service[88389]: ERROR keystone.server.flask.application return self.creator()
Sep 28 16:33:29.803291 dv-neutron-859645-1-hyperv devstack@keystone.service[88389]: ERROR keystone.server.flask.application
File "/usr/local/lib/python3.8/dist-packages/dogpile/cache/region.py", line 995, in gen_value
Sep 28 16:33:29.803291 dv-neutron-859645-1-hyperv devstack@keystone.service[88389]: ERROR keystone.server.flask.application created_value = creator(
Sep 28 16:33:29.803291 dv-neutron-859645-1-hyperv devstack@keystone.service[88389]: ERROR keystone.server.flask.application
File "/opt/stack/keystone/keystone/assignment/core.py", line 1276, in get_role
Sep 28 16:33:29.803291 dv-neutron-859645-1-hyperv devstack@keystone.service[88389]: ERROR keystone.server.flask.application return self.driver.get_role(role_id)
Sep 28 16:33:29.803291 dv-neutron-859645-1-hyperv devstack@keystone.service[88389]: ERROR keystone.server.flask.application
File "/opt/stack/keystone/keystone/assignment/role_backends/sql.py", line 70, in get_role
Sep 28 16:33:29.803291 dv-neutron-859645-1-hyperv devstack@keystone.service[88389]: ERROR keystone.server.flask.application return self._get_role(session, role_id).to_dict()
Sep 28 16:33:29.803291 dv-neutron-859645-1-hyperv devstack@keystone.service[88389]: ERROR keystone.server.flask.application
File "/opt/stack/keystone/keystone/assignment/role_backends/sql.py", line 65, in _get_role
Sep 28 16:33:29.803291 dv-neutron-859645-1-hyperv devstack@keystone.service[88389]: ERROR keystone.server.flask.application raise exception.RoleNotFound(role_id=role_id)
Sep 28 16:33:29.803291 dv-neutron-859645-1-hyperv devstack@keystone.service[88389]: ERROR keystone.server.flask.application keystone.exception.RoleNotFound: Could not find role: anotherrole.
Sep 28 16:33:29.803291 dv-neutron-859645-1-hyperv devstack@keystone.service[88389]: ERROR keystone.server.flask.application
Sep 28 16:33:29.803291 dv-neutron-859645-1-hyperv devstack@keystone.service[88389]: [pid: 88389|app: 0|req: 119/227] 10.222.0.26 () {56 vars in 1114 bytes} [Wed Sep 28 16:33:29 2022] GET /identity/v3/roles/anotherrole => generated 89 bytes in 167 msecs (HTTP/1.1 404) 5 headers in 183 bytes (1 switches on core 0)
Sep 28 16:33:29.803291 dv-neutron-859645-1-hyperv devstack@keystone.service[88389]: DEBUG keystone.server.flask.request_processing.middleware.auth_context [None req-8706d7d2-0f5b-4566-9e37-cd14d7d2c381 None admin] Authenticating user token {{(pid=88389) process_request /usr/local/lib/python3.8/dist-packages/keystonemiddleware/auth_token/__init__.py:407}}
Sep 28 16:33:29.825566 dv-neutron-859645-1-hyperv devstack@keystone.service[88390]: DEBUG keystone.server.flask.request_processing.middleware.auth_context [None req-7fe28342-e196-4143-9d07-35633934efaf None admin] RBAC: auth_context: {'token': , 'domain_id': None, 'trust_id': None, 'trustor_id': None, 'trustee_id': None, 'domain_name': None, 'group_ids': [], 'user_id': '9baa36feb0b141feb7b6d28fd0145383', 'user_domain_id': 'default', 'system_scope': 'all', 'project_id': None, 'project_domain_id': None, 'roles': ['admin', 'member', 'reader'], 'is_admin_project': True, 'service_user_id': None, 'service_user_domain_id': None, 'service_project_id': None, 'service_project_domain_id': None, 'service_roles': []} {{(pid=88390) fill_context /opt/stack/keystone/keystone/server/flask/request_processing/middleware/auth_context.py:478}}
Sep 28 16:33:29.826683 dv-neutron-859645-1-hyperv devstack@keystone.service[88390]: DEBUG keystone.server.flask.request_processing.req_logging [None req-7fe28342-e196-4143-9d07-35633934efaf None admin] REQUEST_METHOD: `PUT` {{(pid=88390) log_request_info /opt/stack/keystone/keystone/server/flask/request_processing/req_logging.py:27}}
Sep 28 16:33:29.827181 dv-neutron-859645-1-hyperv devstack@keystone.service[88390]: DEBUG keystone.server.flask.request_processing.req_logging [None req-7fe28342-e196-4143-9d07-35633934efaf None admin] SCRIPT_NAME: `/identity` {{(pid=88390) log_request_info /opt/stack/keystone/keystone/server/flask/request_processing/req_logging.py:28}}
Sep 28 16:33:29.827646 dv-neutron-859645-1-hyperv devstack@keystone.service[88390]: DEBUG keystone.server.flask.request_processing.req_logging [None req-7fe28342-e196-4143-9d07-35633934efaf None admin] PATH_INFO: `/v3/projects/0405539a36bd4ecd9de66472cfb12b82/users/17fe23ac71004a21b9c4b5ddf704eef3/roles/26763192bb1d4197b291f16663820b9f` {{(pid=88390) log_request_info /opt/stack/keystone/keystone/server/flask/request_processing/req_logging.py:29}}
Sep 28 16:33:29.829885 dv-neutron-859645-1-hyperv devstack@keystone.service[88390]: DEBUG keystone.common.rbac_enforcer.enforcer [None req-7fe28342-e196-4143-9d07-35633934efaf None admin] RBAC: Authorizing `identity:create_grant(project_id=0405539a36bd4ecd9de66472cfb12b82, user_id=17fe23ac71004a21b9c4b5ddf704eef3, role_id=26763192bb1d4197b291f16663820b9f)` {{(pid=88390) enforce_call /opt/stack/keystone/keystone/common/rbac_enforcer/enforcer.py:449}}
Sep 28 16:33:29.831606 dv-neutron-859645-1-hyperv devstack@keystone.service[88390]: DEBUG keystone.common.rbac_enforcer.enforcer [None req-7fe28342-e196-4143-9d07-35633934efaf None admin] RBAC: Authorization granted {{(pid=88390) enforce_call /opt/stack/keystone/keystone/common/rbac_enforcer/enforcer.py:457}}
Sep 28 16:33:29.851501 dv-neutron-859645-1-hyperv devstack@keystone.service[88390]: [pid: 88390|app: 0|req: 109/228] 10.222.0.26 () {58 vars in 1439 bytes} [Wed Sep 28 16:33:29 2022] PUT /identity/v3/projects/0405539a36bd4ecd9de66472cfb12b82/users/17fe23ac71004a21b9c4b5ddf704eef3/roles/26763192bb1d4197b291f16663820b9f => generated 0 bytes in 186 msecs (HTTP/1.1 204) 3 headers in 132 bytes (0 switches on core 0)
Sep 28 16:33:29.863326 dv-neutron-859645-1-hyperv devstack@keystone.service[88390]: DEBUG keystone.server.flask.request_processing.middleware.auth_context [None req-7fe28342-e196-4143-9d07-35633934efaf None admin] Authenticating user token {{(pid=88390) process_request /usr/local/lib/python3.8/dist-packages/keystonemiddleware/auth_token/__init__.py:407}}
Sep 28 16:33:29.979460 dv-neutron-859645-1-hyperv devstack@keystone.service[88390]: DEBUG keystone.server.flask.request_processing.middleware.auth_context [None req-7fe28342-e196-4143-9d07-35633934efaf None admin] Validating token access rules against request {{(pid=88390) validate_allowed_request /usr/local/lib/python3.8/dist-packages/keystonemiddleware/auth_token/__init__.py:545}}
Sep 28 16:33:30.018310 dv-neutron-859645-1-hyperv devstack@keystone.service[88389]: DEBUG keystone.server.flask.request_processing.middleware.auth_context [None req-8706d7d2-0f5b-4566-9e37-cd14d7d2c381 None admin] Validating token access rules against request {{(pid=88389) validate_allowed_request /usr/local/lib/python3.8/dist-packages/keystonemiddleware/auth_token/__init__.py:545}}
Sep 28 16:33:30.046456 dv-neutron-859645-1-hyperv devstack@keystone.service[88390]: DEBUG keystone.server.flask.request_processing.middleware.auth_context [None req-d595b9d5-7307-47f3-82bf-54a38d325bac None admin] RBAC: auth_context: {'token': , 'domain_id': None, 'trust_id': None, 'trustor_id': None, 'trustee_id': None, 'domain_name': None, 'group_ids': [], 'user_id': '9baa36feb0b141feb7b6d28fd0145383', 'user_domain_id': 'default', 'system_scope': 'all', 'project_id': None, 'project_domain_id': None, 'roles': ['admin', 'member', 'reader'], 'is_admin_project': True, 'service_user_id': None, 'service_user_domain_id': None, 'service_project_id': None, 'service_project_domain_id': None, 'service_roles': []} {{(pid=88390) fill_context /opt/stack/keystone/keystone/server/flask/request_processing/middleware/auth_context.py:478}}
Sep 28 16:33:30.048930 dv-neutron-859645-1-hyperv devstack@keystone.service[88390]: DEBUG keystone.server.flask.request_processing.req_logging [None req-d595b9d5-7307-47f3-82bf-54a38d325bac None admin] REQUEST_METHOD: `GET` {{(pid=88390) log_request_info /opt/stack/keystone/keystone/server/flask/request_processing/req_logging.py:27}}
Sep 28 16:33:30.049460 dv-neutron-859645-1-hyperv devstack@keystone.service[88390]: DEBUG keystone.server.flask.request_processing.req_logging [None req-d595b9d5-7307-47f3-82bf-54a38d325bac None admin] SCRIPT_NAME: `/identity` {{(pid=88390) log_request_info /opt/stack/keystone/keystone/server/flask/request_processing/req_logging.py:28}}
Sep 28 16:33:30.049943 dv-neutron-859645-1-hyperv devstack@keystone.service[88390]: DEBUG keystone.server.flask.request_processing.req_logging [None req-d595b9d5-7307-47f3-82bf-54a38d325bac None admin] PATH_INFO: `/v3/roles` {{(pid=88390) log_request_info /opt/stack/keystone/keystone/server/flask/request_processing/req_logging.py:29}}
Sep 28 16:33:30.051104 dv-neutron-859645-1-hyperv devstack@keystone.service[88390]: DEBUG keystone.common.rbac_enforcer.enforcer [None req-d595b9d5-7307-47f3-82bf-54a38d325bac None admin] RBAC: Adding query filter params (name=anotherrole) {{(pid=88390) _extract_filter_values /opt/stack/keystone/keystone/common/rbac_enforcer/enforcer.py:167}}
Sep 28 16:33:30.052742 dv-neutron-859645-1-hyperv devstack@keystone.service[88390]: DEBUG keystone.common.rbac_enforcer.enforcer [None req-d595b9d5-7307-47f3-82bf-54a38d325bac None admin] RBAC: Authorizing `identity:list_roles()` {{(pid=88390) enforce_call /opt/stack/keystone/keystone/common/rbac_enforcer/enforcer.py:449}}
Sep 28 16:33:30.054554 dv-neutron-859645-1-hyperv devstack@keystone.service[88390]: DEBUG keystone.common.rbac_enforcer.enforcer [None req-d595b9d5-7307-47f3-82bf-54a38d325bac None admin] RBAC: Authorization granted {{(pid=88390) enforce_call /opt/stack/keystone/keystone/common/rbac_enforcer/enforcer.py:457}}
Sep 28 16:33:30.074325 dv-neutron-859645-1-hyperv devstack@keystone.service[88390]: [pid: 88390|app: 0|req: 110/229] 10.222.0.26 () {56 vars in 1111 bytes} [Wed Sep 28 16:33:29 2022] GET /identity/v3/roles?name=anotherrole => generated 334 bytes in 212 msecs (HTTP/1.1 200) 5 headers in 177 bytes (1 switches on core 0)
Sep 28 16:33:30.080116 dv-neutron-859645-1-hyperv devstack@keystone.service[88390]: DEBUG keystone.server.flask.request_processing.middleware.auth_context [None req-d595b9d5-7307-47f3-82bf-54a38d325bac None admin] Authenticating user token {{(pid=88390) process_request /usr/local/lib/python3.8/dist-packages/keystonemiddleware/auth_token/__init__.py:407}}
Sep 28 16:33:30.093184 dv-neutron-859645-1-hyperv devstack@keystone.service[88389]: DEBUG keystone.server.flask.request_processing.middleware.auth_context [None req-9c4a87c3-e1f2-49ed-9cb4-0c595e3901b3 None admin] RBAC: auth_context: {'token': , 'domain_id': None, 'trust_id': None, 'trustor_id': None, 'trustee_id': None, 'domain_name': None, 'group_ids': [], 'user_id': '9baa36feb0b141feb7b6d28fd0145383', 'user_domain_id': 'default', 'system_scope': 'all', 'project_id': None, 'project_domain_id': None, 'roles': ['admin', 'member', 'reader'], 'is_admin_project': True, 'service_user_id': None, 'service_user_domain_id': None, 'service_project_id': None, 'service_project_domain_id': None, 'service_roles': []} {{(pid=88389) fill_context /opt/stack/keystone/keystone/server/flask/request_processing/middleware/auth_context.py:478}}
Sep 28 16:33:30.094238 dv-neutron-859645-1-hyperv devstack@keystone.service[88389]: DEBUG keystone.server.flask.request_processing.req_logging [None req-9c4a87c3-e1f2-49ed-9cb4-0c595e3901b3 None admin] REQUEST_METHOD: `GET` {{(pid=88389) log_request_info /opt/stack/keystone/keystone/server/flask/request_processing/req_logging.py:27}}
Sep 28 16:33:30.094737 dv-neutron-859645-1-hyperv devstack@keystone.service[88389]: DEBUG keystone.server.flask.request_processing.req_logging [None req-9c4a87c3-e1f2-49ed-9cb4-0c595e3901b3 None admin] SCRIPT_NAME: `/identity` {{(pid=88389) log_request_info /opt/stack/keystone/keystone/server/flask/request_processing/req_logging.py:28}}
Sep 28 16:33:30.095226 dv-neutron-859645-1-hyperv devstack@keystone.service[88389]: DEBUG keystone.server.flask.request_processing.req_logging [None req-9c4a87c3-e1f2-49ed-9cb4-0c595e3901b3 None admin] PATH_INFO: `/v3/projects/0405539a36bd4ecd9de66472cfb12b82` {{(pid=88389) log_request_info /opt/stack/keystone/keystone/server/flask/request_processing/req_logging.py:29}}
Sep 28 16:33:30.096736 dv-neutron-859645-1-hyperv devstack@keystone.service[88389]: DEBUG keystone.common.rbac_enforcer.enforcer [None req-9c4a87c3-e1f2-49ed-9cb4-0c595e3901b3 None admin] RBAC: Authorizing `identity:get_project(project_id=0405539a36bd4ecd9de66472cfb12b82)` {{(pid=88389) enforce_call /opt/stack/keystone/keystone/common/rbac_enforcer/enforcer.py:449}}
Sep 28 16:33:30.098529 dv-neutron-859645-1-hyperv devstack@keystone.service[88389]: DEBUG keystone.common.rbac_enforcer.enforcer [None req-9c4a87c3-e1f2-49ed-9cb4-0c595e3901b3 None admin] RBAC: Authorization granted {{(pid=88389) enforce_call /opt/stack/keystone/keystone/common/rbac_enforcer/enforcer.py:457}}
Sep 28 16:33:30.100541 dv-neutron-859645-1-hyperv devstack@keystone.service[88389]: [pid: 88389|app: 0|req: 120/230] 10.222.0.26 () {56 vars in 1186 bytes} [Wed Sep 28 16:33:29 2022] GET /identity/v3/projects/0405539a36bd4ecd9de66472cfb12b82 => generated 302 bytes in 300 msecs (HTTP/1.1 200) 5 headers in 177 bytes (1 switches on core 0)
Sep 28 16:33:30.109031 dv-neutron-859645-1-hyperv devstack@keystone.service[88389]: DEBUG keystone.server.flask.request_processing.middleware.auth_context [None req-9c4a87c3-e1f2-49ed-9cb4-0c595e3901b3 None admin] Authenticating user token {{(pid=88389) process_request /usr/local/lib/python3.8/dist-packages/keystonemiddleware/auth_token/__init__.py:407}}
Sep 28 16:33:30.119259 dv-neutron-859645-1-hyperv devstack@keystone.service[88390]: DEBUG dbcounter [-] [88390] Writing DB stats keystone:SELECT=99,keystone:INSERT=1 {{(pid=88390) stat_writer /usr/local/lib/python3.8/dist-packages/dbcounter.py:114}}
Sep 28 16:33:30.147062 dv-neutron-859645-1-hyperv devstack@keystone.service[88389]: DEBUG dbcounter [-] [88389] Writing DB stats keystone:SELECT=100 {{(pid=88389) stat_writer /usr/local/lib/python3.8/dist-packages/dbcounter.py:114}}
Sep 28 16:33:30.216469 dv-neutron-859645-1-hyperv devstack@keystone.service[88390]: DEBUG keystone.server.flask.request_processing.middleware.auth_context [None req-d595b9d5-7307-47f3-82bf-54a38d325bac None admin] Validating token access rules against request {{(pid=88390) validate_allowed_request /usr/local/lib/python3.8/dist-packages/keystonemiddleware/auth_token/__init__.py:545}}
Sep 28 16:33:30.254168 dv-neutron-859645-1-hyperv devstack@keystone.service[88390]: DEBUG keystone.server.flask.request_processing.middleware.auth_context [None req-a51ea2ca-9948-480f-bc47-134ffb80bf56 None admin] RBAC: auth_context: {'token': , 'domain_id': None, 'trust_id': None, 'trustor_id': None, 'trustee_id': None, 'domain_name': None, 'group_ids': [], 'user_id': '9baa36feb0b141feb7b6d28fd0145383', 'user_domain_id': 'default', 'system_scope': 'all', 'project_id': None, 'project_domain_id': None, 'roles': ['admin', 'member', 'reader'], 'is_admin_project': True, 'service_user_id': None, 'service_user_domain_id': None, 'service_project_id': None, 'service_project_domain_id': None, 'service_roles': []} {{(pid=88390) fill_context /opt/stack/keystone/keystone/server/flask/request_processing/middleware/auth_context.py:478}}
Sep 28 16:33:30.255160 dv-neutron-859645-1-hyperv devstack@keystone.service[88390]: DEBUG keystone.server.flask.request_processing.req_logging [None req-a51ea2ca-9948-480f-bc47-134ffb80bf56 None admin] REQUEST_METHOD: `GET` {{(pid=88390) log_request_info /opt/stack/keystone/keystone/server/flask/request_processing/req_logging.py:27}}
Sep 28 16:33:30.255980 dv-neutron-859645-1-hyperv devstack@keystone.service[88390]: DEBUG keystone.server.flask.request_processing.req_logging [None req-a51ea2ca-9948-480f-bc47-134ffb80bf56 None admin] SCRIPT_NAME: `/identity` {{(pid=88390) log_request_info /opt/stack/keystone/keystone/server/flask/request_processing/req_logging.py:28}}
Sep 28 16:33:30.256447 dv-neutron-859645-1-hyperv devstack@keystone.service[88390]: DEBUG keystone.server.flask.request_processing.req_logging [None req-a51ea2ca-9948-480f-bc47-134ffb80bf56 None admin] PATH_INFO: `/v3/users/17fe23ac71004a21b9c4b5ddf704eef3` {{(pid=88390) log_request_info /opt/stack/keystone/keystone/server/flask/request_processing/req_logging.py:29}}
Sep 28 16:33:30.258311 dv-neutron-859645-1-hyperv devstack@keystone.service[88390]: DEBUG keystone.common.rbac_enforcer.enforcer [None req-a51ea2ca-9948-480f-bc47-134ffb80bf56 None admin] RBAC: Authorizing `identity:get_user(user_id=17fe23ac71004a21b9c4b5ddf704eef3)` {{(pid=88390) enforce_call /opt/stack/keystone/keystone/common/rbac_enforcer/enforcer.py:449}}
Sep 28 16:33:30.260002 dv-neutron-859645-1-hyperv devstack@keystone.service[88390]: DEBUG keystone.common.rbac_enforcer.enforcer [None req-a51ea2ca-9948-480f-bc47-134ffb80bf56 None admin] RBAC: Authorization granted {{(pid=88390) enforce_call /opt/stack/keystone/keystone/common/rbac_enforcer/enforcer.py:457}}
Sep 28 16:33:30.261939 dv-neutron-859645-1-hyperv devstack@keystone.service[88390]: [pid: 88390|app: 0|req: 111/231] 10.222.0.26 () {56 vars in 1177 bytes} [Wed Sep 28 16:33:30 2022] GET /identity/v3/users/17fe23ac71004a21b9c4b5ddf704eef3 => generated 283 bytes in 182 msecs (HTTP/1.1 200) 5 headers in 177 bytes (1 switches on core 0)
Sep 28 16:33:30.267284 dv-neutron-859645-1-hyperv devstack@keystone.service[88390]: DEBUG keystone.server.flask.request_processing.middleware.auth_context [None req-a51ea2ca-9948-480f-bc47-134ffb80bf56 None admin] Authenticating user token {{(pid=88390) process_request /usr/local/lib/python3.8/dist-packages/keystonemiddleware/auth_token/__init__.py:407}}
Sep 28 16:33:30.348263 dv-neutron-859645-1-hyperv devstack@keystone.service[88389]: DEBUG keystone.server.flask.request_processing.middleware.auth_context [None req-9c4a87c3-e1f2-49ed-9cb4-0c595e3901b3 None admin] Validating token access rules against request {{(pid=88389) validate_allowed_request /usr/local/lib/python3.8/dist-packages/keystonemiddleware/auth_token/__init__.py:545}}
Sep 28 16:33:30.378124 dv-neutron-859645-1-hyperv devstack@keystone.service[88390]: DEBUG dbcounter [-] [88390] Writing DB stats keystone:SELECT=100 {{(pid=88390) stat_writer /usr/local/lib/python3.8/dist-packages/dbcounter.py:114}}
Sep 28 16:33:30.382517 dv-neutron-859645-1-hyperv devstack@keystone.service[88390]: DEBUG keystone.server.flask.request_processing.middleware.auth_context [None req-a51ea2ca-9948-480f-bc47-134ffb80bf56 None admin] Validating token access rules against request {{(pid=88390) validate_allowed_request /usr/local/lib/python3.8/dist-packages/keystonemiddleware/auth_token/__init__.py:545}}
Sep 28 16:33:30.425868 dv-neutron-859645-1-hyperv devstack@keystone.service[88389]: DEBUG keystone.server.flask.request_processing.middleware.auth_context [None req-95640f06-30d1-4c72-b256-e9d08e95bf46 None admin] RBAC: auth_context: {'token': , 'domain_id': None, 'trust_id': None, 'trustor_id': None, 'trustee_id': None, 'domain_name': None, 'group_ids': [], 'user_id': '9baa36feb0b141feb7b6d28fd0145383', 'user_domain_id': 'default', 'system_scope': 'all', 'project_id': None, 'project_domain_id': None, 'roles': ['admin', 'member', 'reader'], 'is_admin_project': True, 'service_user_id': None, 'service_user_domain_id': None, 'service_project_id': None, 'service_project_domain_id': None, 'service_roles': []} {{(pid=88389) fill_context /opt/stack/keystone/keystone/server/flask/request_processing/middleware/auth_context.py:478}}
Sep 28 16:33:30.427125 dv-neutron-859645-1-hyperv devstack@keystone.service[88389]: DEBUG keystone.server.flask.request_processing.req_logging [None req-95640f06-30d1-4c72-b256-e9d08e95bf46 None admin] REQUEST_METHOD: `GET` {{(pid=88389) log_request_info /opt/stack/keystone/keystone/server/flask/request_processing/req_logging.py:27}}
Sep 28 16:33:30.428449 dv-neutron-859645-1-hyperv devstack@keystone.service[88389]: DEBUG keystone.server.flask.request_processing.req_logging [None req-95640f06-30d1-4c72-b256-e9d08e95bf46 None admin] SCRIPT_NAME: `/identity` {{(pid=88389) log_request_info /opt/stack/keystone/keystone/server/flask/request_processing/req_logging.py:28}}
Sep 28 16:33:30.429100 dv-neutron-859645-1-hyperv devstack@keystone.service[88389]: DEBUG keystone.server.flask.request_processing.req_logging [None req-95640f06-30d1-4c72-b256-e9d08e95bf46 None admin] PATH_INFO: `/v3/role_assignments` {{(pid=88389) log_request_info /opt/stack/keystone/keystone/server/flask/request_processing/req_logging.py:29}}
Sep 28 16:33:30.431227 dv-neutron-859645-1-hyperv devstack@keystone.service[88389]: DEBUG keystone.common.rbac_enforcer.enforcer [None req-95640f06-30d1-4c72-b256-e9d08e95bf46 None admin] RBAC: Adding query filter params (role.id=ca3a329f811345d48a6ddd2a2eb8181a, scope.project.id=0405539a36bd4ecd9de66472cfb12b82, user.id=e2eb6d98909c44b1816ffc2d222e4f56) {{(pid=88389) _extract_filter_values /opt/stack/keystone/keystone/common/rbac_enforcer/enforcer.py:167}}
Sep 28 16:33:30.431884 dv-neutron-859645-1-hyperv devstack@keystone.service[88389]: DEBUG keystone.common.rbac_enforcer.enforcer [None req-95640f06-30d1-4c72-b256-e9d08e95bf46 None admin] RBAC: Authorizing `identity:list_role_assignments()` {{(pid=88389) enforce_call /opt/stack/keystone/keystone/common/rbac_enforcer/enforcer.py:449}}
Sep 28 16:33:30.434514 dv-neutron-859645-1-hyperv devstack@keystone.service[88389]: DEBUG keystone.common.rbac_enforcer.enforcer [None req-95640f06-30d1-4c72-b256-e9d08e95bf46 None admin] RBAC: Authorization granted {{(pid=88389) enforce_call /opt/stack/keystone/keystone/common/rbac_enforcer/enforcer.py:457}}
Sep 28 16:33:30.444520 dv-neutron-859645-1-hyperv devstack@keystone.service[88389]: [pid: 88389|app: 0|req: 121/232] 10.222.0.26 () {56 vars in 1374 bytes} [Wed Sep 28 16:33:30 2022] GET /identity/v3/role_assignments?user.id=e2eb6d98909c44b1816ffc2d222e4f56&scope.project.id=0405539a36bd4ecd9de66472cfb12b82&role.id=ca3a329f811345d48a6ddd2a2eb8181a => generated 259 bytes in 336 msecs (HTTP/1.1 200) 5 headers in 177 bytes (1 switches on core 0)
Sep 28 16:33:30.449038 dv-neutron-859645-1-hyperv devstack@keystone.service[88390]: DEBUG keystone.server.flask.request_processing.middleware.auth_context [None req-25fbc076-cde8-445b-8f02-7e87c064f300 None admin] RBAC: auth_context: {'token': , 'domain_id': None, 'trust_id': None, 'trustor_id': None, 'trustee_id': None, 'domain_name': None, 'group_ids': [], 'user_id': '9baa36feb0b141feb7b6d28fd0145383', 'user_domain_id': 'default', 'system_scope': 'all', 'project_id': None, 'project_domain_id': None, 'roles': ['admin', 'member', 'reader'], 'is_admin_project': True, 'service_user_id': None, 'service_user_domain_id': None, 'service_project_id': None, 'service_project_domain_id': None, 'service_roles': []} {{(pid=88390) fill_context /opt/stack/keystone/keystone/server/flask/request_processing/middleware/auth_context.py:478}}
Sep 28 16:33:30.449959 dv-neutron-859645-1-hyperv devstack@keystone.service[88390]: DEBUG keystone.server.flask.request_processing.req_logging [None req-25fbc076-cde8-445b-8f02-7e87c064f300 None admin] REQUEST_METHOD: `GET` {{(pid=88390) log_request_info /opt/stack/keystone/keystone/server/flask/request_processing/req_logging.py:27}}
Sep 28 16:33:30.450469 dv-neutron-859645-1-hyperv devstack@keystone.service[88390]: DEBUG keystone.server.flask.request_processing.req_logging [None req-25fbc076-cde8-445b-8f02-7e87c064f300 None admin] SCRIPT_NAME: `/identity` {{(pid=88390) log_request_info /opt/stack/keystone/keystone/server/flask/request_processing/req_logging.py:28}}
Sep 28 16:33:30.450972 dv-neutron-859645-1-hyperv devstack@keystone.service[88390]: DEBUG keystone.server.flask.request_processing.req_logging [None req-25fbc076-cde8-445b-8f02-7e87c064f300 None admin] PATH_INFO: `/v3/projects/0405539a36bd4ecd9de66472cfb12b82` {{(pid=88390) log_request_info /opt/stack/keystone/keystone/server/flask/request_processing/req_logging.py:29}}
Sep 28 16:33:30.452654 dv-neutron-859645-1-hyperv devstack@keystone.service[88390]: DEBUG keystone.common.rbac_enforcer.enforcer [None req-25fbc076-cde8-445b-8f02-7e87c064f300 None admin] RBAC: Authorizing `identity:get_project(project_id=0405539a36bd4ecd9de66472cfb12b82)` {{(pid=88390) enforce_call /opt/stack/keystone/keystone/common/rbac_enforcer/enforcer.py:449}}
Sep 28 16:33:30.454496 dv-neutron-859645-1-hyperv devstack@keystone.service[88390]: DEBUG keystone.common.rbac_enforcer.enforcer [None req-25fbc076-cde8-445b-8f02-7e87c064f300 None admin] RBAC: Authorization granted {{(pid=88390) enforce_call /opt/stack/keystone/keystone/common/rbac_enforcer/enforcer.py:457}}
Sep 28 16:33:30.456615 dv-neutron-859645-1-hyperv devstack@keystone.service[88390]: [pid: 88390|app: 0|req: 112/233] 10.222.0.26 () {56 vars in 1186 bytes} [Wed Sep 28 16:33:30 2022] GET /identity/v3/projects/0405539a36bd4ecd9de66472cfb12b82 => generated 302 bytes in 190 msecs (HTTP/1.1 200) 5 headers in 177 bytes (2 switches on core 0)
Sep 28 16:33:30.463251 dv-neutron-859645-1-hyperv devstack@keystone.service[88389]: DEBUG keystone.server.flask.request_processing.middleware.auth_context [None req-95640f06-30d1-4c72-b256-e9d08e95bf46 None admin] Authenticating user token {{(pid=88389) process_request /usr/local/lib/python3.8/dist-packages/keystonemiddleware/auth_token/__init__.py:407}}
