Oct 03 11:53:35.728409 dv-neutron-859642-5-hyperv devstack@keystone.service[81898]: DEBUG keystone.server.flask.request_processing.middleware.auth_context [None req-ecfa118c-f039-40c6-a5b8-7996df8f468c None admin] Validating token access rules against request {{(pid=81898) validate_allowed_request /usr/local/lib/python3.8/dist-packages/keystonemiddleware/auth_token/__init__.py:545}}
Oct 03 11:53:35.743735 dv-neutron-859642-5-hyperv devstack@keystone.service[81899]: DEBUG dbcounter [-] [81899] Writing DB stats keystone:SELECT=100 {{(pid=81899) stat_writer /usr/local/lib/python3.8/dist-packages/dbcounter.py:114}}
Oct 03 11:53:35.744693 dv-neutron-859642-5-hyperv devstack@keystone.service[81898]: DEBUG dbcounter [-] [81898] Writing DB stats keystone:SELECT=100 {{(pid=81898) stat_writer /usr/local/lib/python3.8/dist-packages/dbcounter.py:114}}
Oct 03 11:53:35.765441 dv-neutron-859642-5-hyperv devstack@keystone.service[81899]: [pid: 81899|app: 0|req: 77/151] 10.222.0.26 () {58 vars in 1024 bytes} [Mon Oct 3 11:53:35 2022] POST /identity/v3/auth/tokens => generated 799 bytes in 188 msecs (HTTP/1.1 201) 6 headers in 363 bytes (2 switches on core 0)
Oct 03 11:53:35.766307 dv-neutron-859642-5-hyperv devstack@keystone.service[81899]: DEBUG keystone.server.flask.request_processing.middleware.auth_context [None req-3f897867-da4e-4639-8b2e-0836b1e7530b None None] Authenticating user token {{(pid=81899) process_request /usr/local/lib/python3.8/dist-packages/keystonemiddleware/auth_token/__init__.py:407}}
Oct 03 11:53:35.778824 dv-neutron-859642-5-hyperv devstack@keystone.service[81898]: DEBUG keystone.server.flask.request_processing.middleware.auth_context [None req-090e16c4-7882-4756-aa15-7ad264b555cb None admin] RBAC: auth_context: {'token': , 'domain_id': None, 'trust_id': None, 'trustor_id': None, 'trustee_id': None, 'domain_name': None, 'group_ids': [], 'user_id': 'fdc5cd04d4214548abae71914030be80', 'user_domain_id': 'default', 'system_scope': 'all', 'project_id': None, 'project_domain_id': None, 'roles': ['admin', 'member', 'reader'], 'is_admin_project': True, 'service_user_id': None, 'service_user_domain_id': None, 'service_project_id': None, 'service_project_domain_id': None, 'service_roles': []} {{(pid=81898) fill_context /opt/stack/keystone/keystone/server/flask/request_processing/middleware/auth_context.py:478}}
Oct 03 11:53:35.779816 dv-neutron-859642-5-hyperv devstack@keystone.service[81898]: DEBUG keystone.server.flask.request_processing.req_logging [None req-090e16c4-7882-4756-aa15-7ad264b555cb None admin] REQUEST_METHOD: `GET` {{(pid=81898) log_request_info /opt/stack/keystone/keystone/server/flask/request_processing/req_logging.py:27}}
Oct 03 11:53:35.780309 dv-neutron-859642-5-hyperv devstack@keystone.service[81898]: DEBUG keystone.server.flask.request_processing.req_logging [None req-090e16c4-7882-4756-aa15-7ad264b555cb None admin] SCRIPT_NAME: `/identity` {{(pid=81898) log_request_info /opt/stack/keystone/keystone/server/flask/request_processing/req_logging.py:28}}
Oct 03 11:53:35.780786 dv-neutron-859642-5-hyperv devstack@keystone.service[81898]: DEBUG keystone.server.flask.request_processing.req_logging [None req-090e16c4-7882-4756-aa15-7ad264b555cb None admin] PATH_INFO: `/v3/roles` {{(pid=81898) log_request_info /opt/stack/keystone/keystone/server/flask/request_processing/req_logging.py:29}}
Oct 03 11:53:35.781707 dv-neutron-859642-5-hyperv devstack@keystone.service[81898]: DEBUG keystone.common.rbac_enforcer.enforcer [None req-090e16c4-7882-4756-aa15-7ad264b555cb None admin] RBAC: Adding query filter params (name=admin) {{(pid=81898) _extract_filter_values /opt/stack/keystone/keystone/common/rbac_enforcer/enforcer.py:167}}
Oct 03 11:53:35.782226 dv-neutron-859642-5-hyperv devstack@keystone.service[81898]: DEBUG keystone.common.rbac_enforcer.enforcer [None req-090e16c4-7882-4756-aa15-7ad264b555cb None admin] RBAC: Authorizing `identity:list_roles()` {{(pid=81898) enforce_call /opt/stack/keystone/keystone/common/rbac_enforcer/enforcer.py:449}}
Oct 03 11:53:35.783906 dv-neutron-859642-5-hyperv devstack@keystone.service[81898]: DEBUG keystone.common.rbac_enforcer.enforcer [None req-090e16c4-7882-4756-aa15-7ad264b555cb None admin] RBAC: Authorization granted {{(pid=81898) enforce_call /opt/stack/keystone/keystone/common/rbac_enforcer/enforcer.py:457}}
Oct 03 11:53:35.799383 dv-neutron-859642-5-hyperv devstack@keystone.service[81898]: [pid: 81898|app: 0|req: 75/152] 10.222.0.26 () {56 vars in 1099 bytes} [Mon Oct 3 11:53:35 2022] GET /identity/v3/roles?name=admin => generated 339 bytes in 209 msecs (HTTP/1.1 200) 5 headers in 177 bytes (1 switches on core 0)
Oct 03 11:53:35.809664 dv-neutron-859642-5-hyperv devstack@keystone.service[81898]: DEBUG keystone.server.flask.request_processing.middleware.auth_context [None req-090e16c4-7882-4756-aa15-7ad264b555cb None admin] Authenticating user token {{(pid=81898) process_request /usr/local/lib/python3.8/dist-packages/keystonemiddleware/auth_token/__init__.py:407}}
Oct 03 11:53:35.952066 dv-neutron-859642-5-hyperv devstack@keystone.service[81899]: DEBUG keystone.server.flask.request_processing.middleware.auth_context [None req-3f897867-da4e-4639-8b2e-0836b1e7530b None None] Validating token access rules against request {{(pid=81899) validate_allowed_request /usr/local/lib/python3.8/dist-packages/keystonemiddleware/auth_token/__init__.py:545}}
Oct 03 11:53:35.954143 dv-neutron-859642-5-hyperv devstack@keystone.service[81898]: DEBUG keystone.server.flask.request_processing.middleware.auth_context [None req-090e16c4-7882-4756-aa15-7ad264b555cb None admin] Validating token access rules against request {{(pid=81898) validate_allowed_request /usr/local/lib/python3.8/dist-packages/keystonemiddleware/auth_token/__init__.py:545}}
Oct 03 11:53:36.006806 dv-neutron-859642-5-hyperv devstack@keystone.service[81898]: DEBUG keystone.server.flask.request_processing.middleware.auth_context [None req-805f98af-3a04-463f-887c-5cf84b66a843 None admin] RBAC: auth_context: {'token': , 'domain_id': None, 'trust_id': None, 'trustor_id': None, 'trustee_id': None, 'domain_name': None, 'group_ids': [], 'user_id': 'fdc5cd04d4214548abae71914030be80', 'user_domain_id': 'default', 'system_scope': 'all', 'project_id': None, 'project_domain_id': None, 'roles': ['admin', 'member', 'reader'], 'is_admin_project': True, 'service_user_id': None, 'service_user_domain_id': None, 'service_project_id': None, 'service_project_domain_id': None, 'service_roles': []} {{(pid=81898) fill_context /opt/stack/keystone/keystone/server/flask/request_processing/middleware/auth_context.py:478}}
Oct 03 11:53:36.007831 dv-neutron-859642-5-hyperv devstack@keystone.service[81898]: DEBUG keystone.server.flask.request_processing.req_logging [None req-805f98af-3a04-463f-887c-5cf84b66a843 None admin] REQUEST_METHOD: `GET` {{(pid=81898) log_request_info /opt/stack/keystone/keystone/server/flask/request_processing/req_logging.py:27}}
Oct 03 11:53:36.008326 dv-neutron-859642-5-hyperv devstack@keystone.service[81898]: DEBUG keystone.server.flask.request_processing.req_logging [None req-805f98af-3a04-463f-887c-5cf84b66a843 None admin] SCRIPT_NAME: `/identity` {{(pid=81898) log_request_info /opt/stack/keystone/keystone/server/flask/request_processing/req_logging.py:28}}
Oct 03 11:53:36.008829 dv-neutron-859642-5-hyperv devstack@keystone.service[81898]: DEBUG keystone.server.flask.request_processing.req_logging [None req-805f98af-3a04-463f-887c-5cf84b66a843 None admin] PATH_INFO: `/v3/users/fdc5cd04d4214548abae71914030be80` {{(pid=81898) log_request_info /opt/stack/keystone/keystone/server/flask/request_processing/req_logging.py:29}}
Oct 03 11:53:36.010166 dv-neutron-859642-5-hyperv devstack@keystone.service[81898]: DEBUG keystone.common.rbac_enforcer.enforcer [None req-805f98af-3a04-463f-887c-5cf84b66a843 None admin] RBAC: Authorizing `identity:get_user(user_id=fdc5cd04d4214548abae71914030be80)` {{(pid=81898) enforce_call /opt/stack/keystone/keystone/common/rbac_enforcer/enforcer.py:449}}
Oct 03 11:53:36.011859 dv-neutron-859642-5-hyperv devstack@keystone.service[81898]: DEBUG keystone.common.rbac_enforcer.enforcer [None req-805f98af-3a04-463f-887c-5cf84b66a843 None admin] RBAC: Authorization granted {{(pid=81898) enforce_call /opt/stack/keystone/keystone/common/rbac_enforcer/enforcer.py:457}}
Oct 03 11:53:36.013958 dv-neutron-859642-5-hyperv devstack@keystone.service[81898]: [pid: 81898|app: 0|req: 76/153] 10.222.0.26 () {56 vars in 1177 bytes} [Mon Oct 3 11:53:35 2022] GET /identity/v3/users/fdc5cd04d4214548abae71914030be80 => generated 247 bytes in 205 msecs (HTTP/1.1 200) 5 headers in 177 bytes (1 switches on core 0)
Oct 03 11:53:36.018997 dv-neutron-859642-5-hyperv devstack@keystone.service[81898]: DEBUG keystone.server.flask.request_processing.middleware.auth_context [None req-805f98af-3a04-463f-887c-5cf84b66a843 None admin] Authenticating user token {{(pid=81898) process_request /usr/local/lib/python3.8/dist-packages/keystonemiddleware/auth_token/__init__.py:407}}
Oct 03 11:53:36.020758 dv-neutron-859642-5-hyperv devstack@keystone.service[81899]: DEBUG keystone.server.flask.request_processing.middleware.auth_context [None req-8bd59e86-aedf-4814-9952-51906989acf7 None admin] RBAC: auth_context: {'token': , 'domain_id': None, 'trust_id': None, 'trustor_id': None, 'trustee_id': None, 'domain_name': None, 'group_ids': [], 'user_id': 'fdc5cd04d4214548abae71914030be80', 'user_domain_id': 'default', 'system_scope': 'all', 'project_id': None, 'project_domain_id': None, 'roles': ['admin', 'member', 'reader'], 'is_admin_project': True, 'service_user_id': None, 'service_user_domain_id': None, 'service_project_id': None, 'service_project_domain_id': None, 'service_roles': []} {{(pid=81899) fill_context /opt/stack/keystone/keystone/server/flask/request_processing/middleware/auth_context.py:478}}
Oct 03 11:53:36.021615 dv-neutron-859642-5-hyperv devstack@keystone.service[81899]: DEBUG keystone.server.flask.request_processing.req_logging [None req-8bd59e86-aedf-4814-9952-51906989acf7 None admin] REQUEST_METHOD: `GET` {{(pid=81899) log_request_info /opt/stack/keystone/keystone/server/flask/request_processing/req_logging.py:27}}
Oct 03 11:53:36.022691 dv-neutron-859642-5-hyperv devstack@keystone.service[81899]: DEBUG keystone.server.flask.request_processing.req_logging [None req-8bd59e86-aedf-4814-9952-51906989acf7 None admin] SCRIPT_NAME: `/identity` {{(pid=81899) log_request_info /opt/stack/keystone/keystone/server/flask/request_processing/req_logging.py:28}}
Oct 03 11:53:36.023120 dv-neutron-859642-5-hyperv devstack@keystone.service[81899]: DEBUG keystone.server.flask.request_processing.req_logging [None req-8bd59e86-aedf-4814-9952-51906989acf7 None admin] PATH_INFO: `/v3/projects/7f86c656c73a4169a2310e952497e824` {{(pid=81899) log_request_info /opt/stack/keystone/keystone/server/flask/request_processing/req_logging.py:29}}
Oct 03 11:53:36.024577 dv-neutron-859642-5-hyperv devstack@keystone.service[81899]: DEBUG keystone.common.rbac_enforcer.enforcer [None req-8bd59e86-aedf-4814-9952-51906989acf7 None admin] RBAC: Authorizing `identity:get_project(project_id=7f86c656c73a4169a2310e952497e824)` {{(pid=81899) enforce_call /opt/stack/keystone/keystone/common/rbac_enforcer/enforcer.py:449}}
Oct 03 11:53:36.026204 dv-neutron-859642-5-hyperv devstack@keystone.service[81899]: DEBUG keystone.common.rbac_enforcer.enforcer [None req-8bd59e86-aedf-4814-9952-51906989acf7 None admin] RBAC: Authorization granted {{(pid=81899) enforce_call /opt/stack/keystone/keystone/common/rbac_enforcer/enforcer.py:457}}
Oct 03 11:53:36.028218 dv-neutron-859642-5-hyperv devstack@keystone.service[81899]: [pid: 81899|app: 0|req: 78/154] 10.222.0.26 () {56 vars in 1186 bytes} [Mon Oct 3 11:53:35 2022] GET /identity/v3/projects/7f86c656c73a4169a2310e952497e824 => generated 298 bytes in 262 msecs (HTTP/1.1 200) 5 headers in 177 bytes (1 switches on core 0)
Oct 03 11:53:36.036535 dv-neutron-859642-5-hyperv devstack@keystone.service[81899]: DEBUG keystone.server.flask.request_processing.middleware.auth_context [None req-8bd59e86-aedf-4814-9952-51906989acf7 None admin] Authenticating user token {{(pid=81899) process_request /usr/local/lib/python3.8/dist-packages/keystonemiddleware/auth_token/__init__.py:407}}
Oct 03 11:53:36.080461 dv-neutron-859642-5-hyperv devstack@keystone.service[81898]: DEBUG dbcounter [-] [81898] Writing DB stats keystone:SELECT=100 {{(pid=81898) stat_writer /usr/local/lib/python3.8/dist-packages/dbcounter.py:114}}
Oct 03 11:53:36.157945 dv-neutron-859642-5-hyperv devstack@keystone.service[81899]: DEBUG dbcounter [-] [81899] Writing DB stats keystone:SELECT=100 {{(pid=81899) stat_writer /usr/local/lib/python3.8/dist-packages/dbcounter.py:114}}
Oct 03 11:53:36.160250 dv-neutron-859642-5-hyperv devstack@keystone.service[81898]: DEBUG keystone.server.flask.request_processing.middleware.auth_context [None req-805f98af-3a04-463f-887c-5cf84b66a843 None admin] Validating token access rules against request {{(pid=81898) validate_allowed_request /usr/local/lib/python3.8/dist-packages/keystonemiddleware/auth_token/__init__.py:545}}
Oct 03 11:53:36.211322 dv-neutron-859642-5-hyperv devstack@keystone.service[81898]: DEBUG keystone.server.flask.request_processing.middleware.auth_context [None req-c1086f73-bab1-4074-952a-fdd30f6f857b None admin] RBAC: auth_context: {'token': , 'domain_id': None, 'trust_id': None, 'trustor_id': None, 'trustee_id': None, 'domain_name': None, 'group_ids': [], 'user_id': 'fdc5cd04d4214548abae71914030be80', 'user_domain_id': 'default', 'system_scope': 'all', 'project_id': None, 'project_domain_id': None, 'roles': ['admin', 'member', 'reader'], 'is_admin_project': True, 'service_user_id': None, 'service_user_domain_id': None, 'service_project_id': None, 'service_project_domain_id': None, 'service_roles': []} {{(pid=81898) fill_context /opt/stack/keystone/keystone/server/flask/request_processing/middleware/auth_context.py:478}}
Oct 03 11:53:36.212334 dv-neutron-859642-5-hyperv devstack@keystone.service[81898]: DEBUG keystone.server.flask.request_processing.req_logging [None req-c1086f73-bab1-4074-952a-fdd30f6f857b None admin] REQUEST_METHOD: `GET` {{(pid=81898) log_request_info /opt/stack/keystone/keystone/server/flask/request_processing/req_logging.py:27}}
Oct 03 11:53:36.212838 dv-neutron-859642-5-hyperv devstack@keystone.service[81898]: DEBUG keystone.server.flask.request_processing.req_logging [None req-c1086f73-bab1-4074-952a-fdd30f6f857b None admin] SCRIPT_NAME: `/identity` {{(pid=81898) log_request_info /opt/stack/keystone/keystone/server/flask/request_processing/req_logging.py:28}}
Oct 03 11:53:36.213314 dv-neutron-859642-5-hyperv devstack@keystone.service[81898]: DEBUG keystone.server.flask.request_processing.req_logging [None req-c1086f73-bab1-4074-952a-fdd30f6f857b None admin] PATH_INFO: `/v3/auth/tokens` {{(pid=81898) log_request_info /opt/stack/keystone/keystone/server/flask/request_processing/req_logging.py:29}}
Oct 03 11:53:36.225324 dv-neutron-859642-5-hyperv devstack@keystone.service[81899]: DEBUG keystone.server.flask.request_processing.middleware.auth_context [None req-8bd59e86-aedf-4814-9952-51906989acf7 None admin] Validating token access rules against request {{(pid=81899) validate_allowed_request /usr/local/lib/python3.8/dist-packages/keystonemiddleware/auth_token/__init__.py:545}}
Oct 03 11:53:36.303697 dv-neutron-859642-5-hyperv devstack@keystone.service[81898]: DEBUG keystone.common.rbac_enforcer.enforcer [None req-c1086f73-bab1-4074-952a-fdd30f6f857b None admin] RBAC: Authorizing `identity:validate_token()` {{(pid=81898) enforce_call /opt/stack/keystone/keystone/common/rbac_enforcer/enforcer.py:449}}
Oct 03 11:53:36.308060 dv-neutron-859642-5-hyperv devstack@keystone.service[81899]: DEBUG keystone.server.flask.request_processing.middleware.auth_context [None req-c5a29c77-eca4-4cb4-a2cd-2f4f246973e1 None admin] RBAC: auth_context: {'token': , 'domain_id': None, 'trust_id': None, 'trustor_id': None, 'trustee_id': None, 'domain_name': None, 'group_ids': [], 'user_id': 'fdc5cd04d4214548abae71914030be80', 'user_domain_id': 'default', 'system_scope': 'all', 'project_id': None, 'project_domain_id': None, 'roles': ['admin', 'member', 'reader'], 'is_admin_project': True, 'service_user_id': None, 'service_user_domain_id': None, 'service_project_id': None, 'service_project_domain_id': None, 'service_roles': []} {{(pid=81899) fill_context /opt/stack/keystone/keystone/server/flask/request_processing/middleware/auth_context.py:478}}
Oct 03 11:53:36.309091 dv-neutron-859642-5-hyperv devstack@keystone.service[81899]: DEBUG keystone.server.flask.request_processing.req_logging [None req-c5a29c77-eca4-4cb4-a2cd-2f4f246973e1 None admin] REQUEST_METHOD: `PUT` {{(pid=81899) log_request_info /opt/stack/keystone/keystone/server/flask/request_processing/req_logging.py:27}}
Oct 03 11:53:36.309213 dv-neutron-859642-5-hyperv devstack@keystone.service[81898]: DEBUG keystone.common.rbac_enforcer.enforcer [None req-c1086f73-bab1-4074-952a-fdd30f6f857b None admin] RBAC: Authorization granted {{(pid=81898) enforce_call /opt/stack/keystone/keystone/common/rbac_enforcer/enforcer.py:457}}
Oct 03 11:53:36.309627 dv-neutron-859642-5-hyperv devstack@keystone.service[81899]: DEBUG keystone.server.flask.request_processing.req_logging [None req-c5a29c77-eca4-4cb4-a2cd-2f4f246973e1 None admin] SCRIPT_NAME: `/identity` {{(pid=81899) log_request_info /opt/stack/keystone/keystone/server/flask/request_processing/req_logging.py:28}}
Oct 03 11:53:36.310059 dv-neutron-859642-5-hyperv devstack@keystone.service[81899]: DEBUG keystone.server.flask.request_processing.req_logging [None req-c5a29c77-eca4-4cb4-a2cd-2f4f246973e1 None admin] PATH_INFO: `/v3/projects/7f86c656c73a4169a2310e952497e824/users/95b33da6177341a38400f886414db5ee/roles/f481e8c157d74b71823a55868043cfca` {{(pid=81899) log_request_info /opt/stack/keystone/keystone/server/flask/request_processing/req_logging.py:29}}
Oct 03 11:53:36.312387 dv-neutron-859642-5-hyperv devstack@keystone.service[81899]: DEBUG keystone.common.rbac_enforcer.enforcer [None req-c5a29c77-eca4-4cb4-a2cd-2f4f246973e1 None admin] RBAC: Authorizing `identity:create_grant(project_id=7f86c656c73a4169a2310e952497e824, user_id=95b33da6177341a38400f886414db5ee, role_id=f481e8c157d74b71823a55868043cfca)` {{(pid=81899) enforce_call /opt/stack/keystone/keystone/common/rbac_enforcer/enforcer.py:449}}
Oct 03 11:53:36.314057 dv-neutron-859642-5-hyperv devstack@keystone.service[81899]: DEBUG keystone.common.rbac_enforcer.enforcer [None req-c5a29c77-eca4-4cb4-a2cd-2f4f246973e1 None admin] RBAC: Authorization granted {{(pid=81899) enforce_call /opt/stack/keystone/keystone/common/rbac_enforcer/enforcer.py:457}}
Oct 03 11:53:36.375829 dv-neutron-859642-5-hyperv devstack@keystone.service[81898]: DEBUG dbcounter [-] [81898] Writing DB stats keystone:SELECT=100 {{(pid=81898) stat_writer /usr/local/lib/python3.8/dist-packages/dbcounter.py:114}}
Oct 03 11:53:36.402929 dv-neutron-859642-5-hyperv devstack@keystone.service[81899]: [pid: 81899|app: 0|req: 79/155] 10.222.0.26 () {58 vars in 1439 bytes} [Mon Oct 3 11:53:36 2022] PUT /identity/v3/projects/7f86c656c73a4169a2310e952497e824/users/95b33da6177341a38400f886414db5ee/roles/f481e8c157d74b71823a55868043cfca => generated 0 bytes in 367 msecs (HTTP/1.1 204) 3 headers in 132 bytes (0 switches on core 0)
Oct 03 11:53:36.431752 dv-neutron-859642-5-hyperv devstack@keystone.service[81898]: [pid: 81898|app: 0|req: 77/156] 10.222.0.26 () {58 vars in 1282 bytes} [Mon Oct 3 11:53:36 2022] GET /identity/v3/auth/tokens => generated 799 bytes in 413 msecs (HTTP/1.1 200) 6 headers in 358 bytes (2 switches on core 0)
Oct 03 11:53:36.437625 dv-neutron-859642-5-hyperv devstack@keystone.service[81899]: DEBUG keystone.server.flask.request_processing.middleware.auth_context [None req-c5a29c77-eca4-4cb4-a2cd-2f4f246973e1 None admin] Authenticating user token {{(pid=81899) process_request /usr/local/lib/python3.8/dist-packages/keystonemiddleware/auth_token/__init__.py:407}}
Oct 03 11:53:36.469204 dv-neutron-859642-5-hyperv devstack@keystone.service[81898]: DEBUG keystone.server.flask.request_processing.middleware.auth_context [None req-c1086f73-bab1-4074-952a-fdd30f6f857b None admin] Authenticating user token {{(pid=81898) process_request /usr/local/lib/python3.8/dist-packages/keystonemiddleware/auth_token/__init__.py:407}}
Oct 03 11:53:36.632026 dv-neutron-859642-5-hyperv devstack@keystone.service[81899]: DEBUG keystone.server.flask.request_processing.middleware.auth_context [None req-c5a29c77-eca4-4cb4-a2cd-2f4f246973e1 None admin] Validating token access rules against request {{(pid=81899) validate_allowed_request /usr/local/lib/python3.8/dist-packages/keystonemiddleware/auth_token/__init__.py:545}}
Oct 03 11:53:36.692174 dv-neutron-859642-5-hyperv devstack@keystone.service[81899]: DEBUG dbcounter [-] [81899] Writing DB stats keystone:SELECT=99,keystone:INSERT=1 {{(pid=81899) stat_writer /usr/local/lib/python3.8/dist-packages/dbcounter.py:114}}
Oct 03 11:53:36.710259 dv-neutron-859642-5-hyperv devstack@keystone.service[81899]: DEBUG keystone.server.flask.request_processing.middleware.auth_context [None req-9cd4b021-ef08-40b8-a441-266b883813c5 None admin] RBAC: auth_context: {'token': , 'domain_id': None, 'trust_id': None, 'trustor_id': None, 'trustee_id': None, 'domain_name': None, 'group_ids': [], 'user_id': 'fdc5cd04d4214548abae71914030be80', 'user_domain_id': 'default', 'system_scope': 'all', 'project_id': None, 'project_domain_id': None, 'roles': ['admin', 'member', 'reader'], 'is_admin_project': True, 'service_user_id': None, 'service_user_domain_id': None, 'service_project_id': None, 'service_project_domain_id': None, 'service_roles': []} {{(pid=81899) fill_context /opt/stack/keystone/keystone/server/flask/request_processing/middleware/auth_context.py:478}}
Oct 03 11:53:36.711308 dv-neutron-859642-5-hyperv devstack@keystone.service[81899]: DEBUG keystone.server.flask.request_processing.req_logging [None req-9cd4b021-ef08-40b8-a441-266b883813c5 None admin] REQUEST_METHOD: `GET` {{(pid=81899) log_request_info /opt/stack/keystone/keystone/server/flask/request_processing/req_logging.py:27}}
Oct 03 11:53:36.711756 dv-neutron-859642-5-hyperv devstack@keystone.service[81899]: DEBUG keystone.server.flask.request_processing.req_logging [None req-9cd4b021-ef08-40b8-a441-266b883813c5 None admin] SCRIPT_NAME: `/identity` {{(pid=81899) log_request_info /opt/stack/keystone/keystone/server/flask/request_processing/req_logging.py:28}}
Oct 03 11:53:36.712037 dv-neutron-859642-5-hyperv devstack@keystone.service[81899]: DEBUG keystone.server.flask.request_processing.req_logging [None req-9cd4b021-ef08-40b8-a441-266b883813c5 None admin] PATH_INFO: `/v3/projects/7f86c656c73a4169a2310e952497e824` {{(pid=81899) log_request_info /opt/stack/keystone/keystone/server/flask/request_processing/req_logging.py:29}}
Oct 03 11:53:36.716082 dv-neutron-859642-5-hyperv devstack@keystone.service[81899]: DEBUG keystone.common.rbac_enforcer.enforcer [None req-9cd4b021-ef08-40b8-a441-266b883813c5 None admin] RBAC: Authorizing `identity:get_project(project_id=7f86c656c73a4169a2310e952497e824)` {{(pid=81899) enforce_call /opt/stack/keystone/keystone/common/rbac_enforcer/enforcer.py:449}}
Oct 03 11:53:36.718447 dv-neutron-859642-5-hyperv devstack@keystone.service[81899]: DEBUG keystone.common.rbac_enforcer.enforcer [None req-9cd4b021-ef08-40b8-a441-266b883813c5 None admin] RBAC: Authorization granted {{(pid=81899) enforce_call /opt/stack/keystone/keystone/common/rbac_enforcer/enforcer.py:457}}
Oct 03 11:53:36.720409 dv-neutron-859642-5-hyperv devstack@keystone.service[81899]: [pid: 81899|app: 0|req: 80/157] 10.222.0.26 () {56 vars in 1186 bytes} [Mon Oct 3 11:53:36 2022] GET /identity/v3/projects/7f86c656c73a4169a2310e952497e824 => generated 298 bytes in 283 msecs (HTTP/1.1 200) 5 headers in 177 bytes (1 switches on core 0)
Oct 03 11:53:36.726739 dv-neutron-859642-5-hyperv devstack@keystone.service[81899]: DEBUG keystone.server.flask.request_processing.middleware.auth_context [None req-9cd4b021-ef08-40b8-a441-266b883813c5 None admin] Authenticating user token {{(pid=81899) process_request /usr/local/lib/python3.8/dist-packages/keystonemiddleware/auth_token/__init__.py:407}}
Oct 03 11:53:36.752466 dv-neutron-859642-5-hyperv devstack@keystone.service[81898]: DEBUG keystone.server.flask.request_processing.middleware.auth_context [None req-c1086f73-bab1-4074-952a-fdd30f6f857b None admin] Validating token access rules against request {{(pid=81898) validate_allowed_request /usr/local/lib/python3.8/dist-packages/keystonemiddleware/auth_token/__init__.py:545}}
Oct 03 11:53:36.813506 dv-neutron-859642-5-hyperv devstack@keystone.service[81898]: DEBUG keystone.server.flask.request_processing.middleware.auth_context [None req-5a2cb6b2-019a-4fef-b955-e98e8661079d None admin] RBAC: auth_context: {'token': , 'domain_id': None, 'trust_id': None, 'trustor_id': None, 'trustee_id': None, 'domain_name': None, 'group_ids': [], 'user_id': 'fdc5cd04d4214548abae71914030be80', 'user_domain_id': 'default', 'system_scope': 'all', 'project_id': None, 'project_domain_id': None, 'roles': ['admin', 'member', 'reader'], 'is_admin_project': True, 'service_user_id': None, 'service_user_domain_id': None, 'service_project_id': None, 'service_project_domain_id': None, 'service_roles': []} {{(pid=81898) fill_context /opt/stack/keystone/keystone/server/flask/request_processing/middleware/auth_context.py:478}}
Oct 03 11:53:36.814258 dv-neutron-859642-5-hyperv devstack@keystone.service[81898]: DEBUG keystone.server.flask.request_processing.req_logging [None req-5a2cb6b2-019a-4fef-b955-e98e8661079d None admin] REQUEST_METHOD: `GET` {{(pid=81898) log_request_info /opt/stack/keystone/keystone/server/flask/request_processing/req_logging.py:27}}
Oct 03 11:53:36.814444 dv-neutron-859642-5-hyperv devstack@keystone.service[81898]: DEBUG keystone.server.flask.request_processing.req_logging [None req-5a2cb6b2-019a-4fef-b955-e98e8661079d None admin] SCRIPT_NAME: `/identity` {{(pid=81898) log_request_info /opt/stack/keystone/keystone/server/flask/request_processing/req_logging.py:28}}
Oct 03 11:53:36.814715 dv-neutron-859642-5-hyperv devstack@keystone.service[81898]: DEBUG keystone.server.flask.request_processing.req_logging [None req-5a2cb6b2-019a-4fef-b955-e98e8661079d None admin] PATH_INFO: `/v3/roles/member` {{(pid=81898) log_request_info /opt/stack/keystone/keystone/server/flask/request_processing/req_logging.py:29}}
Oct 03 11:53:36.832964 dv-neutron-859642-5-hyperv devstack@keystone.service[81898]: DEBUG keystone.common.rbac_enforcer.enforcer [None req-5a2cb6b2-019a-4fef-b955-e98e8661079d None admin] Extracting inferred target data resulted in "NOT FOUND (404)". {{(pid=81898) enforce_call /opt/stack/keystone/keystone/common/rbac_enforcer/enforcer.py:409}}
Oct 03 11:53:36.838225 dv-neutron-859642-5-hyperv devstack@keystone.service[81898]: ERROR keystone.server.flask.application [None req-5a2cb6b2-019a-4fef-b955-e98e8661079d None admin] Could not find role: member.: keystone.exception.RoleNotFound: Could not find role: member.
Oct 03 11:53:36.838225 dv-neutron-859642-5-hyperv devstack@keystone.service[81898]: ERROR keystone.server.flask.application
Traceback (most recent call last):
Oct 03 11:53:36.838225 dv-neutron-859642-5-hyperv devstack@keystone.service[81898]: ERROR keystone.server.flask.application
File "/usr/local/lib/python3.8/dist-packages/flask/app.py", line 1820, in full_dispatch_request
Oct 03 11:53:36.838225 dv-neutron-859642-5-hyperv devstack@keystone.service[81898]: ERROR keystone.server.flask.application rv = self.dispatch_request()
Oct 03 11:53:36.838225 dv-neutron-859642-5-hyperv devstack@keystone.service[81898]: ERROR keystone.server.flask.application
File "/usr/local/lib/python3.8/dist-packages/flask/app.py", line 1796, in dispatch_request
Oct 03 11:53:36.838225 dv-neutron-859642-5-hyperv devstack@keystone.service[81898]: ERROR keystone.server.flask.application return self.ensure_sync(self.view_functions[rule.endpoint])(**view_args)
Oct 03 11:53:36.838225 dv-neutron-859642-5-hyperv devstack@keystone.service[81898]: ERROR keystone.server.flask.application
File "/usr/local/lib/python3.8/dist-packages/flask_restful/__init__.py", line 467, in wrapper
Oct 03 11:53:36.838225 dv-neutron-859642-5-hyperv devstack@keystone.service[81898]: ERROR keystone.server.flask.application resp = resource(*args, **kwargs)
Oct 03 11:53:36.838225 dv-neutron-859642-5-hyperv devstack@keystone.service[81898]: ERROR keystone.server.flask.application
File "/usr/local/lib/python3.8/dist-packages/flask/views.py", line 107, in view
Oct 03 11:53:36.838225 dv-neutron-859642-5-hyperv devstack@keystone.service[81898]: ERROR keystone.server.flask.application return current_app.ensure_sync(self.dispatch_request)(**kwargs)
Oct 03 11:53:36.838225 dv-neutron-859642-5-hyperv devstack@keystone.service[81898]: ERROR keystone.server.flask.application
File "/usr/local/lib/python3.8/dist-packages/flask_restful/__init__.py", line 582, in dispatch_request
Oct 03 11:53:36.838225 dv-neutron-859642-5-hyperv devstack@keystone.service[81898]: ERROR keystone.server.flask.application resp = meth(*args, **kwargs)
Oct 03 11:53:36.838225 dv-neutron-859642-5-hyperv devstack@keystone.service[81898]: ERROR keystone.server.flask.application
File "/opt/stack/keystone/keystone/api/roles.py", line 50, in get
Oct 03 11:53:36.838225 dv-neutron-859642-5-hyperv devstack@keystone.service[81898]: ERROR keystone.server.flask.application return self._get_role(role_id)
Oct 03 11:53:36.838225 dv-neutron-859642-5-hyperv devstack@keystone.service[81898]: ERROR keystone.server.flask.application
File "/opt/stack/keystone/keystone/api/roles.py", line 70, in _get_role
Oct 03 11:53:36.838225 dv-neutron-859642-5-hyperv devstack@keystone.service[81898]: ERROR keystone.server.flask.application ENFORCER.enforce_call(action='identity:get_role')
Oct 03 11:53:36.839188 dv-neutron-859642-5-hyperv devstack@keystone.service[81898]: ERROR keystone.server.flask.application
File "/opt/stack/keystone/keystone/common/rbac_enforcer/enforcer.py", line 402, in enforce_call
Oct 03 11:53:36.839188 dv-neutron-859642-5-hyperv devstack@keystone.service[81898]: ERROR keystone.server.flask.application policy_dict.update(cls._extract_member_target_data(
Oct 03 11:53:36.839188 dv-neutron-859642-5-hyperv devstack@keystone.service[81898]: ERROR keystone.server.flask.application
File "/opt/stack/keystone/keystone/common/rbac_enforcer/enforcer.py", line 234, in _extract_member_target_data
Oct 03 11:53:36.839188 dv-neutron-859642-5-hyperv devstack@keystone.service[81898]: ERROR keystone.server.flask.application member_name: func(flask.request.view_args[key])
Oct 03 11:53:36.839188 dv-neutron-859642-5-hyperv devstack@keystone.service[81898]: ERROR keystone.server.flask.application
File "/opt/stack/keystone/keystone/common/manager.py", line 115, in wrapped
Oct 03 11:53:36.839188 dv-neutron-859642-5-hyperv devstack@keystone.service[81898]: ERROR keystone.server.flask.application __ret_val = __f(*args, **kwargs)
Oct 03 11:53:36.839188 dv-neutron-859642-5-hyperv devstack@keystone.service[81898]: ERROR keystone.server.flask.application
File "/usr/local/lib/python3.8/dist-packages/decorator.py", line 232, in fun
Oct 03 11:53:36.839188 dv-neutron-859642-5-hyperv devstack@keystone.service[81898]: ERROR keystone.server.flask.application return caller(func, *(extras + args), **kw)
Oct 03 11:53:36.839188 dv-neutron-859642-5-hyperv devstack@keystone.service[81898]: ERROR keystone.server.flask.application
File "/usr/local/lib/python3.8/dist-packages/dogpile/cache/region.py", line 1577, in get_or_create_for_user_func
Oct 03 11:53:36.839188 dv-neutron-859642-5-hyperv devstack@keystone.service[81898]: ERROR keystone.server.flask.application return self.get_or_create(
Oct 03 11:53:36.839188 dv-neutron-859642-5-hyperv devstack@keystone.service[81898]: ERROR keystone.server.flask.application
File "/usr/local/lib/python3.8/dist-packages/dogpile/cache/region.py", line 1042, in get_or_create
Oct 03 11:53:36.839188 dv-neutron-859642-5-hyperv devstack@keystone.service[81898]: ERROR keystone.server.flask.application with Lock(
Oct 03 11:53:36.839188 dv-neutron-859642-5-hyperv devstack@keystone.service[81898]: ERROR keystone.server.flask.application
File "/usr/local/lib/python3.8/dist-packages/dogpile/lock.py", line 185, in __enter__
Oct 03 11:53:36.839188 dv-neutron-859642-5-hyperv devstack@keystone.service[81898]: ERROR keystone.server.flask.application return self._enter()
Oct 03 11:53:36.839188 dv-neutron-859642-5-hyperv devstack@keystone.service[81898]: ERROR keystone.server.flask.application
File "/usr/local/lib/python3.8/dist-packages/dogpile/lock.py", line 94, in _enter
Oct 03 11:53:36.839188 dv-neutron-859642-5-hyperv devstack@keystone.service[81898]: ERROR keystone.server.flask.application generated = self._enter_create(value, createdtime)
Oct 03 11:53:36.840070 dv-neutron-859642-5-hyperv devstack@keystone.service[81898]: ERROR keystone.server.flask.application
File "/usr/local/lib/python3.8/dist-packages/dogpile/lock.py", line 178, in _enter_create
Oct 03 11:53:36.840070 dv-neutron-859642-5-hyperv devstack@keystone.service[81898]: ERROR keystone.server.flask.application return self.creator()
Oct 03 11:53:36.840070 dv-neutron-859642-5-hyperv devstack@keystone.service[81898]: ERROR keystone.server.flask.application
File "/usr/local/lib/python3.8/dist-packages/dogpile/cache/region.py", line 995, in gen_value
Oct 03 11:53:36.840070 dv-neutron-859642-5-hyperv devstack@keystone.service[81898]: ERROR keystone.server.flask.application created_value = creator(
Oct 03 11:53:36.840070 dv-neutron-859642-5-hyperv devstack@keystone.service[81898]: ERROR keystone.server.flask.application
File "/opt/stack/keystone/keystone/assignment/core.py", line 1276, in get_role
Oct 03 11:53:36.840070 dv-neutron-859642-5-hyperv devstack@keystone.service[81898]: ERROR keystone.server.flask.application return self.driver.get_role(role_id)
Oct 03 11:53:36.840070 dv-neutron-859642-5-hyperv devstack@keystone.service[81898]: ERROR keystone.server.flask.application
File "/opt/stack/keystone/keystone/assignment/role_backends/sql.py", line 70, in get_role
Oct 03 11:53:36.840070 dv-neutron-859642-5-hyperv devstack@keystone.service[81898]: ERROR keystone.server.flask.application return self._get_role(session, role_id).to_dict()
Oct 03 11:53:36.840070 dv-neutron-859642-5-hyperv devstack@keystone.service[81898]: ERROR keystone.server.flask.application
File "/opt/stack/keystone/keystone/assignment/role_backends/sql.py", line 65, in _get_role
Oct 03 11:53:36.840070 dv-neutron-859642-5-hyperv devstack@keystone.service[81898]: ERROR keystone.server.flask.application raise exception.RoleNotFound(role_id=role_id)
Oct 03 11:53:36.840070 dv-neutron-859642-5-hyperv devstack@keystone.service[81898]: ERROR keystone.server.flask.application keystone.exception.RoleNotFound: Could not find role: member.
Oct 03 11:53:36.840070 dv-neutron-859642-5-hyperv devstack@keystone.service[81898]: ERROR keystone.server.flask.application
Oct 03 11:53:36.846239 dv-neutron-859642-5-hyperv devstack@keystone.service[81898]: [pid: 81898|app: 0|req: 78/158] 10.222.0.26 () {56 vars in 1099 bytes} [Mon Oct 3 11:53:36 2022] GET /identity/v3/roles/member => generated 84 bytes in 377 msecs (HTTP/1.1 404) 5 headers in 183 bytes (2 switches on core 0)
Oct 03 11:53:36.847204 dv-neutron-859642-5-hyperv devstack@keystone.service[81898]: DEBUG keystone.server.flask.request_processing.middleware.auth_context [None req-5a2cb6b2-019a-4fef-b955-e98e8661079d None admin] Authenticating user token {{(pid=81898) process_request /usr/local/lib/python3.8/dist-packages/keystonemiddleware/auth_token/__init__.py:407}}
Oct 03 11:53:36.847807 dv-neutron-859642-5-hyperv devstack@keystone.service[81898]: DEBUG dbcounter [-] [81898] Writing DB stats keystone:SELECT=100 {{(pid=81898) stat_writer /usr/local/lib/python3.8/dist-packages/dbcounter.py:114}}
Oct 03 11:53:36.987993 dv-neutron-859642-5-hyperv devstack@keystone.service[81898]: DEBUG keystone.server.flask.request_processing.middleware.auth_context [None req-5a2cb6b2-019a-4fef-b955-e98e8661079d None admin] Validating token access rules against request {{(pid=81898) validate_allowed_request /usr/local/lib/python3.8/dist-packages/keystonemiddleware/auth_token/__init__.py:545}}
Oct 03 11:53:36.990048 dv-neutron-859642-5-hyperv devstack@keystone.service[81899]: DEBUG keystone.server.flask.request_processing.middleware.auth_context [None req-9cd4b021-ef08-40b8-a441-266b883813c5 None admin] Validating token access rules against request {{(pid=81899) validate_allowed_request /usr/local/lib/python3.8/dist-packages/keystonemiddleware/auth_token/__init__.py:545}}
Oct 03 11:53:37.037012 dv-neutron-859642-5-hyperv devstack@keystone.service[81898]: DEBUG keystone.server.flask.request_processing.middleware.auth_context [None req-37f9e8fd-ac14-4371-b9cf-431966e02c49 None admin] RBAC: auth_context: {'token': , 'domain_id': None, 'trust_id': None, 'trustor_id': None, 'trustee_id': None, 'domain_name': None, 'group_ids': [], 'user_id': 'fdc5cd04d4214548abae71914030be80', 'user_domain_id': 'default', 'system_scope': 'all', 'project_id': None, 'project_domain_id': None, 'roles': ['admin', 'member', 'reader'], 'is_admin_project': True, 'service_user_id': None, 'service_user_domain_id': None, 'service_project_id': None, 'service_project_domain_id': None, 'service_roles': []} {{(pid=81898) fill_context /opt/stack/keystone/keystone/server/flask/request_processing/middleware/auth_context.py:478}}
Oct 03 11:53:37.038210 dv-neutron-859642-5-hyperv devstack@keystone.service[81898]: DEBUG keystone.server.flask.request_processing.req_logging [None req-37f9e8fd-ac14-4371-b9cf-431966e02c49 None admin] REQUEST_METHOD: `GET` {{(pid=81898) log_request_info /opt/stack/keystone/keystone/server/flask/request_processing/req_logging.py:27}}
Oct 03 11:53:37.038502 dv-neutron-859642-5-hyperv devstack@keystone.service[81898]: DEBUG keystone.server.flask.request_processing.req_logging [None req-37f9e8fd-ac14-4371-b9cf-431966e02c49 None admin] SCRIPT_NAME: `/identity` {{(pid=81898) log_request_info /opt/stack/keystone/keystone/server/flask/request_processing/req_logging.py:28}}
Oct 03 11:53:37.038782 dv-neutron-859642-5-hyperv devstack@keystone.service[81898]: DEBUG keystone.server.flask.request_processing.req_logging [None req-37f9e8fd-ac14-4371-b9cf-431966e02c49 None admin] PATH_INFO: `/v3/roles` {{(pid=81898) log_request_info /opt/stack/keystone/keystone/server/flask/request_processing/req_logging.py:29}}
Oct 03 11:53:37.039497 dv-neutron-859642-5-hyperv devstack@keystone.service[81898]: DEBUG keystone.common.rbac_enforcer.enforcer [None req-37f9e8fd-ac14-4371-b9cf-431966e02c49 None admin] RBAC: Adding query filter params (name=member) {{(pid=81898) _extract_filter_values /opt/stack/keystone/keystone/common/rbac_enforcer/enforcer.py:167}}
Oct 03 11:53:37.039806 dv-neutron-859642-5-hyperv devstack@keystone.service[81898]: DEBUG keystone.common.rbac_enforcer.enforcer [None req-37f9e8fd-ac14-4371-b9cf-431966e02c49 None admin] RBAC: Authorizing `identity:list_roles()` {{(pid=81898) enforce_call /opt/stack/keystone/keystone/common/rbac_enforcer/enforcer.py:449}}
Oct 03 11:53:37.041216 dv-neutron-859642-5-hyperv devstack@keystone.service[81898]: DEBUG keystone.common.rbac_enforcer.enforcer [None req-37f9e8fd-ac14-4371-b9cf-431966e02c49 None admin] RBAC: Authorization granted {{(pid=81898) enforce_call /opt/stack/keystone/keystone/common/rbac_enforcer/enforcer.py:457}}
Oct 03 11:53:37.054227 dv-neutron-859642-5-hyperv devstack@keystone.service[81898]: [pid: 81898|app: 0|req: 79/159] 10.222.0.26 () {56 vars in 1101 bytes} [Mon Oct 3 11:53:36 2022] GET /identity/v3/roles?name=member => generated 341 bytes in 207 msecs (HTTP/1.1 200) 5 headers in 177 bytes (1 switches on core 0)
Oct 03 11:53:37.060331 dv-neutron-859642-5-hyperv devstack@keystone.service[81898]: DEBUG keystone.server.flask.request_processing.middleware.auth_context [None req-37f9e8fd-ac14-4371-b9cf-431966e02c49 None admin] Authenticating user token {{(pid=81898) process_request /usr/local/lib/python3.8/dist-packages/keystonemiddleware/auth_token/__init__.py:407}}
Oct 03 11:53:37.068047 dv-neutron-859642-5-hyperv devstack@keystone.service[81899]: DEBUG keystone.server.flask.request_processing.middleware.auth_context [None req-6a54b487-baaa-4919-9bb8-f9f3d7c08741 None admin] RBAC: auth_context: {'token': , 'domain_id': None, 'trust_id': None, 'trustor_id': None, 'trustee_id': None, 'domain_name': None, 'group_ids': [], 'user_id': 'fdc5cd04d4214548abae71914030be80', 'user_domain_id': 'default', 'system_scope': 'all', 'project_id': None, 'project_domain_id': None, 'roles': ['admin', 'member', 'reader'], 'is_admin_project': True, 'service_user_id': None, 'service_user_domain_id': None, 'service_project_id': None, 'service_project_domain_id': None, 'service_roles': []} {{(pid=81899) fill_context /opt/stack/keystone/keystone/server/flask/request_processing/middleware/auth_context.py:478}}
Oct 03 11:53:37.068673 dv-neutron-859642-5-hyperv devstack@keystone.service[81899]: DEBUG keystone.server.flask.request_processing.req_logging [None req-6a54b487-baaa-4919-9bb8-f9f3d7c08741 None admin] REQUEST_METHOD: `GET` {{(pid=81899) log_request_info /opt/stack/keystone/keystone/server/flask/request_processing/req_logging.py:27}}
Oct 03 11:53:37.069000 dv-neutron-859642-5-hyperv devstack@keystone.service[81899]: DEBUG keystone.server.flask.request_processing.req_logging [None req-6a54b487-baaa-4919-9bb8-f9f3d7c08741 None admin] SCRIPT_NAME: `/identity` {{(pid=81899) log_request_info /opt/stack/keystone/keystone/server/flask/request_processing/req_logging.py:28}}
Oct 03 11:53:37.069275 dv-neutron-859642-5-hyperv devstack@keystone.service[81899]: DEBUG keystone.server.flask.request_processing.req_logging [None req-6a54b487-baaa-4919-9bb8-f9f3d7c08741 None admin] PATH_INFO: `/v3/role_assignments` {{(pid=81899) log_request_info /opt/stack/keystone/keystone/server/flask/request_processing/req_logging.py:29}}
Oct 03 11:53:37.070081 dv-neutron-859642-5-hyperv devstack@keystone.service[81899]: DEBUG keystone.common.rbac_enforcer.enforcer [None req-6a54b487-baaa-4919-9bb8-f9f3d7c08741 None admin] RBAC: Adding query filter params (role.id=cc889f735d8f46e289a754e583f86564, scope.project.id=7f86c656c73a4169a2310e952497e824, user.id=fdc5cd04d4214548abae71914030be80) {{(pid=81899) _extract_filter_values /opt/stack/keystone/keystone/common/rbac_enforcer/enforcer.py:167}}
Oct 03 11:53:37.070451 dv-neutron-859642-5-hyperv devstack@keystone.service[81899]: DEBUG keystone.common.rbac_enforcer.enforcer [None req-6a54b487-baaa-4919-9bb8-f9f3d7c08741 None admin] RBAC: Authorizing `identity:list_role_assignments()` {{(pid=81899) enforce_call /opt/stack/keystone/keystone/common/rbac_enforcer/enforcer.py:449}}
Oct 03 11:53:37.072105 dv-neutron-859642-5-hyperv devstack@keystone.service[81899]: DEBUG keystone.common.rbac_enforcer.enforcer [None req-6a54b487-baaa-4919-9bb8-f9f3d7c08741 None admin] RBAC: Authorization granted {{(pid=81899) enforce_call /opt/stack/keystone/keystone/common/rbac_enforcer/enforcer.py:457}}
Oct 03 11:53:37.079443 dv-neutron-859642-5-hyperv devstack@keystone.service[81899]: [pid: 81899|app: 0|req: 81/160] 10.222.0.26 () {56 vars in 1374 bytes} [Mon Oct 3 11:53:36 2022] GET /identity/v3/role_assignments?user.id=fdc5cd04d4214548abae71914030be80&scope.project.id=7f86c656c73a4169a2310e952497e824&role.id=cc889f735d8f46e289a754e583f86564 => generated 608 bytes in 353 msecs (HTTP/1.1 200) 5 headers in 177 bytes (1 switches on core 0)
Oct 03 11:53:37.151326 dv-neutron-859642-5-hyperv devstack@keystone.service[81898]: DEBUG dbcounter [-] [81898] Writing DB stats keystone:SELECT=100 {{(pid=81898) stat_writer /usr/local/lib/python3.8/dist-packages/dbcounter.py:114}}
Oct 03 11:53:37.205603 dv-neutron-859642-5-hyperv devstack@keystone.service[81898]: DEBUG keystone.server.flask.request_processing.middleware.auth_context [None req-37f9e8fd-ac14-4371-b9cf-431966e02c49 None admin] Validating token access rules against request {{(pid=81898) validate_allowed_request /usr/local/lib/python3.8/dist-packages/keystonemiddleware/auth_token/__init__.py:545}}
Oct 03 11:53:37.252506 dv-neutron-859642-5-hyperv devstack@keystone.service[81898]: DEBUG keystone.server.flask.request_processing.middleware.auth_context [None req-1188efaf-8699-438e-96a9-17b1af3fb2a1 None admin] RBAC: auth_context: {'token': , 'domain_id': None, 'trust_id': None, 'trustor_id': None, 'trustee_id': None, 'domain_name': None, 'group_ids': [], 'user_id': 'fdc5cd04d4214548abae71914030be80', 'user_domain_id': 'default', 'system_scope': 'all', 'project_id': None, 'project_domain_id': None, 'roles': ['admin', 'member', 'reader'], 'is_admin_project': True, 'service_user_id': None, 'service_user_domain_id': None, 'service_project_id': None, 'service_project_domain_id': None, 'service_roles': []} {{(pid=81898) fill_context /opt/stack/keystone/keystone/server/flask/request_processing/middleware/auth_context.py:478}}
Oct 03 11:53:37.255519 dv-neutron-859642-5-hyperv devstack@keystone.service[81898]: DEBUG keystone.server.flask.request_processing.req_logging [None req-1188efaf-8699-438e-96a9-17b1af3fb2a1 None admin] REQUEST_METHOD: `GET` {{(pid=81898) log_request_info /opt/stack/keystone/keystone/server/flask/request_processing/req_logging.py:27}}
Oct 03 11:53:37.255519 dv-neutron-859642-5-hyperv devstack@keystone.service[81898]: DEBUG keystone.server.flask.request_processing.req_logging [None req-1188efaf-8699-438e-96a9-17b1af3fb2a1 None admin] SCRIPT_NAME: `/identity` {{(pid=81898) log_request_info /opt/stack/keystone/keystone/server/flask/request_processing/req_logging.py:28}}
Oct 03 11:53:37.255519 dv-neutron-859642-5-hyperv devstack@keystone.service[81898]: DEBUG keystone.server.flask.request_processing.req_logging [None req-1188efaf-8699-438e-96a9-17b1af3fb2a1 None admin] PATH_INFO: `/v3/users/c9fbd6b030624dc491a3c3ae89a96f1e` {{(pid=81898) log_request_info /opt/stack/keystone/keystone/server/flask/request_processing/req_logging.py:29}}
Oct 03 11:53:37.263379 dv-neutron-859642-5-hyperv devstack@keystone.service[81898]: DEBUG keystone.common.rbac_enforcer.enforcer [None req-1188efaf-8699-438e-96a9-17b1af3fb2a1 None admin] RBAC: Authorizing `identity:get_user(user_id=c9fbd6b030624dc491a3c3ae89a96f1e)` {{(pid=81898) enforce_call /opt/stack/keystone/keystone/common/rbac_enforcer/enforcer.py:449}}
Oct 03 11:53:37.263379 dv-neutron-859642-5-hyperv devstack@keystone.service[81898]: DEBUG keystone.common.rbac_enforcer.enforcer [None req-1188efaf-8699-438e-96a9-17b1af3fb2a1 None admin] RBAC: Authorization granted {{(pid=81898) enforce_call /opt/stack/keystone/keystone/common/rbac_enforcer/enforcer.py:457}}
Oct 03 11:53:37.263636 dv-neutron-859642-5-hyperv devstack@keystone.service[81898]: [pid: 81898|app: 0|req: 80/161] 10.222.0.26 () {56 vars in 1177 bytes} [Mon Oct 3 11:53:37 2022] GET /identity/v3/users/c9fbd6b030624dc491a3c3ae89a96f1e => generated 275 bytes in 204 msecs (HTTP/1.1 200) 5 headers in 177 bytes (2 switches on core 0)
Oct 03 11:53:37.275387 dv-neutron-859642-5-hyperv devstack@keystone.service[81899]: DEBUG keystone.server.flask.request_processing.middleware.auth_context [None req-6a54b487-baaa-4919-9bb8-f9f3d7c08741 None admin] Authenticating user token {{(pid=81899) process_request /usr/local/lib/python3.8/dist-packages/keystonemiddleware/auth_token/__init__.py:407}}
Oct 03 11:53:37.392668 dv-neutron-859642-5-hyperv devstack@keystone.service[81899]: DEBUG dbcounter [-] [81899] Writing DB stats keystone:SELECT=100 {{(pid=81899) stat_writer /usr/local/lib/python3.8/dist-packages/dbcounter.py:114}}
Oct 03 11:53:37.442175 dv-neutron-859642-5-hyperv devstack@keystone.service[81899]: DEBUG keystone.server.flask.request_processing.middleware.auth_context [None req-6a54b487-baaa-4919-9bb8-f9f3d7c08741 None admin] Validating token access rules against request {{(pid=81899) validate_allowed_request /usr/local/lib/python3.8/dist-packages/keystonemiddleware/auth_token/__init__.py:545}}
Oct 03 11:53:37.443465 dv-neutron-859642-5-hyperv devstack@keystone.service[81898]: DEBUG keystone.server.flask.request_processing.req_logging [None req-30cc02d8-6010-4e26-a0e9-06641c6f2bc1 None None] REQUEST_METHOD: `GET` {{(pid=81898) log_request_info /opt/stack/keystone/keystone/server/flask/request_processing/req_logging.py:27}}
Oct 03 11:53:37.443798 dv-neutron-859642-5-hyperv devstack@keystone.service[81898]: DEBUG keystone.server.flask.request_processing.req_logging [None req-30cc02d8-6010-4e26-a0e9-06641c6f2bc1 None None] SCRIPT_NAME: `/identity` {{(pid=81898) log_request_info /opt/stack/keystone/keystone/server/flask/request_processing/req_logging.py:28}}
Oct 03 11:53:37.444077 dv-neutron-859642-5-hyperv devstack@keystone.service[81898]: DEBUG keystone.server.flask.request_processing.req_logging [None req-30cc02d8-6010-4e26-a0e9-06641c6f2bc1 None None] PATH_INFO: `/` {{(pid=81898) log_request_info /opt/stack/keystone/keystone/server/flask/request_processing/req_logging.py:29}}
Oct 03 11:53:37.445704 dv-neutron-859642-5-hyperv devstack@keystone.service[81898]: [pid: 81898|app: 0|req: 81/162] 10.222.0.26 () {54 vars in 927 bytes} [Mon Oct 3 11:53:37 2022] GET /identity => generated 270 bytes in 3 msecs (HTTP/1.1 300) 6 headers in 234 bytes (2 switches on core 0)
Oct 03 11:53:37.455791 dv-neutron-859642-5-hyperv devstack@keystone.service[81898]: DEBUG keystone.server.flask.request_processing.req_logging [None req-b89c3bb0-d918-4063-b40b-63428cd36dd1 None None] REQUEST_METHOD: `POST` {{(pid=81898) log_request_info /opt/stack/keystone/keystone/server/flask/request_processing/req_logging.py:27}}
