Sep 30 15:48:24.022315 dv-neutron-859642-4-hyperv devstack@keystone.service[81741]: DEBUG keystone.server.flask.request_processing.middleware.auth_context [None req-9b6f4cf2-e9b2-4022-8756-2e26d1bbe4d0 None None] Validating token access rules against request {{(pid=81741) validate_allowed_request /usr/local/lib/python3.8/dist-packages/keystonemiddleware/auth_token/__init__.py:545}}
Sep 30 15:48:24.047629 dv-neutron-859642-4-hyperv devstack@keystone.service[81741]: DEBUG dbcounter [-] [81741] Writing DB stats keystone:SELECT=99,keystone:INSERT=1 {{(pid=81741) stat_writer /usr/local/lib/python3.8/dist-packages/dbcounter.py:114}}
Sep 30 15:48:24.060759 dv-neutron-859642-4-hyperv devstack@keystone.service[81741]: DEBUG keystone.server.flask.request_processing.middleware.auth_context [None req-fcdbffc2-388c-442f-bf77-5b5b7fd5493a None admin] RBAC: auth_context: {'token': , 'domain_id': None, 'trust_id': None, 'trustor_id': None, 'trustee_id': None, 'domain_name': None, 'group_ids': [], 'user_id': '62211c5a5d304ae2a6481ce2552da073', 'user_domain_id': 'default', 'system_scope': 'all', 'project_id': None, 'project_domain_id': None, 'roles': ['admin', 'member', 'reader'], 'is_admin_project': True, 'service_user_id': None, 'service_user_domain_id': None, 'service_project_id': None, 'service_project_domain_id': None, 'service_roles': []} {{(pid=81741) fill_context /opt/stack/keystone/keystone/server/flask/request_processing/middleware/auth_context.py:478}}
Sep 30 15:48:24.061591 dv-neutron-859642-4-hyperv devstack@keystone.service[81741]: DEBUG keystone.server.flask.request_processing.req_logging [None req-fcdbffc2-388c-442f-bf77-5b5b7fd5493a None admin] REQUEST_METHOD: `GET` {{(pid=81741) log_request_info /opt/stack/keystone/keystone/server/flask/request_processing/req_logging.py:27}}
Sep 30 15:48:24.062041 dv-neutron-859642-4-hyperv devstack@keystone.service[81741]: DEBUG keystone.server.flask.request_processing.req_logging [None req-fcdbffc2-388c-442f-bf77-5b5b7fd5493a None admin] SCRIPT_NAME: `/identity` {{(pid=81741) log_request_info /opt/stack/keystone/keystone/server/flask/request_processing/req_logging.py:28}}
Sep 30 15:48:24.062547 dv-neutron-859642-4-hyperv devstack@keystone.service[81741]: DEBUG keystone.server.flask.request_processing.req_logging [None req-fcdbffc2-388c-442f-bf77-5b5b7fd5493a None admin] PATH_INFO: `/v3/roles` {{(pid=81741) log_request_info /opt/stack/keystone/keystone/server/flask/request_processing/req_logging.py:29}}
Sep 30 15:48:24.063216 dv-neutron-859642-4-hyperv devstack@keystone.service[81741]: DEBUG keystone.common.rbac_enforcer.enforcer [None req-fcdbffc2-388c-442f-bf77-5b5b7fd5493a None admin] RBAC: Adding query filter params (name=admin) {{(pid=81741) _extract_filter_values /opt/stack/keystone/keystone/common/rbac_enforcer/enforcer.py:167}}
Sep 30 15:48:24.063536 dv-neutron-859642-4-hyperv devstack@keystone.service[81741]: DEBUG keystone.common.rbac_enforcer.enforcer [None req-fcdbffc2-388c-442f-bf77-5b5b7fd5493a None admin] RBAC: Authorizing `identity:list_roles()` {{(pid=81741) enforce_call /opt/stack/keystone/keystone/common/rbac_enforcer/enforcer.py:449}}
Sep 30 15:48:24.064985 dv-neutron-859642-4-hyperv devstack@keystone.service[81741]: DEBUG keystone.common.rbac_enforcer.enforcer [None req-fcdbffc2-388c-442f-bf77-5b5b7fd5493a None admin] RBAC: Authorization granted {{(pid=81741) enforce_call /opt/stack/keystone/keystone/common/rbac_enforcer/enforcer.py:457}}
Sep 30 15:48:24.079147 dv-neutron-859642-4-hyperv devstack@keystone.service[81741]: [pid: 81741|app: 0|req: 129/259] 10.222.0.25 () {56 vars in 1099 bytes} [Fri Sep 30 15:48:23 2022] GET /identity/v3/roles?name=admin => generated 339 bytes in 173 msecs (HTTP/1.1 200) 5 headers in 177 bytes (1 switches on core 0)
Sep 30 15:48:24.085463 dv-neutron-859642-4-hyperv devstack@keystone.service[81742]: DEBUG keystone.server.flask.request_processing.middleware.auth_context [None req-67ccbb08-1b08-4499-9b38-69ef36c9e958 None admin] Authenticating user token {{(pid=81742) process_request /usr/local/lib/python3.8/dist-packages/keystonemiddleware/auth_token/__init__.py:407}}
Sep 30 15:48:24.100314 dv-neutron-859642-4-hyperv devstack@keystone.service[81741]: DEBUG keystone.server.flask.request_processing.middleware.auth_context [None req-fcdbffc2-388c-442f-bf77-5b5b7fd5493a None admin] Authenticating user token {{(pid=81741) process_request /usr/local/lib/python3.8/dist-packages/keystonemiddleware/auth_token/__init__.py:407}}
Sep 30 15:48:24.269105 dv-neutron-859642-4-hyperv devstack@keystone.service[81741]: DEBUG keystone.server.flask.request_processing.middleware.auth_context [None req-fcdbffc2-388c-442f-bf77-5b5b7fd5493a None admin] Validating token access rules against request {{(pid=81741) validate_allowed_request /usr/local/lib/python3.8/dist-packages/keystonemiddleware/auth_token/__init__.py:545}}
Sep 30 15:48:24.270979 dv-neutron-859642-4-hyperv devstack@keystone.service[81742]: DEBUG keystone.server.flask.request_processing.middleware.auth_context [None req-67ccbb08-1b08-4499-9b38-69ef36c9e958 None admin] Validating token access rules against request {{(pid=81742) validate_allowed_request /usr/local/lib/python3.8/dist-packages/keystonemiddleware/auth_token/__init__.py:545}}
Sep 30 15:48:24.310444 dv-neutron-859642-4-hyperv devstack@keystone.service[81741]: DEBUG keystone.server.flask.request_processing.middleware.auth_context [None req-900621e8-c183-4c4e-bd09-c9797dab4f94 None admin] RBAC: auth_context: {'token': , 'domain_id': None, 'trust_id': None, 'trustor_id': None, 'trustee_id': None, 'domain_name': None, 'group_ids': [], 'user_id': '62211c5a5d304ae2a6481ce2552da073', 'user_domain_id': 'default', 'system_scope': 'all', 'project_id': None, 'project_domain_id': None, 'roles': ['admin', 'member', 'reader'], 'is_admin_project': True, 'service_user_id': None, 'service_user_domain_id': None, 'service_project_id': None, 'service_project_domain_id': None, 'service_roles': []} {{(pid=81741) fill_context /opt/stack/keystone/keystone/server/flask/request_processing/middleware/auth_context.py:478}}
Sep 30 15:48:24.311472 dv-neutron-859642-4-hyperv devstack@keystone.service[81741]: DEBUG keystone.server.flask.request_processing.req_logging [None req-900621e8-c183-4c4e-bd09-c9797dab4f94 None admin] REQUEST_METHOD: `GET` {{(pid=81741) log_request_info /opt/stack/keystone/keystone/server/flask/request_processing/req_logging.py:27}}
Sep 30 15:48:24.311967 dv-neutron-859642-4-hyperv devstack@keystone.service[81741]: DEBUG keystone.server.flask.request_processing.req_logging [None req-900621e8-c183-4c4e-bd09-c9797dab4f94 None admin] SCRIPT_NAME: `/identity` {{(pid=81741) log_request_info /opt/stack/keystone/keystone/server/flask/request_processing/req_logging.py:28}}
Sep 30 15:48:24.312435 dv-neutron-859642-4-hyperv devstack@keystone.service[81741]: DEBUG keystone.server.flask.request_processing.req_logging [None req-900621e8-c183-4c4e-bd09-c9797dab4f94 None admin] PATH_INFO: `/v3/roles/anotherrole` {{(pid=81741) log_request_info /opt/stack/keystone/keystone/server/flask/request_processing/req_logging.py:29}}
Sep 30 15:48:24.324196 dv-neutron-859642-4-hyperv devstack@keystone.service[81741]: DEBUG keystone.common.rbac_enforcer.enforcer [None req-900621e8-c183-4c4e-bd09-c9797dab4f94 None admin] Extracting inferred target data resulted in "NOT FOUND (404)". {{(pid=81741) enforce_call /opt/stack/keystone/keystone/common/rbac_enforcer/enforcer.py:409}}
Sep 30 15:48:24.330122 dv-neutron-859642-4-hyperv devstack@keystone.service[81741]: ERROR keystone.server.flask.application [None req-900621e8-c183-4c4e-bd09-c9797dab4f94 None admin] Could not find role: anotherrole.: keystone.exception.RoleNotFound: Could not find role: anotherrole.
Sep 30 15:48:24.330122 dv-neutron-859642-4-hyperv devstack@keystone.service[81741]: ERROR keystone.server.flask.application
Traceback (most recent call last):
Sep 30 15:48:24.330122 dv-neutron-859642-4-hyperv devstack@keystone.service[81741]: ERROR keystone.server.flask.application
File "/usr/local/lib/python3.8/dist-packages/flask/app.py", line 1820, in full_dispatch_request
Sep 30 15:48:24.330122 dv-neutron-859642-4-hyperv devstack@keystone.service[81741]: ERROR keystone.server.flask.application rv = self.dispatch_request()
Sep 30 15:48:24.330122 dv-neutron-859642-4-hyperv devstack@keystone.service[81741]: ERROR keystone.server.flask.application
File "/usr/local/lib/python3.8/dist-packages/flask/app.py", line 1796, in dispatch_request
Sep 30 15:48:24.330122 dv-neutron-859642-4-hyperv devstack@keystone.service[81741]: ERROR keystone.server.flask.application return self.ensure_sync(self.view_functions[rule.endpoint])(**view_args)
Sep 30 15:48:24.330122 dv-neutron-859642-4-hyperv devstack@keystone.service[81741]: ERROR keystone.server.flask.application
File "/usr/local/lib/python3.8/dist-packages/flask_restful/__init__.py", line 467, in wrapper
Sep 30 15:48:24.330122 dv-neutron-859642-4-hyperv devstack@keystone.service[81741]: ERROR keystone.server.flask.application resp = resource(*args, **kwargs)
Sep 30 15:48:24.330122 dv-neutron-859642-4-hyperv devstack@keystone.service[81741]: ERROR keystone.server.flask.application
File "/usr/local/lib/python3.8/dist-packages/flask/views.py", line 107, in view
Sep 30 15:48:24.330122 dv-neutron-859642-4-hyperv devstack@keystone.service[81741]: ERROR keystone.server.flask.application return current_app.ensure_sync(self.dispatch_request)(**kwargs)
Sep 30 15:48:24.330122 dv-neutron-859642-4-hyperv devstack@keystone.service[81741]: ERROR keystone.server.flask.application
File "/usr/local/lib/python3.8/dist-packages/flask_restful/__init__.py", line 582, in dispatch_request
Sep 30 15:48:24.330122 dv-neutron-859642-4-hyperv devstack@keystone.service[81741]: ERROR keystone.server.flask.application resp = meth(*args, **kwargs)
Sep 30 15:48:24.330122 dv-neutron-859642-4-hyperv devstack@keystone.service[81741]: ERROR keystone.server.flask.application
File "/opt/stack/keystone/keystone/api/roles.py", line 50, in get
Sep 30 15:48:24.330122 dv-neutron-859642-4-hyperv devstack@keystone.service[81741]: ERROR keystone.server.flask.application return self._get_role(role_id)
Sep 30 15:48:24.330122 dv-neutron-859642-4-hyperv devstack@keystone.service[81741]: ERROR keystone.server.flask.application
File "/opt/stack/keystone/keystone/api/roles.py", line 70, in _get_role
Sep 30 15:48:24.330122 dv-neutron-859642-4-hyperv devstack@keystone.service[81741]: ERROR keystone.server.flask.application ENFORCER.enforce_call(action='identity:get_role')
Sep 30 15:48:24.331003 dv-neutron-859642-4-hyperv devstack@keystone.service[81741]: ERROR keystone.server.flask.application
File "/opt/stack/keystone/keystone/common/rbac_enforcer/enforcer.py", line 402, in enforce_call
Sep 30 15:48:24.331003 dv-neutron-859642-4-hyperv devstack@keystone.service[81741]: ERROR keystone.server.flask.application policy_dict.update(cls._extract_member_target_data(
Sep 30 15:48:24.331003 dv-neutron-859642-4-hyperv devstack@keystone.service[81741]: ERROR keystone.server.flask.application
File "/opt/stack/keystone/keystone/common/rbac_enforcer/enforcer.py", line 234, in _extract_member_target_data
Sep 30 15:48:24.331003 dv-neutron-859642-4-hyperv devstack@keystone.service[81741]: ERROR keystone.server.flask.application member_name: func(flask.request.view_args[key])
Sep 30 15:48:24.331003 dv-neutron-859642-4-hyperv devstack@keystone.service[81741]: ERROR keystone.server.flask.application
File "/opt/stack/keystone/keystone/common/manager.py", line 115, in wrapped
Sep 30 15:48:24.331003 dv-neutron-859642-4-hyperv devstack@keystone.service[81741]: ERROR keystone.server.flask.application __ret_val = __f(*args, **kwargs)
Sep 30 15:48:24.331003 dv-neutron-859642-4-hyperv devstack@keystone.service[81741]: ERROR keystone.server.flask.application
File "/usr/local/lib/python3.8/dist-packages/decorator.py", line 232, in fun
Sep 30 15:48:24.331003 dv-neutron-859642-4-hyperv devstack@keystone.service[81741]: ERROR keystone.server.flask.application return caller(func, *(extras + args), **kw)
Sep 30 15:48:24.331003 dv-neutron-859642-4-hyperv devstack@keystone.service[81741]: ERROR keystone.server.flask.application
File "/usr/local/lib/python3.8/dist-packages/dogpile/cache/region.py", line 1577, in get_or_create_for_user_func
Sep 30 15:48:24.331003 dv-neutron-859642-4-hyperv devstack@keystone.service[81741]: ERROR keystone.server.flask.application return self.get_or_create(
Sep 30 15:48:24.331003 dv-neutron-859642-4-hyperv devstack@keystone.service[81741]: ERROR keystone.server.flask.application
File "/usr/local/lib/python3.8/dist-packages/dogpile/cache/region.py", line 1042, in get_or_create
Sep 30 15:48:24.331003 dv-neutron-859642-4-hyperv devstack@keystone.service[81741]: ERROR keystone.server.flask.application with Lock(
Sep 30 15:48:24.331003 dv-neutron-859642-4-hyperv devstack@keystone.service[81741]: ERROR keystone.server.flask.application
File "/usr/local/lib/python3.8/dist-packages/dogpile/lock.py", line 185, in __enter__
Sep 30 15:48:24.331003 dv-neutron-859642-4-hyperv devstack@keystone.service[81741]: ERROR keystone.server.flask.application return self._enter()
Sep 30 15:48:24.331003 dv-neutron-859642-4-hyperv devstack@keystone.service[81741]: ERROR keystone.server.flask.application
File "/usr/local/lib/python3.8/dist-packages/dogpile/lock.py", line 94, in _enter
Sep 30 15:48:24.331003 dv-neutron-859642-4-hyperv devstack@keystone.service[81741]: ERROR keystone.server.flask.application generated = self._enter_create(value, createdtime)
Sep 30 15:48:24.331911 dv-neutron-859642-4-hyperv devstack@keystone.service[81741]: ERROR keystone.server.flask.application
File "/usr/local/lib/python3.8/dist-packages/dogpile/lock.py", line 178, in _enter_create
Sep 30 15:48:24.331911 dv-neutron-859642-4-hyperv devstack@keystone.service[81741]: ERROR keystone.server.flask.application return self.creator()
Sep 30 15:48:24.331911 dv-neutron-859642-4-hyperv devstack@keystone.service[81741]: ERROR keystone.server.flask.application
File "/usr/local/lib/python3.8/dist-packages/dogpile/cache/region.py", line 995, in gen_value
Sep 30 15:48:24.331911 dv-neutron-859642-4-hyperv devstack@keystone.service[81741]: ERROR keystone.server.flask.application created_value = creator(
Sep 30 15:48:24.331911 dv-neutron-859642-4-hyperv devstack@keystone.service[81741]: ERROR keystone.server.flask.application
File "/opt/stack/keystone/keystone/assignment/core.py", line 1276, in get_role
Sep 30 15:48:24.331911 dv-neutron-859642-4-hyperv devstack@keystone.service[81741]: ERROR keystone.server.flask.application return self.driver.get_role(role_id)
Sep 30 15:48:24.331911 dv-neutron-859642-4-hyperv devstack@keystone.service[81741]: ERROR keystone.server.flask.application
File "/opt/stack/keystone/keystone/assignment/role_backends/sql.py", line 70, in get_role
Sep 30 15:48:24.331911 dv-neutron-859642-4-hyperv devstack@keystone.service[81741]: ERROR keystone.server.flask.application return self._get_role(session, role_id).to_dict()
Sep 30 15:48:24.331911 dv-neutron-859642-4-hyperv devstack@keystone.service[81741]: ERROR keystone.server.flask.application
File "/opt/stack/keystone/keystone/assignment/role_backends/sql.py", line 65, in _get_role
Sep 30 15:48:24.331911 dv-neutron-859642-4-hyperv devstack@keystone.service[81741]: ERROR keystone.server.flask.application raise exception.RoleNotFound(role_id=role_id)
Sep 30 15:48:24.331911 dv-neutron-859642-4-hyperv devstack@keystone.service[81741]: ERROR keystone.server.flask.application keystone.exception.RoleNotFound: Could not find role: anotherrole.
Sep 30 15:48:24.331911 dv-neutron-859642-4-hyperv devstack@keystone.service[81741]: ERROR keystone.server.flask.application
Sep 30 15:48:24.332532 dv-neutron-859642-4-hyperv devstack@keystone.service[81742]: DEBUG keystone.server.flask.request_processing.middleware.auth_context [None req-b624b69c-d1e9-4480-9926-a6e1675707f7 None admin] RBAC: auth_context: {'token': , 'domain_id': None, 'trust_id': None, 'trustor_id': None, 'trustee_id': None, 'domain_name': None, 'group_ids': [], 'user_id': '62211c5a5d304ae2a6481ce2552da073', 'user_domain_id': 'default', 'system_scope': 'all', 'project_id': None, 'project_domain_id': None, 'roles': ['admin', 'member', 'reader'], 'is_admin_project': True, 'service_user_id': None, 'service_user_domain_id': None, 'service_project_id': None, 'service_project_domain_id': None, 'service_roles': []} {{(pid=81742) fill_context /opt/stack/keystone/keystone/server/flask/request_processing/middleware/auth_context.py:478}}
Sep 30 15:48:24.332752 dv-neutron-859642-4-hyperv devstack@keystone.service[81742]: DEBUG keystone.server.flask.request_processing.req_logging [None req-b624b69c-d1e9-4480-9926-a6e1675707f7 None admin] REQUEST_METHOD: `GET` {{(pid=81742) log_request_info /opt/stack/keystone/keystone/server/flask/request_processing/req_logging.py:27}}
Sep 30 15:48:24.333192 dv-neutron-859642-4-hyperv devstack@keystone.service[81742]: DEBUG keystone.server.flask.request_processing.req_logging [None req-b624b69c-d1e9-4480-9926-a6e1675707f7 None admin] SCRIPT_NAME: `/identity` {{(pid=81742) log_request_info /opt/stack/keystone/keystone/server/flask/request_processing/req_logging.py:28}}
Sep 30 15:48:24.333608 dv-neutron-859642-4-hyperv devstack@keystone.service[81742]: DEBUG keystone.server.flask.request_processing.req_logging [None req-b624b69c-d1e9-4480-9926-a6e1675707f7 None admin] PATH_INFO: `/v3/users/f718c3e329934ca396afaff76162a779` {{(pid=81742) log_request_info /opt/stack/keystone/keystone/server/flask/request_processing/req_logging.py:29}}
Sep 30 15:48:24.339732 dv-neutron-859642-4-hyperv devstack@keystone.service[81741]: [pid: 81741|app: 0|req: 130/260] 10.222.0.25 () {56 vars in 1114 bytes} [Fri Sep 30 15:48:24 2022] GET /identity/v3/roles/anotherrole => generated 89 bytes in 240 msecs (HTTP/1.1 404) 5 headers in 183 bytes (2 switches on core 0)
Sep 30 15:48:24.340980 dv-neutron-859642-4-hyperv devstack@keystone.service[81742]: DEBUG keystone.common.rbac_enforcer.enforcer [None req-b624b69c-d1e9-4480-9926-a6e1675707f7 None admin] RBAC: Authorizing `identity:get_user(user_id=f718c3e329934ca396afaff76162a779)` {{(pid=81742) enforce_call /opt/stack/keystone/keystone/common/rbac_enforcer/enforcer.py:449}}
Sep 30 15:48:24.345150 dv-neutron-859642-4-hyperv devstack@keystone.service[81742]: DEBUG keystone.common.rbac_enforcer.enforcer [None req-b624b69c-d1e9-4480-9926-a6e1675707f7 None admin] RBAC: Authorization granted {{(pid=81742) enforce_call /opt/stack/keystone/keystone/common/rbac_enforcer/enforcer.py:457}}
Sep 30 15:48:24.347158 dv-neutron-859642-4-hyperv devstack@keystone.service[81742]: [pid: 81742|app: 0|req: 131/261] 10.222.0.25 () {56 vars in 1177 bytes} [Fri Sep 30 15:48:24 2022] GET /identity/v3/users/f718c3e329934ca396afaff76162a779 => generated 283 bytes in 262 msecs (HTTP/1.1 200) 5 headers in 177 bytes (1 switches on core 0)
Sep 30 15:48:24.348210 dv-neutron-859642-4-hyperv devstack@keystone.service[81741]: DEBUG keystone.server.flask.request_processing.middleware.auth_context [None req-900621e8-c183-4c4e-bd09-c9797dab4f94 None admin] Authenticating user token {{(pid=81741) process_request /usr/local/lib/python3.8/dist-packages/keystonemiddleware/auth_token/__init__.py:407}}
Sep 30 15:48:24.353233 dv-neutron-859642-4-hyperv devstack@keystone.service[81742]: DEBUG keystone.server.flask.request_processing.middleware.auth_context [None req-b624b69c-d1e9-4480-9926-a6e1675707f7 None admin] Authenticating user token {{(pid=81742) process_request /usr/local/lib/python3.8/dist-packages/keystonemiddleware/auth_token/__init__.py:407}}
Sep 30 15:48:24.417077 dv-neutron-859642-4-hyperv devstack@keystone.service[81742]: DEBUG dbcounter [-] [81742] Writing DB stats keystone:SELECT=100 {{(pid=81742) stat_writer /usr/local/lib/python3.8/dist-packages/dbcounter.py:114}}
Sep 30 15:48:24.453380 dv-neutron-859642-4-hyperv devstack@keystone.service[81741]: DEBUG dbcounter [-] [81741] Writing DB stats keystone:SELECT=100 {{(pid=81741) stat_writer /usr/local/lib/python3.8/dist-packages/dbcounter.py:114}}
Sep 30 15:48:24.564461 dv-neutron-859642-4-hyperv devstack@keystone.service[81742]: DEBUG keystone.server.flask.request_processing.middleware.auth_context [None req-b624b69c-d1e9-4480-9926-a6e1675707f7 None admin] Validating token access rules against request {{(pid=81742) validate_allowed_request /usr/local/lib/python3.8/dist-packages/keystonemiddleware/auth_token/__init__.py:545}}
Sep 30 15:48:24.579391 dv-neutron-859642-4-hyperv devstack@keystone.service[81741]: DEBUG keystone.server.flask.request_processing.middleware.auth_context [None req-900621e8-c183-4c4e-bd09-c9797dab4f94 None admin] Validating token access rules against request {{(pid=81741) validate_allowed_request /usr/local/lib/python3.8/dist-packages/keystonemiddleware/auth_token/__init__.py:545}}
Sep 30 15:48:24.620244 dv-neutron-859642-4-hyperv devstack@keystone.service[81742]: DEBUG keystone.server.flask.request_processing.middleware.auth_context [None req-5362ea74-0ab9-46b2-ae22-3f9634218017 None admin] RBAC: auth_context: {'token': , 'domain_id': None, 'trust_id': None, 'trustor_id': None, 'trustee_id': None, 'domain_name': None, 'group_ids': [], 'user_id': '62211c5a5d304ae2a6481ce2552da073', 'user_domain_id': 'default', 'system_scope': 'all', 'project_id': None, 'project_domain_id': None, 'roles': ['admin', 'member', 'reader'], 'is_admin_project': True, 'service_user_id': None, 'service_user_domain_id': None, 'service_project_id': None, 'service_project_domain_id': None, 'service_roles': []} {{(pid=81742) fill_context /opt/stack/keystone/keystone/server/flask/request_processing/middleware/auth_context.py:478}}
Sep 30 15:48:24.620868 dv-neutron-859642-4-hyperv devstack@keystone.service[81742]: DEBUG keystone.server.flask.request_processing.req_logging [None req-5362ea74-0ab9-46b2-ae22-3f9634218017 None admin] REQUEST_METHOD: `GET` {{(pid=81742) log_request_info /opt/stack/keystone/keystone/server/flask/request_processing/req_logging.py:27}}
Sep 30 15:48:24.621139 dv-neutron-859642-4-hyperv devstack@keystone.service[81742]: DEBUG keystone.server.flask.request_processing.req_logging [None req-5362ea74-0ab9-46b2-ae22-3f9634218017 None admin] SCRIPT_NAME: `/identity` {{(pid=81742) log_request_info /opt/stack/keystone/keystone/server/flask/request_processing/req_logging.py:28}}
Sep 30 15:48:24.621405 dv-neutron-859642-4-hyperv devstack@keystone.service[81742]: DEBUG keystone.server.flask.request_processing.req_logging [None req-5362ea74-0ab9-46b2-ae22-3f9634218017 None admin] PATH_INFO: `/v3/auth/tokens` {{(pid=81742) log_request_info /opt/stack/keystone/keystone/server/flask/request_processing/req_logging.py:29}}
Sep 30 15:48:24.660679 dv-neutron-859642-4-hyperv devstack@keystone.service[81741]: DEBUG keystone.server.flask.request_processing.middleware.auth_context [None req-0e030139-f98c-4af6-b6a9-714e49927380 None admin] RBAC: auth_context: {'token': , 'domain_id': None, 'trust_id': None, 'trustor_id': None, 'trustee_id': None, 'domain_name': None, 'group_ids': [], 'user_id': '62211c5a5d304ae2a6481ce2552da073', 'user_domain_id': 'default', 'system_scope': 'all', 'project_id': None, 'project_domain_id': None, 'roles': ['admin', 'member', 'reader'], 'is_admin_project': True, 'service_user_id': None, 'service_user_domain_id': None, 'service_project_id': None, 'service_project_domain_id': None, 'service_roles': []} {{(pid=81741) fill_context /opt/stack/keystone/keystone/server/flask/request_processing/middleware/auth_context.py:478}}
Sep 30 15:48:24.661535 dv-neutron-859642-4-hyperv devstack@keystone.service[81741]: DEBUG keystone.server.flask.request_processing.req_logging [None req-0e030139-f98c-4af6-b6a9-714e49927380 None admin] REQUEST_METHOD: `GET` {{(pid=81741) log_request_info /opt/stack/keystone/keystone/server/flask/request_processing/req_logging.py:27}}
Sep 30 15:48:24.662225 dv-neutron-859642-4-hyperv devstack@keystone.service[81741]: DEBUG keystone.server.flask.request_processing.req_logging [None req-0e030139-f98c-4af6-b6a9-714e49927380 None admin] SCRIPT_NAME: `/identity` {{(pid=81741) log_request_info /opt/stack/keystone/keystone/server/flask/request_processing/req_logging.py:28}}
Sep 30 15:48:24.662634 dv-neutron-859642-4-hyperv devstack@keystone.service[81741]: DEBUG keystone.server.flask.request_processing.req_logging [None req-0e030139-f98c-4af6-b6a9-714e49927380 None admin] PATH_INFO: `/v3/roles` {{(pid=81741) log_request_info /opt/stack/keystone/keystone/server/flask/request_processing/req_logging.py:29}}
Sep 30 15:48:24.663563 dv-neutron-859642-4-hyperv devstack@keystone.service[81741]: DEBUG keystone.common.rbac_enforcer.enforcer [None req-0e030139-f98c-4af6-b6a9-714e49927380 None admin] RBAC: Adding query filter params (name=anotherrole) {{(pid=81741) _extract_filter_values /opt/stack/keystone/keystone/common/rbac_enforcer/enforcer.py:167}}
Sep 30 15:48:24.664000 dv-neutron-859642-4-hyperv devstack@keystone.service[81741]: DEBUG keystone.common.rbac_enforcer.enforcer [None req-0e030139-f98c-4af6-b6a9-714e49927380 None admin] RBAC: Authorizing `identity:list_roles()` {{(pid=81741) enforce_call /opt/stack/keystone/keystone/common/rbac_enforcer/enforcer.py:449}}
Sep 30 15:48:24.665534 dv-neutron-859642-4-hyperv devstack@keystone.service[81741]: DEBUG keystone.common.rbac_enforcer.enforcer [None req-0e030139-f98c-4af6-b6a9-714e49927380 None admin] RBAC: Authorization granted {{(pid=81741) enforce_call /opt/stack/keystone/keystone/common/rbac_enforcer/enforcer.py:457}}
Sep 30 15:48:24.682646 dv-neutron-859642-4-hyperv devstack@keystone.service[81741]: [pid: 81741|app: 0|req: 131/262] 10.222.0.25 () {56 vars in 1111 bytes} [Fri Sep 30 15:48:24 2022] GET /identity/v3/roles?name=anotherrole => generated 334 bytes in 335 msecs (HTTP/1.1 200) 5 headers in 177 bytes (1 switches on core 0)
Sep 30 15:48:24.688412 dv-neutron-859642-4-hyperv devstack@keystone.service[81741]: DEBUG keystone.server.flask.request_processing.middleware.auth_context [None req-0e030139-f98c-4af6-b6a9-714e49927380 None admin] Authenticating user token {{(pid=81741) process_request /usr/local/lib/python3.8/dist-packages/keystonemiddleware/auth_token/__init__.py:407}}
Sep 30 15:48:24.706735 dv-neutron-859642-4-hyperv devstack@keystone.service[81742]: DEBUG keystone.common.rbac_enforcer.enforcer [None req-5362ea74-0ab9-46b2-ae22-3f9634218017 None admin] RBAC: Authorizing `identity:validate_token()` {{(pid=81742) enforce_call /opt/stack/keystone/keystone/common/rbac_enforcer/enforcer.py:449}}
Sep 30 15:48:24.712429 dv-neutron-859642-4-hyperv devstack@keystone.service[81742]: DEBUG keystone.common.rbac_enforcer.enforcer [None req-5362ea74-0ab9-46b2-ae22-3f9634218017 None admin] RBAC: Authorization granted {{(pid=81742) enforce_call /opt/stack/keystone/keystone/common/rbac_enforcer/enforcer.py:457}}
Sep 30 15:48:24.751237 dv-neutron-859642-4-hyperv devstack@keystone.service[81742]: DEBUG dbcounter [-] [81742] Writing DB stats keystone:SELECT=100 {{(pid=81742) stat_writer /usr/local/lib/python3.8/dist-packages/dbcounter.py:114}}
Sep 30 15:48:24.917904 dv-neutron-859642-4-hyperv devstack@keystone.service[81742]: [pid: 81742|app: 0|req: 132/263] 10.222.0.25 () {58 vars in 1282 bytes} [Fri Sep 30 15:48:24 2022] GET /identity/v3/auth/tokens => generated 799 bytes in 565 msecs (HTTP/1.1 200) 6 headers in 358 bytes (2 switches on core 0)
Sep 30 15:48:24.929309 dv-neutron-859642-4-hyperv devstack@keystone.service[81742]: DEBUG keystone.server.flask.request_processing.middleware.auth_context [None req-5362ea74-0ab9-46b2-ae22-3f9634218017 None admin] Authenticating user token {{(pid=81742) process_request /usr/local/lib/python3.8/dist-packages/keystonemiddleware/auth_token/__init__.py:407}}
Sep 30 15:48:24.960889 dv-neutron-859642-4-hyperv devstack@keystone.service[81741]: DEBUG keystone.server.flask.request_processing.middleware.auth_context [None req-0e030139-f98c-4af6-b6a9-714e49927380 None admin] Validating token access rules against request {{(pid=81741) validate_allowed_request /usr/local/lib/python3.8/dist-packages/keystonemiddleware/auth_token/__init__.py:545}}
Sep 30 15:48:24.972860 dv-neutron-859642-4-hyperv devstack@keystone.service[81741]: DEBUG dbcounter [-] [81741] Writing DB stats keystone:SELECT=100 {{(pid=81741) stat_writer /usr/local/lib/python3.8/dist-packages/dbcounter.py:114}}
Sep 30 15:48:25.023272 dv-neutron-859642-4-hyperv devstack@keystone.service[81741]: DEBUG keystone.server.flask.request_processing.middleware.auth_context [None req-9d8cbb97-6524-47ef-91ab-a5227eae882d None admin] RBAC: auth_context: {'token': , 'domain_id': None, 'trust_id': None, 'trustor_id': None, 'trustee_id': None, 'domain_name': None, 'group_ids': [], 'user_id': '62211c5a5d304ae2a6481ce2552da073', 'user_domain_id': 'default', 'system_scope': 'all', 'project_id': None, 'project_domain_id': None, 'roles': ['admin', 'member', 'reader'], 'is_admin_project': True, 'service_user_id': None, 'service_user_domain_id': None, 'service_project_id': None, 'service_project_domain_id': None, 'service_roles': []} {{(pid=81741) fill_context /opt/stack/keystone/keystone/server/flask/request_processing/middleware/auth_context.py:478}}
Sep 30 15:48:25.023872 dv-neutron-859642-4-hyperv devstack@keystone.service[81741]: DEBUG keystone.server.flask.request_processing.req_logging [None req-9d8cbb97-6524-47ef-91ab-a5227eae882d None admin] REQUEST_METHOD: `GET` {{(pid=81741) log_request_info /opt/stack/keystone/keystone/server/flask/request_processing/req_logging.py:27}}
Sep 30 15:48:25.024149 dv-neutron-859642-4-hyperv devstack@keystone.service[81741]: DEBUG keystone.server.flask.request_processing.req_logging [None req-9d8cbb97-6524-47ef-91ab-a5227eae882d None admin] SCRIPT_NAME: `/identity` {{(pid=81741) log_request_info /opt/stack/keystone/keystone/server/flask/request_processing/req_logging.py:28}}
Sep 30 15:48:25.024421 dv-neutron-859642-4-hyperv devstack@keystone.service[81741]: DEBUG keystone.server.flask.request_processing.req_logging [None req-9d8cbb97-6524-47ef-91ab-a5227eae882d None admin] PATH_INFO: `/v3/users/f718c3e329934ca396afaff76162a779` {{(pid=81741) log_request_info /opt/stack/keystone/keystone/server/flask/request_processing/req_logging.py:29}}
Sep 30 15:48:25.025551 dv-neutron-859642-4-hyperv devstack@keystone.service[81741]: DEBUG keystone.common.rbac_enforcer.enforcer [None req-9d8cbb97-6524-47ef-91ab-a5227eae882d None admin] RBAC: Authorizing `identity:get_user(user_id=f718c3e329934ca396afaff76162a779)` {{(pid=81741) enforce_call /opt/stack/keystone/keystone/common/rbac_enforcer/enforcer.py:449}}
Sep 30 15:48:25.026997 dv-neutron-859642-4-hyperv devstack@keystone.service[81741]: DEBUG keystone.common.rbac_enforcer.enforcer [None req-9d8cbb97-6524-47ef-91ab-a5227eae882d None admin] RBAC: Authorization granted {{(pid=81741) enforce_call /opt/stack/keystone/keystone/common/rbac_enforcer/enforcer.py:457}}
Sep 30 15:48:25.034096 dv-neutron-859642-4-hyperv devstack@keystone.service[81741]: [pid: 81741|app: 0|req: 132/264] 10.222.0.25 () {56 vars in 1177 bytes} [Fri Sep 30 15:48:24 2022] GET /identity/v3/users/f718c3e329934ca396afaff76162a779 => generated 283 bytes in 346 msecs (HTTP/1.1 200) 5 headers in 177 bytes (2 switches on core 0)
Sep 30 15:48:25.040646 dv-neutron-859642-4-hyperv devstack@keystone.service[81741]: DEBUG keystone.server.flask.request_processing.middleware.auth_context [None req-9d8cbb97-6524-47ef-91ab-a5227eae882d None admin] Authenticating user token {{(pid=81741) process_request /usr/local/lib/python3.8/dist-packages/keystonemiddleware/auth_token/__init__.py:407}}
Sep 30 15:48:25.110615 dv-neutron-859642-4-hyperv devstack@keystone.service[81742]: DEBUG keystone.server.flask.request_processing.middleware.auth_context [None req-5362ea74-0ab9-46b2-ae22-3f9634218017 None admin] Validating token access rules against request {{(pid=81742) validate_allowed_request /usr/local/lib/python3.8/dist-packages/keystonemiddleware/auth_token/__init__.py:545}}
Sep 30 15:48:25.152356 dv-neutron-859642-4-hyperv devstack@keystone.service[81742]: DEBUG dbcounter [-] [81742] Writing DB stats keystone:SELECT=100 {{(pid=81742) stat_writer /usr/local/lib/python3.8/dist-packages/dbcounter.py:114}}
Sep 30 15:48:25.169169 dv-neutron-859642-4-hyperv devstack@keystone.service[81742]: DEBUG keystone.server.flask.request_processing.middleware.auth_context [None req-11cd40f7-3499-4aea-ab4c-297c798d6d4e None admin] RBAC: auth_context: {'token': , 'domain_id': None, 'trust_id': None, 'trustor_id': None, 'trustee_id': None, 'domain_name': None, 'group_ids': [], 'user_id': '62211c5a5d304ae2a6481ce2552da073', 'user_domain_id': 'default', 'system_scope': 'all', 'project_id': None, 'project_domain_id': None, 'roles': ['admin', 'member', 'reader'], 'is_admin_project': True, 'service_user_id': None, 'service_user_domain_id': None, 'service_project_id': None, 'service_project_domain_id': None, 'service_roles': []} {{(pid=81742) fill_context /opt/stack/keystone/keystone/server/flask/request_processing/middleware/auth_context.py:478}}
Sep 30 15:48:25.169864 dv-neutron-859642-4-hyperv devstack@keystone.service[81742]: DEBUG keystone.server.flask.request_processing.req_logging [None req-11cd40f7-3499-4aea-ab4c-297c798d6d4e None admin] REQUEST_METHOD: `GET` {{(pid=81742) log_request_info /opt/stack/keystone/keystone/server/flask/request_processing/req_logging.py:27}}
Sep 30 15:48:25.170149 dv-neutron-859642-4-hyperv devstack@keystone.service[81742]: DEBUG keystone.server.flask.request_processing.req_logging [None req-11cd40f7-3499-4aea-ab4c-297c798d6d4e None admin] SCRIPT_NAME: `/identity` {{(pid=81742) log_request_info /opt/stack/keystone/keystone/server/flask/request_processing/req_logging.py:28}}
Sep 30 15:48:25.170435 dv-neutron-859642-4-hyperv devstack@keystone.service[81742]: DEBUG keystone.server.flask.request_processing.req_logging [None req-11cd40f7-3499-4aea-ab4c-297c798d6d4e None admin] PATH_INFO: `/v3/projects/a575ca68b52343fb82c7839412982a18` {{(pid=81742) log_request_info /opt/stack/keystone/keystone/server/flask/request_processing/req_logging.py:29}}
Sep 30 15:48:25.174645 dv-neutron-859642-4-hyperv devstack@keystone.service[81742]: DEBUG keystone.common.rbac_enforcer.enforcer [None req-11cd40f7-3499-4aea-ab4c-297c798d6d4e None admin] RBAC: Authorizing `identity:get_project(project_id=a575ca68b52343fb82c7839412982a18)` {{(pid=81742) enforce_call /opt/stack/keystone/keystone/common/rbac_enforcer/enforcer.py:449}}
Sep 30 15:48:25.176307 dv-neutron-859642-4-hyperv devstack@keystone.service[81742]: DEBUG keystone.common.rbac_enforcer.enforcer [None req-11cd40f7-3499-4aea-ab4c-297c798d6d4e None admin] RBAC: Authorization granted {{(pid=81742) enforce_call /opt/stack/keystone/keystone/common/rbac_enforcer/enforcer.py:457}}
Sep 30 15:48:25.178497 dv-neutron-859642-4-hyperv devstack@keystone.service[81742]: [pid: 81742|app: 0|req: 133/265] 10.222.0.25 () {56 vars in 1186 bytes} [Fri Sep 30 15:48:24 2022] GET /identity/v3/projects/a575ca68b52343fb82c7839412982a18 => generated 302 bytes in 250 msecs (HTTP/1.1 200) 5 headers in 177 bytes (1 switches on core 0)
Sep 30 15:48:25.184029 dv-neutron-859642-4-hyperv devstack@keystone.service[81741]: DEBUG keystone.server.flask.request_processing.middleware.auth_context [None req-9d8cbb97-6524-47ef-91ab-a5227eae882d None admin] Validating token access rules against request {{(pid=81741) validate_allowed_request /usr/local/lib/python3.8/dist-packages/keystonemiddleware/auth_token/__init__.py:545}}
Sep 30 15:48:25.184511 dv-neutron-859642-4-hyperv devstack@keystone.service[81742]: DEBUG keystone.server.flask.request_processing.middleware.auth_context [None req-11cd40f7-3499-4aea-ab4c-297c798d6d4e None admin] Authenticating user token {{(pid=81742) process_request /usr/local/lib/python3.8/dist-packages/keystonemiddleware/auth_token/__init__.py:407}}
Sep 30 15:48:25.218535 dv-neutron-859642-4-hyperv devstack@keystone.service[81741]: DEBUG keystone.server.flask.request_processing.middleware.auth_context [None req-02a37e3b-c8ac-43c4-8497-371cb2892be8 None admin] RBAC: auth_context: {'token': , 'domain_id': None, 'trust_id': None, 'trustor_id': None, 'trustee_id': None, 'domain_name': None, 'group_ids': [], 'user_id': '62211c5a5d304ae2a6481ce2552da073', 'user_domain_id': 'default', 'system_scope': 'all', 'project_id': None, 'project_domain_id': None, 'roles': ['admin', 'member', 'reader'], 'is_admin_project': True, 'service_user_id': None, 'service_user_domain_id': None, 'service_project_id': None, 'service_project_domain_id': None, 'service_roles': []} {{(pid=81741) fill_context /opt/stack/keystone/keystone/server/flask/request_processing/middleware/auth_context.py:478}}
Sep 30 15:48:25.219442 dv-neutron-859642-4-hyperv devstack@keystone.service[81741]: DEBUG keystone.server.flask.request_processing.req_logging [None req-02a37e3b-c8ac-43c4-8497-371cb2892be8 None admin] REQUEST_METHOD: `GET` {{(pid=81741) log_request_info /opt/stack/keystone/keystone/server/flask/request_processing/req_logging.py:27}}
Sep 30 15:48:25.219858 dv-neutron-859642-4-hyperv devstack@keystone.service[81741]: DEBUG keystone.server.flask.request_processing.req_logging [None req-02a37e3b-c8ac-43c4-8497-371cb2892be8 None admin] SCRIPT_NAME: `/identity` {{(pid=81741) log_request_info /opt/stack/keystone/keystone/server/flask/request_processing/req_logging.py:28}}
Sep 30 15:48:25.220267 dv-neutron-859642-4-hyperv devstack@keystone.service[81741]: DEBUG keystone.server.flask.request_processing.req_logging [None req-02a37e3b-c8ac-43c4-8497-371cb2892be8 None admin] PATH_INFO: `/v3/auth/tokens` {{(pid=81741) log_request_info /opt/stack/keystone/keystone/server/flask/request_processing/req_logging.py:29}}
Sep 30 15:48:25.263822 dv-neutron-859642-4-hyperv devstack@keystone.service[81741]: DEBUG dbcounter [-] [81741] Writing DB stats keystone:SELECT=100 {{(pid=81741) stat_writer /usr/local/lib/python3.8/dist-packages/dbcounter.py:114}}
Sep 30 15:48:25.290960 dv-neutron-859642-4-hyperv devstack@keystone.service[81741]: DEBUG keystone.common.rbac_enforcer.enforcer [None req-02a37e3b-c8ac-43c4-8497-371cb2892be8 None admin] RBAC: Authorizing `identity:validate_token()` {{(pid=81741) enforce_call /opt/stack/keystone/keystone/common/rbac_enforcer/enforcer.py:449}}
Sep 30 15:48:25.292770 dv-neutron-859642-4-hyperv devstack@keystone.service[81741]: DEBUG keystone.common.rbac_enforcer.enforcer [None req-02a37e3b-c8ac-43c4-8497-371cb2892be8 None admin] RBAC: Authorization granted {{(pid=81741) enforce_call /opt/stack/keystone/keystone/common/rbac_enforcer/enforcer.py:457}}
Sep 30 15:48:25.369937 dv-neutron-859642-4-hyperv devstack@keystone.service[81742]: DEBUG keystone.server.flask.request_processing.middleware.auth_context [None req-11cd40f7-3499-4aea-ab4c-297c798d6d4e None admin] Validating token access rules against request {{(pid=81742) validate_allowed_request /usr/local/lib/python3.8/dist-packages/keystonemiddleware/auth_token/__init__.py:545}}
Sep 30 15:48:25.395348 dv-neutron-859642-4-hyperv devstack@keystone.service[81741]: [pid: 81741|app: 0|req: 133/266] 10.222.0.25 () {58 vars in 1282 bytes} [Fri Sep 30 15:48:25 2022] GET /identity/v3/auth/tokens => generated 799 bytes in 356 msecs (HTTP/1.1 200) 6 headers in 358 bytes (1 switches on core 0)
Sep 30 15:48:25.401101 dv-neutron-859642-4-hyperv devstack@keystone.service[81741]: DEBUG keystone.server.flask.request_processing.middleware.auth_context [None req-02a37e3b-c8ac-43c4-8497-371cb2892be8 None admin] Authenticating user token {{(pid=81741) process_request /usr/local/lib/python3.8/dist-packages/keystonemiddleware/auth_token/__init__.py:407}}
Sep 30 15:48:25.437583 dv-neutron-859642-4-hyperv devstack@keystone.service[81742]: DEBUG keystone.server.flask.request_processing.middleware.auth_context [None req-d30b078b-b7d4-4948-8b55-6c6616916293 None admin] RBAC: auth_context: {'token': , 'domain_id': None, 'trust_id': None, 'trustor_id': None, 'trustee_id': None, 'domain_name': None, 'group_ids': [], 'user_id': '62211c5a5d304ae2a6481ce2552da073', 'user_domain_id': 'default', 'system_scope': 'all', 'project_id': None, 'project_domain_id': None, 'roles': ['admin', 'member', 'reader'], 'is_admin_project': True, 'service_user_id': None, 'service_user_domain_id': None, 'service_project_id': None, 'service_project_domain_id': None, 'service_roles': []} {{(pid=81742) fill_context /opt/stack/keystone/keystone/server/flask/request_processing/middleware/auth_context.py:478}}
Sep 30 15:48:25.438434 dv-neutron-859642-4-hyperv devstack@keystone.service[81742]: DEBUG keystone.server.flask.request_processing.req_logging [None req-d30b078b-b7d4-4948-8b55-6c6616916293 None admin] REQUEST_METHOD: `GET` {{(pid=81742) log_request_info /opt/stack/keystone/keystone/server/flask/request_processing/req_logging.py:27}}
Sep 30 15:48:25.438846 dv-neutron-859642-4-hyperv devstack@keystone.service[81742]: DEBUG keystone.server.flask.request_processing.req_logging [None req-d30b078b-b7d4-4948-8b55-6c6616916293 None admin] SCRIPT_NAME: `/identity` {{(pid=81742) log_request_info /opt/stack/keystone/keystone/server/flask/request_processing/req_logging.py:28}}
Sep 30 15:48:25.439247 dv-neutron-859642-4-hyperv devstack@keystone.service[81742]: DEBUG keystone.server.flask.request_processing.req_logging [None req-d30b078b-b7d4-4948-8b55-6c6616916293 None admin] PATH_INFO: `/v3/role_assignments` {{(pid=81742) log_request_info /opt/stack/keystone/keystone/server/flask/request_processing/req_logging.py:29}}
Sep 30 15:48:25.440146 dv-neutron-859642-4-hyperv devstack@keystone.service[81742]: DEBUG keystone.common.rbac_enforcer.enforcer [None req-d30b078b-b7d4-4948-8b55-6c6616916293 None admin] RBAC: Adding query filter params (role.id=255279c52748463fad088ece4ad630d8, scope.project.id=a575ca68b52343fb82c7839412982a18, user.id=f718c3e329934ca396afaff76162a779) {{(pid=81742) _extract_filter_values /opt/stack/keystone/keystone/common/rbac_enforcer/enforcer.py:167}}
Sep 30 15:48:25.440726 dv-neutron-859642-4-hyperv devstack@keystone.service[81742]: DEBUG keystone.common.rbac_enforcer.enforcer [None req-d30b078b-b7d4-4948-8b55-6c6616916293 None admin] RBAC: Authorizing `identity:list_role_assignments()` {{(pid=81742) enforce_call /opt/stack/keystone/keystone/common/rbac_enforcer/enforcer.py:449}}
Sep 30 15:48:25.442333 dv-neutron-859642-4-hyperv devstack@keystone.service[81742]: DEBUG keystone.common.rbac_enforcer.enforcer [None req-d30b078b-b7d4-4948-8b55-6c6616916293 None admin] RBAC: Authorization granted {{(pid=81742) enforce_call /opt/stack/keystone/keystone/common/rbac_enforcer/enforcer.py:457}}
Sep 30 15:48:25.453664 dv-neutron-859642-4-hyperv devstack@keystone.service[81742]: [pid: 81742|app: 0|req: 134/267] 10.222.0.25 () {56 vars in 1374 bytes} [Fri Sep 30 15:48:25 2022] GET /identity/v3/role_assignments?user.id=f718c3e329934ca396afaff76162a779&scope.project.id=a575ca68b52343fb82c7839412982a18&role.id=255279c52748463fad088ece4ad630d8 => generated 608 bytes in 270 msecs (HTTP/1.1 200) 5 headers in 177 bytes (2 switches on core 0)
Sep 30 15:48:25.493829 dv-neutron-859642-4-hyperv devstack@keystone.service[81741]: DEBUG dbcounter [-] [81741] Writing DB stats keystone:SELECT=100 {{(pid=81741) stat_writer /usr/local/lib/python3.8/dist-packages/dbcounter.py:114}}
Sep 30 15:48:25.515681 dv-neutron-859642-4-hyperv devstack@keystone.service[81741]: DEBUG keystone.server.flask.request_processing.middleware.auth_context [None req-02a37e3b-c8ac-43c4-8497-371cb2892be8 None admin] Validating token access rules against request {{(pid=81741) validate_allowed_request /usr/local/lib/python3.8/dist-packages/keystonemiddleware/auth_token/__init__.py:545}}
Sep 30 15:48:25.568442 dv-neutron-859642-4-hyperv devstack@keystone.service[81741]: DEBUG keystone.server.flask.request_processing.middleware.auth_context [None req-056da15b-6d42-43b4-9fb9-a500eee10493 None admin] RBAC: auth_context: {'token': , 'domain_id': None, 'trust_id': None, 'trustor_id': None, 'trustee_id': None, 'domain_name': None, 'group_ids': [], 'user_id': '62211c5a5d304ae2a6481ce2552da073', 'user_domain_id': 'default', 'system_scope': 'all', 'project_id': None, 'project_domain_id': None, 'roles': ['admin', 'member', 'reader'], 'is_admin_project': True, 'service_user_id': None, 'service_user_domain_id': None, 'service_project_id': None, 'service_project_domain_id': None, 'service_roles': []} {{(pid=81741) fill_context /opt/stack/keystone/keystone/server/flask/request_processing/middleware/auth_context.py:478}}
Sep 30 15:48:25.569115 dv-neutron-859642-4-hyperv devstack@keystone.service[81741]: DEBUG keystone.server.flask.request_processing.req_logging [None req-056da15b-6d42-43b4-9fb9-a500eee10493 None admin] REQUEST_METHOD: `GET` {{(pid=81741) log_request_info /opt/stack/keystone/keystone/server/flask/request_processing/req_logging.py:27}}
Sep 30 15:48:25.569452 dv-neutron-859642-4-hyperv devstack@keystone.service[81741]: DEBUG keystone.server.flask.request_processing.req_logging [None req-056da15b-6d42-43b4-9fb9-a500eee10493 None admin] SCRIPT_NAME: `/identity` {{(pid=81741) log_request_info /opt/stack/keystone/keystone/server/flask/request_processing/req_logging.py:28}}
Sep 30 15:48:25.569728 dv-neutron-859642-4-hyperv devstack@keystone.service[81741]: DEBUG keystone.server.flask.request_processing.req_logging [None req-056da15b-6d42-43b4-9fb9-a500eee10493 None admin] PATH_INFO: `/v3/projects/a575ca68b52343fb82c7839412982a18` {{(pid=81741) log_request_info /opt/stack/keystone/keystone/server/flask/request_processing/req_logging.py:29}}
Sep 30 15:48:25.570966 dv-neutron-859642-4-hyperv devstack@keystone.service[81741]: DEBUG keystone.common.rbac_enforcer.enforcer [None req-056da15b-6d42-43b4-9fb9-a500eee10493 None admin] RBAC: Authorizing `identity:get_project(project_id=a575ca68b52343fb82c7839412982a18)` {{(pid=81741) enforce_call /opt/stack/keystone/keystone/common/rbac_enforcer/enforcer.py:449}}
Sep 30 15:48:25.577137 dv-neutron-859642-4-hyperv devstack@keystone.service[81741]: DEBUG keystone.common.rbac_enforcer.enforcer [None req-056da15b-6d42-43b4-9fb9-a500eee10493 None admin] RBAC: Authorization granted {{(pid=81741) enforce_call /opt/stack/keystone/keystone/common/rbac_enforcer/enforcer.py:457}}
Sep 30 15:48:25.579349 dv-neutron-859642-4-hyperv devstack@keystone.service[81741]: [pid: 81741|app: 0|req: 134/268] 10.222.0.25 () {56 vars in 1186 bytes} [Fri Sep 30 15:48:25 2022] GET /identity/v3/projects/a575ca68b52343fb82c7839412982a18 => generated 302 bytes in 178 msecs (HTTP/1.1 200) 5 headers in 177 bytes (1 switches on core 0)
Sep 30 15:48:25.585681 dv-neutron-859642-4-hyperv devstack@keystone.service[81742]: DEBUG keystone.server.flask.request_processing.middleware.auth_context [None req-d30b078b-b7d4-4948-8b55-6c6616916293 None admin] Authenticating user token {{(pid=81742) process_request /usr/local/lib/python3.8/dist-packages/keystonemiddleware/auth_token/__init__.py:407}}
Sep 30 15:48:25.677825 dv-neutron-859642-4-hyperv devstack@keystone.service[81742]: DEBUG dbcounter [-] [81742] Writing DB stats keystone:SELECT=100 {{(pid=81742) stat_writer /usr/local/lib/python3.8/dist-packages/dbcounter.py:114}}
Sep 30 15:48:25.736806 dv-neutron-859642-4-hyperv devstack@keystone.service[81742]: DEBUG keystone.server.flask.request_processing.middleware.auth_context [None req-d30b078b-b7d4-4948-8b55-6c6616916293 None admin] Validating token access rules against request {{(pid=81742) validate_allowed_request /usr/local/lib/python3.8/dist-packages/keystonemiddleware/auth_token/__init__.py:545}}
Sep 30 15:48:25.786855 dv-neutron-859642-4-hyperv devstack@keystone.service[81742]: DEBUG keystone.server.flask.request_processing.middleware.auth_context [None req-e196f85c-3b05-4a5c-a0fe-3c81026682e8 None admin] RBAC: auth_context: {'token': , 'domain_id': None, 'trust_id': None, 'trustor_id': None, 'trustee_id': None, 'domain_name': None, 'group_ids': [], 'user_id': '62211c5a5d304ae2a6481ce2552da073', 'user_domain_id': 'default', 'system_scope': 'all', 'project_id': None, 'project_domain_id': None, 'roles': ['admin', 'member', 'reader'], 'is_admin_project': True, 'service_user_id': None, 'service_user_domain_id': None, 'service_project_id': None, 'service_project_domain_id': None, 'service_roles': []} {{(pid=81742) fill_context /opt/stack/keystone/keystone/server/flask/request_processing/middleware/auth_context.py:478}}
Sep 30 15:48:25.787498 dv-neutron-859642-4-hyperv devstack@keystone.service[81742]: DEBUG keystone.server.flask.request_processing.req_logging [None req-e196f85c-3b05-4a5c-a0fe-3c81026682e8 None admin] REQUEST_METHOD: `GET` {{(pid=81742) log_request_info /opt/stack/keystone/keystone/server/flask/request_processing/req_logging.py:27}}
Sep 30 15:48:25.787777 dv-neutron-859642-4-hyperv devstack@keystone.service[81742]: DEBUG keystone.server.flask.request_processing.req_logging [None req-e196f85c-3b05-4a5c-a0fe-3c81026682e8 None admin] SCRIPT_NAME: `/identity` {{(pid=81742) log_request_info /opt/stack/keystone/keystone/server/flask/request_processing/req_logging.py:28}}
Sep 30 15:48:25.788052 dv-neutron-859642-4-hyperv devstack@keystone.service[81742]: DEBUG keystone.server.flask.request_processing.req_logging [None req-e196f85c-3b05-4a5c-a0fe-3c81026682e8 None admin] PATH_INFO: `/v3/role_assignments` {{(pid=81742) log_request_info /opt/stack/keystone/keystone/server/flask/request_processing/req_logging.py:29}}
Sep 30 15:48:25.788787 dv-neutron-859642-4-hyperv devstack@keystone.service[81742]: DEBUG keystone.common.rbac_enforcer.enforcer [None req-e196f85c-3b05-4a5c-a0fe-3c81026682e8 None admin] RBAC: Adding query filter params (role.id=ef7c5ac00da444e8b0f008b572e5c8d4, scope.project.id=a575ca68b52343fb82c7839412982a18, user.id=f718c3e329934ca396afaff76162a779) {{(pid=81742) _extract_filter_values /opt/stack/keystone/keystone/common/rbac_enforcer/enforcer.py:167}}
