Oct 03 15:11:57.365390 dv-neutron-859143-7-hyperv devstack@keystone.service[81908]: ERROR keystone.server.flask.application
File "/opt/stack/keystone/keystone/assignment/role_backends/sql.py", line 70, in get_role
Oct 03 15:11:57.365390 dv-neutron-859143-7-hyperv devstack@keystone.service[81908]: ERROR keystone.server.flask.application return self._get_role(session, role_id).to_dict()
Oct 03 15:11:57.365390 dv-neutron-859143-7-hyperv devstack@keystone.service[81908]: ERROR keystone.server.flask.application
File "/opt/stack/keystone/keystone/assignment/role_backends/sql.py", line 65, in _get_role
Oct 03 15:11:57.365390 dv-neutron-859143-7-hyperv devstack@keystone.service[81908]: ERROR keystone.server.flask.application raise exception.RoleNotFound(role_id=role_id)
Oct 03 15:11:57.365390 dv-neutron-859143-7-hyperv devstack@keystone.service[81908]: ERROR keystone.server.flask.application keystone.exception.RoleNotFound: Could not find role: member.
Oct 03 15:11:57.365390 dv-neutron-859143-7-hyperv devstack@keystone.service[81908]: ERROR keystone.server.flask.application
Oct 03 15:11:57.366162 dv-neutron-859143-7-hyperv devstack@keystone.service[81909]: DEBUG keystone.server.flask.request_processing.middleware.auth_context [None req-4c23a5ad-4cdb-447e-80e3-9587a135ae12 None admin] RBAC: auth_context: {'token': , 'domain_id': None, 'trust_id': None, 'trustor_id': None, 'trustee_id': None, 'domain_name': None, 'group_ids': [], 'user_id': 'fe3d51adddf0452a9cf89d96132b4c2e', 'user_domain_id': 'default', 'system_scope': 'all', 'project_id': None, 'project_domain_id': None, 'roles': ['admin', 'member', 'reader'], 'is_admin_project': True, 'service_user_id': None, 'service_user_domain_id': None, 'service_project_id': None, 'service_project_domain_id': None, 'service_roles': []} {{(pid=81909) fill_context /opt/stack/keystone/keystone/server/flask/request_processing/middleware/auth_context.py:478}}
Oct 03 15:11:57.366162 dv-neutron-859143-7-hyperv devstack@keystone.service[81909]: DEBUG keystone.server.flask.request_processing.req_logging [None req-4c23a5ad-4cdb-447e-80e3-9587a135ae12 None admin] REQUEST_METHOD: `GET` {{(pid=81909) log_request_info /opt/stack/keystone/keystone/server/flask/request_processing/req_logging.py:27}}
Oct 03 15:11:57.366162 dv-neutron-859143-7-hyperv devstack@keystone.service[81909]: DEBUG keystone.server.flask.request_processing.req_logging [None req-4c23a5ad-4cdb-447e-80e3-9587a135ae12 None admin] SCRIPT_NAME: `/identity` {{(pid=81909) log_request_info /opt/stack/keystone/keystone/server/flask/request_processing/req_logging.py:28}}
Oct 03 15:11:57.366756 dv-neutron-859143-7-hyperv devstack@keystone.service[81909]: DEBUG keystone.server.flask.request_processing.req_logging [None req-4c23a5ad-4cdb-447e-80e3-9587a135ae12 None admin] PATH_INFO: `/v3/projects/c1000f44737547a0a39e2f189d961e4e` {{(pid=81909) log_request_info /opt/stack/keystone/keystone/server/flask/request_processing/req_logging.py:29}}
Oct 03 15:11:57.367126 dv-neutron-859143-7-hyperv devstack@keystone.service[81908]: [pid: 81908|app: 0|req: 71/162] 10.222.0.17 () {56 vars in 1099 bytes} [Mon Oct 3 15:11:57 2022] GET /identity/v3/roles/member => generated 84 bytes in 233 msecs (HTTP/1.1 404) 5 headers in 183 bytes (1 switches on core 0)
Oct 03 15:11:57.368148 dv-neutron-859143-7-hyperv devstack@keystone.service[81909]: DEBUG keystone.common.rbac_enforcer.enforcer [None req-4c23a5ad-4cdb-447e-80e3-9587a135ae12 None admin] RBAC: Authorizing `identity:get_project(project_id=c1000f44737547a0a39e2f189d961e4e)` {{(pid=81909) enforce_call /opt/stack/keystone/keystone/common/rbac_enforcer/enforcer.py:449}}
Oct 03 15:11:57.368295 dv-neutron-859143-7-hyperv devstack@keystone.service[81908]: DEBUG keystone.server.flask.request_processing.middleware.auth_context [None req-07652b89-4ff6-46c6-a899-de89cd91fc58 None admin] Authenticating user token {{(pid=81908) process_request /usr/local/lib/python3.8/dist-packages/keystonemiddleware/auth_token/__init__.py:407}}
Oct 03 15:11:57.374154 dv-neutron-859143-7-hyperv devstack@keystone.service[81909]: DEBUG keystone.common.rbac_enforcer.enforcer [None req-4c23a5ad-4cdb-447e-80e3-9587a135ae12 None admin] RBAC: Authorization granted {{(pid=81909) enforce_call /opt/stack/keystone/keystone/common/rbac_enforcer/enforcer.py:457}}
Oct 03 15:11:57.374154 dv-neutron-859143-7-hyperv devstack@keystone.service[81909]: [pid: 81909|app: 0|req: 92/163] 10.222.0.17 () {56 vars in 1186 bytes} [Mon Oct 3 15:11:57 2022] GET /identity/v3/projects/c1000f44737547a0a39e2f189d961e4e => generated 298 bytes in 165 msecs (HTTP/1.1 200) 5 headers in 177 bytes (1 switches on core 0)
Oct 03 15:11:57.374154 dv-neutron-859143-7-hyperv devstack@keystone.service[81909]: DEBUG keystone.server.flask.request_processing.middleware.auth_context [None req-4c23a5ad-4cdb-447e-80e3-9587a135ae12 None admin] Authenticating user token {{(pid=81909) process_request /usr/local/lib/python3.8/dist-packages/keystonemiddleware/auth_token/__init__.py:407}}
Oct 03 15:11:57.479590 dv-neutron-859143-7-hyperv devstack@keystone.service[81909]: DEBUG keystone.server.flask.request_processing.middleware.auth_context [None req-4c23a5ad-4cdb-447e-80e3-9587a135ae12 None admin] Validating token access rules against request {{(pid=81909) validate_allowed_request /usr/local/lib/python3.8/dist-packages/keystonemiddleware/auth_token/__init__.py:545}}
Oct 03 15:11:57.514840 dv-neutron-859143-7-hyperv devstack@keystone.service[81909]: DEBUG keystone.server.flask.request_processing.middleware.auth_context [None req-55cbdc25-ce1b-400d-ba7c-bd6ee0c77b32 None admin] RBAC: auth_context: {'token': , 'domain_id': None, 'trust_id': None, 'trustor_id': None, 'trustee_id': None, 'domain_name': None, 'group_ids': [], 'user_id': 'fe3d51adddf0452a9cf89d96132b4c2e', 'user_domain_id': 'default', 'system_scope': 'all', 'project_id': None, 'project_domain_id': None, 'roles': ['admin', 'member', 'reader'], 'is_admin_project': True, 'service_user_id': None, 'service_user_domain_id': None, 'service_project_id': None, 'service_project_domain_id': None, 'service_roles': []} {{(pid=81909) fill_context /opt/stack/keystone/keystone/server/flask/request_processing/middleware/auth_context.py:478}}
Oct 03 15:11:57.515597 dv-neutron-859143-7-hyperv devstack@keystone.service[81909]: DEBUG keystone.server.flask.request_processing.req_logging [None req-55cbdc25-ce1b-400d-ba7c-bd6ee0c77b32 None admin] REQUEST_METHOD: `GET` {{(pid=81909) log_request_info /opt/stack/keystone/keystone/server/flask/request_processing/req_logging.py:27}}
Oct 03 15:11:57.515986 dv-neutron-859143-7-hyperv devstack@keystone.service[81909]: DEBUG keystone.server.flask.request_processing.req_logging [None req-55cbdc25-ce1b-400d-ba7c-bd6ee0c77b32 None admin] SCRIPT_NAME: `/identity` {{(pid=81909) log_request_info /opt/stack/keystone/keystone/server/flask/request_processing/req_logging.py:28}}
Oct 03 15:11:57.516361 dv-neutron-859143-7-hyperv devstack@keystone.service[81909]: DEBUG keystone.server.flask.request_processing.req_logging [None req-55cbdc25-ce1b-400d-ba7c-bd6ee0c77b32 None admin] PATH_INFO: `/v3/roles` {{(pid=81909) log_request_info /opt/stack/keystone/keystone/server/flask/request_processing/req_logging.py:29}}
Oct 03 15:11:57.517133 dv-neutron-859143-7-hyperv devstack@keystone.service[81909]: DEBUG keystone.common.rbac_enforcer.enforcer [None req-55cbdc25-ce1b-400d-ba7c-bd6ee0c77b32 None admin] RBAC: Adding query filter params (name=member) {{(pid=81909) _extract_filter_values /opt/stack/keystone/keystone/common/rbac_enforcer/enforcer.py:167}}
Oct 03 15:11:57.517539 dv-neutron-859143-7-hyperv devstack@keystone.service[81909]: DEBUG keystone.common.rbac_enforcer.enforcer [None req-55cbdc25-ce1b-400d-ba7c-bd6ee0c77b32 None admin] RBAC: Authorizing `identity:list_roles()` {{(pid=81909) enforce_call /opt/stack/keystone/keystone/common/rbac_enforcer/enforcer.py:449}}
Oct 03 15:11:57.520781 dv-neutron-859143-7-hyperv devstack@keystone.service[81909]: DEBUG keystone.common.rbac_enforcer.enforcer [None req-55cbdc25-ce1b-400d-ba7c-bd6ee0c77b32 None admin] RBAC: Authorization granted {{(pid=81909) enforce_call /opt/stack/keystone/keystone/common/rbac_enforcer/enforcer.py:457}}
Oct 03 15:11:57.528264 dv-neutron-859143-7-hyperv devstack@keystone.service[81909]: [pid: 81909|app: 0|req: 93/164] 10.222.0.17 () {56 vars in 1101 bytes} [Mon Oct 3 15:11:57 2022] GET /identity/v3/roles?name=member => generated 341 bytes in 156 msecs (HTTP/1.1 200) 5 headers in 177 bytes (1 switches on core 0)
Oct 03 15:11:57.539740 dv-neutron-859143-7-hyperv devstack@keystone.service[81909]: DEBUG keystone.server.flask.request_processing.middleware.auth_context [None req-55cbdc25-ce1b-400d-ba7c-bd6ee0c77b32 None admin] Authenticating user token {{(pid=81909) process_request /usr/local/lib/python3.8/dist-packages/keystonemiddleware/auth_token/__init__.py:407}}
Oct 03 15:11:57.557557 dv-neutron-859143-7-hyperv devstack@keystone.service[81908]: DEBUG keystone.server.flask.request_processing.middleware.auth_context [None req-07652b89-4ff6-46c6-a899-de89cd91fc58 None admin] Validating token access rules against request {{(pid=81908) validate_allowed_request /usr/local/lib/python3.8/dist-packages/keystonemiddleware/auth_token/__init__.py:545}}
Oct 03 15:11:57.599897 dv-neutron-859143-7-hyperv devstack@keystone.service[81909]: DEBUG dbcounter [-] [81909] Writing DB stats keystone:SELECT=100 {{(pid=81909) stat_writer /usr/local/lib/python3.8/dist-packages/dbcounter.py:114}}
Oct 03 15:11:57.602010 dv-neutron-859143-7-hyperv devstack@keystone.service[81908]: DEBUG dbcounter [-] [81908] Writing DB stats keystone:SELECT=100 {{(pid=81908) stat_writer /usr/local/lib/python3.8/dist-packages/dbcounter.py:114}}
Oct 03 15:11:57.631832 dv-neutron-859143-7-hyperv devstack@keystone.service[81908]: DEBUG keystone.server.flask.request_processing.middleware.auth_context [None req-492481b6-10e7-459a-96af-cd30bea2ba7a None admin] RBAC: auth_context: {'token': , 'domain_id': None, 'trust_id': None, 'trustor_id': None, 'trustee_id': None, 'domain_name': None, 'group_ids': [], 'user_id': 'fe3d51adddf0452a9cf89d96132b4c2e', 'user_domain_id': 'default', 'system_scope': 'all', 'project_id': None, 'project_domain_id': None, 'roles': ['admin', 'member', 'reader'], 'is_admin_project': True, 'service_user_id': None, 'service_user_domain_id': None, 'service_project_id': None, 'service_project_domain_id': None, 'service_roles': []} {{(pid=81908) fill_context /opt/stack/keystone/keystone/server/flask/request_processing/middleware/auth_context.py:478}}
Oct 03 15:11:57.632741 dv-neutron-859143-7-hyperv devstack@keystone.service[81908]: DEBUG keystone.server.flask.request_processing.req_logging [None req-492481b6-10e7-459a-96af-cd30bea2ba7a None admin] REQUEST_METHOD: `GET` {{(pid=81908) log_request_info /opt/stack/keystone/keystone/server/flask/request_processing/req_logging.py:27}}
Oct 03 15:11:57.633163 dv-neutron-859143-7-hyperv devstack@keystone.service[81908]: DEBUG keystone.server.flask.request_processing.req_logging [None req-492481b6-10e7-459a-96af-cd30bea2ba7a None admin] SCRIPT_NAME: `/identity` {{(pid=81908) log_request_info /opt/stack/keystone/keystone/server/flask/request_processing/req_logging.py:28}}
Oct 03 15:11:57.633578 dv-neutron-859143-7-hyperv devstack@keystone.service[81908]: DEBUG keystone.server.flask.request_processing.req_logging [None req-492481b6-10e7-459a-96af-cd30bea2ba7a None admin] PATH_INFO: `/v3/roles` {{(pid=81908) log_request_info /opt/stack/keystone/keystone/server/flask/request_processing/req_logging.py:29}}
Oct 03 15:11:57.634529 dv-neutron-859143-7-hyperv devstack@keystone.service[81908]: DEBUG keystone.common.rbac_enforcer.enforcer [None req-492481b6-10e7-459a-96af-cd30bea2ba7a None admin] RBAC: Adding query filter params (name=anotherrole) {{(pid=81908) _extract_filter_values /opt/stack/keystone/keystone/common/rbac_enforcer/enforcer.py:167}}
Oct 03 15:11:57.634973 dv-neutron-859143-7-hyperv devstack@keystone.service[81908]: DEBUG keystone.common.rbac_enforcer.enforcer [None req-492481b6-10e7-459a-96af-cd30bea2ba7a None admin] RBAC: Authorizing `identity:list_roles()` {{(pid=81908) enforce_call /opt/stack/keystone/keystone/common/rbac_enforcer/enforcer.py:449}}
Oct 03 15:11:57.636656 dv-neutron-859143-7-hyperv devstack@keystone.service[81908]: DEBUG keystone.common.rbac_enforcer.enforcer [None req-492481b6-10e7-459a-96af-cd30bea2ba7a None admin] RBAC: Authorization granted {{(pid=81908) enforce_call /opt/stack/keystone/keystone/common/rbac_enforcer/enforcer.py:457}}
Oct 03 15:11:57.653505 dv-neutron-859143-7-hyperv devstack@keystone.service[81909]: DEBUG keystone.server.flask.request_processing.middleware.auth_context [None req-55cbdc25-ce1b-400d-ba7c-bd6ee0c77b32 None admin] Validating token access rules against request {{(pid=81909) validate_allowed_request /usr/local/lib/python3.8/dist-packages/keystonemiddleware/auth_token/__init__.py:545}}
Oct 03 15:11:57.654612 dv-neutron-859143-7-hyperv devstack@keystone.service[81908]: [pid: 81908|app: 0|req: 72/165] 10.222.0.17 () {56 vars in 1111 bytes} [Mon Oct 3 15:11:57 2022] GET /identity/v3/roles?name=anotherrole => generated 334 bytes in 287 msecs (HTTP/1.1 200) 5 headers in 177 bytes (1 switches on core 0)
Oct 03 15:11:57.655748 dv-neutron-859143-7-hyperv devstack@keystone.service[81908]: DEBUG keystone.server.flask.request_processing.middleware.auth_context [None req-492481b6-10e7-459a-96af-cd30bea2ba7a None admin] Authenticating user token {{(pid=81908) process_request /usr/local/lib/python3.8/dist-packages/keystonemiddleware/auth_token/__init__.py:407}}
Oct 03 15:11:57.694840 dv-neutron-859143-7-hyperv devstack@keystone.service[81909]: DEBUG keystone.server.flask.request_processing.middleware.auth_context [None req-70121d5a-7892-4546-a490-a256d75f8af8 None admin] RBAC: auth_context: {'token': , 'domain_id': None, 'trust_id': None, 'trustor_id': None, 'trustee_id': None, 'domain_name': None, 'group_ids': [], 'user_id': 'fe3d51adddf0452a9cf89d96132b4c2e', 'user_domain_id': 'default', 'system_scope': 'all', 'project_id': None, 'project_domain_id': None, 'roles': ['admin', 'member', 'reader'], 'is_admin_project': True, 'service_user_id': None, 'service_user_domain_id': None, 'service_project_id': None, 'service_project_domain_id': None, 'service_roles': []} {{(pid=81909) fill_context /opt/stack/keystone/keystone/server/flask/request_processing/middleware/auth_context.py:478}}
Oct 03 15:11:57.695610 dv-neutron-859143-7-hyperv devstack@keystone.service[81909]: DEBUG keystone.server.flask.request_processing.req_logging [None req-70121d5a-7892-4546-a490-a256d75f8af8 None admin] REQUEST_METHOD: `GET` {{(pid=81909) log_request_info /opt/stack/keystone/keystone/server/flask/request_processing/req_logging.py:27}}
Oct 03 15:11:57.696008 dv-neutron-859143-7-hyperv devstack@keystone.service[81909]: DEBUG keystone.server.flask.request_processing.req_logging [None req-70121d5a-7892-4546-a490-a256d75f8af8 None admin] SCRIPT_NAME: `/identity` {{(pid=81909) log_request_info /opt/stack/keystone/keystone/server/flask/request_processing/req_logging.py:28}}
Oct 03 15:11:57.696385 dv-neutron-859143-7-hyperv devstack@keystone.service[81909]: DEBUG keystone.server.flask.request_processing.req_logging [None req-70121d5a-7892-4546-a490-a256d75f8af8 None admin] PATH_INFO: `/v3/role_assignments` {{(pid=81909) log_request_info /opt/stack/keystone/keystone/server/flask/request_processing/req_logging.py:29}}
Oct 03 15:11:57.700697 dv-neutron-859143-7-hyperv devstack@keystone.service[81909]: DEBUG keystone.common.rbac_enforcer.enforcer [None req-70121d5a-7892-4546-a490-a256d75f8af8 None admin] RBAC: Adding query filter params (role.id=c2536f9377a74d8fa855702d22f1c268, scope.project.id=c1000f44737547a0a39e2f189d961e4e, user.id=4b10f6fea84f47b69dc60cc6196de9b1) {{(pid=81909) _extract_filter_values /opt/stack/keystone/keystone/common/rbac_enforcer/enforcer.py:167}}
Oct 03 15:11:57.700697 dv-neutron-859143-7-hyperv devstack@keystone.service[81909]: DEBUG keystone.common.rbac_enforcer.enforcer [None req-70121d5a-7892-4546-a490-a256d75f8af8 None admin] RBAC: Authorizing `identity:list_role_assignments()` {{(pid=81909) enforce_call /opt/stack/keystone/keystone/common/rbac_enforcer/enforcer.py:449}}
Oct 03 15:11:57.700697 dv-neutron-859143-7-hyperv devstack@keystone.service[81909]: DEBUG keystone.common.rbac_enforcer.enforcer [None req-70121d5a-7892-4546-a490-a256d75f8af8 None admin] RBAC: Authorization granted {{(pid=81909) enforce_call /opt/stack/keystone/keystone/common/rbac_enforcer/enforcer.py:457}}
Oct 03 15:11:57.706505 dv-neutron-859143-7-hyperv devstack@keystone.service[81909]: [pid: 81909|app: 0|req: 94/166] 10.222.0.17 () {56 vars in 1374 bytes} [Mon Oct 3 15:11:57 2022] GET /identity/v3/role_assignments?user.id=4b10f6fea84f47b69dc60cc6196de9b1&scope.project.id=c1000f44737547a0a39e2f189d961e4e&role.id=c2536f9377a74d8fa855702d22f1c268 => generated 608 bytes in 167 msecs (HTTP/1.1 200) 5 headers in 177 bytes (1 switches on core 0)
Oct 03 15:11:57.710019 dv-neutron-859143-7-hyperv devstack@keystone.service[81909]: DEBUG keystone.server.flask.request_processing.middleware.auth_context [None req-70121d5a-7892-4546-a490-a256d75f8af8 None admin] Authenticating user token {{(pid=81909) process_request /usr/local/lib/python3.8/dist-packages/keystonemiddleware/auth_token/__init__.py:407}}
Oct 03 15:11:57.822167 dv-neutron-859143-7-hyperv devstack@keystone.service[81909]: DEBUG keystone.server.flask.request_processing.middleware.auth_context [None req-70121d5a-7892-4546-a490-a256d75f8af8 None admin] Validating token access rules against request {{(pid=81909) validate_allowed_request /usr/local/lib/python3.8/dist-packages/keystonemiddleware/auth_token/__init__.py:545}}
Oct 03 15:11:57.862552 dv-neutron-859143-7-hyperv devstack@keystone.service[81909]: DEBUG dbcounter [-] [81909] Writing DB stats keystone:SELECT=100 {{(pid=81909) stat_writer /usr/local/lib/python3.8/dist-packages/dbcounter.py:114}}
Oct 03 15:11:57.874390 dv-neutron-859143-7-hyperv devstack@keystone.service[81908]: DEBUG keystone.server.flask.request_processing.middleware.auth_context [None req-492481b6-10e7-459a-96af-cd30bea2ba7a None admin] Validating token access rules against request {{(pid=81908) validate_allowed_request /usr/local/lib/python3.8/dist-packages/keystonemiddleware/auth_token/__init__.py:545}}
Oct 03 15:11:57.926890 dv-neutron-859143-7-hyperv devstack@keystone.service[81909]: DEBUG keystone.server.flask.request_processing.middleware.auth_context [None req-ddc510c3-5c3d-4a88-89e1-cac474b6754a None admin] RBAC: auth_context: {'token': , 'domain_id': None, 'trust_id': None, 'trustor_id': None, 'trustee_id': None, 'domain_name': None, 'group_ids': [], 'user_id': 'fe3d51adddf0452a9cf89d96132b4c2e', 'user_domain_id': 'default', 'system_scope': 'all', 'project_id': None, 'project_domain_id': None, 'roles': ['admin', 'member', 'reader'], 'is_admin_project': True, 'service_user_id': None, 'service_user_domain_id': None, 'service_project_id': None, 'service_project_domain_id': None, 'service_roles': []} {{(pid=81909) fill_context /opt/stack/keystone/keystone/server/flask/request_processing/middleware/auth_context.py:478}}
Oct 03 15:11:57.927558 dv-neutron-859143-7-hyperv devstack@keystone.service[81909]: DEBUG keystone.server.flask.request_processing.req_logging [None req-ddc510c3-5c3d-4a88-89e1-cac474b6754a None admin] REQUEST_METHOD: `GET` {{(pid=81909) log_request_info /opt/stack/keystone/keystone/server/flask/request_processing/req_logging.py:27}}
Oct 03 15:11:57.927846 dv-neutron-859143-7-hyperv devstack@keystone.service[81909]: DEBUG keystone.server.flask.request_processing.req_logging [None req-ddc510c3-5c3d-4a88-89e1-cac474b6754a None admin] SCRIPT_NAME: `/identity` {{(pid=81909) log_request_info /opt/stack/keystone/keystone/server/flask/request_processing/req_logging.py:28}}
Oct 03 15:11:57.928126 dv-neutron-859143-7-hyperv devstack@keystone.service[81909]: DEBUG keystone.server.flask.request_processing.req_logging [None req-ddc510c3-5c3d-4a88-89e1-cac474b6754a None admin] PATH_INFO: `/v3/users/4b10f6fea84f47b69dc60cc6196de9b1` {{(pid=81909) log_request_info /opt/stack/keystone/keystone/server/flask/request_processing/req_logging.py:29}}
Oct 03 15:11:57.929334 dv-neutron-859143-7-hyperv devstack@keystone.service[81909]: DEBUG keystone.common.rbac_enforcer.enforcer [None req-ddc510c3-5c3d-4a88-89e1-cac474b6754a None admin] RBAC: Authorizing `identity:get_user(user_id=4b10f6fea84f47b69dc60cc6196de9b1)` {{(pid=81909) enforce_call /opt/stack/keystone/keystone/common/rbac_enforcer/enforcer.py:449}}
Oct 03 15:11:57.930478 dv-neutron-859143-7-hyperv devstack@keystone.service[81908]: DEBUG keystone.server.flask.request_processing.middleware.auth_context [None req-f06a3363-0911-4151-981c-6439b7cbe694 None admin] RBAC: auth_context: {'token': , 'domain_id': None, 'trust_id': None, 'trustor_id': None, 'trustee_id': None, 'domain_name': None, 'group_ids': [], 'user_id': 'fe3d51adddf0452a9cf89d96132b4c2e', 'user_domain_id': 'default', 'system_scope': 'all', 'project_id': None, 'project_domain_id': None, 'roles': ['admin', 'member', 'reader'], 'is_admin_project': True, 'service_user_id': None, 'service_user_domain_id': None, 'service_project_id': None, 'service_project_domain_id': None, 'service_roles': []} {{(pid=81908) fill_context /opt/stack/keystone/keystone/server/flask/request_processing/middleware/auth_context.py:478}}
Oct 03 15:11:57.930836 dv-neutron-859143-7-hyperv devstack@keystone.service[81909]: DEBUG keystone.common.rbac_enforcer.enforcer [None req-ddc510c3-5c3d-4a88-89e1-cac474b6754a None admin] RBAC: Authorization granted {{(pid=81909) enforce_call /opt/stack/keystone/keystone/common/rbac_enforcer/enforcer.py:457}}
Oct 03 15:11:57.931122 dv-neutron-859143-7-hyperv devstack@keystone.service[81908]: DEBUG keystone.server.flask.request_processing.req_logging [None req-f06a3363-0911-4151-981c-6439b7cbe694 None admin] REQUEST_METHOD: `GET` {{(pid=81908) log_request_info /opt/stack/keystone/keystone/server/flask/request_processing/req_logging.py:27}}
Oct 03 15:11:57.931405 dv-neutron-859143-7-hyperv devstack@keystone.service[81908]: DEBUG keystone.server.flask.request_processing.req_logging [None req-f06a3363-0911-4151-981c-6439b7cbe694 None admin] SCRIPT_NAME: `/identity` {{(pid=81908) log_request_info /opt/stack/keystone/keystone/server/flask/request_processing/req_logging.py:28}}
Oct 03 15:11:57.931683 dv-neutron-859143-7-hyperv devstack@keystone.service[81908]: DEBUG keystone.server.flask.request_processing.req_logging [None req-f06a3363-0911-4151-981c-6439b7cbe694 None admin] PATH_INFO: `/v3/roles/admin` {{(pid=81908) log_request_info /opt/stack/keystone/keystone/server/flask/request_processing/req_logging.py:29}}
Oct 03 15:11:57.936959 dv-neutron-859143-7-hyperv devstack@keystone.service[81909]: [pid: 81909|app: 0|req: 95/167] 10.222.0.17 () {56 vars in 1177 bytes} [Mon Oct 3 15:11:57 2022] GET /identity/v3/users/4b10f6fea84f47b69dc60cc6196de9b1 => generated 275 bytes in 225 msecs (HTTP/1.1 200) 5 headers in 177 bytes (1 switches on core 0)
Oct 03 15:11:57.937796 dv-neutron-859143-7-hyperv devstack@keystone.service[81909]: DEBUG keystone.server.flask.request_processing.middleware.auth_context [None req-ddc510c3-5c3d-4a88-89e1-cac474b6754a None admin] Authenticating user token {{(pid=81909) process_request /usr/local/lib/python3.8/dist-packages/keystonemiddleware/auth_token/__init__.py:407}}
Oct 03 15:11:57.949630 dv-neutron-859143-7-hyperv devstack@keystone.service[81908]: DEBUG keystone.common.rbac_enforcer.enforcer [None req-f06a3363-0911-4151-981c-6439b7cbe694 None admin] Extracting inferred target data resulted in "NOT FOUND (404)". {{(pid=81908) enforce_call /opt/stack/keystone/keystone/common/rbac_enforcer/enforcer.py:409}}
Oct 03 15:11:57.955123 dv-neutron-859143-7-hyperv devstack@keystone.service[81908]: ERROR keystone.server.flask.application [None req-f06a3363-0911-4151-981c-6439b7cbe694 None admin] Could not find role: admin.: keystone.exception.RoleNotFound: Could not find role: admin.
Oct 03 15:11:57.955123 dv-neutron-859143-7-hyperv devstack@keystone.service[81908]: ERROR keystone.server.flask.application
Traceback (most recent call last):
Oct 03 15:11:57.955123 dv-neutron-859143-7-hyperv devstack@keystone.service[81908]: ERROR keystone.server.flask.application
File "/usr/local/lib/python3.8/dist-packages/flask/app.py", line 1820, in full_dispatch_request
Oct 03 15:11:57.955123 dv-neutron-859143-7-hyperv devstack@keystone.service[81908]: ERROR keystone.server.flask.application rv = self.dispatch_request()
Oct 03 15:11:57.955123 dv-neutron-859143-7-hyperv devstack@keystone.service[81908]: ERROR keystone.server.flask.application
File "/usr/local/lib/python3.8/dist-packages/flask/app.py", line 1796, in dispatch_request
Oct 03 15:11:57.955123 dv-neutron-859143-7-hyperv devstack@keystone.service[81908]: ERROR keystone.server.flask.application return self.ensure_sync(self.view_functions[rule.endpoint])(**view_args)
Oct 03 15:11:57.955123 dv-neutron-859143-7-hyperv devstack@keystone.service[81908]: ERROR keystone.server.flask.application
File "/usr/local/lib/python3.8/dist-packages/flask_restful/__init__.py", line 467, in wrapper
Oct 03 15:11:57.955123 dv-neutron-859143-7-hyperv devstack@keystone.service[81908]: ERROR keystone.server.flask.application resp = resource(*args, **kwargs)
Oct 03 15:11:57.955123 dv-neutron-859143-7-hyperv devstack@keystone.service[81908]: ERROR keystone.server.flask.application
File "/usr/local/lib/python3.8/dist-packages/flask/views.py", line 107, in view
Oct 03 15:11:57.955123 dv-neutron-859143-7-hyperv devstack@keystone.service[81908]: ERROR keystone.server.flask.application return current_app.ensure_sync(self.dispatch_request)(**kwargs)
Oct 03 15:11:57.955123 dv-neutron-859143-7-hyperv devstack@keystone.service[81908]: ERROR keystone.server.flask.application
File "/usr/local/lib/python3.8/dist-packages/flask_restful/__init__.py", line 582, in dispatch_request
Oct 03 15:11:57.955123 dv-neutron-859143-7-hyperv devstack@keystone.service[81908]: ERROR keystone.server.flask.application resp = meth(*args, **kwargs)
Oct 03 15:11:57.955123 dv-neutron-859143-7-hyperv devstack@keystone.service[81908]: ERROR keystone.server.flask.application
File "/opt/stack/keystone/keystone/api/roles.py", line 50, in get
Oct 03 15:11:57.955123 dv-neutron-859143-7-hyperv devstack@keystone.service[81908]: ERROR keystone.server.flask.application return self._get_role(role_id)
Oct 03 15:11:57.955123 dv-neutron-859143-7-hyperv devstack@keystone.service[81908]: ERROR keystone.server.flask.application
File "/opt/stack/keystone/keystone/api/roles.py", line 70, in _get_role
Oct 03 15:11:57.955123 dv-neutron-859143-7-hyperv devstack@keystone.service[81908]: ERROR keystone.server.flask.application ENFORCER.enforce_call(action='identity:get_role')
Oct 03 15:11:57.956545 dv-neutron-859143-7-hyperv devstack@keystone.service[81908]: ERROR keystone.server.flask.application
File "/opt/stack/keystone/keystone/common/rbac_enforcer/enforcer.py", line 402, in enforce_call
Oct 03 15:11:57.956545 dv-neutron-859143-7-hyperv devstack@keystone.service[81908]: ERROR keystone.server.flask.application policy_dict.update(cls._extract_member_target_data(
Oct 03 15:11:57.956545 dv-neutron-859143-7-hyperv devstack@keystone.service[81908]: ERROR keystone.server.flask.application
File "/opt/stack/keystone/keystone/common/rbac_enforcer/enforcer.py", line 234, in _extract_member_target_data
Oct 03 15:11:57.956545 dv-neutron-859143-7-hyperv devstack@keystone.service[81908]: ERROR keystone.server.flask.application member_name: func(flask.request.view_args[key])
Oct 03 15:11:57.956545 dv-neutron-859143-7-hyperv devstack@keystone.service[81908]: ERROR keystone.server.flask.application
File "/opt/stack/keystone/keystone/common/manager.py", line 115, in wrapped
Oct 03 15:11:57.956545 dv-neutron-859143-7-hyperv devstack@keystone.service[81908]: ERROR keystone.server.flask.application __ret_val = __f(*args, **kwargs)
Oct 03 15:11:57.956545 dv-neutron-859143-7-hyperv devstack@keystone.service[81908]: ERROR keystone.server.flask.application
File "/usr/local/lib/python3.8/dist-packages/decorator.py", line 232, in fun
Oct 03 15:11:57.956545 dv-neutron-859143-7-hyperv devstack@keystone.service[81908]: ERROR keystone.server.flask.application return caller(func, *(extras + args), **kw)
Oct 03 15:11:57.956545 dv-neutron-859143-7-hyperv devstack@keystone.service[81908]: ERROR keystone.server.flask.application
File "/usr/local/lib/python3.8/dist-packages/dogpile/cache/region.py", line 1577, in get_or_create_for_user_func
Oct 03 15:11:57.956545 dv-neutron-859143-7-hyperv devstack@keystone.service[81908]: ERROR keystone.server.flask.application return self.get_or_create(
Oct 03 15:11:57.956545 dv-neutron-859143-7-hyperv devstack@keystone.service[81908]: ERROR keystone.server.flask.application
File "/usr/local/lib/python3.8/dist-packages/dogpile/cache/region.py", line 1042, in get_or_create
Oct 03 15:11:57.956545 dv-neutron-859143-7-hyperv devstack@keystone.service[81908]: ERROR keystone.server.flask.application with Lock(
Oct 03 15:11:57.956545 dv-neutron-859143-7-hyperv devstack@keystone.service[81908]: ERROR keystone.server.flask.application
File "/usr/local/lib/python3.8/dist-packages/dogpile/lock.py", line 185, in __enter__
Oct 03 15:11:57.956545 dv-neutron-859143-7-hyperv devstack@keystone.service[81908]: ERROR keystone.server.flask.application return self._enter()
Oct 03 15:11:57.956545 dv-neutron-859143-7-hyperv devstack@keystone.service[81908]: ERROR keystone.server.flask.application
File "/usr/local/lib/python3.8/dist-packages/dogpile/lock.py", line 94, in _enter
Oct 03 15:11:57.956545 dv-neutron-859143-7-hyperv devstack@keystone.service[81908]: ERROR keystone.server.flask.application generated = self._enter_create(value, createdtime)
Oct 03 15:11:57.957330 dv-neutron-859143-7-hyperv devstack@keystone.service[81908]: ERROR keystone.server.flask.application
File "/usr/local/lib/python3.8/dist-packages/dogpile/lock.py", line 178, in _enter_create
Oct 03 15:11:57.957330 dv-neutron-859143-7-hyperv devstack@keystone.service[81908]: ERROR keystone.server.flask.application return self.creator()
Oct 03 15:11:57.957330 dv-neutron-859143-7-hyperv devstack@keystone.service[81908]: ERROR keystone.server.flask.application
File "/usr/local/lib/python3.8/dist-packages/dogpile/cache/region.py", line 995, in gen_value
Oct 03 15:11:57.957330 dv-neutron-859143-7-hyperv devstack@keystone.service[81908]: ERROR keystone.server.flask.application created_value = creator(
Oct 03 15:11:57.957330 dv-neutron-859143-7-hyperv devstack@keystone.service[81908]: ERROR keystone.server.flask.application
File "/opt/stack/keystone/keystone/assignment/core.py", line 1276, in get_role
Oct 03 15:11:57.957330 dv-neutron-859143-7-hyperv devstack@keystone.service[81908]: ERROR keystone.server.flask.application return self.driver.get_role(role_id)
Oct 03 15:11:57.957330 dv-neutron-859143-7-hyperv devstack@keystone.service[81908]: ERROR keystone.server.flask.application
File "/opt/stack/keystone/keystone/assignment/role_backends/sql.py", line 70, in get_role
Oct 03 15:11:57.957330 dv-neutron-859143-7-hyperv devstack@keystone.service[81908]: ERROR keystone.server.flask.application return self._get_role(session, role_id).to_dict()
Oct 03 15:11:57.957330 dv-neutron-859143-7-hyperv devstack@keystone.service[81908]: ERROR keystone.server.flask.application
File "/opt/stack/keystone/keystone/assignment/role_backends/sql.py", line 65, in _get_role
Oct 03 15:11:57.957330 dv-neutron-859143-7-hyperv devstack@keystone.service[81908]: ERROR keystone.server.flask.application raise exception.RoleNotFound(role_id=role_id)
Oct 03 15:11:57.957330 dv-neutron-859143-7-hyperv devstack@keystone.service[81908]: ERROR keystone.server.flask.application keystone.exception.RoleNotFound: Could not find role: admin.
Oct 03 15:11:57.957330 dv-neutron-859143-7-hyperv devstack@keystone.service[81908]: ERROR keystone.server.flask.application
Oct 03 15:11:57.957330 dv-neutron-859143-7-hyperv devstack@keystone.service[81908]: [pid: 81908|app: 0|req: 73/168] 10.222.0.17 () {56 vars in 1096 bytes} [Mon Oct 3 15:11:57 2022] GET /identity/v3/roles/admin => generated 83 bytes in 302 msecs (HTTP/1.1 404) 5 headers in 183 bytes (1 switches on core 0)
Oct 03 15:11:57.958056 dv-neutron-859143-7-hyperv devstack@keystone.service[81908]: DEBUG keystone.server.flask.request_processing.middleware.auth_context [None req-f06a3363-0911-4151-981c-6439b7cbe694 None admin] Authenticating user token {{(pid=81908) process_request /usr/local/lib/python3.8/dist-packages/keystonemiddleware/auth_token/__init__.py:407}}
Oct 03 15:11:58.042467 dv-neutron-859143-7-hyperv devstack@keystone.service[81908]: DEBUG dbcounter [-] [81908] Writing DB stats keystone:SELECT=100 {{(pid=81908) stat_writer /usr/local/lib/python3.8/dist-packages/dbcounter.py:114}}
Oct 03 15:11:58.153503 dv-neutron-859143-7-hyperv devstack@keystone.service[81908]: DEBUG keystone.server.flask.request_processing.middleware.auth_context [None req-f06a3363-0911-4151-981c-6439b7cbe694 None admin] Validating token access rules against request {{(pid=81908) validate_allowed_request /usr/local/lib/python3.8/dist-packages/keystonemiddleware/auth_token/__init__.py:545}}
Oct 03 15:11:58.224430 dv-neutron-859143-7-hyperv devstack@keystone.service[81909]: DEBUG keystone.server.flask.request_processing.middleware.auth_context [None req-ddc510c3-5c3d-4a88-89e1-cac474b6754a None admin] Validating token access rules against request {{(pid=81909) validate_allowed_request /usr/local/lib/python3.8/dist-packages/keystonemiddleware/auth_token/__init__.py:545}}
Oct 03 15:11:58.239012 dv-neutron-859143-7-hyperv devstack@keystone.service[81908]: DEBUG keystone.server.flask.request_processing.middleware.auth_context [None req-23b6c870-5f54-4261-b923-ae81bf2a493c None admin] RBAC: auth_context: {'token': , 'domain_id': None, 'trust_id': None, 'trustor_id': None, 'trustee_id': None, 'domain_name': None, 'group_ids': [], 'user_id': 'fe3d51adddf0452a9cf89d96132b4c2e', 'user_domain_id': 'default', 'system_scope': 'all', 'project_id': None, 'project_domain_id': None, 'roles': ['admin', 'member', 'reader'], 'is_admin_project': True, 'service_user_id': None, 'service_user_domain_id': None, 'service_project_id': None, 'service_project_domain_id': None, 'service_roles': []} {{(pid=81908) fill_context /opt/stack/keystone/keystone/server/flask/request_processing/middleware/auth_context.py:478}}
Oct 03 15:11:58.240006 dv-neutron-859143-7-hyperv devstack@keystone.service[81908]: DEBUG keystone.server.flask.request_processing.req_logging [None req-23b6c870-5f54-4261-b923-ae81bf2a493c None admin] REQUEST_METHOD: `GET` {{(pid=81908) log_request_info /opt/stack/keystone/keystone/server/flask/request_processing/req_logging.py:27}}
Oct 03 15:11:58.240481 dv-neutron-859143-7-hyperv devstack@keystone.service[81908]: DEBUG keystone.server.flask.request_processing.req_logging [None req-23b6c870-5f54-4261-b923-ae81bf2a493c None admin] SCRIPT_NAME: `/identity` {{(pid=81908) log_request_info /opt/stack/keystone/keystone/server/flask/request_processing/req_logging.py:28}}
Oct 03 15:11:58.240945 dv-neutron-859143-7-hyperv devstack@keystone.service[81908]: DEBUG keystone.server.flask.request_processing.req_logging [None req-23b6c870-5f54-4261-b923-ae81bf2a493c None admin] PATH_INFO: `/v3/auth/tokens` {{(pid=81908) log_request_info /opt/stack/keystone/keystone/server/flask/request_processing/req_logging.py:29}}
Oct 03 15:11:58.320248 dv-neutron-859143-7-hyperv devstack@keystone.service[81909]: DEBUG keystone.server.flask.request_processing.middleware.auth_context [None req-23c00ee9-fbb3-44cb-9863-41aaaabc5123 None admin] RBAC: auth_context: {'token': , 'domain_id': None, 'trust_id': None, 'trustor_id': None, 'trustee_id': None, 'domain_name': None, 'group_ids': [], 'user_id': 'fe3d51adddf0452a9cf89d96132b4c2e', 'user_domain_id': 'default', 'system_scope': 'all', 'project_id': None, 'project_domain_id': None, 'roles': ['admin', 'member', 'reader'], 'is_admin_project': True, 'service_user_id': None, 'service_user_domain_id': None, 'service_project_id': None, 'service_project_domain_id': None, 'service_roles': []} {{(pid=81909) fill_context /opt/stack/keystone/keystone/server/flask/request_processing/middleware/auth_context.py:478}}
Oct 03 15:11:58.320903 dv-neutron-859143-7-hyperv devstack@keystone.service[81909]: DEBUG keystone.server.flask.request_processing.req_logging [None req-23c00ee9-fbb3-44cb-9863-41aaaabc5123 None admin] REQUEST_METHOD: `GET` {{(pid=81909) log_request_info /opt/stack/keystone/keystone/server/flask/request_processing/req_logging.py:27}}
Oct 03 15:11:58.321185 dv-neutron-859143-7-hyperv devstack@keystone.service[81909]: DEBUG keystone.server.flask.request_processing.req_logging [None req-23c00ee9-fbb3-44cb-9863-41aaaabc5123 None admin] SCRIPT_NAME: `/identity` {{(pid=81909) log_request_info /opt/stack/keystone/keystone/server/flask/request_processing/req_logging.py:28}}
Oct 03 15:11:58.321458 dv-neutron-859143-7-hyperv devstack@keystone.service[81909]: DEBUG keystone.server.flask.request_processing.req_logging [None req-23c00ee9-fbb3-44cb-9863-41aaaabc5123 None admin] PATH_INFO: `/v3/users/4b10f6fea84f47b69dc60cc6196de9b1` {{(pid=81909) log_request_info /opt/stack/keystone/keystone/server/flask/request_processing/req_logging.py:29}}
Oct 03 15:11:58.326836 dv-neutron-859143-7-hyperv devstack@keystone.service[81909]: DEBUG keystone.common.rbac_enforcer.enforcer [None req-23c00ee9-fbb3-44cb-9863-41aaaabc5123 None admin] RBAC: Authorizing `identity:get_user(user_id=4b10f6fea84f47b69dc60cc6196de9b1)` {{(pid=81909) enforce_call /opt/stack/keystone/keystone/common/rbac_enforcer/enforcer.py:449}}
Oct 03 15:11:58.328305 dv-neutron-859143-7-hyperv devstack@keystone.service[81909]: DEBUG keystone.common.rbac_enforcer.enforcer [None req-23c00ee9-fbb3-44cb-9863-41aaaabc5123 None admin] RBAC: Authorization granted {{(pid=81909) enforce_call /opt/stack/keystone/keystone/common/rbac_enforcer/enforcer.py:457}}
Oct 03 15:11:58.330337 dv-neutron-859143-7-hyperv devstack@keystone.service[81909]: [pid: 81909|app: 0|req: 96/169] 10.222.0.17 () {56 vars in 1177 bytes} [Mon Oct 3 15:11:57 2022] GET /identity/v3/users/4b10f6fea84f47b69dc60cc6196de9b1 => generated 275 bytes in 393 msecs (HTTP/1.1 200) 5 headers in 177 bytes (1 switches on core 0)
Oct 03 15:11:58.331127 dv-neutron-859143-7-hyperv devstack@keystone.service[81909]: DEBUG keystone.server.flask.request_processing.middleware.auth_context [None req-23c00ee9-fbb3-44cb-9863-41aaaabc5123 None admin] Authenticating user token {{(pid=81909) process_request /usr/local/lib/python3.8/dist-packages/keystonemiddleware/auth_token/__init__.py:407}}
Oct 03 15:11:58.369597 dv-neutron-859143-7-hyperv devstack@keystone.service[81908]: DEBUG keystone.common.rbac_enforcer.enforcer [None req-23b6c870-5f54-4261-b923-ae81bf2a493c None admin] RBAC: Authorizing `identity:validate_token()` {{(pid=81908) enforce_call /opt/stack/keystone/keystone/common/rbac_enforcer/enforcer.py:449}}
Oct 03 15:11:58.371739 dv-neutron-859143-7-hyperv devstack@keystone.service[81908]: DEBUG keystone.common.rbac_enforcer.enforcer [None req-23b6c870-5f54-4261-b923-ae81bf2a493c None admin] RBAC: Authorization granted {{(pid=81908) enforce_call /opt/stack/keystone/keystone/common/rbac_enforcer/enforcer.py:457}}
Oct 03 15:11:58.445810 dv-neutron-859143-7-hyperv devstack@keystone.service[81909]: DEBUG dbcounter [-] [81909] Writing DB stats keystone:SELECT=100 {{(pid=81909) stat_writer /usr/local/lib/python3.8/dist-packages/dbcounter.py:114}}
Oct 03 15:11:58.450434 dv-neutron-859143-7-hyperv devstack@keystone.service[81908]: DEBUG dbcounter [-] [81908] Writing DB stats keystone:SELECT=100 {{(pid=81908) stat_writer /usr/local/lib/python3.8/dist-packages/dbcounter.py:114}}
Oct 03 15:11:58.513735 dv-neutron-859143-7-hyperv devstack@keystone.service[81909]: DEBUG keystone.server.flask.request_processing.middleware.auth_context [None req-23c00ee9-fbb3-44cb-9863-41aaaabc5123 None admin] Validating token access rules against request {{(pid=81909) validate_allowed_request /usr/local/lib/python3.8/dist-packages/keystonemiddleware/auth_token/__init__.py:545}}
Oct 03 15:11:58.555398 dv-neutron-859143-7-hyperv devstack@keystone.service[81908]: [pid: 81908|app: 0|req: 74/170] 10.222.0.17 () {58 vars in 1282 bytes} [Mon Oct 3 15:11:57 2022] GET /identity/v3/auth/tokens => generated 799 bytes in 598 msecs (HTTP/1.1 200) 6 headers in 358 bytes (1 switches on core 0)
Oct 03 15:11:58.562888 dv-neutron-859143-7-hyperv devstack@keystone.service[81908]: DEBUG keystone.server.flask.request_processing.middleware.auth_context [None req-23b6c870-5f54-4261-b923-ae81bf2a493c None admin] Authenticating user token {{(pid=81908) process_request /usr/local/lib/python3.8/dist-packages/keystonemiddleware/auth_token/__init__.py:407}}
Oct 03 15:11:58.584625 dv-neutron-859143-7-hyperv devstack@keystone.service[81909]: DEBUG keystone.server.flask.request_processing.middleware.auth_context [None req-225b7336-075a-4595-abd2-9f66c07f4da9 None admin] RBAC: auth_context: {'token': , 'domain_id': None, 'trust_id': None, 'trustor_id': None, 'trustee_id': None, 'domain_name': None, 'group_ids': [], 'user_id': 'fe3d51adddf0452a9cf89d96132b4c2e', 'user_domain_id': 'default', 'system_scope': 'all', 'project_id': None, 'project_domain_id': None, 'roles': ['admin', 'member', 'reader'], 'is_admin_project': True, 'service_user_id': None, 'service_user_domain_id': None, 'service_project_id': None, 'service_project_domain_id': None, 'service_roles': []} {{(pid=81909) fill_context /opt/stack/keystone/keystone/server/flask/request_processing/middleware/auth_context.py:478}}
Oct 03 15:11:58.585245 dv-neutron-859143-7-hyperv devstack@keystone.service[81909]: DEBUG keystone.server.flask.request_processing.req_logging [None req-225b7336-075a-4595-abd2-9f66c07f4da9 None admin] REQUEST_METHOD: `GET` {{(pid=81909) log_request_info /opt/stack/keystone/keystone/server/flask/request_processing/req_logging.py:27}}
Oct 03 15:11:58.585523 dv-neutron-859143-7-hyperv devstack@keystone.service[81909]: DEBUG keystone.server.flask.request_processing.req_logging [None req-225b7336-075a-4595-abd2-9f66c07f4da9 None admin] SCRIPT_NAME: `/identity` {{(pid=81909) log_request_info /opt/stack/keystone/keystone/server/flask/request_processing/req_logging.py:28}}
Oct 03 15:11:58.585794 dv-neutron-859143-7-hyperv devstack@keystone.service[81909]: DEBUG keystone.server.flask.request_processing.req_logging [None req-225b7336-075a-4595-abd2-9f66c07f4da9 None admin] PATH_INFO: `/v3/roles` {{(pid=81909) log_request_info /opt/stack/keystone/keystone/server/flask/request_processing/req_logging.py:29}}
Oct 03 15:11:58.586500 dv-neutron-859143-7-hyperv devstack@keystone.service[81909]: DEBUG keystone.common.rbac_enforcer.enforcer [None req-225b7336-075a-4595-abd2-9f66c07f4da9 None admin] RBAC: Adding query filter params (name=admin) {{(pid=81909) _extract_filter_values /opt/stack/keystone/keystone/common/rbac_enforcer/enforcer.py:167}}
Oct 03 15:11:58.586803 dv-neutron-859143-7-hyperv devstack@keystone.service[81909]: DEBUG keystone.common.rbac_enforcer.enforcer [None req-225b7336-075a-4595-abd2-9f66c07f4da9 None admin] RBAC: Authorizing `identity:list_roles()` {{(pid=81909) enforce_call /opt/stack/keystone/keystone/common/rbac_enforcer/enforcer.py:449}}
Oct 03 15:11:58.588187 dv-neutron-859143-7-hyperv devstack@keystone.service[81909]: DEBUG keystone.common.rbac_enforcer.enforcer [None req-225b7336-075a-4595-abd2-9f66c07f4da9 None admin] RBAC: Authorization granted {{(pid=81909) enforce_call /opt/stack/keystone/keystone/common/rbac_enforcer/enforcer.py:457}}
Oct 03 15:11:58.599905 dv-neutron-859143-7-hyperv devstack@keystone.service[81909]: [pid: 81909|app: 0|req: 97/171] 10.222.0.17 () {56 vars in 1099 bytes} [Mon Oct 3 15:11:58 2022] GET /identity/v3/roles?name=admin => generated 339 bytes in 269 msecs (HTTP/1.1 200) 5 headers in 177 bytes (1 switches on core 0)
Oct 03 15:11:58.601266 dv-neutron-859143-7-hyperv devstack@keystone.service[81909]: DEBUG keystone.server.flask.request_processing.req_logging [None req-38600dd1-02a3-4243-b37e-d61029240eea None None] REQUEST_METHOD: `GET` {{(pid=81909) log_request_info /opt/stack/keystone/keystone/server/flask/request_processing/req_logging.py:27}}
Oct 03 15:11:58.601562 dv-neutron-859143-7-hyperv devstack@keystone.service[81909]: DEBUG keystone.server.flask.request_processing.req_logging [None req-38600dd1-02a3-4243-b37e-d61029240eea None None] SCRIPT_NAME: `/identity` {{(pid=81909) log_request_info /opt/stack/keystone/keystone/server/flask/request_processing/req_logging.py:28}}
Oct 03 15:11:58.601840 dv-neutron-859143-7-hyperv devstack@keystone.service[81909]: DEBUG keystone.server.flask.request_processing.req_logging [None req-38600dd1-02a3-4243-b37e-d61029240eea None None] PATH_INFO: `/` {{(pid=81909) log_request_info /opt/stack/keystone/keystone/server/flask/request_processing/req_logging.py:29}}
Oct 03 15:11:58.603068 dv-neutron-859143-7-hyperv devstack@keystone.service[81909]: [pid: 81909|app: 0|req: 98/172] 10.222.0.17 () {54 vars in 927 bytes} [Mon Oct 3 15:11:58 2022] GET /identity => generated 270 bytes in 3 msecs (HTTP/1.1 300) 6 headers in 234 bytes (1 switches on core 0)
Oct 03 15:11:58.603930 dv-neutron-859143-7-hyperv devstack@keystone.service[81909]: DEBUG keystone.server.flask.request_processing.middleware.auth_context [None req-38600dd1-02a3-4243-b37e-d61029240eea None None] Authenticating user token {{(pid=81909) process_request /usr/local/lib/python3.8/dist-packages/keystonemiddleware/auth_token/__init__.py:407}}
Oct 03 15:11:58.710131 dv-neutron-859143-7-hyperv devstack@keystone.service[81908]: DEBUG keystone.server.flask.request_processing.middleware.auth_context [None req-23b6c870-5f54-4261-b923-ae81bf2a493c None admin] Validating token access rules against request {{(pid=81908) validate_allowed_request /usr/local/lib/python3.8/dist-packages/keystonemiddleware/auth_token/__init__.py:545}}
Oct 03 15:11:58.752927 dv-neutron-859143-7-hyperv devstack@keystone.service[81908]: DEBUG keystone.server.flask.request_processing.middleware.auth_context [None req-0ebeb9dd-4cf7-45ee-a831-2363f4425d4e None admin] RBAC: auth_context: {'token': , 'domain_id': None, 'trust_id': None, 'trustor_id': None, 'trustee_id': None, 'domain_name': None, 'group_ids': [], 'user_id': 'fe3d51adddf0452a9cf89d96132b4c2e', 'user_domain_id': 'default', 'system_scope': 'all', 'project_id': None, 'project_domain_id': None, 'roles': ['admin', 'member', 'reader'], 'is_admin_project': True, 'service_user_id': None, 'service_user_domain_id': None, 'service_project_id': None, 'service_project_domain_id': None, 'service_roles': []} {{(pid=81908) fill_context /opt/stack/keystone/keystone/server/flask/request_processing/middleware/auth_context.py:478}}
Oct 03 15:11:58.753542 dv-neutron-859143-7-hyperv devstack@keystone.service[81908]: DEBUG keystone.server.flask.request_processing.req_logging [None req-0ebeb9dd-4cf7-45ee-a831-2363f4425d4e None admin] REQUEST_METHOD: `GET` {{(pid=81908) log_request_info /opt/stack/keystone/keystone/server/flask/request_processing/req_logging.py:27}}
Oct 03 15:11:58.753821 dv-neutron-859143-7-hyperv devstack@keystone.service[81908]: DEBUG keystone.server.flask.request_processing.req_logging [None req-0ebeb9dd-4cf7-45ee-a831-2363f4425d4e None admin] SCRIPT_NAME: `/identity` {{(pid=81908) log_request_info /opt/stack/keystone/keystone/server/flask/request_processing/req_logging.py:28}}
Oct 03 15:11:58.754107 dv-neutron-859143-7-hyperv devstack@keystone.service[81908]: DEBUG keystone.server.flask.request_processing.req_logging [None req-0ebeb9dd-4cf7-45ee-a831-2363f4425d4e None admin] PATH_INFO: `/v3/auth/tokens` {{(pid=81908) log_request_info /opt/stack/keystone/keystone/server/flask/request_processing/req_logging.py:29}}
Oct 03 15:11:58.780013 dv-neutron-859143-7-hyperv devstack@keystone.service[81908]: DEBUG dbcounter [-] [81908] Writing DB stats keystone:SELECT=100 {{(pid=81908) stat_writer /usr/local/lib/python3.8/dist-packages/dbcounter.py:114}}
Oct 03 15:11:58.832933 dv-neutron-859143-7-hyperv devstack@keystone.service[81909]: DEBUG keystone.server.flask.request_processing.middleware.auth_context [None req-38600dd1-02a3-4243-b37e-d61029240eea None None] Validating token access rules against request {{(pid=81909) validate_allowed_request /usr/local/lib/python3.8/dist-packages/keystonemiddleware/auth_token/__init__.py:545}}
Oct 03 15:11:58.854415 dv-neutron-859143-7-hyperv devstack@keystone.service[81909]: DEBUG dbcounter [-] [81909] Writing DB stats keystone:SELECT=100 {{(pid=81909) stat_writer /usr/local/lib/python3.8/dist-packages/dbcounter.py:114}}
Oct 03 15:11:58.869440 dv-neutron-859143-7-hyperv devstack@keystone.service[81908]: DEBUG keystone.common.rbac_enforcer.enforcer [None req-0ebeb9dd-4cf7-45ee-a831-2363f4425d4e None admin] RBAC: Authorizing `identity:validate_token()` {{(pid=81908) enforce_call /opt/stack/keystone/keystone/common/rbac_enforcer/enforcer.py:449}}
Oct 03 15:11:58.871771 dv-neutron-859143-7-hyperv devstack@keystone.service[81908]: DEBUG keystone.common.rbac_enforcer.enforcer [None req-0ebeb9dd-4cf7-45ee-a831-2363f4425d4e None admin] RBAC: Authorization granted {{(pid=81908) enforce_call /opt/stack/keystone/keystone/common/rbac_enforcer/enforcer.py:457}}
