Sep 23 14:55:48.681202 dv-neutron-859092-1-hyperv neutron-server[115667]: DEBUG neutron_lib.callbacks.manager [None req-56e6b3c4-659e-4f4c-80e8-c31039cafa29 None None] Notify callbacks ['neutron.plugins.ml2.plugin.SecurityGroupDbMixin._ensure_default_security_group_handler-1603902'] for port, before_update {{(pid=115667) _notify_loop /usr/local/lib/python3.8/dist-packages/neutron_lib/callbacks/manager.py:192}}
Sep 23 14:55:48.719885 dv-neutron-859092-1-hyperv neutron-server[115666]: DEBUG neutron_lib.callbacks.manager [None req-fa997066-feb7-49ec-bcd1-d5925843c9d0 tempest-FloatingIPAdminTestJSON-1873138957 tempest-FloatingIPAdminTestJSON-1873138957-project] Notify callbacks ['neutron.services.auto_allocate.db._ensure_external_network_default_value_callback-8754234340994'] for network, precommit_create {{(pid=115666) _notify_loop /usr/local/lib/python3.8/dist-packages/neutron_lib/callbacks/manager.py:192}}
Sep 23 14:55:48.733406 dv-neutron-859092-1-hyperv neutron-server[115666]: DEBUG neutron.services.segments.db [None req-4e7b3c97-211c-4ed2-ab08-a2940650f2e1 tempest-QuotasNegativeTest-1781389340 tempest-QuotasNegativeTest-1781389340-project-admin] neutron.services.segments.plugin.Plugin method get_segments called with arguments (,) {'filters': {'network_id': ['e84b91f4-26fa-4555-ab3d-4e50801fe216']}} {{(pid=115666) wrapper /usr/local/lib/python3.8/dist-packages/oslo_log/helpers.py:65}}
Sep 23 14:55:48.769897 dv-neutron-859092-1-hyperv neutron-server[115665]: DEBUG neutron_lib.callbacks.manager [None req-f99fc8f9-d3cf-4895-9ae4-9aa69b5c85df tempest-DHCPAgentSchedulersTestJSON-1432802791 tempest-DHCPAgentSchedulersTestJSON-1432802791-project] Notify callbacks ['neutron.plugins.ml2.plugin.SecurityGroupServerNotifierRpcMixin._notify_sg_on_port_change-1603965', 'neutron.plugins.ml2.ovo_rpc._ObjectChangeHandler.handle_event-37926', 'neutron.api.rpc.agentnotifiers.dhcp_rpc_agent_api.DhcpAgentNotifyAPI._native_event_send_dhcp_notification-1532371', 'neutron.db.l3_dvrscheduler_db._notify_l3_agent_new_port-8754234370061'] for port, after_create {{(pid=115665) _notify_loop /usr/local/lib/python3.8/dist-packages/neutron_lib/callbacks/manager.py:192}}
Sep 23 14:55:48.776020 dv-neutron-859092-1-hyperv neutron-server[115667]: DEBUG neutron_lib.callbacks.manager [None req-53310eb0-448b-4298-bbc2-016d13a0ba31 None None] Notify callbacks ['neutron.services.segments.db._update_segment_host_mapping_for_agent-8754234892418', 'neutron.plugins.ml2.plugin.Ml2Plugin._retry_binding_revived_agents-1642789'] for agent, after_update {{(pid=115667) _notify_loop /usr/local/lib/python3.8/dist-packages/neutron_lib/callbacks/manager.py:192}}
Sep 23 14:55:48.814508 dv-neutron-859092-1-hyperv neutron-server[115666]: DEBUG neutron.services.segments.db [None req-4e7b3c97-211c-4ed2-ab08-a2940650f2e1 tempest-QuotasNegativeTest-1781389340 tempest-QuotasNegativeTest-1781389340-project-admin] neutron.services.segments.plugin.Plugin method delete_segment called with arguments (, '142c76ee-7d53-4d73-a67c-672451d01416') {'for_net_delete': True} {{(pid=115666) wrapper /usr/local/lib/python3.8/dist-packages/oslo_log/helpers.py:65}}
Sep 23 14:55:48.814874 dv-neutron-859092-1-hyperv neutron-server[115666]: DEBUG neutron.services.segments.db [None req-4e7b3c97-211c-4ed2-ab08-a2940650f2e1 tempest-QuotasNegativeTest-1781389340 tempest-QuotasNegativeTest-1781389340-project-admin] neutron.services.segments.plugin.Plugin method get_segment called with arguments (, '142c76ee-7d53-4d73-a67c-672451d01416') {} {{(pid=115666) wrapper /usr/local/lib/python3.8/dist-packages/oslo_log/helpers.py:65}}
Sep 23 14:55:48.822919 dv-neutron-859092-1-hyperv neutron-server[115667]: DEBUG neutron.plugins.ml2.plugin [None req-771a66c4-10bb-4dd2-a438-196a421ba5c4 None None] Current status of the port a5c28111-ded1-4c82-bedb-87ad1708054b is: DOWN; New status is: ACTIVE {{(pid=115667) _update_individual_port_db_status /opt/stack/neutron/neutron/plugins/ml2/plugin.py:2269}}
Sep 23 14:55:48.823329 dv-neutron-859092-1-hyperv neutron-server[115667]: DEBUG neutron_lib.callbacks.manager [None req-771a66c4-10bb-4dd2-a438-196a421ba5c4 None None] Notify callbacks ['neutron.plugins.ml2.plugin.SecurityGroupDbMixin._ensure_default_security_group_handler-1603902'] for port, before_update {{(pid=115667) _notify_loop /usr/local/lib/python3.8/dist-packages/neutron_lib/callbacks/manager.py:192}}
Sep 23 14:55:48.835141 dv-neutron-859092-1-hyperv neutron-server[115666]: DEBUG neutron_lib.callbacks.manager [None req-4e7b3c97-211c-4ed2-ab08-a2940650f2e1 tempest-QuotasNegativeTest-1781389340 tempest-QuotasNegativeTest-1781389340-project-admin] Notify callbacks ['neutron.plugins.ml2.db._prevent_segment_delete_with_port_bound-8754234892198', 'neutron.services.segments.plugin.Plugin._prevent_segment_delete_with_subnet_associated-30475091'] for segment, before_delete {{(pid=115666) _notify_loop /usr/local/lib/python3.8/dist-packages/neutron_lib/callbacks/manager.py:192}}
Sep 23 14:55:48.848037 dv-neutron-859092-1-hyperv neutron-server[115667]: DEBUG neutron.plugins.ml2.db [None req-56e6b3c4-659e-4f4c-80e8-c31039cafa29 None None] For port fd81a9ac-b670-425e-bd41-95bd99064e6b, host dv-neutron-859092-1-hyperv, cleared binding levels {{(pid=115667) clear_binding_levels /opt/stack/neutron/neutron/plugins/ml2/db.py:87}}
Sep 23 14:55:48.863858 dv-neutron-859092-1-hyperv neutron-server[115666]: DEBUG neutron_lib.db.resource_extend [None req-fa997066-feb7-49ec-bcd1-d5925843c9d0 tempest-FloatingIPAdminTestJSON-1873138957 tempest-FloatingIPAdminTestJSON-1873138957-project] It took 0.13 seconds to run function 'neutron_lib.db.resource_extend.apply_funcs' {{(pid=115666) wrapper /usr/local/lib/python3.8/dist-packages/oslo_utils/timeutils.py:386}}
Sep 23 14:55:48.866697 dv-neutron-859092-1-hyperv neutron-server[115667]: DEBUG neutron.plugins.ml2.db [None req-56e6b3c4-659e-4f4c-80e8-c31039cafa29 None None] For port fd81a9ac-b670-425e-bd41-95bd99064e6b, host dv-neutron-859092-1-hyperv, set binding levels [PortBindingLevel(driver='openvswitch',host='dv-neutron-859092-1-hyperv',level=0,port_id=fd81a9ac-b670-425e-bd41-95bd99064e6b,segment=NetworkSegment(65bcc0c3-300c-4360-8d2c-35eb81aacb30),segment_id=65bcc0c3-300c-4360-8d2c-35eb81aacb30)] {{(pid=115667) set_binding_levels /opt/stack/neutron/neutron/plugins/ml2/db.py:59}}
Sep 23 14:55:48.876730 dv-neutron-859092-1-hyperv neutron-server[115665]: DEBUG neutron.scheduler.dhcp_agent_scheduler [None req-f99fc8f9-d3cf-4895-9ae4-9aa69b5c85df tempest-DHCPAgentSchedulersTestJSON-1432802791 tempest-DHCPAgentSchedulersTestJSON-1432802791-project] Network e754ec41-a957-46aa-8a39-1b699414fd18 is already hosted by enough agents. {{(pid=115665) _get_dhcp_agents_hosting_network /opt/stack/neutron/neutron/scheduler/dhcp_agent_scheduler.py:275}}
Sep 23 14:55:48.892956 dv-neutron-859092-1-hyperv neutron-server[115665]: DEBUG neutron.scheduler.base_scheduler [None req-f99fc8f9-d3cf-4895-9ae4-9aa69b5c85df tempest-DHCPAgentSchedulersTestJSON-1432802791 tempest-DHCPAgentSchedulersTestJSON-1432802791-project] Resources bound (agent type, host, resource id): {{(pid=115665) schedule /opt/stack/neutron/neutron/scheduler/base_scheduler.py:57}}
Sep 23 14:55:48.895779 dv-neutron-859092-1-hyperv neutron-server[115665]: DEBUG neutron.db.l3_dvrscheduler_db [None req-f99fc8f9-d3cf-4895-9ae4-9aa69b5c85df tempest-DHCPAgentSchedulersTestJSON-1432802791 tempest-DHCPAgentSchedulersTestJSON-1432802791-project] Received port after_create {{(pid=115665) _notify_l3_agent_new_port /opt/stack/neutron/neutron/db/l3_dvrscheduler_db.py:532}}
Sep 23 14:55:48.903924 dv-neutron-859092-1-hyperv neutron-server[115666]: DEBUG neutron_lib.callbacks.manager [None req-4e7b3c97-211c-4ed2-ab08-a2940650f2e1 tempest-QuotasNegativeTest-1781389340 tempest-QuotasNegativeTest-1781389340-project-admin] Notify callbacks ['neutron.plugins.ml2.plugin.Ml2Plugin._handle_segment_change-1643831'] for segment, precommit_delete {{(pid=115666) _notify_loop /usr/local/lib/python3.8/dist-packages/neutron_lib/callbacks/manager.py:192}}
Sep 23 14:55:48.904247 dv-neutron-859092-1-hyperv neutron-server[115667]: DEBUG neutron.plugins.ml2.db [None req-771a66c4-10bb-4dd2-a438-196a421ba5c4 None None] For port a5c28111-ded1-4c82-bedb-87ad1708054b, host dv-neutron-859092-1-hyperv, got binding levels [PortBindingLevel(driver='openvswitch',host='dv-neutron-859092-1-hyperv',level=0,port_id=a5c28111-ded1-4c82-bedb-87ad1708054b,segment=NetworkSegment(76a6968f-08c0-4e36-9e86-fc80269b4577),segment_id=76a6968f-08c0-4e36-9e86-fc80269b4577)] {{(pid=115667) get_binding_level_objs /opt/stack/neutron/neutron/plugins/ml2/db.py:74}}
Sep 23 14:55:48.904339 dv-neutron-859092-1-hyperv neutron-server[115665]: DEBUG neutron.pecan_wsgi.hooks.policy_enforcement [None req-f99fc8f9-d3cf-4895-9ae4-9aa69b5c85df tempest-DHCPAgentSchedulersTestJSON-1432802791 tempest-DHCPAgentSchedulersTestJSON-1432802791-project] Attributes excluded by policy engine: ['standard_attr_id', 'binding:profile', 'binding:host_id', 'binding:vif_type', 'binding:vif_details', 'network'] {{(pid=115665) _exclude_attributes_by_policy /opt/stack/neutron/neutron/pecan_wsgi/hooks/policy_enforcement.py:259}}
Sep 23 14:55:48.904339 dv-neutron-859092-1-hyperv neutron-server[115665]: DEBUG neutron_lib.callbacks.manager [None req-f99fc8f9-d3cf-4895-9ae4-9aa69b5c85df tempest-DHCPAgentSchedulersTestJSON-1432802791 tempest-DHCPAgentSchedulersTestJSON-1432802791-project] Notify callbacks ['neutron.notifiers.nova.Notifier._send_nova_notification-74658'] for port, before_response {{(pid=115665) _notify_loop /usr/local/lib/python3.8/dist-packages/neutron_lib/callbacks/manager.py:192}}
Sep 23 14:55:48.937048 dv-neutron-859092-1-hyperv neutron-server[115665]: DEBUG neutron.api.rpc.handlers.resources_rpc [None req-f99fc8f9-d3cf-4895-9ae4-9aa69b5c85df tempest-DHCPAgentSchedulersTestJSON-1432802791 tempest-DHCPAgentSchedulersTestJSON-1432802791-project] Pushing event updated for resources: {'Port': ['ID=a334fdcb-5eeb-442a-b50b-38b169b2f72f,revision_number=1']} {{(pid=115665) push /opt/stack/neutron/neutron/api/rpc/handlers/resources_rpc.py:237}}
Sep 23 14:55:48.956851 dv-neutron-859092-1-hyperv neutron-server[115667]: DEBUG neutron_lib.callbacks.manager [None req-56e6b3c4-659e-4f4c-80e8-c31039cafa29 None None] Notify callbacks ['neutron.plugins.ml2.plugin.SecurityGroupServerNotifierRpcMixin._notify_sg_on_port_change-1603965', 'neutron.plugins.ml2.ovo_rpc._ObjectChangeHandler.handle_event-37926', 'neutron.api.rpc.agentnotifiers.dhcp_rpc_agent_api.DhcpAgentNotifyAPI._native_event_send_dhcp_notification-1532371', 'neutron.db.l3_db.L3RpcNotifierMixin._notify_gateway_port_ip_changed-8754234866692', 'neutron.db.l3_dvrscheduler_db._notify_l3_agent_port_update-8754234370079', 'neutron.db.l3_hascheduler_db._notify_l3_agent_ha_port_update-8754234370097'] for port, after_update {{(pid=115667) _notify_loop /usr/local/lib/python3.8/dist-packages/neutron_lib/callbacks/manager.py:192}}
Sep 23 14:55:48.958904 dv-neutron-859092-1-hyperv neutron-server[115666]: DEBUG neutron.plugins.ml2.drivers.type_vlan [None req-4e7b3c97-211c-4ed2-ab08-a2940650f2e1 tempest-QuotasNegativeTest-1781389340 tempest-QuotasNegativeTest-1781389340-project-admin] Releasing vlan 152 on physical network physnet1 to pool {{(pid=115666) release_segment /opt/stack/neutron/neutron/plugins/ml2/drivers/type_vlan.py:304}}
Sep 23 14:55:48.965663 dv-neutron-859092-1-hyperv neutron-server[115666]: DEBUG neutron_lib.callbacks.manager [None req-4e7b3c97-211c-4ed2-ab08-a2940650f2e1 tempest-QuotasNegativeTest-1781389340 tempest-QuotasNegativeTest-1781389340-project-admin] Notify callbacks ['neutron.plugins.ml2.plugin.Ml2Plugin._handle_segment_change-1643831', 'neutron.services.segments.plugin.NovaSegmentNotifier._notify_segment_deleted-32406928'] for segment, after_delete {{(pid=115666) _notify_loop /usr/local/lib/python3.8/dist-packages/neutron_lib/callbacks/manager.py:192}}
Sep 23 14:55:49.018737 dv-neutron-859092-1-hyperv neutron-server[115667]: DEBUG neutron_lib.callbacks.manager [None req-771a66c4-10bb-4dd2-a438-196a421ba5c4 None None] Notify callbacks ['neutron.plugins.ml2.plugin.SecurityGroupServerNotifierRpcMixin._notify_sg_on_port_change-1603965', 'neutron.plugins.ml2.ovo_rpc._ObjectChangeHandler.handle_event-37926', 'neutron.api.rpc.agentnotifiers.dhcp_rpc_agent_api.DhcpAgentNotifyAPI._native_event_send_dhcp_notification-1532371', 'neutron.db.l3_db.L3RpcNotifierMixin._notify_gateway_port_ip_changed-8754234866692', 'neutron.db.l3_dvrscheduler_db._notify_l3_agent_port_update-8754234370079', 'neutron.db.l3_hascheduler_db._notify_l3_agent_ha_port_update-8754234370097'] for port, after_update {{(pid=115667) _notify_loop /usr/local/lib/python3.8/dist-packages/neutron_lib/callbacks/manager.py:192}}
Sep 23 14:55:49.028845 dv-neutron-859092-1-hyperv neutron-server[115667]: DEBUG neutron.api.rpc.handlers.resources_rpc [None req-56e6b3c4-659e-4f4c-80e8-c31039cafa29 None None] Pushing event updated for resources: {'Port': ['ID=fd81a9ac-b670-425e-bd41-95bd99064e6b,revision_number=2']} {{(pid=115667) push /opt/stack/neutron/neutron/api/rpc/handlers/resources_rpc.py:237}}
Sep 23 14:55:49.086589 dv-neutron-859092-1-hyperv neutron-server[115665]: DEBUG neutron.scheduler.l3_agent_scheduler [None req-cb5fa619-472a-4b77-8774-1aa75129d3c6 admin admin] Router 074e9bb4-3e19-4353-ae2e-90b8d742064e is scheduled to L3 agent 0b38aa2a-130c-410a-97bf-53ec6ccea878 with binding_index 1 {{(pid=115665) bind_router /opt/stack/neutron/neutron/scheduler/l3_agent_scheduler.py:209}}
Sep 23 14:55:49.097458 dv-neutron-859092-1-hyperv neutron-server[115665]: INFO neutron.wsgi [None req-f99fc8f9-d3cf-4895-9ae4-9aa69b5c85df tempest-DHCPAgentSchedulersTestJSON-1432802791 tempest-DHCPAgentSchedulersTestJSON-1432802791-project] 10.222.0.57 "POST /v2.0/ports HTTP/1.1" status: 201 len: 938 time: 4.4064550
Sep 23 14:55:49.101220 dv-neutron-859092-1-hyperv neutron-server[115665]: DEBUG neutron.wsgi [-] (115665) accepted ('10.222.0.57', 44250) {{(pid=115665) server /usr/local/lib/python3.8/dist-packages/eventlet/wsgi.py:982}}
Sep 23 14:55:49.119029 dv-neutron-859092-1-hyperv neutron-server[115666]: DEBUG neutron_lib.callbacks.manager [None req-fa997066-feb7-49ec-bcd1-d5925843c9d0 tempest-FloatingIPAdminTestJSON-1873138957 tempest-FloatingIPAdminTestJSON-1873138957-project] Notify callbacks ['neutron.plugins.ml2.ovo_rpc._ObjectChangeHandler.handle_event-441006', 'neutron.api.rpc.agentnotifiers.dhcp_rpc_agent_api.DhcpAgentNotifyAPI._native_event_send_dhcp_notification-1532371'] for network, after_create {{(pid=115666) _notify_loop /usr/local/lib/python3.8/dist-packages/neutron_lib/callbacks/manager.py:192}}
Sep 23 14:55:49.124629 dv-neutron-859092-1-hyperv neutron-server[115666]: DEBUG neutron.pecan_wsgi.hooks.policy_enforcement [None req-fa997066-feb7-49ec-bcd1-d5925843c9d0 tempest-FloatingIPAdminTestJSON-1873138957 tempest-FloatingIPAdminTestJSON-1873138957-project] Attributes excluded by policy engine: ['standard_attr_id', 'provider:network_type', 'provider:physical_network', 'provider:segmentation_id', 'vlan_transparent'] {{(pid=115666) _exclude_attributes_by_policy /opt/stack/neutron/neutron/pecan_wsgi/hooks/policy_enforcement.py:259}}
Sep 23 14:55:49.126186 dv-neutron-859092-1-hyperv neutron-server[115666]: DEBUG neutron_lib.callbacks.manager [None req-fa997066-feb7-49ec-bcd1-d5925843c9d0 tempest-FloatingIPAdminTestJSON-1873138957 tempest-FloatingIPAdminTestJSON-1873138957-project] Notify callbacks ['neutron.api.rpc.agentnotifiers.dhcp_rpc_agent_api.DhcpAgentNotifyAPI._send_dhcp_notification-1532357'] for network, before_response {{(pid=115666) _notify_loop /usr/local/lib/python3.8/dist-packages/neutron_lib/callbacks/manager.py:192}}
Sep 23 14:55:49.260904 dv-neutron-859092-1-hyperv neutron-server[115667]: DEBUG neutron.api.rpc.handlers.resources_rpc [None req-771a66c4-10bb-4dd2-a438-196a421ba5c4 None None] Pushing event updated for resources: {'Port': ['ID=a5c28111-ded1-4c82-bedb-87ad1708054b,revision_number=3']} {{(pid=115667) push /opt/stack/neutron/neutron/api/rpc/handlers/resources_rpc.py:237}}
Sep 23 14:55:49.264940 dv-neutron-859092-1-hyperv neutron-server[115667]: DEBUG neutron.plugins.ml2.plugin [None req-87155eb6-20e4-495b-b0d1-aee404532c85 None None] Current status of the port ea1a6d64-21bc-41ee-b1a2-e1c2529ee17d is: ACTIVE; New status is: ACTIVE {{(pid=115667) _update_individual_port_db_status /opt/stack/neutron/neutron/plugins/ml2/plugin.py:2269}}
Sep 23 14:55:49.266357 dv-neutron-859092-1-hyperv neutron-server[115667]: DEBUG neutron.plugins.ml2.rpc [None req-87155eb6-20e4-495b-b0d1-aee404532c85 None None] Device a5c28111-ded1-4c82-bedb-87ad1708054b up at agent ovs-agent-dv-neutron-859092-1-hyperv {{(pid=115667) update_device_up /opt/stack/neutron/neutron/plugins/ml2/rpc.py:296}}
Sep 23 14:55:49.269533 dv-neutron-859092-1-hyperv neutron-server[115666]: DEBUG neutron.api.rpc.handlers.resources_rpc [None req-fa997066-feb7-49ec-bcd1-d5925843c9d0 tempest-FloatingIPAdminTestJSON-1873138957 tempest-FloatingIPAdminTestJSON-1873138957-project] Pushing event updated for resources: {'Network': ['ID=5175d03b-8827-4615-a35a-6e5f65af9c67,revision_number=1']} {{(pid=115666) push /opt/stack/neutron/neutron/api/rpc/handlers/resources_rpc.py:237}}
Sep 23 14:55:49.312018 dv-neutron-859092-1-hyperv neutron-server[115667]: DEBUG neutron.plugins.ml2.rpc [None req-87155eb6-20e4-495b-b0d1-aee404532c85 None None] Network 5175d03b-8827-4615-a35a-6e5f65af9c67 details requested by agent ovs-agent-dv-neutron-859092-1-hyperv with host dv-neutron-859092-1-hyperv {{(pid=115667) get_network_details /opt/stack/neutron/neutron/plugins/ml2/rpc.py:248}}
Sep 23 14:55:49.314974 dv-neutron-859092-1-hyperv neutron-server[115667]: DEBUG neutron.api.rpc.handlers.dhcp_rpc [None req-efae1e5b-5f39-4757-ae5d-bdc0026e74f1 None None] Network e754ec41-a957-46aa-8a39-1b699414fd18 requested from dv-neutron-859092-1-hyperv {{(pid=115667) get_network_info /opt/stack/neutron/neutron/api/rpc/handlers/dhcp_rpc.py:218}}
Sep 23 14:55:49.349274 dv-neutron-859092-1-hyperv neutron-server[115667]: DEBUG neutron.db.provisioning_blocks [None req-023ecbcb-f81d-4016-afa5-422644aabb32 None None] Provisioning complete for port ea1a6d64-21bc-41ee-b1a2-e1c2529ee17d triggered by entity DHCP. {{(pid=115667) provisioning_complete /opt/stack/neutron/neutron/db/provisioning_blocks.py:139}}
Sep 23 14:55:49.349596 dv-neutron-859092-1-hyperv neutron-server[115667]: DEBUG neutron_lib.callbacks.manager [None req-023ecbcb-f81d-4016-afa5-422644aabb32 None None] Notify callbacks ['neutron.plugins.ml2.plugin.Ml2Plugin._port_provisioned-1650567'] for port, provisioning_complete {{(pid=115667) _notify_loop /usr/local/lib/python3.8/dist-packages/neutron_lib/callbacks/manager.py:192}}
Sep 23 14:55:49.349885 dv-neutron-859092-1-hyperv neutron-server[115667]: INFO neutron.plugins.ml2.plugin [None req-023ecbcb-f81d-4016-afa5-422644aabb32 None None] Attempt 1 to provision port ea1a6d64-21bc-41ee-b1a2-e1c2529ee17d
Sep 23 14:55:49.393111 dv-neutron-859092-1-hyperv neutron-server[115666]: DEBUG neutron.api.rpc.agentnotifiers.l3_rpc_agent_api [None req-81f9212d-a1a3-45ea-baf7-64600c434753 admin admin] Notify agent at l3_agent.dv-neutron-859092-1-hyperv the message routers_updated {{(pid=115666) _agent_notification /opt/stack/neutron/neutron/api/rpc/agentnotifiers/l3_rpc_agent_api.py:65}}
Sep 23 14:55:49.405640 dv-neutron-859092-1-hyperv neutron-server[115666]: DEBUG neutron_lib.callbacks.manager [None req-4e7b3c97-211c-4ed2-ab08-a2940650f2e1 tempest-QuotasNegativeTest-1781389340 tempest-QuotasNegativeTest-1781389340-project-admin] Notify callbacks ['neutron.plugins.ml2.plugin.Ml2Plugin._network_delete_after_delete_handler-1643918', 'neutron.plugins.ml2.ovo_rpc._ObjectChangeHandler.handle_event-441006', 'neutron.api.rpc.agentnotifiers.dhcp_rpc_agent_api.DhcpAgentNotifyAPI._native_event_send_dhcp_notification-1532371', 'neutron.services.l3_router.l3_router_plugin.DVRResourceOperationHandler.delete_fip_namespaces_for_ext_net-530980'] for network, after_delete {{(pid=115666) _notify_loop /usr/local/lib/python3.8/dist-packages/neutron_lib/callbacks/manager.py:192}}
Sep 23 14:55:49.413502 dv-neutron-859092-1-hyperv neutron-server[115669]: DEBUG neutron.api.rpc.handlers.l3_rpc [None req-9e0702a8-0bbf-4ddf-aeaa-d3f2b83d7419 None None] Sync routers for ids ['4101d6f5-7235-47b0-a2da-16e5389d19c4'] in dv-neutron-859092-1-hyperv {{(pid=115669) sync_routers /opt/stack/neutron/neutron/api/rpc/handlers/l3_rpc.py:125}}
Sep 23 14:55:49.414638 dv-neutron-859092-1-hyperv neutron-server[115666]: DEBUG neutron_lib.callbacks.manager [None req-4e7b3c97-211c-4ed2-ab08-a2940650f2e1 tempest-QuotasNegativeTest-1781389340 tempest-QuotasNegativeTest-1781389340-project-admin] Notify callbacks ['neutron.api.rpc.agentnotifiers.dhcp_rpc_agent_api.DhcpAgentNotifyAPI._send_dhcp_notification-1532357'] for network, before_response {{(pid=115666) _notify_loop /usr/local/lib/python3.8/dist-packages/neutron_lib/callbacks/manager.py:192}}
Sep 23 14:55:49.419161 dv-neutron-859092-1-hyperv neutron-server[115666]: INFO neutron.wsgi [None req-4e7b3c97-211c-4ed2-ab08-a2940650f2e1 tempest-QuotasNegativeTest-1781389340 tempest-QuotasNegativeTest-1781389340-project-admin] 10.222.0.57 "DELETE /v2.0/networks/e84b91f4-26fa-4555-ab3d-4e50801fe216 HTTP/1.1" status: 204 len: 168 time: 1.9316969
Sep 23 14:55:49.432712 dv-neutron-859092-1-hyperv neutron-server[115669]: DEBUG neutron.db.l3_dvrscheduler_db [None req-9e0702a8-0bbf-4ddf-aeaa-d3f2b83d7419 None None] Routers {'4101d6f5-7235-47b0-a2da-16e5389d19c4'} bound to L3 agent in host dv-neutron-859092-1-hyperv {{(pid=115669) _get_router_ids_for_agent /opt/stack/neutron/neutron/db/l3_dvrscheduler_db.py:417}}
Sep 23 14:55:49.433582 dv-neutron-859092-1-hyperv neutron-server[115669]: DEBUG neutron.db.l3_hamode_db [None req-9e0702a8-0bbf-4ddf-aeaa-d3f2b83d7419 None None] neutron.services.l3_router.l3_router_plugin.L3RouterPlugin method get_ha_sync_data_for_host called with arguments (, 'dv-neutron-859092-1-hyperv', Agent(admin_state_up=True,agent_type='L3 agent',availability_zone='nova',binary='neutron-l3-agent',configurations={"agent_mode": "legacy", "ex_gw_ports": 1, "extensions": [], "floating_ips": 0, "handle_internal_only_routers": true, "interface_driver": "openvswitch", "interfaces": 1, "log_agent_heartbeats": false, "routers": 1},created_at=2022-09-23T14:47:21Z,description=,heartbeat_timestamp=2022-09-23T14:55:21Z,host='dv-neutron-859092-1-hyperv',id=0b38aa2a-130c-410a-97bf-53ec6ccea878,load=0,resource_versions=,resources_synced=,started_at=2022-09-23T14:47:22Z,topic='l3_agent')) {'router_ids': ['4101d6f5-7235-47b0-a2da-16e5389d19c4'], 'active': True} {{(pid=115669) wrapper /usr/local/lib/python3.8/dist-packages/oslo_log/helpers.py:65}}
Sep 23 14:55:49.467135 dv-neutron-859092-1-hyperv neutron-server[115666]: DEBUG neutron.api.rpc.handlers.resources_rpc [None req-4e7b3c97-211c-4ed2-ab08-a2940650f2e1 tempest-QuotasNegativeTest-1781389340 tempest-QuotasNegativeTest-1781389340-project-admin] Pushing event deleted for resources: {'Network': ['ID=e84b91f4-26fa-4555-ab3d-4e50801fe216,revision_number=None']} {{(pid=115666) push /opt/stack/neutron/neutron/api/rpc/handlers/resources_rpc.py:237}}
Sep 23 14:55:49.510820 dv-neutron-859092-1-hyperv neutron-server[115665]: DEBUG neutron.api.rpc.agentnotifiers.l3_rpc_agent_api [None req-cb5fa619-472a-4b77-8774-1aa75129d3c6 admin admin] Notify agent at l3_agent.dv-neutron-859092-1-hyperv the message routers_updated {{(pid=115665) _agent_notification /opt/stack/neutron/neutron/api/rpc/agentnotifiers/l3_rpc_agent_api.py:65}}
Sep 23 14:55:49.513185 dv-neutron-859092-1-hyperv neutron-server[115666]: INFO neutron.wsgi [None req-fa997066-feb7-49ec-bcd1-d5925843c9d0 tempest-FloatingIPAdminTestJSON-1873138957 tempest-FloatingIPAdminTestJSON-1873138957-project] 10.222.0.57 "POST /v2.0/networks HTTP/1.1" status: 201 len: 791 time: 2.1785145
Sep 23 14:55:49.521182 dv-neutron-859092-1-hyperv neutron-server[115666]: DEBUG neutron_lib.callbacks.manager [None req-d6797edd-3c1a-4ff2-9517-d1739bd0b4f7 tempest-PortsAdminExtendedAttrsTestJSON-625872854 tempest-PortsAdminExtendedAttrsTestJSON-625872854-project-admin] Notify callbacks [] for port, precommit_create {{(pid=115666) _notify_loop /usr/local/lib/python3.8/dist-packages/neutron_lib/callbacks/manager.py:192}}
Sep 23 14:55:49.530751 dv-neutron-859092-1-hyperv neutron-server[115666]: DEBUG neutron.wsgi [-] (115666) accepted ('10.222.0.57', 44256) {{(pid=115666) server /usr/local/lib/python3.8/dist-packages/eventlet/wsgi.py:982}}
Sep 23 14:55:49.534811 dv-neutron-859092-1-hyperv neutron-server[115666]: INFO neutron.services.segments.plugin [-] Segment 142c76ee-7d53-4d73-a67c-672451d01416 resource provider aggregate not found
Sep 23 14:55:49.545499 dv-neutron-859092-1-hyperv neutron-server[115666]: DEBUG neutron.api.v2.base [None req-49f1bd44-d7a7-4481-a2e4-882b9de03154 tempest-FloatingIPAdminTestJSON-1873138957 tempest-FloatingIPAdminTestJSON-1873138957-project] Request body: {'subnet': {'network_id': '5175d03b-8827-4615-a35a-6e5f65af9c67', 'cidr': '172.20.0.0/28', 'ip_version': 4, 'gateway_ip': '172.20.0.1'}} {{(pid=115666) prepare_request_body /opt/stack/neutron/neutron/api/v2/base.py:729}}
Sep 23 14:55:49.563623 dv-neutron-859092-1-hyperv neutron-server[115665]: DEBUG neutron.plugins.ml2.plugin [None req-95db4b34-3e20-45c9-b9a7-65111242e692 tempest-DHCPAgentSchedulersTestJSON-1432802791 tempest-DHCPAgentSchedulersTestJSON-1432802791-project] Deleting port a334fdcb-5eeb-442a-b50b-38b169b2f72f {{(pid=115665) _pre_delete_port /opt/stack/neutron/neutron/plugins/ml2/plugin.py:2015}}
Sep 23 14:55:49.564379 dv-neutron-859092-1-hyperv neutron-server[115665]: DEBUG neutron_lib.callbacks.manager [None req-95db4b34-3e20-45c9-b9a7-65111242e692 tempest-DHCPAgentSchedulersTestJSON-1432802791 tempest-DHCPAgentSchedulersTestJSON-1432802791-project] Notify callbacks ['neutron.db.l3_db.L3_NAT_dbonly_mixin._prevent_l3_port_delete_callback-8754234861204'] for port, before_delete {{(pid=115665) _notify_loop /usr/local/lib/python3.8/dist-packages/neutron_lib/callbacks/manager.py:192}}
Sep 23 14:55:49.640899 dv-neutron-859092-1-hyperv neutron-server[115667]: DEBUG neutron.api.rpc.handlers.l3_rpc [None req-2987f897-ae16-4ec7-baea-15c897794a9c None None] Sync routers for ids ['074e9bb4-3e19-4353-ae2e-90b8d742064e'] in dv-neutron-859092-1-hyperv {{(pid=115667) sync_routers /opt/stack/neutron/neutron/api/rpc/handlers/l3_rpc.py:125}}
Sep 23 14:55:49.648520 dv-neutron-859092-1-hyperv neutron-server[115666]: DEBUG neutron_lib.callbacks.manager [None req-81f9212d-a1a3-45ea-baf7-64600c434753 admin admin] Notify callbacks [] for router, before_response {{(pid=115666) _notify_loop /usr/local/lib/python3.8/dist-packages/neutron_lib/callbacks/manager.py:192}}
Sep 23 14:55:49.649767 dv-neutron-859092-1-hyperv neutron-server[115666]: INFO neutron.wsgi [None req-81f9212d-a1a3-45ea-baf7-64600c434753 admin admin] 10.222.0.57 "POST /v2.0/routers HTTP/1.1" status: 201 len: 918 time: 7.5070252
Sep 23 14:55:49.677139 dv-neutron-859092-1-hyperv neutron-server[115666]: INFO neutron.services.segments.plugin [-] Segment 142c76ee-7d53-4d73-a67c-672451d01416 resource provider not found; error: Placement Client Error (4xx): {"errors": [{"status": 404, "title": "Not Found", "detail": "The resource could not be found.\n\n No resource provider with uuid 142c76ee-7d53-4d73-a67c-672451d01416 found for delete ", "request_id": "req-d21a7eaf-c08c-4256-a98b-39fab8c60318"}]}
Sep 23 14:55:49.679992 dv-neutron-859092-1-hyperv neutron-server[115666]: DEBUG neutron.wsgi [-] (115666) accepted ('10.222.0.57', 44260) {{(pid=115666) server /usr/local/lib/python3.8/dist-packages/eventlet/wsgi.py:982}}
Sep 23 14:55:49.705018 dv-neutron-859092-1-hyperv neutron-server[115665]: DEBUG neutron_lib.callbacks.manager [None req-95db4b34-3e20-45c9-b9a7-65111242e692 tempest-DHCPAgentSchedulersTestJSON-1432802791 tempest-DHCPAgentSchedulersTestJSON-1432802791-project] Notify callbacks ['neutron.services.l3_router.l3_router_plugin.L3_NAT_dbonly_mixin._precommit_delete_port_callback-551903'] for port, precommit_delete {{(pid=115665) _notify_loop /usr/local/lib/python3.8/dist-packages/neutron_lib/callbacks/manager.py:192}}
Sep 23 14:55:49.705580 dv-neutron-859092-1-hyperv neutron-server[115669]: DEBUG neutron.db.l3_dvr_db [None req-9e0702a8-0bbf-4ddf-aeaa-d3f2b83d7419 None None] Set router 4101d6f5-7235-47b0-a2da-16e5389d19c4 gateway port host: dv-neutron-859092-1-hyperv {{(pid=115669) _build_routers_list /opt/stack/neutron/neutron/db/l3_dvr_db.py:906}}
Sep 23 14:55:49.721086 dv-neutron-859092-1-hyperv neutron-server[115665]: DEBUG neutron.plugins.ml2.plugin [None req-95db4b34-3e20-45c9-b9a7-65111242e692 tempest-DHCPAgentSchedulersTestJSON-1432802791 tempest-DHCPAgentSchedulersTestJSON-1432802791-project] Calling delete_port for a334fdcb-5eeb-442a-b50b-38b169b2f72f owned by {{(pid=115665) delete_port /opt/stack/neutron/neutron/plugins/ml2/plugin.py:2093}}
Sep 23 14:55:49.786407 dv-neutron-859092-1-hyperv neutron-server[115667]: DEBUG neutron.db.l3_dvrscheduler_db [None req-2987f897-ae16-4ec7-baea-15c897794a9c None None] Routers {'074e9bb4-3e19-4353-ae2e-90b8d742064e'} bound to L3 agent in host dv-neutron-859092-1-hyperv {{(pid=115667) _get_router_ids_for_agent /opt/stack/neutron/neutron/db/l3_dvrscheduler_db.py:417}}
Sep 23 14:55:49.787343 dv-neutron-859092-1-hyperv neutron-server[115667]: DEBUG neutron.db.l3_hamode_db [None req-2987f897-ae16-4ec7-baea-15c897794a9c None None] neutron.services.l3_router.l3_router_plugin.L3RouterPlugin method get_ha_sync_data_for_host called with arguments (, 'dv-neutron-859092-1-hyperv', Agent(admin_state_up=True,agent_type='L3 agent',availability_zone='nova',binary='neutron-l3-agent',configurations={"agent_mode": "legacy", "ex_gw_ports": 1, "extensions": [], "floating_ips": 0, "handle_internal_only_routers": true, "interface_driver": "openvswitch", "interfaces": 1, "log_agent_heartbeats": false, "routers": 1},created_at=2022-09-23T14:47:21Z,description=,heartbeat_timestamp=2022-09-23T14:55:21Z,host='dv-neutron-859092-1-hyperv',id=0b38aa2a-130c-410a-97bf-53ec6ccea878,load=0,resource_versions=,resources_synced=,started_at=2022-09-23T14:47:22Z,topic='l3_agent')) {'router_ids': ['074e9bb4-3e19-4353-ae2e-90b8d742064e'], 'active': True} {{(pid=115667) wrapper /usr/local/lib/python3.8/dist-packages/oslo_log/helpers.py:65}}
Sep 23 14:55:49.858931 dv-neutron-859092-1-hyperv neutron-server[115667]: DEBUG neutron.db.provisioning_blocks [None req-87155eb6-20e4-495b-b0d1-aee404532c85 None None] Provisioning complete for port a5c28111-ded1-4c82-bedb-87ad1708054b triggered by entity L2. {{(pid=115667) provisioning_complete /opt/stack/neutron/neutron/db/provisioning_blocks.py:139}}
Sep 23 14:55:49.860989 dv-neutron-859092-1-hyperv neutron-server[115667]: DEBUG neutron_lib.callbacks.manager [None req-87155eb6-20e4-495b-b0d1-aee404532c85 None None] Notify callbacks ['neutron.plugins.ml2.plugin.Ml2Plugin._port_provisioned-1650567'] for port, provisioning_complete {{(pid=115667) _notify_loop /usr/local/lib/python3.8/dist-packages/neutron_lib/callbacks/manager.py:192}}
Sep 23 14:55:49.861530 dv-neutron-859092-1-hyperv neutron-server[115667]: INFO neutron.plugins.ml2.plugin [None req-87155eb6-20e4-495b-b0d1-aee404532c85 None None] Attempt 1 to provision port a5c28111-ded1-4c82-bedb-87ad1708054b
Sep 23 14:55:49.918667 dv-neutron-859092-1-hyperv neutron-server[115665]: DEBUG neutron_lib.callbacks.manager [None req-cb5fa619-472a-4b77-8774-1aa75129d3c6 admin admin] Notify callbacks [] for router, before_response {{(pid=115665) _notify_loop /usr/local/lib/python3.8/dist-packages/neutron_lib/callbacks/manager.py:192}}
Sep 23 14:55:49.927401 dv-neutron-859092-1-hyperv neutron-server[115665]: INFO neutron.wsgi [None req-cb5fa619-472a-4b77-8774-1aa75129d3c6 admin admin] 10.222.0.57 "POST /v2.0/routers HTTP/1.1" status: 201 len: 924 time: 7.9101672
Sep 23 14:55:49.928751 dv-neutron-859092-1-hyperv neutron-server[115665]: DEBUG neutron.wsgi [-] (115665) accepted ('10.222.0.57', 44262) {{(pid=115665) server /usr/local/lib/python3.8/dist-packages/eventlet/wsgi.py:982}}
Sep 23 14:55:49.967104 dv-neutron-859092-1-hyperv neutron-server[115669]: DEBUG neutron.db.l3_hamode_db [None req-9e0702a8-0bbf-4ddf-aeaa-d3f2b83d7419 None None] neutron.services.l3_router.l3_router_plugin.L3RouterPlugin method _process_sync_ha_data called with arguments (, [{'id': '4101d6f5-7235-47b0-a2da-16e5389d19c4', 'name': 'tempest-ServersTestJSON-1410863745-router', 'tenant_id': '7ac51a1f586d4de88e4326e543d8a364', 'admin_state_up': True, 'status': 'ACTIVE', 'external_gateway_info': {'network_id': '6b8cbffd-c1ba-4439-bb4b-03a7aaa21e85', 'external_fixed_ips': [{'subnet_id': 'd30d1304-d9c4-4f73-ad28-432d1105954f', 'ip_address': '172.26.5.202'}], 'enable_snat': True}, 'gw_port_id': '0895ad24-708a-42ad-a9a1-4fde9318398c', 'description': '', 'availability_zones': ['nova'], 'distributed': False, 'ha': False, 'ha_vr_id': 0, 'availability_zone_hints': [], 'routes': [], 'flavor_id': None, 'tags': [], 'created_at': '2022-09-23T14:55:42Z', 'updated_at': '2022-09-23T14:55:45Z', 'revision_number': 3, 'project_id': '7ac51a1f586d4de88e4326e543d8a364', 'gw_port': {'id': '0895ad24-708a-42ad-a9a1-4fde9318398c', 'name': '', 'network_id': '6b8cbffd-c1ba-4439-bb4b-03a7aaa21e85', 'tenant_id': '', 'mac_address': 'fa:16:3e:10:70:28', 'admin_state_up': True, 'status': 'DOWN', 'device_id': '4101d6f5-7235-47b0-a2da-16e5389d19c4', 'device_owner': 'network:router_gateway', 'standard_attr_id': 100, 'fixed_ips': [{'subnet_id': 'd30d1304-d9c4-4f73-ad28-432d1105954f', 'ip_address': '172.26.5.202', 'prefixlen': 24}], 'allowed_address_pairs': [], 'extra_dhcp_opts': [], 'security_groups': [], 'description': '', 'binding:vnic_type': 'normal', 'binding:profile': {}, 'binding:host_id': '', 'binding:vif_type': 'unbound', 'binding:vif_details': {}, 'port_security_enabled': False, 'tags': [], 'created_at': '2022-09-23T14:55:44Z', 'updated_at': '2022-09-23T14:55:44Z', 'revision_number': 1, 'project_id': '', 'subnets': [{'id': 'd30d1304-d9c4-4f73-ad28-432d1105954f', 'cidr': '172.26.5.0/24', 'gateway_ip': '172.26.5.1', 'dns_nameservers': [], 'ipv6_ra_mode': None, 'subnetpool_id': None}], 'extra_subnets': [], 'address_scopes': {4: None, 6: None}, 'mtu': 1500}, 'enable_snat': True, 'gw_port_host': 'dv-neutron-859092-1-hyperv'}], 'dv-neutron-859092-1-hyperv', False) {} {{(pid=115669) wrapper /usr/local/lib/python3.8/dist-packages/oslo_log/helpers.py:65}}
Sep 23 14:55:50.011866 dv-neutron-859092-1-hyperv neutron-server[115669]: DEBUG neutron.api.rpc.handlers.l3_rpc [None req-9e0702a8-0bbf-4ddf-aeaa-d3f2b83d7419 None None] Checking router: 4101d6f5-7235-47b0-a2da-16e5389d19c4 for host: dv-neutron-859092-1-hyperv {{(pid=115669) _ensure_host_set_on_ports /opt/stack/neutron/neutron/api/rpc/handlers/l3_rpc.py:155}}
Sep 23 14:55:50.014300 dv-neutron-859092-1-hyperv neutron-server[115669]: DEBUG neutron.api.rpc.handlers.l3_rpc [None req-9e0702a8-0bbf-4ddf-aeaa-d3f2b83d7419 None None] Updating router 4101d6f5-7235-47b0-a2da-16e5389d19c4 port 0895ad24-708a-42ad-a9a1-4fde9318398c binding host dv-neutron-859092-1-hyperv {{(pid=115669) _ensure_host_set_on_port /opt/stack/neutron/neutron/api/rpc/handlers/l3_rpc.py:205}}
Sep 23 14:55:50.048054 dv-neutron-859092-1-hyperv neutron-server[115669]: DEBUG neutron_lib.callbacks.manager [None req-9e0702a8-0bbf-4ddf-aeaa-d3f2b83d7419 None None] Notify callbacks ['neutron.plugins.ml2.plugin.SecurityGroupDbMixin._ensure_default_security_group_handler-1603902'] for port, before_update {{(pid=115669) _notify_loop /usr/local/lib/python3.8/dist-packages/neutron_lib/callbacks/manager.py:192}}
Sep 23 14:55:50.075831 dv-neutron-859092-1-hyperv neutron-server[115667]: DEBUG neutron.plugins.ml2.plugin [None req-023ecbcb-f81d-4016-afa5-422644aabb32 None None] Current status of the port ea1a6d64-21bc-41ee-b1a2-e1c2529ee17d is: ACTIVE; New status is: ACTIVE {{(pid=115667) _update_individual_port_db_status /opt/stack/neutron/neutron/plugins/ml2/plugin.py:2269}}
Sep 23 14:55:50.098604 dv-neutron-859092-1-hyperv neutron-server[115667]: DEBUG neutron.db.l3_dvr_db [None req-2987f897-ae16-4ec7-baea-15c897794a9c None None] Set router 074e9bb4-3e19-4353-ae2e-90b8d742064e gateway port host: dv-neutron-859092-1-hyperv {{(pid=115667) _build_routers_list /opt/stack/neutron/neutron/db/l3_dvr_db.py:906}}
Sep 23 14:55:50.108122 dv-neutron-859092-1-hyperv neutron-server[115666]: DEBUG neutron.pecan_wsgi.hooks.quota_enforcement [None req-49f1bd44-d7a7-4481-a2e4-882b9de03154 tempest-FloatingIPAdminTestJSON-1873138957 tempest-FloatingIPAdminTestJSON-1873138957-project] Made reservation on behalf of d003f9bb679c477ea7ab433e98b2b0a0 for: {'subnet': 1} {{(pid=115666) before /opt/stack/neutron/neutron/pecan_wsgi/hooks/quota_enforcement.py:53}}
Sep 23 14:55:50.115947 dv-neutron-859092-1-hyperv neutron-server[115666]: DEBUG neutron_lib.callbacks.manager [None req-49f1bd44-d7a7-4481-a2e4-882b9de03154 tempest-FloatingIPAdminTestJSON-1873138957 tempest-FloatingIPAdminTestJSON-1873138957-project] Notify callbacks ['neutron.services.segments.plugin.SegmentHostRoutes.host_routes_before_create-30761387'] for subnet, before_create {{(pid=115666) _notify_loop /usr/local/lib/python3.8/dist-packages/neutron_lib/callbacks/manager.py:192}}
Sep 23 14:55:50.120159 dv-neutron-859092-1-hyperv neutron-server[115666]: DEBUG neutron.scheduler.l3_agent_scheduler [None req-4fc472cb-904a-41da-b570-ca8f69c5bdf3 admin admin] Router 25d4228d-1bc3-4ed9-bce6-39eaef8c3762 is scheduled to L3 agent 0b38aa2a-130c-410a-97bf-53ec6ccea878 with binding_index 1 {{(pid=115666) bind_router /opt/stack/neutron/neutron/scheduler/l3_agent_scheduler.py:209}}
Sep 23 14:55:50.129722 dv-neutron-859092-1-hyperv neutron-server[115666]: DEBUG neutron_lib.callbacks.manager [None req-d6797edd-3c1a-4ff2-9517-d1739bd0b4f7 tempest-PortsAdminExtendedAttrsTestJSON-625872854 tempest-PortsAdminExtendedAttrsTestJSON-625872854-project-admin] Notify callbacks ['neutron.plugins.ml2.plugin.SecurityGroupServerNotifierRpcMixin._notify_sg_on_port_change-1603965', 'neutron.plugins.ml2.ovo_rpc._ObjectChangeHandler.handle_event-37926', 'neutron.api.rpc.agentnotifiers.dhcp_rpc_agent_api.DhcpAgentNotifyAPI._native_event_send_dhcp_notification-1532371', 'neutron.db.l3_dvrscheduler_db._notify_l3_agent_new_port-8754234370061', 'neutron.services.segments.plugin.NovaSegmentNotifier._notify_port_created_or_deleted-32406957'] for port, after_create {{(pid=115666) _notify_loop /usr/local/lib/python3.8/dist-packages/neutron_lib/callbacks/manager.py:192}}
Sep 23 14:55:50.157765 dv-neutron-859092-1-hyperv neutron-server[115665]: DEBUG neutron_lib.callbacks.manager [None req-95db4b34-3e20-45c9-b9a7-65111242e692 tempest-DHCPAgentSchedulersTestJSON-1432802791 tempest-DHCPAgentSchedulersTestJSON-1432802791-project] Notify callbacks ['neutron.plugins.ml2.plugin.SecurityGroupServerNotifierRpcMixin._notify_sg_on_port_change-1603965', 'neutron.plugins.ml2.ovo_rpc._ObjectChangeHandler.handle_event-37926', 'neutron.api.rpc.agentnotifiers.dhcp_rpc_agent_api.DhcpAgentNotifyAPI._native_event_send_dhcp_notification-1532371', 'neutron.db.l3_db.L3RpcNotifierMixin._notify_routers_callback-8754234870254', 'neutron.db.l3_dvrscheduler_db._notify_port_delete-8754234370070'] for port, after_delete {{(pid=115665) _notify_loop /usr/local/lib/python3.8/dist-packages/neutron_lib/callbacks/manager.py:192}}
Sep 23 14:55:50.242556 dv-neutron-859092-1-hyperv neutron-server[115667]: DEBUG neutron.db.provisioning_blocks [None req-023ecbcb-f81d-4016-afa5-422644aabb32 None None] Provisioning complete for port a5c28111-ded1-4c82-bedb-87ad1708054b triggered by entity DHCP. {{(pid=115667) provisioning_complete /opt/stack/neutron/neutron/db/provisioning_blocks.py:139}}
Sep 23 14:55:50.242929 dv-neutron-859092-1-hyperv neutron-server[115667]: DEBUG neutron_lib.callbacks.manager [None req-023ecbcb-f81d-4016-afa5-422644aabb32 None None] Notify callbacks ['neutron.plugins.ml2.plugin.Ml2Plugin._port_provisioned-1650567'] for port, provisioning_complete {{(pid=115667) _notify_loop /usr/local/lib/python3.8/dist-packages/neutron_lib/callbacks/manager.py:192}}
Sep 23 14:55:50.243264 dv-neutron-859092-1-hyperv neutron-server[115667]: INFO neutron.plugins.ml2.plugin [None req-023ecbcb-f81d-4016-afa5-422644aabb32 None None] Attempt 1 to provision port a5c28111-ded1-4c82-bedb-87ad1708054b
Sep 23 14:55:50.257639 dv-neutron-859092-1-hyperv neutron-server[115665]: DEBUG neutron.api.rpc.handlers.resources_rpc [None req-95db4b34-3e20-45c9-b9a7-65111242e692 tempest-DHCPAgentSchedulersTestJSON-1432802791 tempest-DHCPAgentSchedulersTestJSON-1432802791-project] Pushing event deleted for resources: {'Port': ['ID=a334fdcb-5eeb-442a-b50b-38b169b2f72f,revision_number=None']} {{(pid=115665) push /opt/stack/neutron/neutron/api/rpc/handlers/resources_rpc.py:237}}
Sep 23 14:55:50.357354 dv-neutron-859092-1-hyperv neutron-server[115667]: DEBUG neutron.plugins.ml2.plugin [None req-87155eb6-20e4-495b-b0d1-aee404532c85 None None] Current status of the port a5c28111-ded1-4c82-bedb-87ad1708054b is: ACTIVE; New status is: ACTIVE {{(pid=115667) _update_individual_port_db_status /opt/stack/neutron/neutron/plugins/ml2/plugin.py:2269}}
Sep 23 14:55:50.490827 dv-neutron-859092-1-hyperv neutron-server[115665]: DEBUG neutron_lib.callbacks.manager [None req-95db4b34-3e20-45c9-b9a7-65111242e692 tempest-DHCPAgentSchedulersTestJSON-1432802791 tempest-DHCPAgentSchedulersTestJSON-1432802791-project] Notify callbacks ['neutron.notifiers.nova.Notifier._send_nova_notification-74658'] for port, before_response {{(pid=115665) _notify_loop /usr/local/lib/python3.8/dist-packages/neutron_lib/callbacks/manager.py:192}}
Sep 23 14:55:50.505888 dv-neutron-859092-1-hyperv neutron-server[115665]: INFO neutron.wsgi [None req-95db4b34-3e20-45c9-b9a7-65111242e692 tempest-DHCPAgentSchedulersTestJSON-1432802791 tempest-DHCPAgentSchedulersTestJSON-1432802791-project] 10.222.0.57 "DELETE /v2.0/ports/a334fdcb-5eeb-442a-b50b-38b169b2f72f HTTP/1.1" status: 204 len: 168 time: 1.3992789
Sep 23 14:55:50.508192 dv-neutron-859092-1-hyperv neutron-server[115665]: DEBUG neutron.wsgi [-] (115665) accepted ('10.222.0.57', 44266) {{(pid=115665) server /usr/local/lib/python3.8/dist-packages/eventlet/wsgi.py:982}}
Sep 23 14:55:50.561554 dv-neutron-859092-1-hyperv neutron-server[115667]: DEBUG neutron.api.rpc.handlers.dhcp_rpc [None req-185c606f-dfdc-4d6e-b390-39a2e4b5f0f9 None None] Network 063188d0-ae4c-43e1-93b3-c058f4a3b1b5 requested from dv-neutron-859092-1-hyperv {{(pid=115667) get_network_info /opt/stack/neutron/neutron/api/rpc/handlers/dhcp_rpc.py:218}}
Sep 23 14:55:50.617482 dv-neutron-859092-1-hyperv neutron-server[115669]: DEBUG neutron_lib.callbacks.manager [None req-9e0702a8-0bbf-4ddf-aeaa-d3f2b83d7419 None None] Notify callbacks [] for port, precommit_update {{(pid=115669) _notify_loop /usr/local/lib/python3.8/dist-packages/neutron_lib/callbacks/manager.py:192}}
Sep 23 14:55:50.655738 dv-neutron-859092-1-hyperv neutron-server[115667]: DEBUG neutron.plugins.ml2.plugin [None req-023ecbcb-f81d-4016-afa5-422644aabb32 None None] Current status of the port a5c28111-ded1-4c82-bedb-87ad1708054b is: ACTIVE; New status is: ACTIVE {{(pid=115667) _update_individual_port_db_status /opt/stack/neutron/neutron/plugins/ml2/plugin.py:2269}}
Sep 23 14:55:50.722284 dv-neutron-859092-1-hyperv neutron-server[115669]: DEBUG neutron_lib.callbacks.manager [None req-9e0702a8-0bbf-4ddf-aeaa-d3f2b83d7419 None None] Notify callbacks ['neutron.plugins.ml2.plugin.SecurityGroupServerNotifierRpcMixin._notify_sg_on_port_change-1603965', 'neutron.plugins.ml2.ovo_rpc._ObjectChangeHandler.handle_event-37926', 'neutron.api.rpc.agentnotifiers.dhcp_rpc_agent_api.DhcpAgentNotifyAPI._native_event_send_dhcp_notification-1532371', 'neutron.db.l3_db.L3RpcNotifierMixin._notify_gateway_port_ip_changed-8754234866692', 'neutron.db.l3_dvrscheduler_db._notify_l3_agent_port_update-8754234370079', 'neutron.db.l3_hascheduler_db._notify_l3_agent_ha_port_update-8754234370097'] for port, after_update {{(pid=115669) _notify_loop /usr/local/lib/python3.8/dist-packages/neutron_lib/callbacks/manager.py:192}}
Sep 23 14:55:50.764767 dv-neutron-859092-1-hyperv neutron-server[115669]: DEBUG neutron.plugins.ml2.managers [None req-9e0702a8-0bbf-4ddf-aeaa-d3f2b83d7419 None None] Attempting to bind port 0895ad24-708a-42ad-a9a1-4fde9318398c on host dv-neutron-859092-1-hyperv for vnic_type normal with profile {{(pid=115669) bind_port /opt/stack/neutron/neutron/plugins/ml2/managers.py:806}}
Sep 23 14:55:50.765455 dv-neutron-859092-1-hyperv neutron-server[115669]: DEBUG neutron.plugins.ml2.managers [None req-9e0702a8-0bbf-4ddf-aeaa-d3f2b83d7419 None None] Attempting to bind port 0895ad24-708a-42ad-a9a1-4fde9318398c by drivers openvswitch,hyperv on host dv-neutron-859092-1-hyperv at level 0 using segments [{'id': 'c7addeed-c665-4108-ace7-fe1237526010', 'network_type': 'flat', 'physical_network': 'physnet1', 'segmentation_id': None, 'network_id': '6b8cbffd-c1ba-4439-bb4b-03a7aaa21e85'}] {{(pid=115669) _bind_port_level /opt/stack/neutron/neutron/plugins/ml2/managers.py:831}}
Sep 23 14:55:50.766206 dv-neutron-859092-1-hyperv neutron-server[115669]: DEBUG neutron.plugins.ml2.drivers.mech_agent [None req-9e0702a8-0bbf-4ddf-aeaa-d3f2b83d7419 None None] Attempting to bind port 0895ad24-708a-42ad-a9a1-4fde9318398c on network 6b8cbffd-c1ba-4439-bb4b-03a7aaa21e85 {{(pid=115669) bind_port /opt/stack/neutron/neutron/plugins/ml2/drivers/mech_agent.py:91}}
Sep 23 14:55:50.773832 dv-neutron-859092-1-hyperv neutron-server[115669]: DEBUG neutron.plugins.ml2.drivers.mech_agent [None req-9e0702a8-0bbf-4ddf-aeaa-d3f2b83d7419 None None] Checking agent: {'id': 'dc5a0f91-ba24-4043-a850-291629e33a13', 'agent_type': 'Open vSwitch agent', 'binary': 'neutron-openvswitch-agent', 'topic': 'N/A', 'host': 'dv-neutron-859092-1-hyperv', 'admin_state_up': True, 'created_at': datetime.datetime(2022, 9, 23, 14, 47, 24), 'started_at': datetime.datetime(2022, 9, 23, 14, 47, 54), 'heartbeat_timestamp': datetime.datetime(2022, 9, 23, 14, 55, 24), 'description': None, 'resources_synced': None, 'availability_zone': None, 'alive': True, 'configurations': {'arp_responder_enabled': False, 'baremetal_smartnic': False, 'bridge_mappings': {'physnet1': 'br-data'}, 'datapath_type': 'system', 'devices': 0, 'enable_distributed_routing': False, 'extensions': [], 'in_distributed_mode': False, 'integration_bridge': 'br-int', 'l2_population': False, 'log_agent_heartbeats': False, 'ovs_capabilities': {'datapath_types': ['netdev', 'system'], 'iface_types': ['erspan', 'geneve', 'gre', 'internal', 'ip6erspan', 'ip6gre', 'lisp', 'patch', 'stt', 'system', 'tap', 'vxlan']}, 'ovs_hybrid_plug': False, 'resource_provider_bandwidths': {}, 'resource_provider_hypervisors': {'br-data': 'dv-neutron-859092-1-hyperv'}, 'resource_provider_inventory_defaults': {'allocation_ratio': 1.0, 'min_unit': 1, 'step_size': 1, 'reserved': 0}, 'tunnel_types': [], 'tunneling_ip': None, 'vhostuser_socket_dir': '/var/run/openvswitch'}, 'resource_versions': {'AddressGroup': '1.2', 'ConntrackHelper': '1.0', 'Log': '1.0', 'Network': '1.1', 'Port': '1.7', 'PortForwarding': '1.2', 'QosPolicy': '1.9', 'SecurityGroup': '1.4', 'SecurityGroupRule': '1.2', 'SubPort': '1.0', 'Subnet': '1.1', 'Trunk': '1.1'}} {{(pid=115669) bind_port /opt/stack/neutron/neutron/plugins/ml2/drivers/mech_agent.py:110}}
Sep 23 14:55:50.774626 dv-neutron-859092-1-hyperv neutron-server[115669]: DEBUG neutron.plugins.ml2.drivers.mech_agent [None req-9e0702a8-0bbf-4ddf-aeaa-d3f2b83d7419 None None] Checking segment: {'id': 'c7addeed-c665-4108-ace7-fe1237526010', 'network_type': 'flat', 'physical_network': 'physnet1', 'segmentation_id': None, 'network_id': '6b8cbffd-c1ba-4439-bb4b-03a7aaa21e85'} for mappings: {'physnet1': 'br-data'} with network types: ['local', 'flat', 'vlan'] {{(pid=115669) check_segment_for_agent /opt/stack/neutron/neutron/plugins/ml2/drivers/mech_agent.py:360}}
Sep 23 14:55:50.775226 dv-neutron-859092-1-hyperv neutron-server[115669]: DEBUG neutron_lib.callbacks.manager [None req-9e0702a8-0bbf-4ddf-aeaa-d3f2b83d7419 None None] Notify callbacks [] for ovs_bridge_name, before_read {{(pid=115669) _notify_loop /usr/local/lib/python3.8/dist-packages/neutron_lib/callbacks/manager.py:192}}
Sep 23 14:55:50.775804 dv-neutron-859092-1-hyperv neutron-server[115669]: DEBUG neutron.plugins.ml2.drivers.mech_agent [None req-9e0702a8-0bbf-4ddf-aeaa-d3f2b83d7419 None None] Bound using segment: {'id': 'c7addeed-c665-4108-ace7-fe1237526010', 'network_type': 'flat', 'physical_network': 'physnet1', 'segmentation_id': None, 'network_id': '6b8cbffd-c1ba-4439-bb4b-03a7aaa21e85'} {{(pid=115669) bind_port /opt/stack/neutron/neutron/plugins/ml2/drivers/mech_agent.py:120}}
Sep 23 14:55:50.776500 dv-neutron-859092-1-hyperv neutron-server[115669]: DEBUG neutron.plugins.ml2.managers [None req-9e0702a8-0bbf-4ddf-aeaa-d3f2b83d7419 None None] Bound port: 0895ad24-708a-42ad-a9a1-4fde9318398c, host: dv-neutron-859092-1-hyperv, vif_type: ovs, vif_details: {"connectivity": "l2", "port_filter": true, "ovs_hybrid_plug": false, "datapath_type": "system", "bridge_name": "br-int"}, binding_levels: [{'bound_driver': 'openvswitch', 'bound_segment': {'id': 'c7addeed-c665-4108-ace7-fe1237526010', 'network_type': 'flat', 'physical_network': 'physnet1', 'segmentation_id': None, 'network_id': '6b8cbffd-c1ba-4439-bb4b-03a7aaa21e85'}}] {{(pid=115669) _bind_port_level /opt/stack/neutron/neutron/plugins/ml2/managers.py:944}}
Sep 23 14:55:50.777085 dv-neutron-859092-1-hyperv neutron-server[115669]: DEBUG neutron_lib.callbacks.manager [None req-9e0702a8-0bbf-4ddf-aeaa-d3f2b83d7419 None None] Notify callbacks ['neutron.plugins.ml2.plugin.SecurityGroupDbMixin._ensure_default_security_group_handler-1603902'] for port, before_update {{(pid=115669) _notify_loop /usr/local/lib/python3.8/dist-packages/neutron_lib/callbacks/manager.py:192}}
