Sep 23 14:55:47.018978 dv-neutron-859092-1-hyperv neutron-server[115665]: DEBUG neutron.plugins.ml2.plugin [None req-b3beea14-abe3-4d71-bd76-2200068b1728 tempest-PortsAdminExtendedAttrsTestJSON-625872854 tempest-PortsAdminExtendedAttrsTestJSON-625872854-project-admin] Calling delete_port for f53249f1-9198-42b8-a3ae-2a09d9926f29 owned by {{(pid=115665) delete_port /opt/stack/neutron/neutron/plugins/ml2/plugin.py:2093}}
Sep 23 14:55:47.025976 dv-neutron-859092-1-hyperv neutron-server[115665]: DEBUG neutron.plugins.ml2.drivers.helpers [None req-9aaf1e1d-f5ac-4f20-ba16-68930d358e09 tempest-NetworksIpV6TestAttrs-1219837569 tempest-NetworksIpV6TestAttrs-1219837569-project] vlan segment allocate from pool success with {'vlan_id': 161, 'physical_network': 'physnet1'} {{(pid=115665) allocate_partially_specified_segment /opt/stack/neutron/neutron/plugins/ml2/drivers/helpers.py:153}}
Sep 23 14:55:47.052352 dv-neutron-859092-1-hyperv neutron-server[115666]: DEBUG neutron_lib.callbacks.manager [None req-910299b3-7823-4d35-9432-0c946f1c7cec tempest-QuotasNegativeTest-1781389340 tempest-QuotasNegativeTest-1781389340-project-admin] Notify callbacks ['neutron.plugins.ml2.plugin.Ml2Plugin._handle_segment_change-1643831'] for segment, precommit_delete {{(pid=115666) _notify_loop /usr/local/lib/python3.8/dist-packages/neutron_lib/callbacks/manager.py:192}}
Sep 23 14:55:47.074377 dv-neutron-859092-1-hyperv neutron-server[115665]: DEBUG neutron_lib.callbacks.manager [None req-9aaf1e1d-f5ac-4f20-ba16-68930d358e09 tempest-NetworksIpV6TestAttrs-1219837569 tempest-NetworksIpV6TestAttrs-1219837569-project] Notify callbacks ['neutron.plugins.ml2.plugin.Ml2Plugin._handle_segment_change-1643831'] for segment, precommit_create {{(pid=115665) _notify_loop /usr/local/lib/python3.8/dist-packages/neutron_lib/callbacks/manager.py:192}}
Sep 23 14:55:47.074985 dv-neutron-859092-1-hyperv neutron-server[115665]: INFO neutron.db.segments_db [None req-9aaf1e1d-f5ac-4f20-ba16-68930d358e09 tempest-NetworksIpV6TestAttrs-1219837569 tempest-NetworksIpV6TestAttrs-1219837569-project] Added segment 3e624d38-9d91-4707-ae65-f8e28424c462 of type vlan for network 35f52a52-6644-4d74-bfed-792014eef956
Sep 23 14:55:47.103264 dv-neutron-859092-1-hyperv neutron-server[115666]: DEBUG neutron.plugins.ml2.drivers.type_vlan [None req-910299b3-7823-4d35-9432-0c946f1c7cec tempest-QuotasNegativeTest-1781389340 tempest-QuotasNegativeTest-1781389340-project-admin] Releasing vlan 199 on physical network physnet1 to pool {{(pid=115666) release_segment /opt/stack/neutron/neutron/plugins/ml2/drivers/type_vlan.py:304}}
Sep 23 14:55:47.103670 dv-neutron-859092-1-hyperv neutron-server[115666]: DEBUG neutron_lib.callbacks.manager [None req-910299b3-7823-4d35-9432-0c946f1c7cec tempest-QuotasNegativeTest-1781389340 tempest-QuotasNegativeTest-1781389340-project-admin] Notify callbacks ['neutron.plugins.ml2.plugin.Ml2Plugin._handle_segment_change-1643831', 'neutron.services.segments.plugin.NovaSegmentNotifier._notify_segment_deleted-32406928'] for segment, after_delete {{(pid=115666) _notify_loop /usr/local/lib/python3.8/dist-packages/neutron_lib/callbacks/manager.py:192}}
Sep 23 14:55:47.126162 dv-neutron-859092-1-hyperv neutron-server[115665]: DEBUG neutron_lib.callbacks.manager [None req-cb5fa619-472a-4b77-8774-1aa75129d3c6 admin admin] Notify callbacks ['neutron.plugins.ml2.plugin.SecurityGroupServerNotifierRpcMixin._notify_sg_on_port_change-1603965', 'neutron.plugins.ml2.ovo_rpc._ObjectChangeHandler.handle_event-37926', 'neutron.api.rpc.agentnotifiers.dhcp_rpc_agent_api.DhcpAgentNotifyAPI._native_event_send_dhcp_notification-1532371', 'neutron.db.l3_dvrscheduler_db._notify_l3_agent_new_port-8754234370061'] for port, after_create {{(pid=115665) _notify_loop /usr/local/lib/python3.8/dist-packages/neutron_lib/callbacks/manager.py:192}}
Sep 23 14:55:47.138490 dv-neutron-859092-1-hyperv neutron-server[115665]: DEBUG neutron_lib.callbacks.manager [None req-d2b0abc0-8375-4a11-aed3-a40883a93eb6 tempest-FloatingIPAdminTestJSON-1873138957 tempest-FloatingIPAdminTestJSON-1873138957-project] Notify callbacks ['neutron.plugins.ml2.plugin.SecurityGroupServerNotifierRpcMixin._notify_sg_on_port_change-1603965', 'neutron.plugins.ml2.ovo_rpc._ObjectChangeHandler.handle_event-37926', 'neutron.api.rpc.agentnotifiers.dhcp_rpc_agent_api.DhcpAgentNotifyAPI._native_event_send_dhcp_notification-1532371', 'neutron.db.l3_db.L3RpcNotifierMixin._notify_gateway_port_ip_changed-8754234866692', 'neutron.db.l3_dvrscheduler_db._notify_l3_agent_port_update-8754234370079', 'neutron.db.l3_hascheduler_db._notify_l3_agent_ha_port_update-8754234370097'] for port, after_update {{(pid=115665) _notify_loop /usr/local/lib/python3.8/dist-packages/neutron_lib/callbacks/manager.py:192}}
Sep 23 14:55:47.139395 dv-neutron-859092-1-hyperv neutron-server[115665]: DEBUG neutron_lib.callbacks.manager [None req-d2b0abc0-8375-4a11-aed3-a40883a93eb6 tempest-FloatingIPAdminTestJSON-1873138957 tempest-FloatingIPAdminTestJSON-1873138957-project] Notify callbacks ['neutron.services.l3_router.l3_router_plugin.DVRResourceOperationHandler._create_dvr_floating_gw_port-530994'] for floatingip, after_create {{(pid=115665) _notify_loop /usr/local/lib/python3.8/dist-packages/neutron_lib/callbacks/manager.py:192}}
Sep 23 14:55:47.175383 dv-neutron-859092-1-hyperv neutron-server[115666]: DEBUG neutron_lib.callbacks.manager [None req-81f9212d-a1a3-45ea-baf7-64600c434753 admin admin] Notify callbacks ['neutron.services.l3_router.l3_router_plugin.L3_HA_NAT_db_mixin._after_router_create-530455', 'neutron.services.l3_router.l3_router_plugin.DVRResourceOperationHandler._create_snat_interfaces_after_change-550544'] for router, after_create {{(pid=115666) _notify_loop /usr/local/lib/python3.8/dist-packages/neutron_lib/callbacks/manager.py:192}}
Sep 23 14:55:47.212747 dv-neutron-859092-1-hyperv neutron-server[115666]: DEBUG neutron_lib.callbacks.manager [None req-4fc472cb-904a-41da-b570-ca8f69c5bdf3 admin admin] Notify callbacks [] for router_gateway, after_create {{(pid=115666) _notify_loop /usr/local/lib/python3.8/dist-packages/neutron_lib/callbacks/manager.py:192}}
Sep 23 14:55:47.221609 dv-neutron-859092-1-hyperv neutron-server[115665]: DEBUG neutron.scheduler.dhcp_agent_scheduler [None req-cb5fa619-472a-4b77-8774-1aa75129d3c6 admin admin] Network 6b8cbffd-c1ba-4439-bb4b-03a7aaa21e85 is already hosted by enough agents. {{(pid=115665) _get_dhcp_agents_hosting_network /opt/stack/neutron/neutron/scheduler/dhcp_agent_scheduler.py:275}}
Sep 23 14:55:47.227238 dv-neutron-859092-1-hyperv neutron-server[115665]: DEBUG neutron.scheduler.base_scheduler [None req-cb5fa619-472a-4b77-8774-1aa75129d3c6 admin admin] Resources bound (agent type, host, resource id): {{(pid=115665) schedule /opt/stack/neutron/neutron/scheduler/base_scheduler.py:57}}
Sep 23 14:55:47.236228 dv-neutron-859092-1-hyperv neutron-server[115665]: DEBUG neutron.db.l3_dvrscheduler_db [None req-cb5fa619-472a-4b77-8774-1aa75129d3c6 admin admin] Received port after_create {{(pid=115665) _notify_l3_agent_new_port /opt/stack/neutron/neutron/db/l3_dvrscheduler_db.py:532}}
Sep 23 14:55:47.246858 dv-neutron-859092-1-hyperv neutron-server[115665]: DEBUG neutron.api.rpc.handlers.resources_rpc [None req-cb5fa619-472a-4b77-8774-1aa75129d3c6 admin admin] Pushing event updated for resources: {'Port': ['ID=cae9729e-07a6-413a-985a-b0a9cac799e3,revision_number=1']} {{(pid=115665) push /opt/stack/neutron/neutron/api/rpc/handlers/resources_rpc.py:237}}
Sep 23 14:55:47.283287 dv-neutron-859092-1-hyperv neutron-server[115665]: DEBUG neutron_lib.callbacks.manager [None req-f99fc8f9-d3cf-4895-9ae4-9aa69b5c85df tempest-DHCPAgentSchedulersTestJSON-1432802791 tempest-DHCPAgentSchedulersTestJSON-1432802791-project] Notify callbacks ['neutron.plugins.ml2.plugin.SecurityGroupDbMixin._ensure_default_security_group_handler-1603902'] for port, before_create {{(pid=115665) _notify_loop /usr/local/lib/python3.8/dist-packages/neutron_lib/callbacks/manager.py:192}}
Sep 23 14:55:47.322266 dv-neutron-859092-1-hyperv neutron-server[115665]: DEBUG neutron_lib.callbacks.manager [None req-d2b0abc0-8375-4a11-aed3-a40883a93eb6 tempest-FloatingIPAdminTestJSON-1873138957 tempest-FloatingIPAdminTestJSON-1873138957-project] Notify callbacks ['neutron.notifiers.nova.Notifier._send_nova_notification-74658'] for floatingip, before_response {{(pid=115665) _notify_loop /usr/local/lib/python3.8/dist-packages/neutron_lib/callbacks/manager.py:192}}
Sep 23 14:55:47.323701 dv-neutron-859092-1-hyperv neutron-server[115665]: INFO neutron.wsgi [None req-d2b0abc0-8375-4a11-aed3-a40883a93eb6 tempest-FloatingIPAdminTestJSON-1873138957 tempest-FloatingIPAdminTestJSON-1873138957-project] 10.222.0.57 "POST /v2.0/floatingips HTTP/1.1" status: 201 len: 693 time: 5.3127320
Sep 23 14:55:47.327921 dv-neutron-859092-1-hyperv neutron-server[115666]: DEBUG neutron.wsgi [-] (115666) accepted ('10.222.0.57', 44230) {{(pid=115666) server /usr/local/lib/python3.8/dist-packages/eventlet/wsgi.py:982}}
Sep 23 14:55:47.342377 dv-neutron-859092-1-hyperv neutron-server[115666]: DEBUG neutron.api.v2.base [None req-fa997066-feb7-49ec-bcd1-d5925843c9d0 tempest-FloatingIPAdminTestJSON-1873138957 tempest-FloatingIPAdminTestJSON-1873138957-project] Request body: {'network': {'name': 'tempest-FloatingIPAdminTestJSON-test-network-1953220002'}} {{(pid=115666) prepare_request_body /opt/stack/neutron/neutron/api/v2/base.py:729}}
Sep 23 14:55:47.402129 dv-neutron-859092-1-hyperv neutron-server[115665]: DEBUG neutron_lib.callbacks.manager [None req-9aaf1e1d-f5ac-4f20-ba16-68930d358e09 tempest-NetworksIpV6TestAttrs-1219837569 tempest-NetworksIpV6TestAttrs-1219837569-project] Notify callbacks ['neutron.services.auto_allocate.db._ensure_external_network_default_value_callback-8754234340994'] for network, precommit_create {{(pid=115665) _notify_loop /usr/local/lib/python3.8/dist-packages/neutron_lib/callbacks/manager.py:192}}
Sep 23 14:55:47.416637 dv-neutron-859092-1-hyperv neutron-server[115667]: DEBUG neutron.plugins.ml2.db [None req-13511c32-6c17-43fd-9538-1d336e5fda3b None None] For port edb33e0b-901c-4e98-8105-557bf09650cb, host dv-neutron-859092-1-hyperv, cleared binding levels {{(pid=115667) clear_binding_levels /opt/stack/neutron/neutron/plugins/ml2/db.py:87}}
Sep 23 14:55:47.418467 dv-neutron-859092-1-hyperv neutron-server[115665]: DEBUG neutron.notifiers.nova [None req-f99fc8f9-d3cf-4895-9ae4-9aa69b5c85df tempest-DHCPAgentSchedulersTestJSON-1432802791 tempest-DHCPAgentSchedulersTestJSON-1432802791-project] device_id is not set on port a334fdcb-5eeb-442a-b50b-38b169b2f72f yet. {{(pid=115665) _can_notify /opt/stack/neutron/neutron/notifiers/nova.py:199}}
Sep 23 14:55:47.429638 dv-neutron-859092-1-hyperv neutron-server[115666]: INFO neutron.services.segments.plugin [-] Segment 9d881932-7c39-4e7b-985b-9e800307746a resource provider aggregate not found
Sep 23 14:55:47.430787 dv-neutron-859092-1-hyperv neutron-server[115665]: DEBUG neutron.api.rpc.handlers.resources_rpc [None req-d2b0abc0-8375-4a11-aed3-a40883a93eb6 tempest-FloatingIPAdminTestJSON-1873138957 tempest-FloatingIPAdminTestJSON-1873138957-project] Pushing event updated for resources: {'Port': ['ID=823b5318-e337-4049-83d7-4aba89000c60,revision_number=2']} {{(pid=115665) push /opt/stack/neutron/neutron/api/rpc/handlers/resources_rpc.py:237}}
Sep 23 14:55:47.435213 dv-neutron-859092-1-hyperv neutron-server[115666]: DEBUG neutron_lib.callbacks.manager [None req-910299b3-7823-4d35-9432-0c946f1c7cec tempest-QuotasNegativeTest-1781389340 tempest-QuotasNegativeTest-1781389340-project-admin] Notify callbacks ['neutron.plugins.ml2.plugin.Ml2Plugin._network_delete_after_delete_handler-1643918', 'neutron.plugins.ml2.ovo_rpc._ObjectChangeHandler.handle_event-441006', 'neutron.api.rpc.agentnotifiers.dhcp_rpc_agent_api.DhcpAgentNotifyAPI._native_event_send_dhcp_notification-1532371', 'neutron.services.l3_router.l3_router_plugin.DVRResourceOperationHandler.delete_fip_namespaces_for_ext_net-530980'] for network, after_delete {{(pid=115666) _notify_loop /usr/local/lib/python3.8/dist-packages/neutron_lib/callbacks/manager.py:192}}
Sep 23 14:55:47.464972 dv-neutron-859092-1-hyperv neutron-server[115666]: DEBUG neutron.api.rpc.handlers.resources_rpc [None req-910299b3-7823-4d35-9432-0c946f1c7cec tempest-QuotasNegativeTest-1781389340 tempest-QuotasNegativeTest-1781389340-project-admin] Pushing event deleted for resources: {'Network': ['ID=584b9df0-a450-4841-a383-a1ad084ecaff,revision_number=None']} {{(pid=115666) push /opt/stack/neutron/neutron/api/rpc/handlers/resources_rpc.py:237}}
Sep 23 14:55:47.473696 dv-neutron-859092-1-hyperv neutron-server[115666]: DEBUG neutron_lib.callbacks.manager [None req-910299b3-7823-4d35-9432-0c946f1c7cec tempest-QuotasNegativeTest-1781389340 tempest-QuotasNegativeTest-1781389340-project-admin] Notify callbacks ['neutron.api.rpc.agentnotifiers.dhcp_rpc_agent_api.DhcpAgentNotifyAPI._send_dhcp_notification-1532357'] for network, before_response {{(pid=115666) _notify_loop /usr/local/lib/python3.8/dist-packages/neutron_lib/callbacks/manager.py:192}}
Sep 23 14:55:47.479626 dv-neutron-859092-1-hyperv neutron-server[115666]: INFO neutron.wsgi [None req-910299b3-7823-4d35-9432-0c946f1c7cec tempest-QuotasNegativeTest-1781389340 tempest-QuotasNegativeTest-1781389340-project-admin] 10.222.0.57 "DELETE /v2.0/networks/584b9df0-a450-4841-a383-a1ad084ecaff HTTP/1.1" status: 204 len: 168 time: 1.4818723
Sep 23 14:55:47.481081 dv-neutron-859092-1-hyperv neutron-server[115666]: INFO neutron.services.segments.plugin [-] Segment 9d881932-7c39-4e7b-985b-9e800307746a resource provider not found; error: Placement Client Error (4xx): {"errors": [{"status": 404, "title": "Not Found", "detail": "The resource could not be found.\n\n No resource provider with uuid 9d881932-7c39-4e7b-985b-9e800307746a found for delete ", "request_id": "req-eb1ba05e-700a-421a-a67a-5a8d50eccd58"}]}
Sep 23 14:55:47.483460 dv-neutron-859092-1-hyperv neutron-server[115666]: DEBUG neutron.wsgi [-] (115666) accepted ('10.222.0.57', 44238) {{(pid=115666) server /usr/local/lib/python3.8/dist-packages/eventlet/wsgi.py:982}}
Sep 23 14:55:47.491676 dv-neutron-859092-1-hyperv neutron-server[115665]: DEBUG neutron_lib.callbacks.manager [None req-b3beea14-abe3-4d71-bd76-2200068b1728 tempest-PortsAdminExtendedAttrsTestJSON-625872854 tempest-PortsAdminExtendedAttrsTestJSON-625872854-project-admin] Notify callbacks ['neutron.plugins.ml2.plugin.SecurityGroupServerNotifierRpcMixin._notify_sg_on_port_change-1603965', 'neutron.plugins.ml2.ovo_rpc._ObjectChangeHandler.handle_event-37926', 'neutron.api.rpc.agentnotifiers.dhcp_rpc_agent_api.DhcpAgentNotifyAPI._native_event_send_dhcp_notification-1532371', 'neutron.db.l3_db.L3RpcNotifierMixin._notify_routers_callback-8754234870254', 'neutron.db.l3_dvrscheduler_db._notify_port_delete-8754234370070'] for port, after_delete {{(pid=115665) _notify_loop /usr/local/lib/python3.8/dist-packages/neutron_lib/callbacks/manager.py:192}}
Sep 23 14:55:47.493347 dv-neutron-859092-1-hyperv neutron-server[115666]: DEBUG neutron.pecan_wsgi.hooks.quota_enforcement [None req-fa997066-feb7-49ec-bcd1-d5925843c9d0 tempest-FloatingIPAdminTestJSON-1873138957 tempest-FloatingIPAdminTestJSON-1873138957-project] Made reservation on behalf of d003f9bb679c477ea7ab433e98b2b0a0 for: {'network': 1} {{(pid=115666) before /opt/stack/neutron/neutron/pecan_wsgi/hooks/quota_enforcement.py:53}}
Sep 23 14:55:47.497086 dv-neutron-859092-1-hyperv neutron-server[115666]: DEBUG neutron_lib.callbacks.manager [None req-fa997066-feb7-49ec-bcd1-d5925843c9d0 tempest-FloatingIPAdminTestJSON-1873138957 tempest-FloatingIPAdminTestJSON-1873138957-project] Notify callbacks ['neutron.plugins.ml2.plugin.SecurityGroupDbMixin._ensure_default_security_group_handler-1603902'] for network, before_create {{(pid=115666) _notify_loop /usr/local/lib/python3.8/dist-packages/neutron_lib/callbacks/manager.py:192}}
Sep 23 14:55:47.544191 dv-neutron-859092-1-hyperv neutron-server[115665]: DEBUG neutron.api.rpc.handlers.resources_rpc [None req-b3beea14-abe3-4d71-bd76-2200068b1728 tempest-PortsAdminExtendedAttrsTestJSON-625872854 tempest-PortsAdminExtendedAttrsTestJSON-625872854-project-admin] Pushing event deleted for resources: {'Port': ['ID=f53249f1-9198-42b8-a3ae-2a09d9926f29,revision_number=None']} {{(pid=115665) push /opt/stack/neutron/neutron/api/rpc/handlers/resources_rpc.py:237}}
Sep 23 14:55:47.555415 dv-neutron-859092-1-hyperv neutron-server[115666]: DEBUG neutron_lib.callbacks.manager [None req-fa997066-feb7-49ec-bcd1-d5925843c9d0 tempest-FloatingIPAdminTestJSON-1873138957 tempest-FloatingIPAdminTestJSON-1873138957-project] Notify callbacks [] for security_group, before_create {{(pid=115666) _notify_loop /usr/local/lib/python3.8/dist-packages/neutron_lib/callbacks/manager.py:192}}
Sep 23 14:55:47.558089 dv-neutron-859092-1-hyperv neutron-server[115665]: DEBUG neutron_lib.callbacks.manager [None req-b3beea14-abe3-4d71-bd76-2200068b1728 tempest-PortsAdminExtendedAttrsTestJSON-625872854 tempest-PortsAdminExtendedAttrsTestJSON-625872854-project-admin] Notify callbacks ['neutron.notifiers.nova.Notifier._send_nova_notification-74658'] for port, before_response {{(pid=115665) _notify_loop /usr/local/lib/python3.8/dist-packages/neutron_lib/callbacks/manager.py:192}}
Sep 23 14:55:47.560173 dv-neutron-859092-1-hyperv neutron-server[115667]: DEBUG neutron.plugins.ml2.db [None req-13511c32-6c17-43fd-9538-1d336e5fda3b None None] For port edb33e0b-901c-4e98-8105-557bf09650cb, host dv-neutron-859092-1-hyperv, set binding levels [PortBindingLevel(driver='openvswitch',host='dv-neutron-859092-1-hyperv',level=0,port_id=edb33e0b-901c-4e98-8105-557bf09650cb,segment=NetworkSegment(3ff35cf5-1b0e-4fd4-8b44-82d3c0cf7fd3),segment_id=3ff35cf5-1b0e-4fd4-8b44-82d3c0cf7fd3)] {{(pid=115667) set_binding_levels /opt/stack/neutron/neutron/plugins/ml2/db.py:59}}
Sep 23 14:55:47.561587 dv-neutron-859092-1-hyperv neutron-server[115665]: INFO neutron.wsgi [None req-b3beea14-abe3-4d71-bd76-2200068b1728 tempest-PortsAdminExtendedAttrsTestJSON-625872854 tempest-PortsAdminExtendedAttrsTestJSON-625872854-project-admin] 10.222.0.57 "DELETE /v2.0/ports/f53249f1-9198-42b8-a3ae-2a09d9926f29 HTTP/1.1" status: 204 len: 168 time: 1.5633383
Sep 23 14:55:47.573737 dv-neutron-859092-1-hyperv neutron-server[115666]: DEBUG neutron.wsgi [-] (115666) accepted ('10.222.0.57', 44240) {{(pid=115666) server /usr/local/lib/python3.8/dist-packages/eventlet/wsgi.py:982}}
Sep 23 14:55:47.583444 dv-neutron-859092-1-hyperv neutron-server[115665]: DEBUG neutron_lib.callbacks.manager [None req-9aaf1e1d-f5ac-4f20-ba16-68930d358e09 tempest-NetworksIpV6TestAttrs-1219837569 tempest-NetworksIpV6TestAttrs-1219837569-project] Notify callbacks ['neutron.plugins.ml2.ovo_rpc._ObjectChangeHandler.handle_event-441006', 'neutron.api.rpc.agentnotifiers.dhcp_rpc_agent_api.DhcpAgentNotifyAPI._native_event_send_dhcp_notification-1532371'] for network, after_create {{(pid=115665) _notify_loop /usr/local/lib/python3.8/dist-packages/neutron_lib/callbacks/manager.py:192}}
Sep 23 14:55:47.589450 dv-neutron-859092-1-hyperv neutron-server[115665]: DEBUG neutron.pecan_wsgi.hooks.policy_enforcement [None req-9aaf1e1d-f5ac-4f20-ba16-68930d358e09 tempest-NetworksIpV6TestAttrs-1219837569 tempest-NetworksIpV6TestAttrs-1219837569-project] Attributes excluded by policy engine: ['standard_attr_id', 'provider:network_type', 'provider:physical_network', 'provider:segmentation_id', 'vlan_transparent'] {{(pid=115665) _exclude_attributes_by_policy /opt/stack/neutron/neutron/pecan_wsgi/hooks/policy_enforcement.py:259}}
Sep 23 14:55:47.590376 dv-neutron-859092-1-hyperv neutron-server[115665]: DEBUG neutron_lib.callbacks.manager [None req-9aaf1e1d-f5ac-4f20-ba16-68930d358e09 tempest-NetworksIpV6TestAttrs-1219837569 tempest-NetworksIpV6TestAttrs-1219837569-project] Notify callbacks ['neutron.api.rpc.agentnotifiers.dhcp_rpc_agent_api.DhcpAgentNotifyAPI._send_dhcp_notification-1532357'] for network, before_response {{(pid=115665) _notify_loop /usr/local/lib/python3.8/dist-packages/neutron_lib/callbacks/manager.py:192}}
Sep 23 14:55:47.665826 dv-neutron-859092-1-hyperv neutron-server[115667]: DEBUG neutron.plugins.ml2.plugin [None req-3cb69372-8a80-4329-b82c-cc6e1a16816d None None] Current status of the port 28e3420a-6ebe-4ff7-b618-bb1f7562529d is: ACTIVE; New status is: ACTIVE {{(pid=115667) _update_individual_port_db_status /opt/stack/neutron/neutron/plugins/ml2/plugin.py:2269}}
Sep 23 14:55:47.680036 dv-neutron-859092-1-hyperv neutron-server[115667]: DEBUG neutron_lib.callbacks.manager [None req-13511c32-6c17-43fd-9538-1d336e5fda3b None None] Notify callbacks ['neutron.plugins.ml2.plugin.SecurityGroupServerNotifierRpcMixin._notify_sg_on_port_change-1603965', 'neutron.plugins.ml2.ovo_rpc._ObjectChangeHandler.handle_event-37926', 'neutron.api.rpc.agentnotifiers.dhcp_rpc_agent_api.DhcpAgentNotifyAPI._native_event_send_dhcp_notification-1532371', 'neutron.db.l3_db.L3RpcNotifierMixin._notify_gateway_port_ip_changed-8754234866692', 'neutron.db.l3_dvrscheduler_db._notify_l3_agent_port_update-8754234370079', 'neutron.db.l3_hascheduler_db._notify_l3_agent_ha_port_update-8754234370097'] for port, after_update {{(pid=115667) _notify_loop /usr/local/lib/python3.8/dist-packages/neutron_lib/callbacks/manager.py:192}}
Sep 23 14:55:47.716088 dv-neutron-859092-1-hyperv neutron-server[115666]: INFO neutron.pecan_wsgi.hooks.translation [None req-18fd4336-788a-43f5-aa3a-c9b41cbde135 tempest-PortsAdminExtendedAttrsTestJSON-625872854 tempest-PortsAdminExtendedAttrsTestJSON-625872854-project-admin] GET failed (client error): The resource could not be found.
Sep 23 14:55:47.723522 dv-neutron-859092-1-hyperv neutron-server[115666]: INFO neutron.wsgi [None req-18fd4336-788a-43f5-aa3a-c9b41cbde135 tempest-PortsAdminExtendedAttrsTestJSON-625872854 tempest-PortsAdminExtendedAttrsTestJSON-625872854-project-admin] 10.222.0.57 "GET /v2.0/ports/f53249f1-9198-42b8-a3ae-2a09d9926f29 HTTP/1.1" status: 404 len: 333 time: 0.1332619
Sep 23 14:55:47.727675 dv-neutron-859092-1-hyperv neutron-server[115667]: DEBUG neutron.plugins.ml2.plugin [None req-87155eb6-20e4-495b-b0d1-aee404532c85 None None] Current status of the port 28e3420a-6ebe-4ff7-b618-bb1f7562529d is: ACTIVE; New status is: ACTIVE {{(pid=115667) _update_individual_port_db_status /opt/stack/neutron/neutron/plugins/ml2/plugin.py:2269}}
Sep 23 14:55:47.729093 dv-neutron-859092-1-hyperv neutron-server[115667]: DEBUG neutron.plugins.ml2.rpc [None req-87155eb6-20e4-495b-b0d1-aee404532c85 None None] Device ea1a6d64-21bc-41ee-b1a2-e1c2529ee17d up at agent ovs-agent-dv-neutron-859092-1-hyperv {{(pid=115667) update_device_up /opt/stack/neutron/neutron/plugins/ml2/rpc.py:296}}
Sep 23 14:55:47.737468 dv-neutron-859092-1-hyperv neutron-server[115666]: DEBUG neutron.wsgi [-] (115666) accepted ('10.222.0.57', 44242) {{(pid=115666) server /usr/local/lib/python3.8/dist-packages/eventlet/wsgi.py:982}}
Sep 23 14:55:47.749782 dv-neutron-859092-1-hyperv neutron-server[115666]: DEBUG neutron.api.v2.base [None req-d6797edd-3c1a-4ff2-9517-d1739bd0b4f7 tempest-PortsAdminExtendedAttrsTestJSON-625872854 tempest-PortsAdminExtendedAttrsTestJSON-625872854-project-admin] Request body: {'port': {'network_id': 'b9763676-4a08-467c-a591-20882104ac46', 'name': 'tempest-PortsAdminExtendedAttrsTestJSON-830101318'}} {{(pid=115666) prepare_request_body /opt/stack/neutron/neutron/api/v2/base.py:729}}
Sep 23 14:55:47.787686 dv-neutron-859092-1-hyperv neutron-server[115667]: DEBUG neutron.db.db_base_plugin_common [None req-56e6b3c4-659e-4f4c-80e8-c31039cafa29 None None] Allocated IP 2001:db8:0:ffff::2 (063188d0-ae4c-43e1-93b3-c058f4a3b1b5/03ce0a2f-fb90-4b43-8c1b-8b4974aa2209/fd81a9ac-b670-425e-bd41-95bd99064e6b) {{(pid=115667) _store_ip_allocation /opt/stack/neutron/neutron/db/db_base_plugin_common.py:131}}
Sep 23 14:55:47.797687 dv-neutron-859092-1-hyperv neutron-server[115665]: DEBUG neutron.db.db_base_plugin_common [None req-f99fc8f9-d3cf-4895-9ae4-9aa69b5c85df tempest-DHCPAgentSchedulersTestJSON-1432802791 tempest-DHCPAgentSchedulersTestJSON-1432802791-project] Allocated IP 172.20.0.6 (e754ec41-a957-46aa-8a39-1b699414fd18/5ad07679-90c4-495e-9520-45b744956191/a334fdcb-5eeb-442a-b50b-38b169b2f72f) {{(pid=115665) _store_ip_allocation /opt/stack/neutron/neutron/db/db_base_plugin_common.py:131}}
Sep 23 14:55:47.801072 dv-neutron-859092-1-hyperv neutron-server[115666]: DEBUG neutron_lib.callbacks.manager [None req-4e7b3c97-211c-4ed2-ab08-a2940650f2e1 tempest-QuotasNegativeTest-1781389340 tempest-QuotasNegativeTest-1781389340-project-admin] Notify callbacks ['neutron.plugins.ml2.plugin.External_net_db_mixin._before_network_delete_handler-1669865'] for network, before_delete {{(pid=115666) _notify_loop /usr/local/lib/python3.8/dist-packages/neutron_lib/callbacks/manager.py:192}}
Sep 23 14:55:47.814803 dv-neutron-859092-1-hyperv neutron-server[115666]: DEBUG neutron.wsgi [-] (115666) accepted ('10.222.0.57', 44244) {{(pid=115666) server /usr/local/lib/python3.8/dist-packages/eventlet/wsgi.py:982}}
Sep 23 14:55:47.815671 dv-neutron-859092-1-hyperv neutron-server[115665]: INFO neutron.wsgi [None req-9aaf1e1d-f5ac-4f20-ba16-68930d358e09 tempest-NetworksIpV6TestAttrs-1219837569 tempest-NetworksIpV6TestAttrs-1219837569-project] 10.222.0.57 "POST /v2.0/networks HTTP/1.1" status: 201 len: 789 time: 1.2006097
Sep 23 14:55:47.838135 dv-neutron-859092-1-hyperv neutron-server[115666]: DEBUG neutron.api.v2.base [None req-345727d5-b016-43b1-8a78-f8aaab8a104c tempest-NetworksIpV6TestAttrs-1219837569 tempest-NetworksIpV6TestAttrs-1219837569-project] Request body: {'subnet': {'network_id': '35f52a52-6644-4d74-bfed-792014eef956', 'cidr': '2001:db8::/64', 'ip_version': 6, 'gateway_ip': '2001:db8::1', 'ipv6_ra_mode': 'slaac', 'ipv6_address_mode': 'slaac'}} {{(pid=115666) prepare_request_body /opt/stack/neutron/neutron/api/v2/base.py:729}}
Sep 23 14:55:47.852134 dv-neutron-859092-1-hyperv neutron-server[115667]: DEBUG neutron.api.rpc.handlers.resources_rpc [None req-13511c32-6c17-43fd-9538-1d336e5fda3b None None] Pushing event updated for resources: {'Port': ['ID=edb33e0b-901c-4e98-8105-557bf09650cb,revision_number=2']} {{(pid=115667) push /opt/stack/neutron/neutron/api/rpc/handlers/resources_rpc.py:237}}
Sep 23 14:55:47.887853 dv-neutron-859092-1-hyperv neutron-server[115667]: DEBUG neutron.db.provisioning_blocks [None req-771a66c4-10bb-4dd2-a438-196a421ba5c4 None None] Provisioning complete for port ea1a6d64-21bc-41ee-b1a2-e1c2529ee17d triggered by entity DHCP. {{(pid=115667) provisioning_complete /opt/stack/neutron/neutron/db/provisioning_blocks.py:139}}
Sep 23 14:55:47.887853 dv-neutron-859092-1-hyperv neutron-server[115667]: DEBUG neutron_lib.callbacks.manager [None req-771a66c4-10bb-4dd2-a438-196a421ba5c4 None None] Notify callbacks ['neutron.plugins.ml2.plugin.Ml2Plugin._port_provisioned-1650567'] for port, provisioning_complete {{(pid=115667) _notify_loop /usr/local/lib/python3.8/dist-packages/neutron_lib/callbacks/manager.py:192}}
Sep 23 14:55:47.888203 dv-neutron-859092-1-hyperv neutron-server[115667]: INFO neutron.plugins.ml2.plugin [None req-771a66c4-10bb-4dd2-a438-196a421ba5c4 None None] Attempt 1 to provision port ea1a6d64-21bc-41ee-b1a2-e1c2529ee17d
Sep 23 14:55:47.970404 dv-neutron-859092-1-hyperv neutron-server[115667]: DEBUG neutron.db.provisioning_blocks [None req-87155eb6-20e4-495b-b0d1-aee404532c85 None None] Provisioning complete for port ea1a6d64-21bc-41ee-b1a2-e1c2529ee17d triggered by entity L2. {{(pid=115667) provisioning_complete /opt/stack/neutron/neutron/db/provisioning_blocks.py:139}}
Sep 23 14:55:47.970404 dv-neutron-859092-1-hyperv neutron-server[115667]: DEBUG neutron_lib.callbacks.manager [None req-87155eb6-20e4-495b-b0d1-aee404532c85 None None] Notify callbacks ['neutron.plugins.ml2.plugin.Ml2Plugin._port_provisioned-1650567'] for port, provisioning_complete {{(pid=115667) _notify_loop /usr/local/lib/python3.8/dist-packages/neutron_lib/callbacks/manager.py:192}}
Sep 23 14:55:47.970404 dv-neutron-859092-1-hyperv neutron-server[115667]: INFO neutron.plugins.ml2.plugin [None req-87155eb6-20e4-495b-b0d1-aee404532c85 None None] Attempt 1 to provision port ea1a6d64-21bc-41ee-b1a2-e1c2529ee17d
Sep 23 14:55:48.006064 dv-neutron-859092-1-hyperv neutron-server[115666]: DEBUG neutron_lib.callbacks.manager [None req-fa997066-feb7-49ec-bcd1-d5925843c9d0 tempest-FloatingIPAdminTestJSON-1873138957 tempest-FloatingIPAdminTestJSON-1873138957-project] Notify callbacks [] for security_group, precommit_create {{(pid=115666) _notify_loop /usr/local/lib/python3.8/dist-packages/neutron_lib/callbacks/manager.py:192}}
Sep 23 14:55:48.146547 dv-neutron-859092-1-hyperv neutron-server[115667]: DEBUG neutron.plugins.ml2.plugin [None req-771a66c4-10bb-4dd2-a438-196a421ba5c4 None None] Current status of the port ea1a6d64-21bc-41ee-b1a2-e1c2529ee17d is: DOWN; New status is: ACTIVE {{(pid=115667) _update_individual_port_db_status /opt/stack/neutron/neutron/plugins/ml2/plugin.py:2269}}
Sep 23 14:55:48.146547 dv-neutron-859092-1-hyperv neutron-server[115667]: DEBUG neutron_lib.callbacks.manager [None req-771a66c4-10bb-4dd2-a438-196a421ba5c4 None None] Notify callbacks ['neutron.plugins.ml2.plugin.SecurityGroupDbMixin._ensure_default_security_group_handler-1603902'] for port, before_update {{(pid=115667) _notify_loop /usr/local/lib/python3.8/dist-packages/neutron_lib/callbacks/manager.py:192}}
Sep 23 14:55:48.178999 dv-neutron-859092-1-hyperv neutron-server[115665]: DEBUG neutron.api.rpc.handlers.resources_rpc [None req-9aaf1e1d-f5ac-4f20-ba16-68930d358e09 tempest-NetworksIpV6TestAttrs-1219837569 tempest-NetworksIpV6TestAttrs-1219837569-project] Pushing event updated for resources: {'Network': ['ID=35f52a52-6644-4d74-bfed-792014eef956,revision_number=1']} {{(pid=115665) push /opt/stack/neutron/neutron/api/rpc/handlers/resources_rpc.py:237}}
Sep 23 14:55:48.213982 dv-neutron-859092-1-hyperv neutron-server[115667]: DEBUG neutron_lib.callbacks.manager [None req-56e6b3c4-659e-4f4c-80e8-c31039cafa29 None None] Notify callbacks [] for port, precommit_create {{(pid=115667) _notify_loop /usr/local/lib/python3.8/dist-packages/neutron_lib/callbacks/manager.py:192}}
Sep 23 14:55:48.240661 dv-neutron-859092-1-hyperv neutron-server[115667]: DEBUG neutron.plugins.ml2.rpc [None req-87155eb6-20e4-495b-b0d1-aee404532c85 None None] Network 35f52a52-6644-4d74-bfed-792014eef956 details requested by agent ovs-agent-dv-neutron-859092-1-hyperv with host dv-neutron-859092-1-hyperv {{(pid=115667) get_network_details /opt/stack/neutron/neutron/plugins/ml2/rpc.py:248}}
Sep 23 14:55:48.256226 dv-neutron-859092-1-hyperv neutron-server[115667]: DEBUG neutron.plugins.ml2.plugin [None req-87155eb6-20e4-495b-b0d1-aee404532c85 None None] Current status of the port ea1a6d64-21bc-41ee-b1a2-e1c2529ee17d is: DOWN; New status is: ACTIVE {{(pid=115667) _update_individual_port_db_status /opt/stack/neutron/neutron/plugins/ml2/plugin.py:2269}}
Sep 23 14:55:48.260578 dv-neutron-859092-1-hyperv neutron-server[115667]: DEBUG neutron_lib.callbacks.manager [None req-87155eb6-20e4-495b-b0d1-aee404532c85 None None] Notify callbacks ['neutron.plugins.ml2.plugin.SecurityGroupDbMixin._ensure_default_security_group_handler-1603902'] for port, before_update {{(pid=115667) _notify_loop /usr/local/lib/python3.8/dist-packages/neutron_lib/callbacks/manager.py:192}}
Sep 23 14:55:48.276883 dv-neutron-859092-1-hyperv neutron-server[115665]: DEBUG neutron_lib.callbacks.manager [None req-cb5fa619-472a-4b77-8774-1aa75129d3c6 admin admin] Notify callbacks [] for router_gateway, after_create {{(pid=115665) _notify_loop /usr/local/lib/python3.8/dist-packages/neutron_lib/callbacks/manager.py:192}}
Sep 23 14:55:48.308704 dv-neutron-859092-1-hyperv neutron-server[115667]: DEBUG neutron.plugins.ml2.db [None req-771a66c4-10bb-4dd2-a438-196a421ba5c4 None None] For port ea1a6d64-21bc-41ee-b1a2-e1c2529ee17d, host dv-neutron-859092-1-hyperv, got binding levels [PortBindingLevel(driver='openvswitch',host='dv-neutron-859092-1-hyperv',level=0,port_id=ea1a6d64-21bc-41ee-b1a2-e1c2529ee17d,segment=NetworkSegment(4bdebdab-62a1-4c47-b1d4-4348695e7132),segment_id=4bdebdab-62a1-4c47-b1d4-4348695e7132)] {{(pid=115667) get_binding_level_objs /opt/stack/neutron/neutron/plugins/ml2/db.py:74}}
Sep 23 14:55:48.342065 dv-neutron-859092-1-hyperv neutron-server[115666]: DEBUG neutron_lib.callbacks.manager [None req-fa997066-feb7-49ec-bcd1-d5925843c9d0 tempest-FloatingIPAdminTestJSON-1873138957 tempest-FloatingIPAdminTestJSON-1873138957-project] Notify callbacks ['neutron.plugins.ml2.ovo_rpc._ObjectChangeHandler.handle_event-437790'] for security_group, after_create {{(pid=115666) _notify_loop /usr/local/lib/python3.8/dist-packages/neutron_lib/callbacks/manager.py:192}}
Sep 23 14:55:48.354339 dv-neutron-859092-1-hyperv neutron-server[115666]: DEBUG neutron.pecan_wsgi.hooks.quota_enforcement [None req-d6797edd-3c1a-4ff2-9517-d1739bd0b4f7 tempest-PortsAdminExtendedAttrsTestJSON-625872854 tempest-PortsAdminExtendedAttrsTestJSON-625872854-project-admin] Made reservation on behalf of 6d8352837bda4b15a7d8679475dd528d for: {'port': 1} {{(pid=115666) before /opt/stack/neutron/neutron/pecan_wsgi/hooks/quota_enforcement.py:53}}
Sep 23 14:55:48.356652 dv-neutron-859092-1-hyperv neutron-server[115666]: DEBUG neutron_lib.callbacks.manager [None req-d6797edd-3c1a-4ff2-9517-d1739bd0b4f7 tempest-PortsAdminExtendedAttrsTestJSON-625872854 tempest-PortsAdminExtendedAttrsTestJSON-625872854-project-admin] Notify callbacks ['neutron.plugins.ml2.plugin.SecurityGroupDbMixin._ensure_default_security_group_handler-1603902'] for port, before_create {{(pid=115666) _notify_loop /usr/local/lib/python3.8/dist-packages/neutron_lib/callbacks/manager.py:192}}
Sep 23 14:55:48.359086 dv-neutron-859092-1-hyperv neutron-server[115667]: DEBUG neutron_lib.callbacks.manager [None req-56e6b3c4-659e-4f4c-80e8-c31039cafa29 None None] Notify callbacks ['neutron.plugins.ml2.plugin.SecurityGroupServerNotifierRpcMixin._notify_sg_on_port_change-1603965', 'neutron.plugins.ml2.ovo_rpc._ObjectChangeHandler.handle_event-37926', 'neutron.api.rpc.agentnotifiers.dhcp_rpc_agent_api.DhcpAgentNotifyAPI._native_event_send_dhcp_notification-1532371', 'neutron.db.l3_dvrscheduler_db._notify_l3_agent_new_port-8754234370061'] for port, after_create {{(pid=115667) _notify_loop /usr/local/lib/python3.8/dist-packages/neutron_lib/callbacks/manager.py:192}}
Sep 23 14:55:48.412528 dv-neutron-859092-1-hyperv neutron-server[115667]: DEBUG neutron.scheduler.dhcp_agent_scheduler [None req-56e6b3c4-659e-4f4c-80e8-c31039cafa29 None None] Network 063188d0-ae4c-43e1-93b3-c058f4a3b1b5 is already hosted by enough agents. {{(pid=115667) _get_dhcp_agents_hosting_network /opt/stack/neutron/neutron/scheduler/dhcp_agent_scheduler.py:275}}
Sep 23 14:55:48.413365 dv-neutron-859092-1-hyperv neutron-server[115667]: DEBUG neutron_lib.callbacks.manager [None req-771a66c4-10bb-4dd2-a438-196a421ba5c4 None None] Notify callbacks ['neutron.plugins.ml2.plugin.SecurityGroupServerNotifierRpcMixin._notify_sg_on_port_change-1603965', 'neutron.plugins.ml2.ovo_rpc._ObjectChangeHandler.handle_event-37926', 'neutron.api.rpc.agentnotifiers.dhcp_rpc_agent_api.DhcpAgentNotifyAPI._native_event_send_dhcp_notification-1532371', 'neutron.db.l3_db.L3RpcNotifierMixin._notify_gateway_port_ip_changed-8754234866692', 'neutron.db.l3_dvrscheduler_db._notify_l3_agent_port_update-8754234370079', 'neutron.db.l3_hascheduler_db._notify_l3_agent_ha_port_update-8754234370097'] for port, after_update {{(pid=115667) _notify_loop /usr/local/lib/python3.8/dist-packages/neutron_lib/callbacks/manager.py:192}}
Sep 23 14:55:48.428553 dv-neutron-859092-1-hyperv neutron-server[115667]: DEBUG neutron.scheduler.base_scheduler [None req-56e6b3c4-659e-4f4c-80e8-c31039cafa29 None None] Resources bound (agent type, host, resource id): {{(pid=115667) schedule /opt/stack/neutron/neutron/scheduler/base_scheduler.py:57}}
Sep 23 14:55:48.429259 dv-neutron-859092-1-hyperv neutron-server[115666]: DEBUG neutron.plugins.ml2.drivers.helpers [None req-fa997066-feb7-49ec-bcd1-d5925843c9d0 tempest-FloatingIPAdminTestJSON-1873138957 tempest-FloatingIPAdminTestJSON-1873138957-project] vlan segment allocate from pool success with {'vlan_id': 156, 'physical_network': 'physnet1'} {{(pid=115666) allocate_partially_specified_segment /opt/stack/neutron/neutron/plugins/ml2/drivers/helpers.py:153}}
Sep 23 14:55:48.453956 dv-neutron-859092-1-hyperv neutron-server[115667]: DEBUG neutron.db.l3_dvrscheduler_db [None req-56e6b3c4-659e-4f4c-80e8-c31039cafa29 None None] Received port after_create {{(pid=115667) _notify_l3_agent_new_port /opt/stack/neutron/neutron/db/l3_dvrscheduler_db.py:532}}
Sep 23 14:55:48.456282 dv-neutron-859092-1-hyperv neutron-server[115666]: DEBUG neutron_lib.callbacks.manager [None req-4fc472cb-904a-41da-b570-ca8f69c5bdf3 admin admin] Notify callbacks ['neutron.services.l3_router.l3_router_plugin.L3_HA_NAT_db_mixin._after_router_create-530455', 'neutron.services.l3_router.l3_router_plugin.DVRResourceOperationHandler._create_snat_interfaces_after_change-550544'] for router, after_create {{(pid=115666) _notify_loop /usr/local/lib/python3.8/dist-packages/neutron_lib/callbacks/manager.py:192}}
Sep 23 14:55:48.458999 dv-neutron-859092-1-hyperv neutron-server[115667]: DEBUG neutron.api.rpc.handlers.resources_rpc [None req-56e6b3c4-659e-4f4c-80e8-c31039cafa29 None None] Pushing event updated for resources: {'Port': ['ID=fd81a9ac-b670-425e-bd41-95bd99064e6b,revision_number=1']} {{(pid=115667) push /opt/stack/neutron/neutron/api/rpc/handlers/resources_rpc.py:237}}
Sep 23 14:55:48.480047 dv-neutron-859092-1-hyperv neutron-server[115666]: DEBUG neutron.notifiers.nova [None req-d6797edd-3c1a-4ff2-9517-d1739bd0b4f7 tempest-PortsAdminExtendedAttrsTestJSON-625872854 tempest-PortsAdminExtendedAttrsTestJSON-625872854-project-admin] device_id is not set on port 1c42aa85-9ed6-43bd-9b8a-255bfe712207 yet. {{(pid=115666) _can_notify /opt/stack/neutron/neutron/notifiers/nova.py:199}}
Sep 23 14:55:48.502490 dv-neutron-859092-1-hyperv neutron-server[115666]: DEBUG neutron.api.rpc.handlers.resources_rpc [None req-fa997066-feb7-49ec-bcd1-d5925843c9d0 tempest-FloatingIPAdminTestJSON-1873138957 tempest-FloatingIPAdminTestJSON-1873138957-project] Pushing event updated for resources: {'SecurityGroup': ['ID=3f770e14-1d0c-4215-b9c4-b994271c2b62,revision_number=1']} {{(pid=115666) push /opt/stack/neutron/neutron/api/rpc/handlers/resources_rpc.py:237}}
Sep 23 14:55:48.505618 dv-neutron-859092-1-hyperv neutron-server[115666]: DEBUG neutron_lib.callbacks.manager [None req-fa997066-feb7-49ec-bcd1-d5925843c9d0 tempest-FloatingIPAdminTestJSON-1873138957 tempest-FloatingIPAdminTestJSON-1873138957-project] Notify callbacks ['neutron.plugins.ml2.plugin.Ml2Plugin._handle_segment_change-1643831'] for segment, precommit_create {{(pid=115666) _notify_loop /usr/local/lib/python3.8/dist-packages/neutron_lib/callbacks/manager.py:192}}
Sep 23 14:55:48.506112 dv-neutron-859092-1-hyperv neutron-server[115666]: INFO neutron.db.segments_db [None req-fa997066-feb7-49ec-bcd1-d5925843c9d0 tempest-FloatingIPAdminTestJSON-1873138957 tempest-FloatingIPAdminTestJSON-1873138957-project] Added segment 25cee4ba-9755-42a9-86b7-e8a08feee9bd of type vlan for network 5175d03b-8827-4615-a35a-6e5f65af9c67
Sep 23 14:55:48.515944 dv-neutron-859092-1-hyperv neutron-server[115669]: DEBUG neutron.db.agents_db [None req-6127b804-b2e5-47ee-b41d-e6fd3d325365 None None] Agent healthcheck: found 6 active agents {{(pid=115669) agent_health_check /opt/stack/neutron/neutron/db/agents_db.py:317}}
Sep 23 14:55:48.529117 dv-neutron-859092-1-hyperv neutron-server[115667]: DEBUG neutron.api.rpc.handlers.resources_rpc [None req-771a66c4-10bb-4dd2-a438-196a421ba5c4 None None] Pushing event updated for resources: {'Port': ['ID=ea1a6d64-21bc-41ee-b1a2-e1c2529ee17d,revision_number=3']} {{(pid=115667) push /opt/stack/neutron/neutron/api/rpc/handlers/resources_rpc.py:237}}
Sep 23 14:55:48.561094 dv-neutron-859092-1-hyperv neutron-server[115665]: DEBUG neutron_lib.callbacks.manager [None req-f99fc8f9-d3cf-4895-9ae4-9aa69b5c85df tempest-DHCPAgentSchedulersTestJSON-1432802791 tempest-DHCPAgentSchedulersTestJSON-1432802791-project] Notify callbacks [] for port, precommit_create {{(pid=115665) _notify_loop /usr/local/lib/python3.8/dist-packages/neutron_lib/callbacks/manager.py:192}}
Sep 23 14:55:48.578576 dv-neutron-859092-1-hyperv neutron-server[115667]: DEBUG neutron.db.provisioning_blocks [None req-771a66c4-10bb-4dd2-a438-196a421ba5c4 None None] Provisioning complete for port a5c28111-ded1-4c82-bedb-87ad1708054b triggered by entity DHCP. {{(pid=115667) provisioning_complete /opt/stack/neutron/neutron/db/provisioning_blocks.py:139}}
Sep 23 14:55:48.579026 dv-neutron-859092-1-hyperv neutron-server[115667]: DEBUG neutron_lib.callbacks.manager [None req-771a66c4-10bb-4dd2-a438-196a421ba5c4 None None] Notify callbacks ['neutron.plugins.ml2.plugin.Ml2Plugin._port_provisioned-1650567'] for port, provisioning_complete {{(pid=115667) _notify_loop /usr/local/lib/python3.8/dist-packages/neutron_lib/callbacks/manager.py:192}}
Sep 23 14:55:48.579426 dv-neutron-859092-1-hyperv neutron-server[115667]: INFO neutron.plugins.ml2.plugin [None req-771a66c4-10bb-4dd2-a438-196a421ba5c4 None None] Attempt 1 to provision port a5c28111-ded1-4c82-bedb-87ad1708054b
Sep 23 14:55:48.582785 dv-neutron-859092-1-hyperv neutron-server[115667]: DEBUG neutron_lib.db.api [None req-87155eb6-20e4-495b-b0d1-aee404532c85 None None] Retry wrapper got retriable exception: UPDATE statement on table 'standardattributes' expected to update 1 row(s); 0 were matched. {{(pid=115667) wrapped /usr/local/lib/python3.8/dist-packages/neutron_lib/db/api.py:183}}
Sep 23 14:55:48.583360 dv-neutron-859092-1-hyperv neutron-server[115667]: DEBUG oslo_db.api [None req-87155eb6-20e4-495b-b0d1-aee404532c85 None None] Performing DB retry for function neutron.plugins.ml2.plugin.Ml2Plugin.update_port_statuses {{(pid=115667) wrapper /usr/local/lib/python3.8/dist-packages/oslo_db/api.py:155}}
Sep 23 14:55:48.618470 dv-neutron-859092-1-hyperv neutron-server[115666]: DEBUG neutron_lib.callbacks.manager [None req-4e7b3c97-211c-4ed2-ab08-a2940650f2e1 tempest-QuotasNegativeTest-1781389340 tempest-QuotasNegativeTest-1781389340-project-admin] Notify callbacks ['neutron.plugins.ml2.plugin.Ml2Plugin._network_delete_precommit_handler-1643957', 'neutron.services.segments.db._delete_segments_for_network-8754234892436'] for network, precommit_delete {{(pid=115666) _notify_loop /usr/local/lib/python3.8/dist-packages/neutron_lib/callbacks/manager.py:192}}
Sep 23 14:55:48.636488 dv-neutron-859092-1-hyperv neutron-server[115665]: DEBUG neutron_lib.callbacks.manager [None req-cb5fa619-472a-4b77-8774-1aa75129d3c6 admin admin] Notify callbacks ['neutron.services.l3_router.l3_router_plugin.L3_HA_NAT_db_mixin._after_router_create-530455', 'neutron.services.l3_router.l3_router_plugin.DVRResourceOperationHandler._create_snat_interfaces_after_change-550544'] for router, after_create {{(pid=115665) _notify_loop /usr/local/lib/python3.8/dist-packages/neutron_lib/callbacks/manager.py:192}}
Sep 23 14:55:48.645724 dv-neutron-859092-1-hyperv neutron-server[115666]: DEBUG neutron.pecan_wsgi.hooks.quota_enforcement [None req-345727d5-b016-43b1-8a78-f8aaab8a104c tempest-NetworksIpV6TestAttrs-1219837569 tempest-NetworksIpV6TestAttrs-1219837569-project] Made reservation on behalf of 761ea2327c63404d81b7f6c0f20d9416 for: {'subnet': 1} {{(pid=115666) before /opt/stack/neutron/neutron/pecan_wsgi/hooks/quota_enforcement.py:53}}
Sep 23 14:55:48.649176 dv-neutron-859092-1-hyperv neutron-server[115666]: DEBUG neutron_lib.callbacks.manager [None req-345727d5-b016-43b1-8a78-f8aaab8a104c tempest-NetworksIpV6TestAttrs-1219837569 tempest-NetworksIpV6TestAttrs-1219837569-project] Notify callbacks ['neutron.services.segments.plugin.SegmentHostRoutes.host_routes_before_create-30761387'] for subnet, before_create {{(pid=115666) _notify_loop /usr/local/lib/python3.8/dist-packages/neutron_lib/callbacks/manager.py:192}}
Sep 23 14:55:48.663271 dv-neutron-859092-1-hyperv neutron-server[115666]: DEBUG neutron.scheduler.l3_agent_scheduler [None req-81f9212d-a1a3-45ea-baf7-64600c434753 admin admin] Router 4101d6f5-7235-47b0-a2da-16e5389d19c4 is scheduled to L3 agent 0b38aa2a-130c-410a-97bf-53ec6ccea878 with binding_index 1 {{(pid=115666) bind_router /opt/stack/neutron/neutron/scheduler/l3_agent_scheduler.py:209}}
Sep 23 14:55:48.667529 dv-neutron-859092-1-hyperv neutron-server[115667]: DEBUG neutron.plugins.ml2.managers [None req-56e6b3c4-659e-4f4c-80e8-c31039cafa29 None None] Attempting to bind port fd81a9ac-b670-425e-bd41-95bd99064e6b on host dv-neutron-859092-1-hyperv for vnic_type normal with profile {{(pid=115667) bind_port /opt/stack/neutron/neutron/plugins/ml2/managers.py:806}}
Sep 23 14:55:48.667979 dv-neutron-859092-1-hyperv neutron-server[115667]: DEBUG neutron.plugins.ml2.managers [None req-56e6b3c4-659e-4f4c-80e8-c31039cafa29 None None] Attempting to bind port fd81a9ac-b670-425e-bd41-95bd99064e6b by drivers openvswitch,hyperv on host dv-neutron-859092-1-hyperv at level 0 using segments [{'id': '65bcc0c3-300c-4360-8d2c-35eb81aacb30', 'network_type': 'vlan', 'physical_network': 'physnet1', 'segmentation_id': 154, 'network_id': '063188d0-ae4c-43e1-93b3-c058f4a3b1b5'}] {{(pid=115667) _bind_port_level /opt/stack/neutron/neutron/plugins/ml2/managers.py:831}}
Sep 23 14:55:48.668756 dv-neutron-859092-1-hyperv neutron-server[115667]: DEBUG neutron.plugins.ml2.drivers.mech_agent [None req-56e6b3c4-659e-4f4c-80e8-c31039cafa29 None None] Attempting to bind port fd81a9ac-b670-425e-bd41-95bd99064e6b on network 063188d0-ae4c-43e1-93b3-c058f4a3b1b5 {{(pid=115667) bind_port /opt/stack/neutron/neutron/plugins/ml2/drivers/mech_agent.py:91}}
Sep 23 14:55:48.678613 dv-neutron-859092-1-hyperv neutron-server[115667]: DEBUG neutron.plugins.ml2.drivers.mech_agent [None req-56e6b3c4-659e-4f4c-80e8-c31039cafa29 None None] Checking agent: {'id': 'dc5a0f91-ba24-4043-a850-291629e33a13', 'agent_type': 'Open vSwitch agent', 'binary': 'neutron-openvswitch-agent', 'topic': 'N/A', 'host': 'dv-neutron-859092-1-hyperv', 'admin_state_up': True, 'created_at': datetime.datetime(2022, 9, 23, 14, 47, 24), 'started_at': datetime.datetime(2022, 9, 23, 14, 47, 54), 'heartbeat_timestamp': datetime.datetime(2022, 9, 23, 14, 55, 24), 'description': None, 'resources_synced': None, 'availability_zone': None, 'alive': True, 'configurations': {'arp_responder_enabled': False, 'baremetal_smartnic': False, 'bridge_mappings': {'physnet1': 'br-data'}, 'datapath_type': 'system', 'devices': 0, 'enable_distributed_routing': False, 'extensions': [], 'in_distributed_mode': False, 'integration_bridge': 'br-int', 'l2_population': False, 'log_agent_heartbeats': False, 'ovs_capabilities': {'datapath_types': ['netdev', 'system'], 'iface_types': ['erspan', 'geneve', 'gre', 'internal', 'ip6erspan', 'ip6gre', 'lisp', 'patch', 'stt', 'system', 'tap', 'vxlan']}, 'ovs_hybrid_plug': False, 'resource_provider_bandwidths': {}, 'resource_provider_hypervisors': {'br-data': 'dv-neutron-859092-1-hyperv'}, 'resource_provider_inventory_defaults': {'allocation_ratio': 1.0, 'min_unit': 1, 'step_size': 1, 'reserved': 0}, 'tunnel_types': [], 'tunneling_ip': None, 'vhostuser_socket_dir': '/var/run/openvswitch'}, 'resource_versions': {'AddressGroup': '1.2', 'ConntrackHelper': '1.0', 'Log': '1.0', 'Network': '1.1', 'Port': '1.7', 'PortForwarding': '1.2', 'QosPolicy': '1.9', 'SecurityGroup': '1.4', 'SecurityGroupRule': '1.2', 'SubPort': '1.0', 'Subnet': '1.1', 'Trunk': '1.1'}} {{(pid=115667) bind_port /opt/stack/neutron/neutron/plugins/ml2/drivers/mech_agent.py:110}}
Sep 23 14:55:48.678882 dv-neutron-859092-1-hyperv neutron-server[115667]: DEBUG neutron.plugins.ml2.drivers.mech_agent [None req-56e6b3c4-659e-4f4c-80e8-c31039cafa29 None None] Checking segment: {'id': '65bcc0c3-300c-4360-8d2c-35eb81aacb30', 'network_type': 'vlan', 'physical_network': 'physnet1', 'segmentation_id': 154, 'network_id': '063188d0-ae4c-43e1-93b3-c058f4a3b1b5'} for mappings: {'physnet1': 'br-data'} with network types: ['local', 'flat', 'vlan'] {{(pid=115667) check_segment_for_agent /opt/stack/neutron/neutron/plugins/ml2/drivers/mech_agent.py:360}}
Sep 23 14:55:48.679744 dv-neutron-859092-1-hyperv neutron-server[115667]: DEBUG neutron_lib.callbacks.manager [None req-56e6b3c4-659e-4f4c-80e8-c31039cafa29 None None] Notify callbacks [] for ovs_bridge_name, before_read {{(pid=115667) _notify_loop /usr/local/lib/python3.8/dist-packages/neutron_lib/callbacks/manager.py:192}}
Sep 23 14:55:48.679879 dv-neutron-859092-1-hyperv neutron-server[115667]: DEBUG neutron.plugins.ml2.drivers.mech_agent [None req-56e6b3c4-659e-4f4c-80e8-c31039cafa29 None None] Bound using segment: {'id': '65bcc0c3-300c-4360-8d2c-35eb81aacb30', 'network_type': 'vlan', 'physical_network': 'physnet1', 'segmentation_id': 154, 'network_id': '063188d0-ae4c-43e1-93b3-c058f4a3b1b5'} {{(pid=115667) bind_port /opt/stack/neutron/neutron/plugins/ml2/drivers/mech_agent.py:120}}
Sep 23 14:55:48.680324 dv-neutron-859092-1-hyperv neutron-server[115667]: DEBUG neutron.plugins.ml2.managers [None req-56e6b3c4-659e-4f4c-80e8-c31039cafa29 None None] Bound port: fd81a9ac-b670-425e-bd41-95bd99064e6b, host: dv-neutron-859092-1-hyperv, vif_type: ovs, vif_details: {"connectivity": "l2", "port_filter": true, "ovs_hybrid_plug": false, "datapath_type": "system", "bridge_name": "br-int"}, binding_levels: [{'bound_driver': 'openvswitch', 'bound_segment': {'id': '65bcc0c3-300c-4360-8d2c-35eb81aacb30', 'network_type': 'vlan', 'physical_network': 'physnet1', 'segmentation_id': 154, 'network_id': '063188d0-ae4c-43e1-93b3-c058f4a3b1b5'}}] {{(pid=115667) _bind_port_level /opt/stack/neutron/neutron/plugins/ml2/managers.py:944}}
