Sep 24 21:45:46.000191 dv-neutron-858908-1-hyperv devstack@placement-api.service[107541]: DEBUG placement.objects.research_context [req-dfa37fd0-fffa-41f3-a19e-7aa0a5c12185 req-69f24626-6bf4-4382-9fb1-28284a15b949 service placement] getting providers with 1 VCPU {{(pid=107541) __init__ /opt/stack/placement/placement/objects/research_context.py:136}}
Sep 24 21:45:46.006064 dv-neutron-858908-1-hyperv devstack@placement-api.service[107541]: DEBUG placement.objects.research_context [req-dfa37fd0-fffa-41f3-a19e-7aa0a5c12185 req-69f24626-6bf4-4382-9fb1-28284a15b949 service placement] found 1 providers with available 1024 MEMORY_MB {{(pid=107541) get_provider_ids_matching /opt/stack/placement/placement/objects/research_context.py:563}}
Sep 24 21:45:46.006532 dv-neutron-858908-1-hyperv devstack@placement-api.service[107541]: DEBUG placement.objects.research_context [req-dfa37fd0-fffa-41f3-a19e-7aa0a5c12185 req-69f24626-6bf4-4382-9fb1-28284a15b949 service placement] found 1 providers with available 1 VCPU {{(pid=107541) get_provider_ids_matching /opt/stack/placement/placement/objects/research_context.py:563}}
Sep 24 21:45:46.007022 dv-neutron-858908-1-hyperv devstack@placement-api.service[107541]: DEBUG placement.objects.research_context [req-dfa37fd0-fffa-41f3-a19e-7aa0a5c12185 req-69f24626-6bf4-4382-9fb1-28284a15b949 service placement] found 1 providers after filtering by previous result {{(pid=107541) get_provider_ids_matching /opt/stack/placement/placement/objects/research_context.py:594}}
Sep 24 21:45:46.023344 dv-neutron-858908-1-hyperv devstack@placement-api.service[107541]: DEBUG placement.objects.allocation_candidate [req-dfa37fd0-fffa-41f3-a19e-7aa0a5c12185 req-69f24626-6bf4-4382-9fb1-28284a15b949 service placement] RequestGroup(use_same_provider=False, resources={MEMORY_MB:1024, VCPU:1}, traits=(), aggregates=[]) (suffix '') returned 1 matches {{(pid=107541) _get_by_requests /opt/stack/placement/placement/objects/allocation_candidate.py:156}}
Sep 24 21:45:46.023828 dv-neutron-858908-1-hyperv devstack@placement-api.service[107541]: DEBUG placement.objects.allocation_candidate [req-dfa37fd0-fffa-41f3-a19e-7aa0a5c12185 req-69f24626-6bf4-4382-9fb1-28284a15b949 service placement] Merging candidates yields 1 allocation requests and 1 provider summaries {{(pid=107541) _merge_candidates /opt/stack/placement/placement/objects/allocation_candidate.py:809}}
Sep 24 21:45:46.026515 dv-neutron-858908-1-hyperv devstack@placement-api.service[107541]: INFO placement.requestlog [req-dfa37fd0-fffa-41f3-a19e-7aa0a5c12185 req-69f24626-6bf4-4382-9fb1-28284a15b949 service placement] 10.222.0.50 "GET /placement/allocation_candidates?limit=1000&resources=MEMORY_MB%3A1024%2CVCPU%3A1&root_required=%21COMPUTE_STATUS_DISABLED" status: 200 len: 750 microversion: 1.36
Sep 24 21:45:46.027049 dv-neutron-858908-1-hyperv devstack@placement-api.service[107541]: [pid: 107541|app: 0|req: 549/1097] 10.222.0.50 () {60 vars in 1478 bytes} [Sat Sep 24 21:45:45 2022] GET /placement/allocation_candidates?limit=1000&resources=MEMORY_MB%3A1024%2CVCPU%3A1&root_required=%21COMPUTE_STATUS_DISABLED => generated 750 bytes in 74 msecs (HTTP/1.1 200) 8 headers in 296 bytes (1 switches on core 0)
Sep 24 21:45:46.067702 dv-neutron-858908-1-hyperv devstack@placement-api.service[107542]: DEBUG placement.requestlog [req-dfa37fd0-fffa-41f3-a19e-7aa0a5c12185 req-7a59f120-660f-48f4-98e8-4d03466b17dc None None] Starting request: 10.222.0.50 "GET /placement/allocations/27fce5ed-eb75-4c74-8373-0e45aead5274" {{(pid=107542) __call__ /opt/stack/placement/placement/requestlog.py:55}}
Sep 24 21:45:46.078809 dv-neutron-858908-1-hyperv devstack@placement-api.service[107542]: INFO placement.requestlog [req-dfa37fd0-fffa-41f3-a19e-7aa0a5c12185 req-7a59f120-660f-48f4-98e8-4d03466b17dc service placement] 10.222.0.50 "GET /placement/allocations/27fce5ed-eb75-4c74-8373-0e45aead5274" status: 200 len: 19 microversion: 1.28
Sep 24 21:45:46.079124 dv-neutron-858908-1-hyperv devstack@placement-api.service[107542]: [pid: 107542|app: 0|req: 549/1098] 10.222.0.50 () {60 vars in 1380 bytes} [Sat Sep 24 21:45:46 2022] GET /placement/allocations/27fce5ed-eb75-4c74-8373-0e45aead5274 => generated 19 bytes in 12 msecs (HTTP/1.1 200) 8 headers in 295 bytes (1 switches on core 0)
Sep 24 21:45:46.085269 dv-neutron-858908-1-hyperv devstack@placement-api.service[107541]: DEBUG placement.requestlog [req-dfa37fd0-fffa-41f3-a19e-7aa0a5c12185 req-171fabc7-d911-4774-b204-3c1bb553318e None None] Starting request: 10.222.0.50 "PUT /placement/allocations/27fce5ed-eb75-4c74-8373-0e45aead5274" {{(pid=107541) __call__ /opt/stack/placement/placement/requestlog.py:55}}
Sep 24 21:45:46.163693 dv-neutron-858908-1-hyperv devstack@placement-api.service[107541]: DEBUG placement.handlers.allocation [req-dfa37fd0-fffa-41f3-a19e-7aa0a5c12185 req-171fabc7-d911-4774-b204-3c1bb553318e service placement] Successfully wrote allocations [, ] {{(pid=107541) _update_consumers_and_create_allocations /opt/stack/placement/placement/handlers/allocation.py:462}}
Sep 24 21:45:46.166986 dv-neutron-858908-1-hyperv devstack@placement-api.service[107541]: INFO placement.requestlog [req-dfa37fd0-fffa-41f3-a19e-7aa0a5c12185 req-171fabc7-d911-4774-b204-3c1bb553318e service placement] 10.222.0.50 "PUT /placement/allocations/27fce5ed-eb75-4c74-8373-0e45aead5274" status: 204 len: 0 microversion: 1.36
Sep 24 21:45:46.167383 dv-neutron-858908-1-hyperv devstack@placement-api.service[107541]: [pid: 107541|app: 0|req: 550/1099] 10.222.0.50 () {64 vars in 1433 bytes} [Sat Sep 24 21:45:46 2022] PUT /placement/allocations/27fce5ed-eb75-4c74-8373-0e45aead5274 => generated 0 bytes in 83 msecs (HTTP/1.1 204) 5 headers in 199 bytes (1 switches on core 0)
Sep 24 21:45:51.172764 dv-neutron-858908-1-hyperv devstack@placement-api.service[107542]: DEBUG placement.requestlog [req-dfa37fd0-fffa-41f3-a19e-7aa0a5c12185 req-8d33bfbf-2d74-446a-8572-e6a2a1992c46 None None] Starting request: 10.222.0.16 "GET /placement/allocations/27fce5ed-eb75-4c74-8373-0e45aead5274" {{(pid=107542) __call__ /opt/stack/placement/placement/requestlog.py:55}}
Sep 24 21:45:51.187950 dv-neutron-858908-1-hyperv devstack@placement-api.service[107542]: INFO placement.requestlog [req-dfa37fd0-fffa-41f3-a19e-7aa0a5c12185 req-8d33bfbf-2d74-446a-8572-e6a2a1992c46 service placement] 10.222.0.16 "GET /placement/allocations/27fce5ed-eb75-4c74-8373-0e45aead5274" status: 200 len: 245 microversion: 1.28
Sep 24 21:45:51.188328 dv-neutron-858908-1-hyperv devstack@placement-api.service[107542]: [pid: 107542|app: 0|req: 550/1100] 10.222.0.16 () {60 vars in 1377 bytes} [Sat Sep 24 21:45:51 2022] GET /placement/allocations/27fce5ed-eb75-4c74-8373-0e45aead5274 => generated 245 bytes in 16 msecs (HTTP/1.1 200) 8 headers in 296 bytes (1 switches on core 0)
Sep 24 21:45:51.331581 dv-neutron-858908-1-hyperv devstack@placement-api.service[107541]: DEBUG placement.requestlog [req-dfa37fd0-fffa-41f3-a19e-7aa0a5c12185 req-c145950d-103b-4e2b-9b7d-4fc114cc137a None None] Starting request: 10.222.0.16 "GET /placement/resource_providers/77d15fe2-6d90-4afb-9a65-e69ae3921009/allocations" {{(pid=107541) __call__ /opt/stack/placement/placement/requestlog.py:55}}
Sep 24 21:45:51.352737 dv-neutron-858908-1-hyperv devstack@placement-api.service[107541]: INFO placement.requestlog [req-dfa37fd0-fffa-41f3-a19e-7aa0a5c12185 req-c145950d-103b-4e2b-9b7d-4fc114cc137a service placement] 10.222.0.16 "GET /placement/resource_providers/77d15fe2-6d90-4afb-9a65-e69ae3921009/allocations" status: 200 len: 140 microversion: 1.0
Sep 24 21:45:51.353067 dv-neutron-858908-1-hyperv devstack@placement-api.service[107541]: [pid: 107541|app: 0|req: 551/1101] 10.222.0.16 () {58 vars in 1390 bytes} [Sat Sep 24 21:45:51 2022] GET /placement/resource_providers/77d15fe2-6d90-4afb-9a65-e69ae3921009/allocations => generated 140 bytes in 22 msecs (HTTP/1.1 200) 6 headers in 224 bytes (1 switches on core 0)
Sep 24 21:45:51.360645 dv-neutron-858908-1-hyperv devstack@placement-api.service[107542]: DEBUG placement.requestlog [req-dfa37fd0-fffa-41f3-a19e-7aa0a5c12185 req-3d16a0cc-8409-47d8-8fb4-b2dabea84e36 None None] Starting request: 10.222.0.16 "GET /placement/allocations/27fce5ed-eb75-4c74-8373-0e45aead5274" {{(pid=107542) __call__ /opt/stack/placement/placement/requestlog.py:55}}
Sep 24 21:45:51.376257 dv-neutron-858908-1-hyperv devstack@placement-api.service[107542]: INFO placement.requestlog [req-dfa37fd0-fffa-41f3-a19e-7aa0a5c12185 req-3d16a0cc-8409-47d8-8fb4-b2dabea84e36 service placement] 10.222.0.16 "GET /placement/allocations/27fce5ed-eb75-4c74-8373-0e45aead5274" status: 200 len: 245 microversion: 1.28
Sep 24 21:45:51.376618 dv-neutron-858908-1-hyperv devstack@placement-api.service[107542]: [pid: 107542|app: 0|req: 551/1102] 10.222.0.16 () {60 vars in 1377 bytes} [Sat Sep 24 21:45:51 2022] GET /placement/allocations/27fce5ed-eb75-4c74-8373-0e45aead5274 => generated 245 bytes in 16 msecs (HTTP/1.1 200) 8 headers in 296 bytes (1 switches on core 0)
Sep 24 21:46:01.350435 dv-neutron-858908-1-hyperv devstack@placement-api.service[107541]: DEBUG dbcounter [-] [107541] Writing DB stats placement:SELECT=37,placement:DELETE=4,placement:INSERT=3,placement:UPDATE=2 {{(pid=107541) stat_writer /usr/local/lib/python3.8/dist-packages/dbcounter.py:114}}
Sep 24 21:46:01.373614 dv-neutron-858908-1-hyperv devstack@placement-api.service[107542]: DEBUG dbcounter [-] [107542] Writing DB stats placement:SELECT=14 {{(pid=107542) stat_writer /usr/local/lib/python3.8/dist-packages/dbcounter.py:114}}
Sep 24 21:46:19.227020 dv-neutron-858908-1-hyperv devstack@placement-api.service[107541]: DEBUG placement.requestlog [req-e89dc0a9-3d6c-4788-a950-c5b0ba39dcb1 req-c25b35f2-e643-4eca-9532-5148f178aa74 None None] Starting request: 10.222.0.16 "GET /placement/resource_providers/77d15fe2-6d90-4afb-9a65-e69ae3921009/allocations" {{(pid=107541) __call__ /opt/stack/placement/placement/requestlog.py:55}}
Sep 24 21:46:19.248639 dv-neutron-858908-1-hyperv devstack@placement-api.service[107541]: INFO placement.requestlog [req-e89dc0a9-3d6c-4788-a950-c5b0ba39dcb1 req-c25b35f2-e643-4eca-9532-5148f178aa74 service placement] 10.222.0.16 "GET /placement/resource_providers/77d15fe2-6d90-4afb-9a65-e69ae3921009/allocations" status: 200 len: 140 microversion: 1.0
Sep 24 21:46:19.248959 dv-neutron-858908-1-hyperv devstack@placement-api.service[107541]: [pid: 107541|app: 0|req: 552/1103] 10.222.0.16 () {58 vars in 1390 bytes} [Sat Sep 24 21:46:19 2022] GET /placement/resource_providers/77d15fe2-6d90-4afb-9a65-e69ae3921009/allocations => generated 140 bytes in 22 msecs (HTTP/1.1 200) 6 headers in 224 bytes (1 switches on core 0)
Sep 24 21:46:19.288584 dv-neutron-858908-1-hyperv devstack@placement-api.service[107542]: DEBUG placement.requestlog [req-e89dc0a9-3d6c-4788-a950-c5b0ba39dcb1 req-7abc8b3d-63af-4772-814b-d6270db60263 None None] Starting request: 10.222.0.16 "GET /placement/resource_providers/77d15fe2-6d90-4afb-9a65-e69ae3921009/allocations" {{(pid=107542) __call__ /opt/stack/placement/placement/requestlog.py:55}}
Sep 24 21:46:19.309003 dv-neutron-858908-1-hyperv devstack@placement-api.service[107542]: INFO placement.requestlog [req-e89dc0a9-3d6c-4788-a950-c5b0ba39dcb1 req-7abc8b3d-63af-4772-814b-d6270db60263 service placement] 10.222.0.16 "GET /placement/resource_providers/77d15fe2-6d90-4afb-9a65-e69ae3921009/allocations" status: 200 len: 140 microversion: 1.0
Sep 24 21:46:19.309312 dv-neutron-858908-1-hyperv devstack@placement-api.service[107542]: [pid: 107542|app: 0|req: 552/1104] 10.222.0.16 () {58 vars in 1390 bytes} [Sat Sep 24 21:46:19 2022] GET /placement/resource_providers/77d15fe2-6d90-4afb-9a65-e69ae3921009/allocations => generated 140 bytes in 21 msecs (HTTP/1.1 200) 6 headers in 224 bytes (2 switches on core 0)
Sep 24 21:46:19.322235 dv-neutron-858908-1-hyperv devstack@placement-api.service[107541]: DEBUG placement.requestlog [req-e89dc0a9-3d6c-4788-a950-c5b0ba39dcb1 req-e50d2671-7bb3-4f71-8b57-5403948b4473 None None] Starting request: 10.222.0.16 "GET /placement/allocations/27fce5ed-eb75-4c74-8373-0e45aead5274" {{(pid=107541) __call__ /opt/stack/placement/placement/requestlog.py:55}}
Sep 24 21:46:19.337818 dv-neutron-858908-1-hyperv devstack@placement-api.service[107541]: INFO placement.requestlog [req-e89dc0a9-3d6c-4788-a950-c5b0ba39dcb1 req-e50d2671-7bb3-4f71-8b57-5403948b4473 service placement] 10.222.0.16 "GET /placement/allocations/27fce5ed-eb75-4c74-8373-0e45aead5274" status: 200 len: 245 microversion: 1.28
Sep 24 21:46:19.338246 dv-neutron-858908-1-hyperv devstack@placement-api.service[107541]: [pid: 107541|app: 0|req: 553/1105] 10.222.0.16 () {60 vars in 1377 bytes} [Sat Sep 24 21:46:19 2022] GET /placement/allocations/27fce5ed-eb75-4c74-8373-0e45aead5274 => generated 245 bytes in 16 msecs (HTTP/1.1 200) 8 headers in 296 bytes (2 switches on core 0)
Sep 24 21:46:29.306889 dv-neutron-858908-1-hyperv devstack@placement-api.service[107542]: DEBUG dbcounter [-] [107542] Writing DB stats placement:SELECT=6 {{(pid=107542) stat_writer /usr/local/lib/python3.8/dist-packages/dbcounter.py:114}}
Sep 24 21:46:29.335235 dv-neutron-858908-1-hyperv devstack@placement-api.service[107541]: DEBUG dbcounter [-] [107541] Writing DB stats placement:SELECT=10 {{(pid=107541) stat_writer /usr/local/lib/python3.8/dist-packages/dbcounter.py:114}}
Sep 24 21:47:20.225925 dv-neutron-858908-1-hyperv devstack@placement-api.service[107542]: DEBUG placement.requestlog [req-60e00e2d-d778-41dd-a850-49dc65ed687c req-061429fc-accf-41ba-96f5-2922daf7b37a None None] Starting request: 10.222.0.16 "GET /placement/resource_providers/77d15fe2-6d90-4afb-9a65-e69ae3921009/allocations" {{(pid=107542) __call__ /opt/stack/placement/placement/requestlog.py:55}}
Sep 24 21:47:20.269468 dv-neutron-858908-1-hyperv devstack@placement-api.service[107542]: INFO placement.requestlog [req-60e00e2d-d778-41dd-a850-49dc65ed687c req-061429fc-accf-41ba-96f5-2922daf7b37a service placement] 10.222.0.16 "GET /placement/resource_providers/77d15fe2-6d90-4afb-9a65-e69ae3921009/allocations" status: 200 len: 140 microversion: 1.0
Sep 24 21:47:20.271782 dv-neutron-858908-1-hyperv devstack@placement-api.service[107542]: [pid: 107542|app: 0|req: 553/1106] 10.222.0.16 () {58 vars in 1390 bytes} [Sat Sep 24 21:47:20 2022] GET /placement/resource_providers/77d15fe2-6d90-4afb-9a65-e69ae3921009/allocations => generated 140 bytes in 47 msecs (HTTP/1.1 200) 6 headers in 224 bytes (1 switches on core 0)
Sep 24 21:47:20.316256 dv-neutron-858908-1-hyperv devstack@placement-api.service[107541]: DEBUG placement.requestlog [req-60e00e2d-d778-41dd-a850-49dc65ed687c req-0cc6d1db-822f-404b-8918-aea4a37e7deb None None] Starting request: 10.222.0.16 "GET /placement/resource_providers/77d15fe2-6d90-4afb-9a65-e69ae3921009/allocations" {{(pid=107541) __call__ /opt/stack/placement/placement/requestlog.py:55}}
Sep 24 21:47:20.341716 dv-neutron-858908-1-hyperv devstack@placement-api.service[107541]: INFO placement.requestlog [req-60e00e2d-d778-41dd-a850-49dc65ed687c req-0cc6d1db-822f-404b-8918-aea4a37e7deb service placement] 10.222.0.16 "GET /placement/resource_providers/77d15fe2-6d90-4afb-9a65-e69ae3921009/allocations" status: 200 len: 140 microversion: 1.0
Sep 24 21:47:20.342726 dv-neutron-858908-1-hyperv devstack@placement-api.service[107541]: [pid: 107541|app: 0|req: 554/1107] 10.222.0.16 () {58 vars in 1390 bytes} [Sat Sep 24 21:47:20 2022] GET /placement/resource_providers/77d15fe2-6d90-4afb-9a65-e69ae3921009/allocations => generated 140 bytes in 27 msecs (HTTP/1.1 200) 6 headers in 224 bytes (1 switches on core 0)
Sep 24 21:47:20.349901 dv-neutron-858908-1-hyperv devstack@placement-api.service[107542]: DEBUG placement.requestlog [req-60e00e2d-d778-41dd-a850-49dc65ed687c req-5ff7afee-c837-426b-994e-0dfe715bc5de None None] Starting request: 10.222.0.16 "GET /placement/allocations/27fce5ed-eb75-4c74-8373-0e45aead5274" {{(pid=107542) __call__ /opt/stack/placement/placement/requestlog.py:55}}
Sep 24 21:47:20.371078 dv-neutron-858908-1-hyperv devstack@placement-api.service[107542]: INFO placement.requestlog [req-60e00e2d-d778-41dd-a850-49dc65ed687c req-5ff7afee-c837-426b-994e-0dfe715bc5de service placement] 10.222.0.16 "GET /placement/allocations/27fce5ed-eb75-4c74-8373-0e45aead5274" status: 200 len: 245 microversion: 1.28
Sep 24 21:47:20.372045 dv-neutron-858908-1-hyperv devstack@placement-api.service[107542]: [pid: 107542|app: 0|req: 554/1108] 10.222.0.16 () {60 vars in 1377 bytes} [Sat Sep 24 21:47:20 2022] GET /placement/allocations/27fce5ed-eb75-4c74-8373-0e45aead5274 => generated 245 bytes in 22 msecs (HTTP/1.1 200) 8 headers in 296 bytes (1 switches on core 0)
Sep 24 21:47:24.507316 dv-neutron-858908-1-hyperv devstack@placement-api.service[107541]: DEBUG placement.requestlog [req-7749edb6-d6ec-4f70-b9e8-301ee1c51ab5 req-70f82b79-c9ca-478b-9c25-4de72468999a None None] Starting request: 10.222.0.16 "GET /placement/resource_providers/77d15fe2-6d90-4afb-9a65-e69ae3921009/allocations" {{(pid=107541) __call__ /opt/stack/placement/placement/requestlog.py:55}}
Sep 24 21:47:24.530896 dv-neutron-858908-1-hyperv devstack@placement-api.service[107541]: INFO placement.requestlog [req-7749edb6-d6ec-4f70-b9e8-301ee1c51ab5 req-70f82b79-c9ca-478b-9c25-4de72468999a service placement] 10.222.0.16 "GET /placement/resource_providers/77d15fe2-6d90-4afb-9a65-e69ae3921009/allocations" status: 200 len: 140 microversion: 1.0
Sep 24 21:47:24.531490 dv-neutron-858908-1-hyperv devstack@placement-api.service[107541]: [pid: 107541|app: 0|req: 555/1109] 10.222.0.16 () {58 vars in 1390 bytes} [Sat Sep 24 21:47:24 2022] GET /placement/resource_providers/77d15fe2-6d90-4afb-9a65-e69ae3921009/allocations => generated 140 bytes in 24 msecs (HTTP/1.1 200) 6 headers in 224 bytes (1 switches on core 0)
Sep 24 21:47:24.538131 dv-neutron-858908-1-hyperv devstack@placement-api.service[107542]: DEBUG placement.requestlog [req-7749edb6-d6ec-4f70-b9e8-301ee1c51ab5 req-c148b195-9270-4ccf-a583-b6c6daae9a90 None None] Starting request: 10.222.0.16 "GET /placement/allocations/27fce5ed-eb75-4c74-8373-0e45aead5274" {{(pid=107542) __call__ /opt/stack/placement/placement/requestlog.py:55}}
Sep 24 21:47:24.557653 dv-neutron-858908-1-hyperv devstack@placement-api.service[107542]: INFO placement.requestlog [req-7749edb6-d6ec-4f70-b9e8-301ee1c51ab5 req-c148b195-9270-4ccf-a583-b6c6daae9a90 service placement] 10.222.0.16 "GET /placement/allocations/27fce5ed-eb75-4c74-8373-0e45aead5274" status: 200 len: 245 microversion: 1.28
Sep 24 21:47:24.558021 dv-neutron-858908-1-hyperv devstack@placement-api.service[107542]: [pid: 107542|app: 0|req: 555/1110] 10.222.0.16 () {60 vars in 1377 bytes} [Sat Sep 24 21:47:24 2022] GET /placement/allocations/27fce5ed-eb75-4c74-8373-0e45aead5274 => generated 245 bytes in 20 msecs (HTTP/1.1 200) 8 headers in 296 bytes (1 switches on core 0)
Sep 24 21:47:24.768362 dv-neutron-858908-1-hyperv devstack@placement-api.service[107541]: DEBUG placement.requestlog [req-7749edb6-d6ec-4f70-b9e8-301ee1c51ab5 req-f66a5953-7751-4360-b68b-4ddb7a9d7017 None None] Starting request: 10.222.0.16 "DELETE /placement/allocations/27fce5ed-eb75-4c74-8373-0e45aead5274" {{(pid=107541) __call__ /opt/stack/placement/placement/requestlog.py:55}}
Sep 24 21:47:24.798472 dv-neutron-858908-1-hyperv devstack@placement-api.service[107541]: DEBUG placement.handlers.allocation [req-7749edb6-d6ec-4f70-b9e8-301ee1c51ab5 req-f66a5953-7751-4360-b68b-4ddb7a9d7017 service placement] Successfully deleted allocations [, ] {{(pid=107541) delete_allocations /opt/stack/placement/placement/handlers/allocation.py:627}}
Sep 24 21:47:24.798923 dv-neutron-858908-1-hyperv devstack@placement-api.service[107541]: INFO placement.requestlog [req-7749edb6-d6ec-4f70-b9e8-301ee1c51ab5 req-f66a5953-7751-4360-b68b-4ddb7a9d7017 service placement] 10.222.0.16 "DELETE /placement/allocations/27fce5ed-eb75-4c74-8373-0e45aead5274" status: 204 len: 0 microversion: 1.0
Sep 24 21:47:24.799309 dv-neutron-858908-1-hyperv devstack@placement-api.service[107541]: [pid: 107541|app: 0|req: 556/1111] 10.222.0.16 () {60 vars in 1355 bytes} [Sat Sep 24 21:47:24 2022] DELETE /placement/allocations/27fce5ed-eb75-4c74-8373-0e45aead5274 => generated 0 bytes in 31 msecs (HTTP/1.1 204) 5 headers in 198 bytes (1 switches on core 0)
Sep 24 21:47:28.723789 dv-neutron-858908-1-hyperv devstack@placement-api.service[107542]: DEBUG placement.requestlog [None req-996b2fa9-664f-44ef-b1b3-32f378e97943 None None] Starting request: 10.222.0.50 "GET /placement/resource_providers/cd60ce96-1acb-4b32-86dd-320699f1f612/aggregates" {{(pid=107542) __call__ /opt/stack/placement/placement/requestlog.py:55}}
Sep 24 21:47:28.857444 dv-neutron-858908-1-hyperv devstack@placement-api.service[107542]: INFO placement.requestlog [None req-996b2fa9-664f-44ef-b1b3-32f378e97943 service placement] 10.222.0.50 "GET /placement/resource_providers/cd60ce96-1acb-4b32-86dd-320699f1f612/aggregates" status: 404 len: 235 microversion: 1.1
Sep 24 21:47:28.858002 dv-neutron-858908-1-hyperv devstack@placement-api.service[107542]: [pid: 107542|app: 0|req: 556/1112] 10.222.0.50 () {58 vars in 1362 bytes} [Sat Sep 24 21:47:28 2022] GET /placement/resource_providers/cd60ce96-1acb-4b32-86dd-320699f1f612/aggregates => generated 235 bytes in 135 msecs (HTTP/1.1 404) 5 headers in 202 bytes (1 switches on core 0)
Sep 24 21:47:28.864178 dv-neutron-858908-1-hyperv devstack@placement-api.service[107541]: DEBUG placement.requestlog [None req-106683c4-6555-4c7b-b42b-8f335599545d None None] Starting request: 10.222.0.50 "DELETE /placement/resource_providers/cd60ce96-1acb-4b32-86dd-320699f1f612" {{(pid=107541) __call__ /opt/stack/placement/placement/requestlog.py:55}}
Sep 24 21:47:28.882010 dv-neutron-858908-1-hyperv devstack@placement-api.service[107541]: DEBUG placement.wsgi_wrapper [None req-106683c4-6555-4c7b-b42b-8f335599545d service placement] Placement API returning an error response: No resource provider with uuid cd60ce96-1acb-4b32-86dd-320699f1f612 found for delete {{(pid=107541) call_func /opt/stack/placement/placement/wsgi_wrapper.py:31}}
Sep 24 21:47:28.884340 dv-neutron-858908-1-hyperv devstack@placement-api.service[107541]: INFO placement.requestlog [None req-106683c4-6555-4c7b-b42b-8f335599545d service placement] 10.222.0.50 "DELETE /placement/resource_providers/cd60ce96-1acb-4b32-86dd-320699f1f612" status: 404 len: 246 microversion: 1.1
Sep 24 21:47:28.888610 dv-neutron-858908-1-hyperv devstack@placement-api.service[107541]: [pid: 107541|app: 0|req: 557/1113] 10.222.0.50 () {60 vars in 1351 bytes} [Sat Sep 24 21:47:28 2022] DELETE /placement/resource_providers/cd60ce96-1acb-4b32-86dd-320699f1f612 => generated 246 bytes in 25 msecs (HTTP/1.1 404) 6 headers in 231 bytes (1 switches on core 0)
Sep 24 21:47:32.159706 dv-neutron-858908-1-hyperv devstack@placement-api.service[107542]: DEBUG placement.requestlog [None req-3d00bbab-00cc-4349-ab7e-aa94ff09b16f None None] Starting request: 10.222.0.50 "GET /placement/resource_providers/d1f71e80-1596-4865-9896-0cb03cbceab1/aggregates" {{(pid=107542) __call__ /opt/stack/placement/placement/requestlog.py:55}}
Sep 24 21:47:32.172429 dv-neutron-858908-1-hyperv devstack@placement-api.service[107542]: INFO placement.requestlog [None req-3d00bbab-00cc-4349-ab7e-aa94ff09b16f service placement] 10.222.0.50 "GET /placement/resource_providers/d1f71e80-1596-4865-9896-0cb03cbceab1/aggregates" status: 404 len: 235 microversion: 1.1
Sep 24 21:47:32.172741 dv-neutron-858908-1-hyperv devstack@placement-api.service[107542]: [pid: 107542|app: 0|req: 557/1114] 10.222.0.50 () {58 vars in 1362 bytes} [Sat Sep 24 21:47:32 2022] GET /placement/resource_providers/d1f71e80-1596-4865-9896-0cb03cbceab1/aggregates => generated 235 bytes in 13 msecs (HTTP/1.1 404) 5 headers in 202 bytes (1 switches on core 0)
Sep 24 21:47:32.201530 dv-neutron-858908-1-hyperv devstack@placement-api.service[107541]: DEBUG placement.requestlog [None req-5da98f45-4140-4aa9-ad8f-334ad0487b5c None None] Starting request: 10.222.0.50 "DELETE /placement/resource_providers/d1f71e80-1596-4865-9896-0cb03cbceab1" {{(pid=107541) __call__ /opt/stack/placement/placement/requestlog.py:55}}
Sep 24 21:47:32.210748 dv-neutron-858908-1-hyperv devstack@placement-api.service[107541]: DEBUG placement.wsgi_wrapper [None req-5da98f45-4140-4aa9-ad8f-334ad0487b5c service placement] Placement API returning an error response: No resource provider with uuid d1f71e80-1596-4865-9896-0cb03cbceab1 found for delete {{(pid=107541) call_func /opt/stack/placement/placement/wsgi_wrapper.py:31}}
Sep 24 21:47:32.211452 dv-neutron-858908-1-hyperv devstack@placement-api.service[107541]: INFO placement.requestlog [None req-5da98f45-4140-4aa9-ad8f-334ad0487b5c service placement] 10.222.0.50 "DELETE /placement/resource_providers/d1f71e80-1596-4865-9896-0cb03cbceab1" status: 404 len: 246 microversion: 1.1
Sep 24 21:47:32.212093 dv-neutron-858908-1-hyperv devstack@placement-api.service[107541]: [pid: 107541|app: 0|req: 558/1115] 10.222.0.50 () {60 vars in 1351 bytes} [Sat Sep 24 21:47:32 2022] DELETE /placement/resource_providers/d1f71e80-1596-4865-9896-0cb03cbceab1 => generated 246 bytes in 11 msecs (HTTP/1.1 404) 6 headers in 231 bytes (1 switches on core 0)
Sep 24 21:47:42.171217 dv-neutron-858908-1-hyperv devstack@placement-api.service[107542]: DEBUG dbcounter [-] [107542] Writing DB stats placement:SELECT=18 {{(pid=107542) stat_writer /usr/local/lib/python3.8/dist-packages/dbcounter.py:114}}
Sep 24 21:47:42.210372 dv-neutron-858908-1-hyperv devstack@placement-api.service[107541]: DEBUG dbcounter [-] [107541] Writing DB stats placement:SELECT=23,placement:DELETE=2 {{(pid=107541) stat_writer /usr/local/lib/python3.8/dist-packages/dbcounter.py:114}}
Sep 24 21:47:45.182456 dv-neutron-858908-1-hyperv devstack@placement-api.service[107542]: DEBUG placement.requestlog [req-5d2f5080-83fb-4332-95d2-abff2b0decc4 req-c57ba519-b6bb-4989-88f2-571d619cccd6 None None] Starting request: 10.222.0.50 "GET /placement/allocation_candidates?limit=1000&resources=DISK_GB%3A1%2CMEMORY_MB%3A1024%2CVCPU%3A1&root_required=%21COMPUTE_STATUS_DISABLED" {{(pid=107542) __call__ /opt/stack/placement/placement/requestlog.py:55}}
Sep 24 21:47:45.275569 dv-neutron-858908-1-hyperv devstack@placement-api.service[107542]: DEBUG placement.objects.research_context [req-5d2f5080-83fb-4332-95d2-abff2b0decc4 req-c57ba519-b6bb-4989-88f2-571d619cccd6 service placement] getting providers with 1 DISK_GB {{(pid=107542) __init__ /opt/stack/placement/placement/objects/research_context.py:136}}
Sep 24 21:47:45.281802 dv-neutron-858908-1-hyperv devstack@placement-api.service[107542]: DEBUG placement.objects.research_context [req-5d2f5080-83fb-4332-95d2-abff2b0decc4 req-c57ba519-b6bb-4989-88f2-571d619cccd6 service placement] getting providers with 1024 MEMORY_MB {{(pid=107542) __init__ /opt/stack/placement/placement/objects/research_context.py:136}}
Sep 24 21:47:45.286824 dv-neutron-858908-1-hyperv devstack@placement-api.service[107542]: DEBUG placement.objects.research_context [req-5d2f5080-83fb-4332-95d2-abff2b0decc4 req-c57ba519-b6bb-4989-88f2-571d619cccd6 service placement] getting providers with 1 VCPU {{(pid=107542) __init__ /opt/stack/placement/placement/objects/research_context.py:136}}
Sep 24 21:47:45.292938 dv-neutron-858908-1-hyperv devstack@placement-api.service[107542]: DEBUG placement.objects.research_context [req-5d2f5080-83fb-4332-95d2-abff2b0decc4 req-c57ba519-b6bb-4989-88f2-571d619cccd6 service placement] found 1 providers with available 1 DISK_GB {{(pid=107542) get_provider_ids_matching /opt/stack/placement/placement/objects/research_context.py:563}}
Sep 24 21:47:45.293143 dv-neutron-858908-1-hyperv devstack@placement-api.service[107542]: DEBUG placement.objects.research_context [req-5d2f5080-83fb-4332-95d2-abff2b0decc4 req-c57ba519-b6bb-4989-88f2-571d619cccd6 service placement] found 1 providers with available 1024 MEMORY_MB {{(pid=107542) get_provider_ids_matching /opt/stack/placement/placement/objects/research_context.py:563}}
Sep 24 21:47:45.293416 dv-neutron-858908-1-hyperv devstack@placement-api.service[107542]: DEBUG placement.objects.research_context [req-5d2f5080-83fb-4332-95d2-abff2b0decc4 req-c57ba519-b6bb-4989-88f2-571d619cccd6 service placement] found 1 providers after filtering by previous result {{(pid=107542) get_provider_ids_matching /opt/stack/placement/placement/objects/research_context.py:594}}
Sep 24 21:47:45.293675 dv-neutron-858908-1-hyperv devstack@placement-api.service[107542]: DEBUG placement.objects.research_context [req-5d2f5080-83fb-4332-95d2-abff2b0decc4 req-c57ba519-b6bb-4989-88f2-571d619cccd6 service placement] found 1 providers with available 1 VCPU {{(pid=107542) get_provider_ids_matching /opt/stack/placement/placement/objects/research_context.py:563}}
Sep 24 21:47:45.293935 dv-neutron-858908-1-hyperv devstack@placement-api.service[107542]: DEBUG placement.objects.research_context [req-5d2f5080-83fb-4332-95d2-abff2b0decc4 req-c57ba519-b6bb-4989-88f2-571d619cccd6 service placement] found 1 providers after filtering by previous result {{(pid=107542) get_provider_ids_matching /opt/stack/placement/placement/objects/research_context.py:594}}
Sep 24 21:47:45.305109 dv-neutron-858908-1-hyperv devstack@placement-api.service[107542]: DEBUG placement.objects.allocation_candidate [req-5d2f5080-83fb-4332-95d2-abff2b0decc4 req-c57ba519-b6bb-4989-88f2-571d619cccd6 service placement] RequestGroup(use_same_provider=False, resources={DISK_GB:1, MEMORY_MB:1024, VCPU:1}, traits=(), aggregates=[]) (suffix '') returned 1 matches {{(pid=107542) _get_by_requests /opt/stack/placement/placement/objects/allocation_candidate.py:156}}
Sep 24 21:47:45.305109 dv-neutron-858908-1-hyperv devstack@placement-api.service[107542]: DEBUG placement.objects.allocation_candidate [req-5d2f5080-83fb-4332-95d2-abff2b0decc4 req-c57ba519-b6bb-4989-88f2-571d619cccd6 service placement] Merging candidates yields 1 allocation requests and 1 provider summaries {{(pid=107542) _merge_candidates /opt/stack/placement/placement/objects/allocation_candidate.py:809}}
Sep 24 21:47:45.306897 dv-neutron-858908-1-hyperv devstack@placement-api.service[107542]: INFO placement.requestlog [req-5d2f5080-83fb-4332-95d2-abff2b0decc4 req-c57ba519-b6bb-4989-88f2-571d619cccd6 service placement] 10.222.0.50 "GET /placement/allocation_candidates?limit=1000&resources=DISK_GB%3A1%2CMEMORY_MB%3A1024%2CVCPU%3A1&root_required=%21COMPUTE_STATUS_DISABLED" status: 200 len: 764 microversion: 1.36
Sep 24 21:47:45.307802 dv-neutron-858908-1-hyperv devstack@placement-api.service[107542]: [pid: 107542|app: 0|req: 558/1116] 10.222.0.50 () {60 vars in 1506 bytes} [Sat Sep 24 21:47:45 2022] GET /placement/allocation_candidates?limit=1000&resources=DISK_GB%3A1%2CMEMORY_MB%3A1024%2CVCPU%3A1&root_required=%21COMPUTE_STATUS_DISABLED => generated 764 bytes in 125 msecs (HTTP/1.1 200) 8 headers in 296 bytes (1 switches on core 0)
Sep 24 21:47:45.342936 dv-neutron-858908-1-hyperv devstack@placement-api.service[107541]: DEBUG placement.requestlog [req-5d2f5080-83fb-4332-95d2-abff2b0decc4 req-44c3705d-1051-46c9-ad65-ffe8195854e8 None None] Starting request: 10.222.0.50 "GET /placement/allocations/e86d7693-dd4c-4ff5-b125-277eaeeb8f8b" {{(pid=107541) __call__ /opt/stack/placement/placement/requestlog.py:55}}
Sep 24 21:47:45.354827 dv-neutron-858908-1-hyperv devstack@placement-api.service[107541]: INFO placement.requestlog [req-5d2f5080-83fb-4332-95d2-abff2b0decc4 req-44c3705d-1051-46c9-ad65-ffe8195854e8 service placement] 10.222.0.50 "GET /placement/allocations/e86d7693-dd4c-4ff5-b125-277eaeeb8f8b" status: 200 len: 19 microversion: 1.28
Sep 24 21:47:45.355674 dv-neutron-858908-1-hyperv devstack@placement-api.service[107541]: [pid: 107541|app: 0|req: 559/1117] 10.222.0.50 () {60 vars in 1380 bytes} [Sat Sep 24 21:47:45 2022] GET /placement/allocations/e86d7693-dd4c-4ff5-b125-277eaeeb8f8b => generated 19 bytes in 13 msecs (HTTP/1.1 200) 8 headers in 295 bytes (1 switches on core 0)
Sep 24 21:47:45.361697 dv-neutron-858908-1-hyperv devstack@placement-api.service[107542]: DEBUG placement.requestlog [req-5d2f5080-83fb-4332-95d2-abff2b0decc4 req-6ebd2b94-a510-4a12-a7ca-64424729dd20 None None] Starting request: 10.222.0.50 "PUT /placement/allocations/e86d7693-dd4c-4ff5-b125-277eaeeb8f8b" {{(pid=107542) __call__ /opt/stack/placement/placement/requestlog.py:55}}
Sep 24 21:47:45.441213 dv-neutron-858908-1-hyperv devstack@placement-api.service[107542]: DEBUG placement.handlers.allocation [req-5d2f5080-83fb-4332-95d2-abff2b0decc4 req-6ebd2b94-a510-4a12-a7ca-64424729dd20 service placement] Successfully wrote allocations [, , ] {{(pid=107542) _update_consumers_and_create_allocations /opt/stack/placement/placement/handlers/allocation.py:462}}
Sep 24 21:47:45.445083 dv-neutron-858908-1-hyperv devstack@placement-api.service[107542]: INFO placement.requestlog [req-5d2f5080-83fb-4332-95d2-abff2b0decc4 req-6ebd2b94-a510-4a12-a7ca-64424729dd20 service placement] 10.222.0.50 "PUT /placement/allocations/e86d7693-dd4c-4ff5-b125-277eaeeb8f8b" status: 204 len: 0 microversion: 1.36
Sep 24 21:47:45.445556 dv-neutron-858908-1-hyperv devstack@placement-api.service[107542]: [pid: 107542|app: 0|req: 559/1118] 10.222.0.50 () {64 vars in 1433 bytes} [Sat Sep 24 21:47:45 2022] PUT /placement/allocations/e86d7693-dd4c-4ff5-b125-277eaeeb8f8b => generated 0 bytes in 84 msecs (HTTP/1.1 204) 5 headers in 199 bytes (2 switches on core 0)
Sep 24 21:47:45.722128 dv-neutron-858908-1-hyperv devstack@placement-api.service[107541]: DEBUG placement.requestlog [req-5d2f5080-83fb-4332-95d2-abff2b0decc4 req-ed7d0548-3642-49aa-9204-94d6a513505d None None] Starting request: 10.222.0.16 "GET /placement/allocations/e86d7693-dd4c-4ff5-b125-277eaeeb8f8b" {{(pid=107541) __call__ /opt/stack/placement/placement/requestlog.py:55}}
Sep 24 21:47:45.737353 dv-neutron-858908-1-hyperv devstack@placement-api.service[107541]: INFO placement.requestlog [req-5d2f5080-83fb-4332-95d2-abff2b0decc4 req-ed7d0548-3642-49aa-9204-94d6a513505d service placement] 10.222.0.16 "GET /placement/allocations/e86d7693-dd4c-4ff5-b125-277eaeeb8f8b" status: 200 len: 259 microversion: 1.28
Sep 24 21:47:45.737858 dv-neutron-858908-1-hyperv devstack@placement-api.service[107541]: [pid: 107541|app: 0|req: 560/1119] 10.222.0.16 () {60 vars in 1377 bytes} [Sat Sep 24 21:47:45 2022] GET /placement/allocations/e86d7693-dd4c-4ff5-b125-277eaeeb8f8b => generated 259 bytes in 16 msecs (HTTP/1.1 200) 8 headers in 296 bytes (1 switches on core 0)
Sep 24 21:47:45.858455 dv-neutron-858908-1-hyperv devstack@placement-api.service[107542]: DEBUG placement.requestlog [req-5d2f5080-83fb-4332-95d2-abff2b0decc4 req-b2c9b3f9-944d-45b4-96c2-83ff632e1f01 None None] Starting request: 10.222.0.16 "GET /placement/resource_providers/77d15fe2-6d90-4afb-9a65-e69ae3921009/allocations" {{(pid=107542) __call__ /opt/stack/placement/placement/requestlog.py:55}}
Sep 24 21:47:45.878738 dv-neutron-858908-1-hyperv devstack@placement-api.service[107542]: INFO placement.requestlog [req-5d2f5080-83fb-4332-95d2-abff2b0decc4 req-b2c9b3f9-944d-45b4-96c2-83ff632e1f01 service placement] 10.222.0.16 "GET /placement/resource_providers/77d15fe2-6d90-4afb-9a65-e69ae3921009/allocations" status: 200 len: 154 microversion: 1.0
Sep 24 21:47:45.879302 dv-neutron-858908-1-hyperv devstack@placement-api.service[107542]: [pid: 107542|app: 0|req: 560/1120] 10.222.0.16 () {58 vars in 1390 bytes} [Sat Sep 24 21:47:45 2022] GET /placement/resource_providers/77d15fe2-6d90-4afb-9a65-e69ae3921009/allocations => generated 154 bytes in 21 msecs (HTTP/1.1 200) 6 headers in 224 bytes (1 switches on core 0)
Sep 24 21:47:45.886791 dv-neutron-858908-1-hyperv devstack@placement-api.service[107541]: DEBUG placement.requestlog [req-5d2f5080-83fb-4332-95d2-abff2b0decc4 req-029c958e-e138-46e9-9d04-6e2cddd96945 None None] Starting request: 10.222.0.16 "GET /placement/allocations/e86d7693-dd4c-4ff5-b125-277eaeeb8f8b" {{(pid=107541) __call__ /opt/stack/placement/placement/requestlog.py:55}}
Sep 24 21:47:45.901861 dv-neutron-858908-1-hyperv devstack@placement-api.service[107541]: INFO placement.requestlog [req-5d2f5080-83fb-4332-95d2-abff2b0decc4 req-029c958e-e138-46e9-9d04-6e2cddd96945 service placement] 10.222.0.16 "GET /placement/allocations/e86d7693-dd4c-4ff5-b125-277eaeeb8f8b" status: 200 len: 259 microversion: 1.28
Sep 24 21:47:45.902188 dv-neutron-858908-1-hyperv devstack@placement-api.service[107541]: [pid: 107541|app: 0|req: 561/1121] 10.222.0.16 () {60 vars in 1377 bytes} [Sat Sep 24 21:47:45 2022] GET /placement/allocations/e86d7693-dd4c-4ff5-b125-277eaeeb8f8b => generated 259 bytes in 16 msecs (HTTP/1.1 200) 8 headers in 296 bytes (1 switches on core 0)
Sep 24 21:47:55.876697 dv-neutron-858908-1-hyperv devstack@placement-api.service[107542]: DEBUG dbcounter [-] [107542] Writing DB stats placement:SELECT=33,placement:INSERT=6,placement:DELETE=2,placement:UPDATE=2 {{(pid=107542) stat_writer /usr/local/lib/python3.8/dist-packages/dbcounter.py:114}}
Sep 24 21:47:55.899676 dv-neutron-858908-1-hyperv devstack@placement-api.service[107541]: DEBUG dbcounter [-] [107541] Writing DB stats placement:SELECT=10 {{(pid=107541) stat_writer /usr/local/lib/python3.8/dist-packages/dbcounter.py:114}}
Sep 24 21:48:20.256029 dv-neutron-858908-1-hyperv devstack@placement-api.service[107542]: DEBUG placement.requestlog [req-925cba63-7bc3-460b-b99b-c1ddb3910b99 req-3bf2be28-6f33-4955-a7f2-1b83170d187f None None] Starting request: 10.222.0.16 "GET /placement/resource_providers/77d15fe2-6d90-4afb-9a65-e69ae3921009/allocations" {{(pid=107542) __call__ /opt/stack/placement/placement/requestlog.py:55}}
Sep 24 21:48:20.286848 dv-neutron-858908-1-hyperv devstack@placement-api.service[107542]: INFO placement.requestlog [req-925cba63-7bc3-460b-b99b-c1ddb3910b99 req-3bf2be28-6f33-4955-a7f2-1b83170d187f service placement] 10.222.0.16 "GET /placement/resource_providers/77d15fe2-6d90-4afb-9a65-e69ae3921009/allocations" status: 200 len: 154 microversion: 1.0
Sep 24 21:48:20.287253 dv-neutron-858908-1-hyperv devstack@placement-api.service[107542]: [pid: 107542|app: 0|req: 561/1122] 10.222.0.16 () {58 vars in 1390 bytes} [Sat Sep 24 21:48:20 2022] GET /placement/resource_providers/77d15fe2-6d90-4afb-9a65-e69ae3921009/allocations => generated 154 bytes in 32 msecs (HTTP/1.1 200) 6 headers in 224 bytes (1 switches on core 0)
Sep 24 21:48:20.330975 dv-neutron-858908-1-hyperv devstack@placement-api.service[107541]: DEBUG placement.requestlog [req-925cba63-7bc3-460b-b99b-c1ddb3910b99 req-a4f03c62-5f2f-441f-a36c-212cf83a141e None None] Starting request: 10.222.0.16 "GET /placement/resource_providers/77d15fe2-6d90-4afb-9a65-e69ae3921009/allocations" {{(pid=107541) __call__ /opt/stack/placement/placement/requestlog.py:55}}
Sep 24 21:48:20.351237 dv-neutron-858908-1-hyperv devstack@placement-api.service[107541]: INFO placement.requestlog [req-925cba63-7bc3-460b-b99b-c1ddb3910b99 req-a4f03c62-5f2f-441f-a36c-212cf83a141e service placement] 10.222.0.16 "GET /placement/resource_providers/77d15fe2-6d90-4afb-9a65-e69ae3921009/allocations" status: 200 len: 154 microversion: 1.0
Sep 24 21:48:20.351564 dv-neutron-858908-1-hyperv devstack@placement-api.service[107541]: [pid: 107541|app: 0|req: 562/1123] 10.222.0.16 () {58 vars in 1390 bytes} [Sat Sep 24 21:48:20 2022] GET /placement/resource_providers/77d15fe2-6d90-4afb-9a65-e69ae3921009/allocations => generated 154 bytes in 21 msecs (HTTP/1.1 200) 6 headers in 224 bytes (1 switches on core 0)
Sep 24 21:48:20.367538 dv-neutron-858908-1-hyperv devstack@placement-api.service[107542]: DEBUG placement.requestlog [req-925cba63-7bc3-460b-b99b-c1ddb3910b99 req-7e86c8c4-85a7-416f-987c-e6db8286fc13 None None] Starting request: 10.222.0.16 "GET /placement/allocations/e86d7693-dd4c-4ff5-b125-277eaeeb8f8b" {{(pid=107542) __call__ /opt/stack/placement/placement/requestlog.py:55}}
Sep 24 21:48:20.383383 dv-neutron-858908-1-hyperv devstack@placement-api.service[107542]: INFO placement.requestlog [req-925cba63-7bc3-460b-b99b-c1ddb3910b99 req-7e86c8c4-85a7-416f-987c-e6db8286fc13 service placement] 10.222.0.16 "GET /placement/allocations/e86d7693-dd4c-4ff5-b125-277eaeeb8f8b" status: 200 len: 259 microversion: 1.28
Sep 24 21:48:20.383698 dv-neutron-858908-1-hyperv devstack@placement-api.service[107542]: [pid: 107542|app: 0|req: 562/1124] 10.222.0.16 () {60 vars in 1377 bytes} [Sat Sep 24 21:48:20 2022] GET /placement/allocations/e86d7693-dd4c-4ff5-b125-277eaeeb8f8b => generated 259 bytes in 16 msecs (HTTP/1.1 200) 8 headers in 296 bytes (1 switches on core 0)
Sep 24 21:48:30.348958 dv-neutron-858908-1-hyperv devstack@placement-api.service[107541]: DEBUG dbcounter [-] [107541] Writing DB stats placement:SELECT=6 {{(pid=107541) stat_writer /usr/local/lib/python3.8/dist-packages/dbcounter.py:114}}
Sep 24 21:48:30.380880 dv-neutron-858908-1-hyperv devstack@placement-api.service[107542]: DEBUG dbcounter [-] [107542] Writing DB stats placement:SELECT=10 {{(pid=107542) stat_writer /usr/local/lib/python3.8/dist-packages/dbcounter.py:114}}
Sep 24 21:49:21.231891 dv-neutron-858908-1-hyperv devstack@placement-api.service[107541]: DEBUG placement.requestlog [req-5d6dbad6-d1da-4f3c-9d1a-cb6d080bbf1c req-5a595d12-4099-424c-bfed-586b9f66b055 None None] Starting request: 10.222.0.16 "GET /placement/resource_providers/77d15fe2-6d90-4afb-9a65-e69ae3921009/allocations" {{(pid=107541) __call__ /opt/stack/placement/placement/requestlog.py:55}}
Sep 24 21:49:21.323009 dv-neutron-858908-1-hyperv devstack@placement-api.service[107541]: INFO placement.requestlog [req-5d6dbad6-d1da-4f3c-9d1a-cb6d080bbf1c req-5a595d12-4099-424c-bfed-586b9f66b055 service placement] 10.222.0.16 "GET /placement/resource_providers/77d15fe2-6d90-4afb-9a65-e69ae3921009/allocations" status: 200 len: 154 microversion: 1.0
Sep 24 21:49:21.323322 dv-neutron-858908-1-hyperv devstack@placement-api.service[107541]: [pid: 107541|app: 0|req: 563/1125] 10.222.0.16 () {58 vars in 1390 bytes} [Sat Sep 24 21:49:21 2022] GET /placement/resource_providers/77d15fe2-6d90-4afb-9a65-e69ae3921009/allocations => generated 154 bytes in 92 msecs (HTTP/1.1 200) 6 headers in 224 bytes (1 switches on core 0)
Sep 24 21:49:21.334450 dv-neutron-858908-1-hyperv devstack@placement-api.service[107542]: DEBUG placement.requestlog [req-5d6dbad6-d1da-4f3c-9d1a-cb6d080bbf1c req-f59562aa-ae19-41ed-977a-2e5ae0037d0a None None] Starting request: 10.222.0.16 "GET /placement/resource_providers?in_tree=77d15fe2-6d90-4afb-9a65-e69ae3921009" {{(pid=107542) __call__ /opt/stack/placement/placement/requestlog.py:55}}
Sep 24 21:49:21.357001 dv-neutron-858908-1-hyperv devstack@placement-api.service[107542]: INFO placement.requestlog [req-5d6dbad6-d1da-4f3c-9d1a-cb6d080bbf1c req-f59562aa-ae19-41ed-977a-2e5ae0037d0a service placement] 10.222.0.16 "GET /placement/resource_providers?in_tree=77d15fe2-6d90-4afb-9a65-e69ae3921009" status: 200 len: 865 microversion: 1.14
Sep 24 21:49:21.357384 dv-neutron-858908-1-hyperv devstack@placement-api.service[107542]: [pid: 107542|app: 0|req: 563/1126] 10.222.0.16 () {60 vars in 1376 bytes} [Sat Sep 24 21:49:21 2022] GET /placement/resource_providers?in_tree=77d15fe2-6d90-4afb-9a65-e69ae3921009 => generated 865 bytes in 23 msecs (HTTP/1.1 200) 6 headers in 225 bytes (1 switches on core 0)
Sep 24 21:49:21.366318 dv-neutron-858908-1-hyperv devstack@placement-api.service[107541]: DEBUG placement.requestlog [req-5d6dbad6-d1da-4f3c-9d1a-cb6d080bbf1c req-32a5e3b2-64da-4dea-b8f0-135b8c7ee93c None None] Starting request: 10.222.0.16 "GET /placement/resource_providers/77d15fe2-6d90-4afb-9a65-e69ae3921009/inventories" {{(pid=107541) __call__ /opt/stack/placement/placement/requestlog.py:55}}
Sep 24 21:49:21.393673 dv-neutron-858908-1-hyperv devstack@placement-api.service[107541]: INFO placement.requestlog [req-5d6dbad6-d1da-4f3c-9d1a-cb6d080bbf1c req-32a5e3b2-64da-4dea-b8f0-135b8c7ee93c service placement] 10.222.0.16 "GET /placement/resource_providers/77d15fe2-6d90-4afb-9a65-e69ae3921009/inventories" status: 200 len: 398 microversion: 1.0
Sep 24 21:49:21.394017 dv-neutron-858908-1-hyperv devstack@placement-api.service[107541]: [pid: 107541|app: 0|req: 564/1127] 10.222.0.16 () {58 vars in 1390 bytes} [Sat Sep 24 21:49:21 2022] GET /placement/resource_providers/77d15fe2-6d90-4afb-9a65-e69ae3921009/inventories => generated 398 bytes in 28 msecs (HTTP/1.1 200) 6 headers in 224 bytes (1 switches on core 0)
Sep 24 21:49:21.403196 dv-neutron-858908-1-hyperv devstack@placement-api.service[107542]: DEBUG placement.requestlog [req-5d6dbad6-d1da-4f3c-9d1a-cb6d080bbf1c req-04d87275-625d-4e9e-aa9f-d60caa127e4e None None] Starting request: 10.222.0.16 "GET /placement/resource_providers/77d15fe2-6d90-4afb-9a65-e69ae3921009/aggregates" {{(pid=107542) __call__ /opt/stack/placement/placement/requestlog.py:55}}
Sep 24 21:49:21.417003 dv-neutron-858908-1-hyperv devstack@placement-api.service[107542]: INFO placement.requestlog [req-5d6dbad6-d1da-4f3c-9d1a-cb6d080bbf1c req-04d87275-625d-4e9e-aa9f-d60caa127e4e service placement] 10.222.0.16 "GET /placement/resource_providers/77d15fe2-6d90-4afb-9a65-e69ae3921009/aggregates" status: 200 len: 54 microversion: 1.19
Sep 24 21:49:21.417302 dv-neutron-858908-1-hyperv devstack@placement-api.service[107542]: [pid: 107542|app: 0|req: 564/1128] 10.222.0.16 () {60 vars in 1431 bytes} [Sat Sep 24 21:49:21 2022] GET /placement/resource_providers/77d15fe2-6d90-4afb-9a65-e69ae3921009/aggregates => generated 54 bytes in 14 msecs (HTTP/1.1 200) 8 headers in 295 bytes (1 switches on core 0)
Sep 24 21:49:21.425027 dv-neutron-858908-1-hyperv devstack@placement-api.service[107541]: DEBUG placement.requestlog [req-5d6dbad6-d1da-4f3c-9d1a-cb6d080bbf1c req-fbf15fbb-b452-4f9b-b331-2a517da5fcb2 None None] Starting request: 10.222.0.16 "GET /placement/resource_providers/77d15fe2-6d90-4afb-9a65-e69ae3921009/traits" {{(pid=107541) __call__ /opt/stack/placement/placement/requestlog.py:55}}
Sep 24 21:49:21.454626 dv-neutron-858908-1-hyperv devstack@placement-api.service[107541]: INFO placement.requestlog [req-5d6dbad6-d1da-4f3c-9d1a-cb6d080bbf1c req-fbf15fbb-b452-4f9b-b331-2a517da5fcb2 service placement] 10.222.0.16 "GET /placement/resource_providers/77d15fe2-6d90-4afb-9a65-e69ae3921009/traits" status: 200 len: 300 microversion: 1.6
Sep 24 21:49:21.455060 dv-neutron-858908-1-hyperv devstack@placement-api.service[107541]: [pid: 107541|app: 0|req: 565/1129] 10.222.0.16 () {60 vars in 1418 bytes} [Sat Sep 24 21:49:21 2022] GET /placement/resource_providers/77d15fe2-6d90-4afb-9a65-e69ae3921009/traits => generated 300 bytes in 30 msecs (HTTP/1.1 200) 6 headers in 224 bytes (1 switches on core 0)
Sep 24 21:49:21.463273 dv-neutron-858908-1-hyperv devstack@placement-api.service[107542]: DEBUG placement.requestlog [req-5d6dbad6-d1da-4f3c-9d1a-cb6d080bbf1c req-7f922e6d-fe7b-4b3f-a362-8c8d9fd8467a None None] Starting request: 10.222.0.16 "GET /placement/resource_providers/77d15fe2-6d90-4afb-9a65-e69ae3921009/allocations" {{(pid=107542) __call__ /opt/stack/placement/placement/requestlog.py:55}}
Sep 24 21:49:21.484717 dv-neutron-858908-1-hyperv devstack@placement-api.service[107542]: INFO placement.requestlog [req-5d6dbad6-d1da-4f3c-9d1a-cb6d080bbf1c req-7f922e6d-fe7b-4b3f-a362-8c8d9fd8467a service placement] 10.222.0.16 "GET /placement/resource_providers/77d15fe2-6d90-4afb-9a65-e69ae3921009/allocations" status: 200 len: 154 microversion: 1.0
Sep 24 21:49:21.485078 dv-neutron-858908-1-hyperv devstack@placement-api.service[107542]: [pid: 107542|app: 0|req: 565/1130] 10.222.0.16 () {58 vars in 1390 bytes} [Sat Sep 24 21:49:21 2022] GET /placement/resource_providers/77d15fe2-6d90-4afb-9a65-e69ae3921009/allocations => generated 154 bytes in 22 msecs (HTTP/1.1 200) 6 headers in 224 bytes (1 switches on core 0)
Sep 24 21:49:21.491930 dv-neutron-858908-1-hyperv devstack@placement-api.service[107541]: DEBUG placement.requestlog [req-5d6dbad6-d1da-4f3c-9d1a-cb6d080bbf1c req-1d6aa94e-7675-4728-a563-117d033694c3 None None] Starting request: 10.222.0.16 "GET /placement/allocations/e86d7693-dd4c-4ff5-b125-277eaeeb8f8b" {{(pid=107541) __call__ /opt/stack/placement/placement/requestlog.py:55}}
Sep 24 21:49:21.507658 dv-neutron-858908-1-hyperv devstack@placement-api.service[107541]: INFO placement.requestlog [req-5d6dbad6-d1da-4f3c-9d1a-cb6d080bbf1c req-1d6aa94e-7675-4728-a563-117d033694c3 service placement] 10.222.0.16 "GET /placement/allocations/e86d7693-dd4c-4ff5-b125-277eaeeb8f8b" status: 200 len: 259 microversion: 1.28
Sep 24 21:49:21.507996 dv-neutron-858908-1-hyperv devstack@placement-api.service[107541]: [pid: 107541|app: 0|req: 566/1131] 10.222.0.16 () {60 vars in 1377 bytes} [Sat Sep 24 21:49:21 2022] GET /placement/allocations/e86d7693-dd4c-4ff5-b125-277eaeeb8f8b => generated 259 bytes in 16 msecs (HTTP/1.1 200) 8 headers in 296 bytes (1 switches on core 0)
Sep 24 21:49:31.482340 dv-neutron-858908-1-hyperv devstack@placement-api.service[107542]: DEBUG dbcounter [-] [107542] Writing DB stats placement:SELECT=13 {{(pid=107542) stat_writer /usr/local/lib/python3.8/dist-packages/dbcounter.py:114}}
Sep 24 21:49:31.505364 dv-neutron-858908-1-hyperv devstack@placement-api.service[107541]: DEBUG dbcounter [-] [107541] Writing DB stats placement:SELECT=21 {{(pid=107541) stat_writer /usr/local/lib/python3.8/dist-packages/dbcounter.py:114}}
Sep 24 21:50:07.478411 dv-neutron-858908-1-hyperv devstack@placement-api.service[107542]: DEBUG placement.requestlog [req-e4dc6383-5b4c-4e7e-a429-465a662aecf3 req-a13d2e7a-8bee-4314-90b1-b204e7575c20 None None] Starting request: 10.222.0.50 "GET /placement/allocation_candidates?limit=1000&resources=DISK_GB%3A1%2CMEMORY_MB%3A1024%2CVCPU%3A1&root_required=%21COMPUTE_STATUS_DISABLED" {{(pid=107542) __call__ /opt/stack/placement/placement/requestlog.py:55}}
