Sep 22 16:56:57.058273 dv-neutron-858879-2-hyperv devstack@placement-api.service[107751]: DEBUG placement.objects.research_context [req-4efc4f8e-9ba5-41f9-b0b5-0b51bc8b8dfd req-8679abd6-6230-449b-9e79-127df21b4d8b service placement] found 1 providers after filtering by previous result {{(pid=107751) get_provider_ids_matching /opt/stack/placement/placement/objects/research_context.py:594}}
Sep 22 16:56:57.068510 dv-neutron-858879-2-hyperv devstack@placement-api.service[107751]: DEBUG placement.objects.allocation_candidate [req-4efc4f8e-9ba5-41f9-b0b5-0b51bc8b8dfd req-8679abd6-6230-449b-9e79-127df21b4d8b service placement] RequestGroup(use_same_provider=False, resources={MEMORY_MB:1024, VCPU:1}, traits=(), aggregates=[]) (suffix '') returned 1 matches {{(pid=107751) _get_by_requests /opt/stack/placement/placement/objects/allocation_candidate.py:156}}
Sep 22 16:56:57.068835 dv-neutron-858879-2-hyperv devstack@placement-api.service[107751]: DEBUG placement.objects.allocation_candidate [req-4efc4f8e-9ba5-41f9-b0b5-0b51bc8b8dfd req-8679abd6-6230-449b-9e79-127df21b4d8b service placement] Merging candidates yields 1 allocation requests and 1 provider summaries {{(pid=107751) _merge_candidates /opt/stack/placement/placement/objects/allocation_candidate.py:809}}
Sep 22 16:56:57.070255 dv-neutron-858879-2-hyperv devstack@placement-api.service[107751]: INFO placement.requestlog [req-4efc4f8e-9ba5-41f9-b0b5-0b51bc8b8dfd req-8679abd6-6230-449b-9e79-127df21b4d8b service placement] 10.222.0.48 "GET /placement/allocation_candidates?limit=1000&resources=MEMORY_MB%3A1024%2CVCPU%3A1&root_required=%21COMPUTE_STATUS_DISABLED" status: 200 len: 750 microversion: 1.36
Sep 22 16:56:57.070591 dv-neutron-858879-2-hyperv devstack@placement-api.service[107751]: [pid: 107751|app: 0|req: 546/1094] 10.222.0.48 () {60 vars in 1478 bytes} [Thu Sep 22 16:56:56 2022] GET /placement/allocation_candidates?limit=1000&resources=MEMORY_MB%3A1024%2CVCPU%3A1&root_required=%21COMPUTE_STATUS_DISABLED => generated 750 bytes in 107 msecs (HTTP/1.1 200) 8 headers in 296 bytes (1 switches on core 0)
Sep 22 16:56:57.108189 dv-neutron-858879-2-hyperv devstack@placement-api.service[107752]: DEBUG placement.requestlog [req-4efc4f8e-9ba5-41f9-b0b5-0b51bc8b8dfd req-3123a52a-6bbe-45c3-b254-9e964a64e4b5 None None] Starting request: 10.222.0.48 "GET /placement/allocations/b4a20b6e-0eb8-4957-9b70-d829ba878972" {{(pid=107752) __call__ /opt/stack/placement/placement/requestlog.py:55}}
Sep 22 16:56:57.119300 dv-neutron-858879-2-hyperv devstack@placement-api.service[107752]: INFO placement.requestlog [req-4efc4f8e-9ba5-41f9-b0b5-0b51bc8b8dfd req-3123a52a-6bbe-45c3-b254-9e964a64e4b5 service placement] 10.222.0.48 "GET /placement/allocations/b4a20b6e-0eb8-4957-9b70-d829ba878972" status: 200 len: 19 microversion: 1.28
Sep 22 16:56:57.119905 dv-neutron-858879-2-hyperv devstack@placement-api.service[107752]: [pid: 107752|app: 0|req: 549/1095] 10.222.0.48 () {60 vars in 1380 bytes} [Thu Sep 22 16:56:57 2022] GET /placement/allocations/b4a20b6e-0eb8-4957-9b70-d829ba878972 => generated 19 bytes in 12 msecs (HTTP/1.1 200) 8 headers in 295 bytes (1 switches on core 0)
Sep 22 16:56:57.125013 dv-neutron-858879-2-hyperv devstack@placement-api.service[107751]: DEBUG placement.requestlog [req-4efc4f8e-9ba5-41f9-b0b5-0b51bc8b8dfd req-d9947dd2-0be7-42e1-ab99-48098c2329fc None None] Starting request: 10.222.0.48 "PUT /placement/allocations/b4a20b6e-0eb8-4957-9b70-d829ba878972" {{(pid=107751) __call__ /opt/stack/placement/placement/requestlog.py:55}}
Sep 22 16:56:57.185951 dv-neutron-858879-2-hyperv devstack@placement-api.service[107751]: DEBUG placement.handlers.allocation [req-4efc4f8e-9ba5-41f9-b0b5-0b51bc8b8dfd req-d9947dd2-0be7-42e1-ab99-48098c2329fc service placement] Successfully wrote allocations [, ] {{(pid=107751) _update_consumers_and_create_allocations /opt/stack/placement/placement/handlers/allocation.py:462}}
Sep 22 16:56:57.190493 dv-neutron-858879-2-hyperv devstack@placement-api.service[107751]: INFO placement.requestlog [req-4efc4f8e-9ba5-41f9-b0b5-0b51bc8b8dfd req-d9947dd2-0be7-42e1-ab99-48098c2329fc service placement] 10.222.0.48 "PUT /placement/allocations/b4a20b6e-0eb8-4957-9b70-d829ba878972" status: 204 len: 0 microversion: 1.36
Sep 22 16:56:57.191055 dv-neutron-858879-2-hyperv devstack@placement-api.service[107751]: [pid: 107751|app: 0|req: 547/1096] 10.222.0.48 () {64 vars in 1433 bytes} [Thu Sep 22 16:56:57 2022] PUT /placement/allocations/b4a20b6e-0eb8-4957-9b70-d829ba878972 => generated 0 bytes in 66 msecs (HTTP/1.1 204) 5 headers in 199 bytes (2 switches on core 0)
Sep 22 16:57:02.051786 dv-neutron-858879-2-hyperv devstack@placement-api.service[107752]: DEBUG placement.requestlog [req-4efc4f8e-9ba5-41f9-b0b5-0b51bc8b8dfd req-7d6a55c0-bcbd-47a0-9668-4b7a264ba55e None None] Starting request: 10.222.0.52 "GET /placement/allocations/b4a20b6e-0eb8-4957-9b70-d829ba878972" {{(pid=107752) __call__ /opt/stack/placement/placement/requestlog.py:55}}
Sep 22 16:57:02.067077 dv-neutron-858879-2-hyperv devstack@placement-api.service[107752]: INFO placement.requestlog [req-4efc4f8e-9ba5-41f9-b0b5-0b51bc8b8dfd req-7d6a55c0-bcbd-47a0-9668-4b7a264ba55e service placement] 10.222.0.52 "GET /placement/allocations/b4a20b6e-0eb8-4957-9b70-d829ba878972" status: 200 len: 245 microversion: 1.28
Sep 22 16:57:02.067403 dv-neutron-858879-2-hyperv devstack@placement-api.service[107752]: [pid: 107752|app: 0|req: 550/1097] 10.222.0.52 () {60 vars in 1377 bytes} [Thu Sep 22 16:57:02 2022] GET /placement/allocations/b4a20b6e-0eb8-4957-9b70-d829ba878972 => generated 245 bytes in 16 msecs (HTTP/1.1 200) 8 headers in 296 bytes (1 switches on core 0)
Sep 22 16:57:02.200837 dv-neutron-858879-2-hyperv devstack@placement-api.service[107751]: DEBUG placement.requestlog [req-4efc4f8e-9ba5-41f9-b0b5-0b51bc8b8dfd req-0420fe88-1709-4e9a-9743-e0f8b43355ee None None] Starting request: 10.222.0.52 "GET /placement/resource_providers/b7c66c30-15e9-46c9-a921-b3a443fa9b3b/allocations" {{(pid=107751) __call__ /opt/stack/placement/placement/requestlog.py:55}}
Sep 22 16:57:02.222132 dv-neutron-858879-2-hyperv devstack@placement-api.service[107751]: INFO placement.requestlog [req-4efc4f8e-9ba5-41f9-b0b5-0b51bc8b8dfd req-0420fe88-1709-4e9a-9743-e0f8b43355ee service placement] 10.222.0.52 "GET /placement/resource_providers/b7c66c30-15e9-46c9-a921-b3a443fa9b3b/allocations" status: 200 len: 140 microversion: 1.0
Sep 22 16:57:02.222456 dv-neutron-858879-2-hyperv devstack@placement-api.service[107751]: [pid: 107751|app: 0|req: 548/1098] 10.222.0.52 () {58 vars in 1390 bytes} [Thu Sep 22 16:57:02 2022] GET /placement/resource_providers/b7c66c30-15e9-46c9-a921-b3a443fa9b3b/allocations => generated 140 bytes in 22 msecs (HTTP/1.1 200) 6 headers in 224 bytes (1 switches on core 0)
Sep 22 16:57:02.228943 dv-neutron-858879-2-hyperv devstack@placement-api.service[107752]: DEBUG placement.requestlog [req-4efc4f8e-9ba5-41f9-b0b5-0b51bc8b8dfd req-8fad916d-37d8-4a14-a81f-faaf44669396 None None] Starting request: 10.222.0.52 "GET /placement/allocations/b4a20b6e-0eb8-4957-9b70-d829ba878972" {{(pid=107752) __call__ /opt/stack/placement/placement/requestlog.py:55}}
Sep 22 16:57:02.244054 dv-neutron-858879-2-hyperv devstack@placement-api.service[107752]: INFO placement.requestlog [req-4efc4f8e-9ba5-41f9-b0b5-0b51bc8b8dfd req-8fad916d-37d8-4a14-a81f-faaf44669396 service placement] 10.222.0.52 "GET /placement/allocations/b4a20b6e-0eb8-4957-9b70-d829ba878972" status: 200 len: 245 microversion: 1.28
Sep 22 16:57:02.244492 dv-neutron-858879-2-hyperv devstack@placement-api.service[107752]: [pid: 107752|app: 0|req: 551/1099] 10.222.0.52 () {60 vars in 1377 bytes} [Thu Sep 22 16:57:02 2022] GET /placement/allocations/b4a20b6e-0eb8-4957-9b70-d829ba878972 => generated 245 bytes in 16 msecs (HTTP/1.1 200) 8 headers in 296 bytes (1 switches on core 0)
Sep 22 16:57:04.619947 dv-neutron-858879-2-hyperv devstack@placement-api.service[107751]: DEBUG placement.requestlog [req-49a2e4bb-61da-43cd-a95a-2ea1da7e7c20 req-672dd329-26a0-4a60-b165-e1117027698b None None] Starting request: 10.222.0.52 "GET /placement/resource_providers/b7c66c30-15e9-46c9-a921-b3a443fa9b3b/allocations" {{(pid=107751) __call__ /opt/stack/placement/placement/requestlog.py:55}}
Sep 22 16:57:04.639391 dv-neutron-858879-2-hyperv devstack@placement-api.service[107751]: INFO placement.requestlog [req-49a2e4bb-61da-43cd-a95a-2ea1da7e7c20 req-672dd329-26a0-4a60-b165-e1117027698b service placement] 10.222.0.52 "GET /placement/resource_providers/b7c66c30-15e9-46c9-a921-b3a443fa9b3b/allocations" status: 200 len: 140 microversion: 1.0
Sep 22 16:57:04.639706 dv-neutron-858879-2-hyperv devstack@placement-api.service[107751]: [pid: 107751|app: 0|req: 549/1100] 10.222.0.52 () {58 vars in 1390 bytes} [Thu Sep 22 16:57:04 2022] GET /placement/resource_providers/b7c66c30-15e9-46c9-a921-b3a443fa9b3b/allocations => generated 140 bytes in 20 msecs (HTTP/1.1 200) 6 headers in 224 bytes (1 switches on core 0)
Sep 22 16:57:04.675281 dv-neutron-858879-2-hyperv devstack@placement-api.service[107752]: DEBUG placement.requestlog [req-49a2e4bb-61da-43cd-a95a-2ea1da7e7c20 req-15516d67-2ea3-4768-86d5-b2ea0b2fb0d4 None None] Starting request: 10.222.0.52 "GET /placement/resource_providers/b7c66c30-15e9-46c9-a921-b3a443fa9b3b/allocations" {{(pid=107752) __call__ /opt/stack/placement/placement/requestlog.py:55}}
Sep 22 16:57:04.696255 dv-neutron-858879-2-hyperv devstack@placement-api.service[107752]: INFO placement.requestlog [req-49a2e4bb-61da-43cd-a95a-2ea1da7e7c20 req-15516d67-2ea3-4768-86d5-b2ea0b2fb0d4 service placement] 10.222.0.52 "GET /placement/resource_providers/b7c66c30-15e9-46c9-a921-b3a443fa9b3b/allocations" status: 200 len: 140 microversion: 1.0
Sep 22 16:57:04.696577 dv-neutron-858879-2-hyperv devstack@placement-api.service[107752]: [pid: 107752|app: 0|req: 552/1101] 10.222.0.52 () {58 vars in 1390 bytes} [Thu Sep 22 16:57:04 2022] GET /placement/resource_providers/b7c66c30-15e9-46c9-a921-b3a443fa9b3b/allocations => generated 140 bytes in 22 msecs (HTTP/1.1 200) 6 headers in 224 bytes (2 switches on core 0)
Sep 22 16:57:04.702968 dv-neutron-858879-2-hyperv devstack@placement-api.service[107751]: DEBUG placement.requestlog [req-49a2e4bb-61da-43cd-a95a-2ea1da7e7c20 req-026c2abe-f654-464a-8cfc-cf26f10b71d7 None None] Starting request: 10.222.0.52 "GET /placement/allocations/b4a20b6e-0eb8-4957-9b70-d829ba878972" {{(pid=107751) __call__ /opt/stack/placement/placement/requestlog.py:55}}
Sep 22 16:57:04.717129 dv-neutron-858879-2-hyperv devstack@placement-api.service[107751]: INFO placement.requestlog [req-49a2e4bb-61da-43cd-a95a-2ea1da7e7c20 req-026c2abe-f654-464a-8cfc-cf26f10b71d7 service placement] 10.222.0.52 "GET /placement/allocations/b4a20b6e-0eb8-4957-9b70-d829ba878972" status: 200 len: 245 microversion: 1.28
Sep 22 16:57:04.717446 dv-neutron-858879-2-hyperv devstack@placement-api.service[107751]: [pid: 107751|app: 0|req: 550/1102] 10.222.0.52 () {60 vars in 1377 bytes} [Thu Sep 22 16:57:04 2022] GET /placement/allocations/b4a20b6e-0eb8-4957-9b70-d829ba878972 => generated 245 bytes in 15 msecs (HTTP/1.1 200) 8 headers in 296 bytes (2 switches on core 0)
Sep 22 16:57:14.694159 dv-neutron-858879-2-hyperv devstack@placement-api.service[107752]: DEBUG dbcounter [-] [107752] Writing DB stats placement:SELECT=20 {{(pid=107752) stat_writer /usr/local/lib/python3.8/dist-packages/dbcounter.py:114}}
Sep 22 16:57:14.715015 dv-neutron-858879-2-hyperv devstack@placement-api.service[107751]: DEBUG dbcounter [-] [107751] Writing DB stats placement:SELECT=47,placement:DELETE=4,placement:INSERT=3,placement:UPDATE=2 {{(pid=107751) stat_writer /usr/local/lib/python3.8/dist-packages/dbcounter.py:114}}
Sep 22 16:58:05.637524 dv-neutron-858879-2-hyperv devstack@placement-api.service[107752]: DEBUG placement.requestlog [req-a281adfd-7b44-45a0-aaca-1870c797e140 req-930ba195-bc82-4544-8151-1fb45a6d4b06 None None] Starting request: 10.222.0.52 "GET /placement/resource_providers/b7c66c30-15e9-46c9-a921-b3a443fa9b3b/allocations" {{(pid=107752) __call__ /opt/stack/placement/placement/requestlog.py:55}}
Sep 22 16:58:05.662008 dv-neutron-858879-2-hyperv devstack@placement-api.service[107752]: INFO placement.requestlog [req-a281adfd-7b44-45a0-aaca-1870c797e140 req-930ba195-bc82-4544-8151-1fb45a6d4b06 service placement] 10.222.0.52 "GET /placement/resource_providers/b7c66c30-15e9-46c9-a921-b3a443fa9b3b/allocations" status: 200 len: 140 microversion: 1.0
Sep 22 16:58:05.662354 dv-neutron-858879-2-hyperv devstack@placement-api.service[107752]: [pid: 107752|app: 0|req: 553/1103] 10.222.0.52 () {58 vars in 1390 bytes} [Thu Sep 22 16:58:05 2022] GET /placement/resource_providers/b7c66c30-15e9-46c9-a921-b3a443fa9b3b/allocations => generated 140 bytes in 25 msecs (HTTP/1.1 200) 6 headers in 224 bytes (1 switches on core 0)
Sep 22 16:58:05.698039 dv-neutron-858879-2-hyperv devstack@placement-api.service[107751]: DEBUG placement.requestlog [req-a281adfd-7b44-45a0-aaca-1870c797e140 req-bca819b3-21bf-487d-a5a4-49903aee13c2 None None] Starting request: 10.222.0.52 "GET /placement/resource_providers/b7c66c30-15e9-46c9-a921-b3a443fa9b3b/allocations" {{(pid=107751) __call__ /opt/stack/placement/placement/requestlog.py:55}}
Sep 22 16:58:05.720395 dv-neutron-858879-2-hyperv devstack@placement-api.service[107751]: INFO placement.requestlog [req-a281adfd-7b44-45a0-aaca-1870c797e140 req-bca819b3-21bf-487d-a5a4-49903aee13c2 service placement] 10.222.0.52 "GET /placement/resource_providers/b7c66c30-15e9-46c9-a921-b3a443fa9b3b/allocations" status: 200 len: 140 microversion: 1.0
Sep 22 16:58:05.720737 dv-neutron-858879-2-hyperv devstack@placement-api.service[107751]: [pid: 107751|app: 0|req: 551/1104] 10.222.0.52 () {58 vars in 1390 bytes} [Thu Sep 22 16:58:05 2022] GET /placement/resource_providers/b7c66c30-15e9-46c9-a921-b3a443fa9b3b/allocations => generated 140 bytes in 23 msecs (HTTP/1.1 200) 6 headers in 224 bytes (1 switches on core 0)
Sep 22 16:58:05.726767 dv-neutron-858879-2-hyperv devstack@placement-api.service[107752]: DEBUG placement.requestlog [req-a281adfd-7b44-45a0-aaca-1870c797e140 req-2e295925-f3c1-4d1e-9b12-c190154f7295 None None] Starting request: 10.222.0.52 "GET /placement/allocations/b4a20b6e-0eb8-4957-9b70-d829ba878972" {{(pid=107752) __call__ /opt/stack/placement/placement/requestlog.py:55}}
Sep 22 16:58:05.740923 dv-neutron-858879-2-hyperv devstack@placement-api.service[107752]: INFO placement.requestlog [req-a281adfd-7b44-45a0-aaca-1870c797e140 req-2e295925-f3c1-4d1e-9b12-c190154f7295 service placement] 10.222.0.52 "GET /placement/allocations/b4a20b6e-0eb8-4957-9b70-d829ba878972" status: 200 len: 245 microversion: 1.28
Sep 22 16:58:05.741249 dv-neutron-858879-2-hyperv devstack@placement-api.service[107752]: [pid: 107752|app: 0|req: 554/1105] 10.222.0.52 () {60 vars in 1377 bytes} [Thu Sep 22 16:58:05 2022] GET /placement/allocations/b4a20b6e-0eb8-4957-9b70-d829ba878972 => generated 245 bytes in 15 msecs (HTTP/1.1 200) 8 headers in 296 bytes (1 switches on core 0)
Sep 22 16:58:15.718184 dv-neutron-858879-2-hyperv devstack@placement-api.service[107751]: DEBUG dbcounter [-] [107751] Writing DB stats placement:SELECT=6 {{(pid=107751) stat_writer /usr/local/lib/python3.8/dist-packages/dbcounter.py:114}}
Sep 22 16:58:15.738713 dv-neutron-858879-2-hyperv devstack@placement-api.service[107752]: DEBUG dbcounter [-] [107752] Writing DB stats placement:SELECT=10 {{(pid=107752) stat_writer /usr/local/lib/python3.8/dist-packages/dbcounter.py:114}}
Sep 22 16:58:34.570347 dv-neutron-858879-2-hyperv devstack@placement-api.service[107751]: DEBUG placement.requestlog [req-05322e6f-ba8f-41e2-b393-24ffa1a30192 req-78a046b8-c966-49d2-b538-de2d3c8b40cd None None] Starting request: 10.222.0.52 "GET /placement/resource_providers/b7c66c30-15e9-46c9-a921-b3a443fa9b3b/allocations" {{(pid=107751) __call__ /opt/stack/placement/placement/requestlog.py:55}}
Sep 22 16:58:34.590896 dv-neutron-858879-2-hyperv devstack@placement-api.service[107751]: INFO placement.requestlog [req-05322e6f-ba8f-41e2-b393-24ffa1a30192 req-78a046b8-c966-49d2-b538-de2d3c8b40cd service placement] 10.222.0.52 "GET /placement/resource_providers/b7c66c30-15e9-46c9-a921-b3a443fa9b3b/allocations" status: 200 len: 140 microversion: 1.0
Sep 22 16:58:34.591265 dv-neutron-858879-2-hyperv devstack@placement-api.service[107751]: [pid: 107751|app: 0|req: 552/1106] 10.222.0.52 () {58 vars in 1390 bytes} [Thu Sep 22 16:58:34 2022] GET /placement/resource_providers/b7c66c30-15e9-46c9-a921-b3a443fa9b3b/allocations => generated 140 bytes in 21 msecs (HTTP/1.1 200) 6 headers in 224 bytes (1 switches on core 0)
Sep 22 16:58:34.597454 dv-neutron-858879-2-hyperv devstack@placement-api.service[107752]: DEBUG placement.requestlog [req-05322e6f-ba8f-41e2-b393-24ffa1a30192 req-776496f2-c137-4ce9-888d-b9c3a84d76a9 None None] Starting request: 10.222.0.52 "GET /placement/allocations/b4a20b6e-0eb8-4957-9b70-d829ba878972" {{(pid=107752) __call__ /opt/stack/placement/placement/requestlog.py:55}}
Sep 22 16:58:34.613217 dv-neutron-858879-2-hyperv devstack@placement-api.service[107752]: INFO placement.requestlog [req-05322e6f-ba8f-41e2-b393-24ffa1a30192 req-776496f2-c137-4ce9-888d-b9c3a84d76a9 service placement] 10.222.0.52 "GET /placement/allocations/b4a20b6e-0eb8-4957-9b70-d829ba878972" status: 200 len: 245 microversion: 1.28
Sep 22 16:58:34.613481 dv-neutron-858879-2-hyperv devstack@placement-api.service[107752]: [pid: 107752|app: 0|req: 555/1107] 10.222.0.52 () {60 vars in 1377 bytes} [Thu Sep 22 16:58:34 2022] GET /placement/allocations/b4a20b6e-0eb8-4957-9b70-d829ba878972 => generated 245 bytes in 16 msecs (HTTP/1.1 200) 8 headers in 296 bytes (1 switches on core 0)
Sep 22 16:58:34.825123 dv-neutron-858879-2-hyperv devstack@placement-api.service[107751]: DEBUG placement.requestlog [req-05322e6f-ba8f-41e2-b393-24ffa1a30192 req-a1a7bf67-dbc5-47ab-b9c8-7160611a1824 None None] Starting request: 10.222.0.52 "DELETE /placement/allocations/b4a20b6e-0eb8-4957-9b70-d829ba878972" {{(pid=107751) __call__ /opt/stack/placement/placement/requestlog.py:55}}
Sep 22 16:58:34.855178 dv-neutron-858879-2-hyperv devstack@placement-api.service[107751]: DEBUG placement.handlers.allocation [req-05322e6f-ba8f-41e2-b393-24ffa1a30192 req-a1a7bf67-dbc5-47ab-b9c8-7160611a1824 service placement] Successfully deleted allocations [, ] {{(pid=107751) delete_allocations /opt/stack/placement/placement/handlers/allocation.py:627}}
Sep 22 16:58:34.855655 dv-neutron-858879-2-hyperv devstack@placement-api.service[107751]: INFO placement.requestlog [req-05322e6f-ba8f-41e2-b393-24ffa1a30192 req-a1a7bf67-dbc5-47ab-b9c8-7160611a1824 service placement] 10.222.0.52 "DELETE /placement/allocations/b4a20b6e-0eb8-4957-9b70-d829ba878972" status: 204 len: 0 microversion: 1.0
Sep 22 16:58:34.856138 dv-neutron-858879-2-hyperv devstack@placement-api.service[107751]: [pid: 107751|app: 0|req: 553/1108] 10.222.0.52 () {60 vars in 1355 bytes} [Thu Sep 22 16:58:34 2022] DELETE /placement/allocations/b4a20b6e-0eb8-4957-9b70-d829ba878972 => generated 0 bytes in 31 msecs (HTTP/1.1 204) 5 headers in 198 bytes (1 switches on core 0)
Sep 22 16:58:38.845712 dv-neutron-858879-2-hyperv devstack@placement-api.service[107752]: DEBUG placement.requestlog [None req-d39e5b46-f6e8-49ca-a6b5-466a0d9f81d3 None None] Starting request: 10.222.0.48 "GET /placement/resource_providers/13e1d5c6-5c65-48ad-b24d-95e1aef86dfb/aggregates" {{(pid=107752) __call__ /opt/stack/placement/placement/requestlog.py:55}}
Sep 22 16:58:38.917247 dv-neutron-858879-2-hyperv devstack@placement-api.service[107752]: INFO placement.requestlog [None req-d39e5b46-f6e8-49ca-a6b5-466a0d9f81d3 service placement] 10.222.0.48 "GET /placement/resource_providers/13e1d5c6-5c65-48ad-b24d-95e1aef86dfb/aggregates" status: 404 len: 235 microversion: 1.1
Sep 22 16:58:38.917592 dv-neutron-858879-2-hyperv devstack@placement-api.service[107752]: [pid: 107752|app: 0|req: 556/1109] 10.222.0.48 () {58 vars in 1362 bytes} [Thu Sep 22 16:58:38 2022] GET /placement/resource_providers/13e1d5c6-5c65-48ad-b24d-95e1aef86dfb/aggregates => generated 235 bytes in 72 msecs (HTTP/1.1 404) 5 headers in 202 bytes (1 switches on core 0)
Sep 22 16:58:39.193407 dv-neutron-858879-2-hyperv devstack@placement-api.service[107751]: DEBUG placement.requestlog [None req-e5644fde-e37e-4a1f-94fe-06d612bfc771 None None] Starting request: 10.222.0.48 "DELETE /placement/resource_providers/13e1d5c6-5c65-48ad-b24d-95e1aef86dfb" {{(pid=107751) __call__ /opt/stack/placement/placement/requestlog.py:55}}
Sep 22 16:58:39.203691 dv-neutron-858879-2-hyperv devstack@placement-api.service[107751]: DEBUG placement.wsgi_wrapper [None req-e5644fde-e37e-4a1f-94fe-06d612bfc771 service placement] Placement API returning an error response: No resource provider with uuid 13e1d5c6-5c65-48ad-b24d-95e1aef86dfb found for delete {{(pid=107751) call_func /opt/stack/placement/placement/wsgi_wrapper.py:31}}
Sep 22 16:58:39.204393 dv-neutron-858879-2-hyperv devstack@placement-api.service[107751]: INFO placement.requestlog [None req-e5644fde-e37e-4a1f-94fe-06d612bfc771 service placement] 10.222.0.48 "DELETE /placement/resource_providers/13e1d5c6-5c65-48ad-b24d-95e1aef86dfb" status: 404 len: 246 microversion: 1.1
Sep 22 16:58:39.204851 dv-neutron-858879-2-hyperv devstack@placement-api.service[107751]: [pid: 107751|app: 0|req: 554/1110] 10.222.0.48 () {60 vars in 1351 bytes} [Thu Sep 22 16:58:39 2022] DELETE /placement/resource_providers/13e1d5c6-5c65-48ad-b24d-95e1aef86dfb => generated 246 bytes in 12 msecs (HTTP/1.1 404) 6 headers in 231 bytes (1 switches on core 0)
Sep 22 16:58:42.372868 dv-neutron-858879-2-hyperv devstack@placement-api.service[107752]: DEBUG placement.requestlog [None req-08221dc6-1ab0-4404-9ef0-c71990041360 None None] Starting request: 10.222.0.48 "GET /placement/resource_providers/33a1c5f8-390b-4033-b932-a34cf80bd62b/aggregates" {{(pid=107752) __call__ /opt/stack/placement/placement/requestlog.py:55}}
Sep 22 16:58:42.436736 dv-neutron-858879-2-hyperv devstack@placement-api.service[107752]: INFO placement.requestlog [None req-08221dc6-1ab0-4404-9ef0-c71990041360 service placement] 10.222.0.48 "GET /placement/resource_providers/33a1c5f8-390b-4033-b932-a34cf80bd62b/aggregates" status: 404 len: 235 microversion: 1.1
Sep 22 16:58:42.437883 dv-neutron-858879-2-hyperv devstack@placement-api.service[107752]: [pid: 107752|app: 0|req: 557/1111] 10.222.0.48 () {58 vars in 1362 bytes} [Thu Sep 22 16:58:42 2022] GET /placement/resource_providers/33a1c5f8-390b-4033-b932-a34cf80bd62b/aggregates => generated 235 bytes in 65 msecs (HTTP/1.1 404) 5 headers in 202 bytes (2 switches on core 0)
Sep 22 16:58:42.456107 dv-neutron-858879-2-hyperv devstack@placement-api.service[107751]: DEBUG placement.requestlog [None req-015f92ee-7382-4179-9ddd-9fb8229da500 None None] Starting request: 10.222.0.48 "DELETE /placement/resource_providers/33a1c5f8-390b-4033-b932-a34cf80bd62b" {{(pid=107751) __call__ /opt/stack/placement/placement/requestlog.py:55}}
Sep 22 16:58:42.471231 dv-neutron-858879-2-hyperv devstack@placement-api.service[107751]: DEBUG placement.wsgi_wrapper [None req-015f92ee-7382-4179-9ddd-9fb8229da500 service placement] Placement API returning an error response: No resource provider with uuid 33a1c5f8-390b-4033-b932-a34cf80bd62b found for delete {{(pid=107751) call_func /opt/stack/placement/placement/wsgi_wrapper.py:31}}
Sep 22 16:58:42.472234 dv-neutron-858879-2-hyperv devstack@placement-api.service[107751]: INFO placement.requestlog [None req-015f92ee-7382-4179-9ddd-9fb8229da500 service placement] 10.222.0.48 "DELETE /placement/resource_providers/33a1c5f8-390b-4033-b932-a34cf80bd62b" status: 404 len: 246 microversion: 1.1
Sep 22 16:58:42.472585 dv-neutron-858879-2-hyperv devstack@placement-api.service[107751]: [pid: 107751|app: 0|req: 555/1112] 10.222.0.48 () {60 vars in 1351 bytes} [Thu Sep 22 16:58:42 2022] DELETE /placement/resource_providers/33a1c5f8-390b-4033-b932-a34cf80bd62b => generated 246 bytes in 17 msecs (HTTP/1.1 404) 6 headers in 231 bytes (1 switches on core 0)
Sep 22 16:58:52.439440 dv-neutron-858879-2-hyperv devstack@placement-api.service[107752]: DEBUG dbcounter [-] [107752] Writing DB stats placement:SELECT=8 {{(pid=107752) stat_writer /usr/local/lib/python3.8/dist-packages/dbcounter.py:114}}
Sep 22 16:58:52.469024 dv-neutron-858879-2-hyperv devstack@placement-api.service[107751]: DEBUG dbcounter [-] [107751] Writing DB stats placement:SELECT=17,placement:DELETE=2 {{(pid=107751) stat_writer /usr/local/lib/python3.8/dist-packages/dbcounter.py:114}}
Sep 22 16:58:54.961407 dv-neutron-858879-2-hyperv devstack@placement-api.service[107752]: DEBUG placement.requestlog [req-823b785e-1e44-474d-9011-3897274943bb req-ad9d4058-6cdc-4ebe-a756-a7cac0089565 None None] Starting request: 10.222.0.48 "GET /placement/allocation_candidates?limit=1000&resources=DISK_GB%3A1%2CMEMORY_MB%3A1024%2CVCPU%3A1&root_required=%21COMPUTE_STATUS_DISABLED" {{(pid=107752) __call__ /opt/stack/placement/placement/requestlog.py:55}}
Sep 22 16:58:55.060383 dv-neutron-858879-2-hyperv devstack@placement-api.service[107752]: DEBUG placement.objects.research_context [req-823b785e-1e44-474d-9011-3897274943bb req-ad9d4058-6cdc-4ebe-a756-a7cac0089565 service placement] getting providers with 1 DISK_GB {{(pid=107752) __init__ /opt/stack/placement/placement/objects/research_context.py:136}}
Sep 22 16:58:55.066833 dv-neutron-858879-2-hyperv devstack@placement-api.service[107752]: DEBUG placement.objects.research_context [req-823b785e-1e44-474d-9011-3897274943bb req-ad9d4058-6cdc-4ebe-a756-a7cac0089565 service placement] getting providers with 1024 MEMORY_MB {{(pid=107752) __init__ /opt/stack/placement/placement/objects/research_context.py:136}}
Sep 22 16:58:55.072714 dv-neutron-858879-2-hyperv devstack@placement-api.service[107752]: DEBUG placement.objects.research_context [req-823b785e-1e44-474d-9011-3897274943bb req-ad9d4058-6cdc-4ebe-a756-a7cac0089565 service placement] getting providers with 1 VCPU {{(pid=107752) __init__ /opt/stack/placement/placement/objects/research_context.py:136}}
Sep 22 16:58:55.078659 dv-neutron-858879-2-hyperv devstack@placement-api.service[107752]: DEBUG placement.objects.research_context [req-823b785e-1e44-474d-9011-3897274943bb req-ad9d4058-6cdc-4ebe-a756-a7cac0089565 service placement] found 1 providers with available 1 DISK_GB {{(pid=107752) get_provider_ids_matching /opt/stack/placement/placement/objects/research_context.py:563}}
Sep 22 16:58:55.079017 dv-neutron-858879-2-hyperv devstack@placement-api.service[107752]: DEBUG placement.objects.research_context [req-823b785e-1e44-474d-9011-3897274943bb req-ad9d4058-6cdc-4ebe-a756-a7cac0089565 service placement] found 1 providers with available 1024 MEMORY_MB {{(pid=107752) get_provider_ids_matching /opt/stack/placement/placement/objects/research_context.py:563}}
Sep 22 16:58:55.079353 dv-neutron-858879-2-hyperv devstack@placement-api.service[107752]: DEBUG placement.objects.research_context [req-823b785e-1e44-474d-9011-3897274943bb req-ad9d4058-6cdc-4ebe-a756-a7cac0089565 service placement] found 1 providers after filtering by previous result {{(pid=107752) get_provider_ids_matching /opt/stack/placement/placement/objects/research_context.py:594}}
Sep 22 16:58:55.079672 dv-neutron-858879-2-hyperv devstack@placement-api.service[107752]: DEBUG placement.objects.research_context [req-823b785e-1e44-474d-9011-3897274943bb req-ad9d4058-6cdc-4ebe-a756-a7cac0089565 service placement] found 1 providers with available 1 VCPU {{(pid=107752) get_provider_ids_matching /opt/stack/placement/placement/objects/research_context.py:563}}
Sep 22 16:58:55.080038 dv-neutron-858879-2-hyperv devstack@placement-api.service[107752]: DEBUG placement.objects.research_context [req-823b785e-1e44-474d-9011-3897274943bb req-ad9d4058-6cdc-4ebe-a756-a7cac0089565 service placement] found 1 providers after filtering by previous result {{(pid=107752) get_provider_ids_matching /opt/stack/placement/placement/objects/research_context.py:594}}
Sep 22 16:58:55.091112 dv-neutron-858879-2-hyperv devstack@placement-api.service[107752]: DEBUG placement.objects.allocation_candidate [req-823b785e-1e44-474d-9011-3897274943bb req-ad9d4058-6cdc-4ebe-a756-a7cac0089565 service placement] RequestGroup(use_same_provider=False, resources={DISK_GB:1, MEMORY_MB:1024, VCPU:1}, traits=(), aggregates=[]) (suffix '') returned 1 matches {{(pid=107752) _get_by_requests /opt/stack/placement/placement/objects/allocation_candidate.py:156}}
Sep 22 16:58:55.091522 dv-neutron-858879-2-hyperv devstack@placement-api.service[107752]: DEBUG placement.objects.allocation_candidate [req-823b785e-1e44-474d-9011-3897274943bb req-ad9d4058-6cdc-4ebe-a756-a7cac0089565 service placement] Merging candidates yields 1 allocation requests and 1 provider summaries {{(pid=107752) _merge_candidates /opt/stack/placement/placement/objects/allocation_candidate.py:809}}
Sep 22 16:58:55.093326 dv-neutron-858879-2-hyperv devstack@placement-api.service[107752]: INFO placement.requestlog [req-823b785e-1e44-474d-9011-3897274943bb req-ad9d4058-6cdc-4ebe-a756-a7cac0089565 service placement] 10.222.0.48 "GET /placement/allocation_candidates?limit=1000&resources=DISK_GB%3A1%2CMEMORY_MB%3A1024%2CVCPU%3A1&root_required=%21COMPUTE_STATUS_DISABLED" status: 200 len: 764 microversion: 1.36
Sep 22 16:58:55.093755 dv-neutron-858879-2-hyperv devstack@placement-api.service[107752]: [pid: 107752|app: 0|req: 558/1113] 10.222.0.48 () {60 vars in 1506 bytes} [Thu Sep 22 16:58:54 2022] GET /placement/allocation_candidates?limit=1000&resources=DISK_GB%3A1%2CMEMORY_MB%3A1024%2CVCPU%3A1&root_required=%21COMPUTE_STATUS_DISABLED => generated 764 bytes in 133 msecs (HTTP/1.1 200) 8 headers in 296 bytes (1 switches on core 0)
Sep 22 16:58:55.132243 dv-neutron-858879-2-hyperv devstack@placement-api.service[107751]: DEBUG placement.requestlog [req-823b785e-1e44-474d-9011-3897274943bb req-71ffbf91-336d-415c-9f4a-bd1f860497fe None None] Starting request: 10.222.0.48 "GET /placement/allocations/373186df-f9a6-4bc2-a5e6-aff721d8dfba" {{(pid=107751) __call__ /opt/stack/placement/placement/requestlog.py:55}}
Sep 22 16:58:55.143636 dv-neutron-858879-2-hyperv devstack@placement-api.service[107751]: INFO placement.requestlog [req-823b785e-1e44-474d-9011-3897274943bb req-71ffbf91-336d-415c-9f4a-bd1f860497fe service placement] 10.222.0.48 "GET /placement/allocations/373186df-f9a6-4bc2-a5e6-aff721d8dfba" status: 200 len: 19 microversion: 1.28
Sep 22 16:58:55.143991 dv-neutron-858879-2-hyperv devstack@placement-api.service[107751]: [pid: 107751|app: 0|req: 556/1114] 10.222.0.48 () {60 vars in 1380 bytes} [Thu Sep 22 16:58:55 2022] GET /placement/allocations/373186df-f9a6-4bc2-a5e6-aff721d8dfba => generated 19 bytes in 12 msecs (HTTP/1.1 200) 8 headers in 295 bytes (1 switches on core 0)
Sep 22 16:58:55.150802 dv-neutron-858879-2-hyperv devstack@placement-api.service[107752]: DEBUG placement.requestlog [req-823b785e-1e44-474d-9011-3897274943bb req-1f0ae2f6-aafe-4e11-b80c-9958057e097e None None] Starting request: 10.222.0.48 "PUT /placement/allocations/373186df-f9a6-4bc2-a5e6-aff721d8dfba" {{(pid=107752) __call__ /opt/stack/placement/placement/requestlog.py:55}}
Sep 22 16:58:55.228214 dv-neutron-858879-2-hyperv devstack@placement-api.service[107752]: DEBUG placement.handlers.allocation [req-823b785e-1e44-474d-9011-3897274943bb req-1f0ae2f6-aafe-4e11-b80c-9958057e097e service placement] Successfully wrote allocations [, , ] {{(pid=107752) _update_consumers_and_create_allocations /opt/stack/placement/placement/handlers/allocation.py:462}}
Sep 22 16:58:55.231806 dv-neutron-858879-2-hyperv devstack@placement-api.service[107752]: INFO placement.requestlog [req-823b785e-1e44-474d-9011-3897274943bb req-1f0ae2f6-aafe-4e11-b80c-9958057e097e service placement] 10.222.0.48 "PUT /placement/allocations/373186df-f9a6-4bc2-a5e6-aff721d8dfba" status: 204 len: 0 microversion: 1.36
Sep 22 16:58:55.232120 dv-neutron-858879-2-hyperv devstack@placement-api.service[107752]: [pid: 107752|app: 0|req: 559/1115] 10.222.0.48 () {64 vars in 1433 bytes} [Thu Sep 22 16:58:55 2022] PUT /placement/allocations/373186df-f9a6-4bc2-a5e6-aff721d8dfba => generated 0 bytes in 82 msecs (HTTP/1.1 204) 5 headers in 199 bytes (2 switches on core 0)
Sep 22 16:58:55.507625 dv-neutron-858879-2-hyperv devstack@placement-api.service[107751]: DEBUG placement.requestlog [req-823b785e-1e44-474d-9011-3897274943bb req-c47e3f74-3207-438c-9c02-7ca3797a4354 None None] Starting request: 10.222.0.52 "GET /placement/allocations/373186df-f9a6-4bc2-a5e6-aff721d8dfba" {{(pid=107751) __call__ /opt/stack/placement/placement/requestlog.py:55}}
Sep 22 16:58:55.524229 dv-neutron-858879-2-hyperv devstack@placement-api.service[107751]: INFO placement.requestlog [req-823b785e-1e44-474d-9011-3897274943bb req-c47e3f74-3207-438c-9c02-7ca3797a4354 service placement] 10.222.0.52 "GET /placement/allocations/373186df-f9a6-4bc2-a5e6-aff721d8dfba" status: 200 len: 259 microversion: 1.28
Sep 22 16:58:55.525630 dv-neutron-858879-2-hyperv devstack@placement-api.service[107751]: [pid: 107751|app: 0|req: 557/1116] 10.222.0.52 () {60 vars in 1377 bytes} [Thu Sep 22 16:58:55 2022] GET /placement/allocations/373186df-f9a6-4bc2-a5e6-aff721d8dfba => generated 259 bytes in 18 msecs (HTTP/1.1 200) 8 headers in 296 bytes (1 switches on core 0)
Sep 22 16:58:55.646009 dv-neutron-858879-2-hyperv devstack@placement-api.service[107752]: DEBUG placement.requestlog [req-823b785e-1e44-474d-9011-3897274943bb req-2cd95dc1-0cc6-4164-9cac-668d29b68b2f None None] Starting request: 10.222.0.52 "GET /placement/resource_providers/b7c66c30-15e9-46c9-a921-b3a443fa9b3b/allocations" {{(pid=107752) __call__ /opt/stack/placement/placement/requestlog.py:55}}
Sep 22 16:58:55.666677 dv-neutron-858879-2-hyperv devstack@placement-api.service[107752]: INFO placement.requestlog [req-823b785e-1e44-474d-9011-3897274943bb req-2cd95dc1-0cc6-4164-9cac-668d29b68b2f service placement] 10.222.0.52 "GET /placement/resource_providers/b7c66c30-15e9-46c9-a921-b3a443fa9b3b/allocations" status: 200 len: 154 microversion: 1.0
Sep 22 16:58:55.667033 dv-neutron-858879-2-hyperv devstack@placement-api.service[107752]: [pid: 107752|app: 0|req: 560/1117] 10.222.0.52 () {58 vars in 1390 bytes} [Thu Sep 22 16:58:55 2022] GET /placement/resource_providers/b7c66c30-15e9-46c9-a921-b3a443fa9b3b/allocations => generated 154 bytes in 21 msecs (HTTP/1.1 200) 6 headers in 224 bytes (1 switches on core 0)
Sep 22 16:58:55.673363 dv-neutron-858879-2-hyperv devstack@placement-api.service[107751]: DEBUG placement.requestlog [req-823b785e-1e44-474d-9011-3897274943bb req-f11faee3-9413-4d93-8681-bae1576b1759 None None] Starting request: 10.222.0.52 "GET /placement/allocations/373186df-f9a6-4bc2-a5e6-aff721d8dfba" {{(pid=107751) __call__ /opt/stack/placement/placement/requestlog.py:55}}
Sep 22 16:58:55.690025 dv-neutron-858879-2-hyperv devstack@placement-api.service[107751]: INFO placement.requestlog [req-823b785e-1e44-474d-9011-3897274943bb req-f11faee3-9413-4d93-8681-bae1576b1759 service placement] 10.222.0.52 "GET /placement/allocations/373186df-f9a6-4bc2-a5e6-aff721d8dfba" status: 200 len: 259 microversion: 1.28
Sep 22 16:58:55.690370 dv-neutron-858879-2-hyperv devstack@placement-api.service[107751]: [pid: 107751|app: 0|req: 558/1118] 10.222.0.52 () {60 vars in 1377 bytes} [Thu Sep 22 16:58:55 2022] GET /placement/allocations/373186df-f9a6-4bc2-a5e6-aff721d8dfba => generated 259 bytes in 17 msecs (HTTP/1.1 200) 8 headers in 296 bytes (2 switches on core 0)
Sep 22 16:59:05.644497 dv-neutron-858879-2-hyperv devstack@placement-api.service[107752]: DEBUG placement.requestlog [req-319bf579-8bb9-4d53-94ee-f3588d3a3a59 req-d7d1ad7d-15f2-41cf-9803-81064e94225e None None] Starting request: 10.222.0.52 "GET /placement/resource_providers/b7c66c30-15e9-46c9-a921-b3a443fa9b3b/allocations" {{(pid=107752) __call__ /opt/stack/placement/placement/requestlog.py:55}}
Sep 22 16:59:05.664437 dv-neutron-858879-2-hyperv devstack@placement-api.service[107752]: DEBUG dbcounter [-] [107752] Writing DB stats placement:SELECT=33,placement:INSERT=6,placement:DELETE=2,placement:UPDATE=2 {{(pid=107752) stat_writer /usr/local/lib/python3.8/dist-packages/dbcounter.py:114}}
Sep 22 16:59:05.687789 dv-neutron-858879-2-hyperv devstack@placement-api.service[107751]: DEBUG dbcounter [-] [107751] Writing DB stats placement:SELECT=10 {{(pid=107751) stat_writer /usr/local/lib/python3.8/dist-packages/dbcounter.py:114}}
Sep 22 16:59:05.718809 dv-neutron-858879-2-hyperv devstack@placement-api.service[107752]: INFO placement.requestlog [req-319bf579-8bb9-4d53-94ee-f3588d3a3a59 req-d7d1ad7d-15f2-41cf-9803-81064e94225e service placement] 10.222.0.52 "GET /placement/resource_providers/b7c66c30-15e9-46c9-a921-b3a443fa9b3b/allocations" status: 200 len: 154 microversion: 1.0
Sep 22 16:59:05.719780 dv-neutron-858879-2-hyperv devstack@placement-api.service[107752]: [pid: 107752|app: 0|req: 561/1119] 10.222.0.52 () {58 vars in 1390 bytes} [Thu Sep 22 16:59:05 2022] GET /placement/resource_providers/b7c66c30-15e9-46c9-a921-b3a443fa9b3b/allocations => generated 154 bytes in 75 msecs (HTTP/1.1 200) 6 headers in 224 bytes (1 switches on core 0)
Sep 22 16:59:05.754415 dv-neutron-858879-2-hyperv devstack@placement-api.service[107751]: DEBUG placement.requestlog [req-319bf579-8bb9-4d53-94ee-f3588d3a3a59 req-de16d50f-0247-48dd-9279-a58a291db6cb None None] Starting request: 10.222.0.52 "GET /placement/resource_providers?in_tree=b7c66c30-15e9-46c9-a921-b3a443fa9b3b" {{(pid=107751) __call__ /opt/stack/placement/placement/requestlog.py:55}}
Sep 22 16:59:05.775682 dv-neutron-858879-2-hyperv devstack@placement-api.service[107751]: INFO placement.requestlog [req-319bf579-8bb9-4d53-94ee-f3588d3a3a59 req-de16d50f-0247-48dd-9279-a58a291db6cb service placement] 10.222.0.52 "GET /placement/resource_providers?in_tree=b7c66c30-15e9-46c9-a921-b3a443fa9b3b" status: 200 len: 865 microversion: 1.14
Sep 22 16:59:05.776376 dv-neutron-858879-2-hyperv devstack@placement-api.service[107751]: [pid: 107751|app: 0|req: 559/1120] 10.222.0.52 () {60 vars in 1376 bytes} [Thu Sep 22 16:59:05 2022] GET /placement/resource_providers?in_tree=b7c66c30-15e9-46c9-a921-b3a443fa9b3b => generated 865 bytes in 22 msecs (HTTP/1.1 200) 6 headers in 225 bytes (1 switches on core 0)
Sep 22 16:59:05.783002 dv-neutron-858879-2-hyperv devstack@placement-api.service[107752]: DEBUG placement.requestlog [req-319bf579-8bb9-4d53-94ee-f3588d3a3a59 req-90ecbd59-68f7-4c24-b8f7-99fe5fe4fae7 None None] Starting request: 10.222.0.52 "GET /placement/resource_providers/b7c66c30-15e9-46c9-a921-b3a443fa9b3b/inventories" {{(pid=107752) __call__ /opt/stack/placement/placement/requestlog.py:55}}
Sep 22 16:59:05.800702 dv-neutron-858879-2-hyperv devstack@placement-api.service[107752]: INFO placement.requestlog [req-319bf579-8bb9-4d53-94ee-f3588d3a3a59 req-90ecbd59-68f7-4c24-b8f7-99fe5fe4fae7 service placement] 10.222.0.52 "GET /placement/resource_providers/b7c66c30-15e9-46c9-a921-b3a443fa9b3b/inventories" status: 200 len: 398 microversion: 1.0
Sep 22 16:59:05.801025 dv-neutron-858879-2-hyperv devstack@placement-api.service[107752]: [pid: 107752|app: 0|req: 562/1121] 10.222.0.52 () {58 vars in 1390 bytes} [Thu Sep 22 16:59:05 2022] GET /placement/resource_providers/b7c66c30-15e9-46c9-a921-b3a443fa9b3b/inventories => generated 398 bytes in 18 msecs (HTTP/1.1 200) 6 headers in 224 bytes (1 switches on core 0)
Sep 22 16:59:05.809874 dv-neutron-858879-2-hyperv devstack@placement-api.service[107751]: DEBUG placement.requestlog [req-319bf579-8bb9-4d53-94ee-f3588d3a3a59 req-42e9559e-0da6-4c2a-8204-06dfdd52a182 None None] Starting request: 10.222.0.52 "GET /placement/resource_providers/b7c66c30-15e9-46c9-a921-b3a443fa9b3b/aggregates" {{(pid=107751) __call__ /opt/stack/placement/placement/requestlog.py:55}}
Sep 22 16:59:05.824366 dv-neutron-858879-2-hyperv devstack@placement-api.service[107751]: INFO placement.requestlog [req-319bf579-8bb9-4d53-94ee-f3588d3a3a59 req-42e9559e-0da6-4c2a-8204-06dfdd52a182 service placement] 10.222.0.52 "GET /placement/resource_providers/b7c66c30-15e9-46c9-a921-b3a443fa9b3b/aggregates" status: 200 len: 54 microversion: 1.19
Sep 22 16:59:05.824768 dv-neutron-858879-2-hyperv devstack@placement-api.service[107751]: [pid: 107751|app: 0|req: 560/1122] 10.222.0.52 () {60 vars in 1431 bytes} [Thu Sep 22 16:59:05 2022] GET /placement/resource_providers/b7c66c30-15e9-46c9-a921-b3a443fa9b3b/aggregates => generated 54 bytes in 15 msecs (HTTP/1.1 200) 8 headers in 295 bytes (1 switches on core 0)
Sep 22 16:59:05.832020 dv-neutron-858879-2-hyperv devstack@placement-api.service[107752]: DEBUG placement.requestlog [req-319bf579-8bb9-4d53-94ee-f3588d3a3a59 req-51aaf703-790d-4ebb-8184-6e77cd173ca9 None None] Starting request: 10.222.0.52 "GET /placement/resource_providers/b7c66c30-15e9-46c9-a921-b3a443fa9b3b/traits" {{(pid=107752) __call__ /opt/stack/placement/placement/requestlog.py:55}}
Sep 22 16:59:05.861787 dv-neutron-858879-2-hyperv devstack@placement-api.service[107752]: INFO placement.requestlog [req-319bf579-8bb9-4d53-94ee-f3588d3a3a59 req-51aaf703-790d-4ebb-8184-6e77cd173ca9 service placement] 10.222.0.52 "GET /placement/resource_providers/b7c66c30-15e9-46c9-a921-b3a443fa9b3b/traits" status: 200 len: 300 microversion: 1.6
Sep 22 16:59:05.862104 dv-neutron-858879-2-hyperv devstack@placement-api.service[107752]: [pid: 107752|app: 0|req: 563/1123] 10.222.0.52 () {60 vars in 1418 bytes} [Thu Sep 22 16:59:05 2022] GET /placement/resource_providers/b7c66c30-15e9-46c9-a921-b3a443fa9b3b/traits => generated 300 bytes in 30 msecs (HTTP/1.1 200) 6 headers in 224 bytes (1 switches on core 0)
Sep 22 16:59:05.869437 dv-neutron-858879-2-hyperv devstack@placement-api.service[107751]: DEBUG placement.requestlog [req-319bf579-8bb9-4d53-94ee-f3588d3a3a59 req-e49eba47-fa7b-4df8-bc35-5c68600078fc None None] Starting request: 10.222.0.52 "GET /placement/resource_providers/b7c66c30-15e9-46c9-a921-b3a443fa9b3b/allocations" {{(pid=107751) __call__ /opt/stack/placement/placement/requestlog.py:55}}
Sep 22 16:59:05.890316 dv-neutron-858879-2-hyperv devstack@placement-api.service[107751]: INFO placement.requestlog [req-319bf579-8bb9-4d53-94ee-f3588d3a3a59 req-e49eba47-fa7b-4df8-bc35-5c68600078fc service placement] 10.222.0.52 "GET /placement/resource_providers/b7c66c30-15e9-46c9-a921-b3a443fa9b3b/allocations" status: 200 len: 154 microversion: 1.0
Sep 22 16:59:05.890693 dv-neutron-858879-2-hyperv devstack@placement-api.service[107751]: [pid: 107751|app: 0|req: 561/1124] 10.222.0.52 () {58 vars in 1390 bytes} [Thu Sep 22 16:59:05 2022] GET /placement/resource_providers/b7c66c30-15e9-46c9-a921-b3a443fa9b3b/allocations => generated 154 bytes in 22 msecs (HTTP/1.1 200) 6 headers in 224 bytes (1 switches on core 0)
Sep 22 16:59:05.896963 dv-neutron-858879-2-hyperv devstack@placement-api.service[107752]: DEBUG placement.requestlog [req-319bf579-8bb9-4d53-94ee-f3588d3a3a59 req-91e4efbe-d2c3-40ca-b292-7fc39f842be2 None None] Starting request: 10.222.0.52 "GET /placement/allocations/373186df-f9a6-4bc2-a5e6-aff721d8dfba" {{(pid=107752) __call__ /opt/stack/placement/placement/requestlog.py:55}}
Sep 22 16:59:05.912264 dv-neutron-858879-2-hyperv devstack@placement-api.service[107752]: INFO placement.requestlog [req-319bf579-8bb9-4d53-94ee-f3588d3a3a59 req-91e4efbe-d2c3-40ca-b292-7fc39f842be2 service placement] 10.222.0.52 "GET /placement/allocations/373186df-f9a6-4bc2-a5e6-aff721d8dfba" status: 200 len: 259 microversion: 1.28
Sep 22 16:59:05.912632 dv-neutron-858879-2-hyperv devstack@placement-api.service[107752]: [pid: 107752|app: 0|req: 564/1125] 10.222.0.52 () {60 vars in 1377 bytes} [Thu Sep 22 16:59:05 2022] GET /placement/allocations/373186df-f9a6-4bc2-a5e6-aff721d8dfba => generated 259 bytes in 16 msecs (HTTP/1.1 200) 8 headers in 296 bytes (1 switches on core 0)
Sep 22 16:59:15.888047 dv-neutron-858879-2-hyperv devstack@placement-api.service[107751]: DEBUG dbcounter [-] [107751] Writing DB stats placement:SELECT=13 {{(pid=107751) stat_writer /usr/local/lib/python3.8/dist-packages/dbcounter.py:114}}
Sep 22 16:59:15.909969 dv-neutron-858879-2-hyperv devstack@placement-api.service[107752]: DEBUG dbcounter [-] [107752] Writing DB stats placement:SELECT=21 {{(pid=107752) stat_writer /usr/local/lib/python3.8/dist-packages/dbcounter.py:114}}
Sep 22 17:00:06.651293 dv-neutron-858879-2-hyperv devstack@placement-api.service[107751]: DEBUG placement.requestlog [req-bfcada1c-28ed-4583-bd8e-e04a4e597359 req-ce2a83b7-85bf-44a5-842a-6a5717344bf4 None None] Starting request: 10.222.0.52 "GET /placement/resource_providers/b7c66c30-15e9-46c9-a921-b3a443fa9b3b/allocations" {{(pid=107751) __call__ /opt/stack/placement/placement/requestlog.py:55}}
Sep 22 17:00:06.671008 dv-neutron-858879-2-hyperv devstack@placement-api.service[107751]: INFO placement.requestlog [req-bfcada1c-28ed-4583-bd8e-e04a4e597359 req-ce2a83b7-85bf-44a5-842a-6a5717344bf4 service placement] 10.222.0.52 "GET /placement/resource_providers/b7c66c30-15e9-46c9-a921-b3a443fa9b3b/allocations" status: 200 len: 154 microversion: 1.0
Sep 22 17:00:06.671329 dv-neutron-858879-2-hyperv devstack@placement-api.service[107751]: [pid: 107751|app: 0|req: 562/1126] 10.222.0.52 () {58 vars in 1390 bytes} [Thu Sep 22 17:00:06 2022] GET /placement/resource_providers/b7c66c30-15e9-46c9-a921-b3a443fa9b3b/allocations => generated 154 bytes in 20 msecs (HTTP/1.1 200) 6 headers in 224 bytes (1 switches on core 0)
Sep 22 17:00:06.683312 dv-neutron-858879-2-hyperv devstack@placement-api.service[107752]: DEBUG placement.requestlog [req-bfcada1c-28ed-4583-bd8e-e04a4e597359 req-2e365c8b-f38e-4538-9e36-812463f2d501 None None] Starting request: 10.222.0.52 "GET /placement/resource_providers/b7c66c30-15e9-46c9-a921-b3a443fa9b3b/allocations" {{(pid=107752) __call__ /opt/stack/placement/placement/requestlog.py:55}}
Sep 22 17:00:06.705641 dv-neutron-858879-2-hyperv devstack@placement-api.service[107752]: INFO placement.requestlog [req-bfcada1c-28ed-4583-bd8e-e04a4e597359 req-2e365c8b-f38e-4538-9e36-812463f2d501 service placement] 10.222.0.52 "GET /placement/resource_providers/b7c66c30-15e9-46c9-a921-b3a443fa9b3b/allocations" status: 200 len: 154 microversion: 1.0
Sep 22 17:00:06.705995 dv-neutron-858879-2-hyperv devstack@placement-api.service[107752]: [pid: 107752|app: 0|req: 565/1127] 10.222.0.52 () {58 vars in 1390 bytes} [Thu Sep 22 17:00:06 2022] GET /placement/resource_providers/b7c66c30-15e9-46c9-a921-b3a443fa9b3b/allocations => generated 154 bytes in 23 msecs (HTTP/1.1 200) 6 headers in 224 bytes (1 switches on core 0)
Sep 22 17:00:06.713219 dv-neutron-858879-2-hyperv devstack@placement-api.service[107751]: DEBUG placement.requestlog [req-bfcada1c-28ed-4583-bd8e-e04a4e597359 req-e39c782c-654d-4407-8f4f-fa30170405e6 None None] Starting request: 10.222.0.52 "GET /placement/allocations/373186df-f9a6-4bc2-a5e6-aff721d8dfba" {{(pid=107751) __call__ /opt/stack/placement/placement/requestlog.py:55}}
Sep 22 17:00:06.727231 dv-neutron-858879-2-hyperv devstack@placement-api.service[107751]: INFO placement.requestlog [req-bfcada1c-28ed-4583-bd8e-e04a4e597359 req-e39c782c-654d-4407-8f4f-fa30170405e6 service placement] 10.222.0.52 "GET /placement/allocations/373186df-f9a6-4bc2-a5e6-aff721d8dfba" status: 200 len: 259 microversion: 1.28
Sep 22 17:00:06.727543 dv-neutron-858879-2-hyperv devstack@placement-api.service[107751]: [pid: 107751|app: 0|req: 563/1128] 10.222.0.52 () {60 vars in 1377 bytes} [Thu Sep 22 17:00:06 2022] GET /placement/allocations/373186df-f9a6-4bc2-a5e6-aff721d8dfba => generated 259 bytes in 15 msecs (HTTP/1.1 200) 8 headers in 296 bytes (1 switches on core 0)
Sep 22 17:00:16.703401 dv-neutron-858879-2-hyperv devstack@placement-api.service[107752]: DEBUG dbcounter [-] [107752] Writing DB stats placement:SELECT=6 {{(pid=107752) stat_writer /usr/local/lib/python3.8/dist-packages/dbcounter.py:114}}
Sep 22 17:00:16.725048 dv-neutron-858879-2-hyperv devstack@placement-api.service[107751]: DEBUG dbcounter [-] [107751] Writing DB stats placement:SELECT=10 {{(pid=107751) stat_writer /usr/local/lib/python3.8/dist-packages/dbcounter.py:114}}
Sep 22 17:01:06.676441 dv-neutron-858879-2-hyperv devstack@placement-api.service[107752]: DEBUG placement.requestlog [req-8e6842f0-2516-49d5-b611-af1df0cd243c req-7cc183fa-90ce-42c4-a86f-0f947bfafbda None None] Starting request: 10.222.0.52 "GET /placement/resource_providers/b7c66c30-15e9-46c9-a921-b3a443fa9b3b/allocations" {{(pid=107752) __call__ /opt/stack/placement/placement/requestlog.py:55}}
Sep 22 17:01:06.695429 dv-neutron-858879-2-hyperv devstack@placement-api.service[107752]: INFO placement.requestlog [req-8e6842f0-2516-49d5-b611-af1df0cd243c req-7cc183fa-90ce-42c4-a86f-0f947bfafbda service placement] 10.222.0.52 "GET /placement/resource_providers/b7c66c30-15e9-46c9-a921-b3a443fa9b3b/allocations" status: 200 len: 154 microversion: 1.0
Sep 22 17:01:06.695741 dv-neutron-858879-2-hyperv devstack@placement-api.service[107752]: [pid: 107752|app: 0|req: 566/1129] 10.222.0.52 () {58 vars in 1390 bytes} [Thu Sep 22 17:01:06 2022] GET /placement/resource_providers/b7c66c30-15e9-46c9-a921-b3a443fa9b3b/allocations => generated 154 bytes in 20 msecs (HTTP/1.1 200) 6 headers in 224 bytes (1 switches on core 0)
Sep 22 17:01:06.732715 dv-neutron-858879-2-hyperv devstack@placement-api.service[107751]: DEBUG placement.requestlog [req-8e6842f0-2516-49d5-b611-af1df0cd243c req-e53ed5ff-36ca-4173-96cc-457e5a03c215 None None] Starting request: 10.222.0.52 "GET /placement/resource_providers/b7c66c30-15e9-46c9-a921-b3a443fa9b3b/allocations" {{(pid=107751) __call__ /opt/stack/placement/placement/requestlog.py:55}}
