Sep 20 09:50:16.606769 dv-neutron-858504-3-hyperv devstack@keystone.service[81616]: [pid: 81616|app: 0|req: 195/407] 10.222.0.77 () {56 vars in 1180 bytes} [Tue Sep 20 09:50:16 2022] GET /identity/v3/groups/fa8bfbc004e14d6ba31fc20239506032 => generated 226 bytes in 172 msecs (HTTP/1.1 200) 5 headers in 177 bytes (1 switches on core 0)
Sep 20 09:50:16.607537 dv-neutron-858504-3-hyperv devstack@keystone.service[81616]: DEBUG keystone.server.flask.request_processing.middleware.auth_context [None req-b9c92536-932a-4c4d-881f-2578626ebeb7 None admin] Authenticating user token {{(pid=81616) process_request /usr/local/lib/python3.8/dist-packages/keystonemiddleware/auth_token/__init__.py:407}}
Sep 20 09:50:16.650923 dv-neutron-858504-3-hyperv devstack@keystone.service[81615]: DEBUG dbcounter [-] [81615] Writing DB stats keystone:SELECT=100 {{(pid=81615) stat_writer /usr/local/lib/python3.8/dist-packages/dbcounter.py:114}}
Sep 20 09:50:16.677934 dv-neutron-858504-3-hyperv devstack@keystone.service[81616]: DEBUG dbcounter [-] [81616] Writing DB stats keystone:SELECT=100 {{(pid=81616) stat_writer /usr/local/lib/python3.8/dist-packages/dbcounter.py:114}}
Sep 20 09:50:16.692258 dv-neutron-858504-3-hyperv devstack@keystone.service[81615]: DEBUG keystone.server.flask.request_processing.middleware.auth_context [None req-3ad54b80-3e1c-406a-a547-51795d452cd7 None admin] Validating token access rules against request {{(pid=81615) validate_allowed_request /usr/local/lib/python3.8/dist-packages/keystonemiddleware/auth_token/__init__.py:545}}
Sep 20 09:50:16.715587 dv-neutron-858504-3-hyperv devstack@keystone.service[81616]: DEBUG keystone.server.flask.request_processing.middleware.auth_context [None req-b9c92536-932a-4c4d-881f-2578626ebeb7 None admin] Validating token access rules against request {{(pid=81616) validate_allowed_request /usr/local/lib/python3.8/dist-packages/keystonemiddleware/auth_token/__init__.py:545}}
Sep 20 09:50:16.730189 dv-neutron-858504-3-hyperv devstack@keystone.service[81615]: DEBUG keystone.server.flask.request_processing.middleware.auth_context [None req-a07622c7-848c-4826-b754-e582ca9e6ef1 None admin] RBAC: auth_context: {'token': , 'domain_id': None, 'trust_id': None, 'trustor_id': None, 'trustee_id': None, 'domain_name': None, 'group_ids': [], 'user_id': '4d996f1037f94e4e85bdcbdd147756ce', 'user_domain_id': 'default', 'system_scope': 'all', 'project_id': None, 'project_domain_id': None, 'roles': ['admin', 'member', 'reader'], 'is_admin_project': True, 'service_user_id': None, 'service_user_domain_id': None, 'service_project_id': None, 'service_project_domain_id': None, 'service_roles': []} {{(pid=81615) fill_context /opt/stack/keystone/keystone/server/flask/request_processing/middleware/auth_context.py:478}}
Sep 20 09:50:16.731450 dv-neutron-858504-3-hyperv devstack@keystone.service[81615]: DEBUG keystone.server.flask.request_processing.req_logging [None req-a07622c7-848c-4826-b754-e582ca9e6ef1 None admin] REQUEST_METHOD: `GET` {{(pid=81615) log_request_info /opt/stack/keystone/keystone/server/flask/request_processing/req_logging.py:27}}
Sep 20 09:50:16.731996 dv-neutron-858504-3-hyperv devstack@keystone.service[81615]: DEBUG keystone.server.flask.request_processing.req_logging [None req-a07622c7-848c-4826-b754-e582ca9e6ef1 None admin] SCRIPT_NAME: `/identity` {{(pid=81615) log_request_info /opt/stack/keystone/keystone/server/flask/request_processing/req_logging.py:28}}
Sep 20 09:50:16.732484 dv-neutron-858504-3-hyperv devstack@keystone.service[81615]: DEBUG keystone.server.flask.request_processing.req_logging [None req-a07622c7-848c-4826-b754-e582ca9e6ef1 None admin] PATH_INFO: `/v3/roles` {{(pid=81615) log_request_info /opt/stack/keystone/keystone/server/flask/request_processing/req_logging.py:29}}
Sep 20 09:50:16.733408 dv-neutron-858504-3-hyperv devstack@keystone.service[81615]: DEBUG keystone.common.rbac_enforcer.enforcer [None req-a07622c7-848c-4826-b754-e582ca9e6ef1 None admin] RBAC: Adding query filter params (name=admin) {{(pid=81615) _extract_filter_values /opt/stack/keystone/keystone/common/rbac_enforcer/enforcer.py:167}}
Sep 20 09:50:16.733916 dv-neutron-858504-3-hyperv devstack@keystone.service[81615]: DEBUG keystone.common.rbac_enforcer.enforcer [None req-a07622c7-848c-4826-b754-e582ca9e6ef1 None admin] RBAC: Authorizing `identity:list_roles()` {{(pid=81615) enforce_call /opt/stack/keystone/keystone/common/rbac_enforcer/enforcer.py:449}}
Sep 20 09:50:16.735577 dv-neutron-858504-3-hyperv devstack@keystone.service[81615]: DEBUG keystone.common.rbac_enforcer.enforcer [None req-a07622c7-848c-4826-b754-e582ca9e6ef1 None admin] RBAC: Authorization granted {{(pid=81615) enforce_call /opt/stack/keystone/keystone/common/rbac_enforcer/enforcer.py:457}}
Sep 20 09:50:16.744924 dv-neutron-858504-3-hyperv devstack@keystone.service[81615]: [pid: 81615|app: 0|req: 213/408] 10.222.0.77 () {56 vars in 1099 bytes} [Tue Sep 20 09:50:16 2022] GET /identity/v3/roles?name=admin => generated 339 bytes in 182 msecs (HTTP/1.1 200) 5 headers in 177 bytes (1 switches on core 0)
Sep 20 09:50:16.746207 dv-neutron-858504-3-hyperv devstack@keystone.service[81615]: DEBUG keystone.server.flask.request_processing.middleware.auth_context [None req-a07622c7-848c-4826-b754-e582ca9e6ef1 None admin] Authenticating user token {{(pid=81615) process_request /usr/local/lib/python3.8/dist-packages/keystonemiddleware/auth_token/__init__.py:407}}
Sep 20 09:50:16.754072 dv-neutron-858504-3-hyperv devstack@keystone.service[81616]: DEBUG keystone.server.flask.request_processing.middleware.auth_context [None req-e50cfab4-5783-4c80-b8fe-ac56be4649f2 None admin] RBAC: auth_context: {'token': , 'domain_id': None, 'trust_id': None, 'trustor_id': None, 'trustee_id': None, 'domain_name': None, 'group_ids': [], 'user_id': '4d996f1037f94e4e85bdcbdd147756ce', 'user_domain_id': 'default', 'system_scope': 'all', 'project_id': None, 'project_domain_id': None, 'roles': ['admin', 'member', 'reader'], 'is_admin_project': True, 'service_user_id': None, 'service_user_domain_id': None, 'service_project_id': None, 'service_project_domain_id': None, 'service_roles': []} {{(pid=81616) fill_context /opt/stack/keystone/keystone/server/flask/request_processing/middleware/auth_context.py:478}}
Sep 20 09:50:16.754717 dv-neutron-858504-3-hyperv devstack@keystone.service[81616]: DEBUG keystone.server.flask.request_processing.req_logging [None req-e50cfab4-5783-4c80-b8fe-ac56be4649f2 None admin] REQUEST_METHOD: `GET` {{(pid=81616) log_request_info /opt/stack/keystone/keystone/server/flask/request_processing/req_logging.py:27}}
Sep 20 09:50:16.754998 dv-neutron-858504-3-hyperv devstack@keystone.service[81616]: DEBUG keystone.server.flask.request_processing.req_logging [None req-e50cfab4-5783-4c80-b8fe-ac56be4649f2 None admin] SCRIPT_NAME: `/identity` {{(pid=81616) log_request_info /opt/stack/keystone/keystone/server/flask/request_processing/req_logging.py:28}}
Sep 20 09:50:16.755272 dv-neutron-858504-3-hyperv devstack@keystone.service[81616]: DEBUG keystone.server.flask.request_processing.req_logging [None req-e50cfab4-5783-4c80-b8fe-ac56be4649f2 None admin] PATH_INFO: `/v3/projects/e00de3bef1d940e0b9eb4eb72ed85177` {{(pid=81616) log_request_info /opt/stack/keystone/keystone/server/flask/request_processing/req_logging.py:29}}
Sep 20 09:50:16.756415 dv-neutron-858504-3-hyperv devstack@keystone.service[81616]: DEBUG keystone.common.rbac_enforcer.enforcer [None req-e50cfab4-5783-4c80-b8fe-ac56be4649f2 None admin] RBAC: Authorizing `identity:get_project(project_id=e00de3bef1d940e0b9eb4eb72ed85177)` {{(pid=81616) enforce_call /opt/stack/keystone/keystone/common/rbac_enforcer/enforcer.py:449}}
Sep 20 09:50:16.757853 dv-neutron-858504-3-hyperv devstack@keystone.service[81616]: DEBUG keystone.common.rbac_enforcer.enforcer [None req-e50cfab4-5783-4c80-b8fe-ac56be4649f2 None admin] RBAC: Authorization granted {{(pid=81616) enforce_call /opt/stack/keystone/keystone/common/rbac_enforcer/enforcer.py:457}}
Sep 20 09:50:16.760027 dv-neutron-858504-3-hyperv devstack@keystone.service[81616]: [pid: 81616|app: 0|req: 196/409] 10.222.0.77 () {56 vars in 1186 bytes} [Tue Sep 20 09:50:16 2022] GET /identity/v3/projects/e00de3bef1d940e0b9eb4eb72ed85177 => generated 302 bytes in 153 msecs (HTTP/1.1 200) 5 headers in 177 bytes (1 switches on core 0)
Sep 20 09:50:16.760859 dv-neutron-858504-3-hyperv devstack@keystone.service[81616]: DEBUG keystone.server.flask.request_processing.middleware.auth_context [None req-e50cfab4-5783-4c80-b8fe-ac56be4649f2 None admin] Authenticating user token {{(pid=81616) process_request /usr/local/lib/python3.8/dist-packages/keystonemiddleware/auth_token/__init__.py:407}}
Sep 20 09:50:16.855064 dv-neutron-858504-3-hyperv devstack@keystone.service[81615]: DEBUG keystone.server.flask.request_processing.middleware.auth_context [None req-a07622c7-848c-4826-b754-e582ca9e6ef1 None admin] Validating token access rules against request {{(pid=81615) validate_allowed_request /usr/local/lib/python3.8/dist-packages/keystonemiddleware/auth_token/__init__.py:545}}
Sep 20 09:50:16.865823 dv-neutron-858504-3-hyperv devstack@keystone.service[81616]: DEBUG keystone.server.flask.request_processing.middleware.auth_context [None req-e50cfab4-5783-4c80-b8fe-ac56be4649f2 None admin] Validating token access rules against request {{(pid=81616) validate_allowed_request /usr/local/lib/python3.8/dist-packages/keystonemiddleware/auth_token/__init__.py:545}}
Sep 20 09:50:16.887230 dv-neutron-858504-3-hyperv devstack@keystone.service[81615]: DEBUG dbcounter [-] [81615] Writing DB stats keystone:SELECT=100 {{(pid=81615) stat_writer /usr/local/lib/python3.8/dist-packages/dbcounter.py:114}}
Sep 20 09:50:16.894458 dv-neutron-858504-3-hyperv devstack@keystone.service[81615]: DEBUG keystone.server.flask.request_processing.middleware.auth_context [None req-8b39b4d1-c920-4c65-8b06-aed0815a99d7 None admin] RBAC: auth_context: {'token': , 'domain_id': None, 'trust_id': None, 'trustor_id': None, 'trustee_id': None, 'domain_name': None, 'group_ids': [], 'user_id': '4d996f1037f94e4e85bdcbdd147756ce', 'user_domain_id': 'default', 'system_scope': 'all', 'project_id': None, 'project_domain_id': None, 'roles': ['admin', 'member', 'reader'], 'is_admin_project': True, 'service_user_id': None, 'service_user_domain_id': None, 'service_project_id': None, 'service_project_domain_id': None, 'service_roles': []} {{(pid=81615) fill_context /opt/stack/keystone/keystone/server/flask/request_processing/middleware/auth_context.py:478}}
Sep 20 09:50:16.895514 dv-neutron-858504-3-hyperv devstack@keystone.service[81615]: DEBUG keystone.server.flask.request_processing.req_logging [None req-8b39b4d1-c920-4c65-8b06-aed0815a99d7 None admin] REQUEST_METHOD: `GET` {{(pid=81615) log_request_info /opt/stack/keystone/keystone/server/flask/request_processing/req_logging.py:27}}
Sep 20 09:50:16.895983 dv-neutron-858504-3-hyperv devstack@keystone.service[81615]: DEBUG keystone.server.flask.request_processing.req_logging [None req-8b39b4d1-c920-4c65-8b06-aed0815a99d7 None admin] SCRIPT_NAME: `/identity` {{(pid=81615) log_request_info /opt/stack/keystone/keystone/server/flask/request_processing/req_logging.py:28}}
Sep 20 09:50:16.896529 dv-neutron-858504-3-hyperv devstack@keystone.service[81615]: DEBUG keystone.server.flask.request_processing.req_logging [None req-8b39b4d1-c920-4c65-8b06-aed0815a99d7 None admin] PATH_INFO: `/v3/projects/e00de3bef1d940e0b9eb4eb72ed85177` {{(pid=81615) log_request_info /opt/stack/keystone/keystone/server/flask/request_processing/req_logging.py:29}}
Sep 20 09:50:16.897851 dv-neutron-858504-3-hyperv devstack@keystone.service[81615]: DEBUG keystone.common.rbac_enforcer.enforcer [None req-8b39b4d1-c920-4c65-8b06-aed0815a99d7 None admin] RBAC: Authorizing `identity:get_project(project_id=e00de3bef1d940e0b9eb4eb72ed85177)` {{(pid=81615) enforce_call /opt/stack/keystone/keystone/common/rbac_enforcer/enforcer.py:449}}
Sep 20 09:50:16.899809 dv-neutron-858504-3-hyperv devstack@keystone.service[81615]: DEBUG keystone.common.rbac_enforcer.enforcer [None req-8b39b4d1-c920-4c65-8b06-aed0815a99d7 None admin] RBAC: Authorization granted {{(pid=81615) enforce_call /opt/stack/keystone/keystone/common/rbac_enforcer/enforcer.py:457}}
Sep 20 09:50:16.901671 dv-neutron-858504-3-hyperv devstack@keystone.service[81615]: [pid: 81615|app: 0|req: 214/410] 10.222.0.77 () {56 vars in 1186 bytes} [Tue Sep 20 09:50:16 2022] GET /identity/v3/projects/e00de3bef1d940e0b9eb4eb72ed85177 => generated 302 bytes in 156 msecs (HTTP/1.1 200) 5 headers in 177 bytes (1 switches on core 0)
Sep 20 09:50:16.906405 dv-neutron-858504-3-hyperv devstack@keystone.service[81616]: DEBUG keystone.server.flask.request_processing.middleware.auth_context [None req-2955c661-4e75-4e82-8a57-53cccd3fd954 None admin] RBAC: auth_context: {'token': , 'domain_id': None, 'trust_id': None, 'trustor_id': None, 'trustee_id': None, 'domain_name': None, 'group_ids': [], 'user_id': '4d996f1037f94e4e85bdcbdd147756ce', 'user_domain_id': 'default', 'system_scope': 'all', 'project_id': None, 'project_domain_id': None, 'roles': ['admin', 'member', 'reader'], 'is_admin_project': True, 'service_user_id': None, 'service_user_domain_id': None, 'service_project_id': None, 'service_project_domain_id': None, 'service_roles': []} {{(pid=81616) fill_context /opt/stack/keystone/keystone/server/flask/request_processing/middleware/auth_context.py:478}}
Sep 20 09:50:16.906405 dv-neutron-858504-3-hyperv devstack@keystone.service[81616]: DEBUG keystone.server.flask.request_processing.req_logging [None req-2955c661-4e75-4e82-8a57-53cccd3fd954 None admin] REQUEST_METHOD: `GET` {{(pid=81616) log_request_info /opt/stack/keystone/keystone/server/flask/request_processing/req_logging.py:27}}
Sep 20 09:50:16.906405 dv-neutron-858504-3-hyperv devstack@keystone.service[81616]: DEBUG keystone.server.flask.request_processing.req_logging [None req-2955c661-4e75-4e82-8a57-53cccd3fd954 None admin] SCRIPT_NAME: `/identity` {{(pid=81616) log_request_info /opt/stack/keystone/keystone/server/flask/request_processing/req_logging.py:28}}
Sep 20 09:50:16.906405 dv-neutron-858504-3-hyperv devstack@keystone.service[81616]: DEBUG keystone.server.flask.request_processing.req_logging [None req-2955c661-4e75-4e82-8a57-53cccd3fd954 None admin] PATH_INFO: `/v3/groups/cbf1c4cb429841ebb20f38bb943be4c0` {{(pid=81616) log_request_info /opt/stack/keystone/keystone/server/flask/request_processing/req_logging.py:29}}
Sep 20 09:50:16.906718 dv-neutron-858504-3-hyperv devstack@keystone.service[81616]: DEBUG keystone.common.rbac_enforcer.enforcer [None req-2955c661-4e75-4e82-8a57-53cccd3fd954 None admin] RBAC: Authorizing `identity:get_group(group_id=cbf1c4cb429841ebb20f38bb943be4c0)` {{(pid=81616) enforce_call /opt/stack/keystone/keystone/common/rbac_enforcer/enforcer.py:449}}
Sep 20 09:50:16.907725 dv-neutron-858504-3-hyperv devstack@keystone.service[81615]: DEBUG keystone.server.flask.request_processing.middleware.auth_context [None req-8b39b4d1-c920-4c65-8b06-aed0815a99d7 None admin] Authenticating user token {{(pid=81615) process_request /usr/local/lib/python3.8/dist-packages/keystonemiddleware/auth_token/__init__.py:407}}
Sep 20 09:50:16.908006 dv-neutron-858504-3-hyperv devstack@keystone.service[81616]: DEBUG keystone.common.rbac_enforcer.enforcer [None req-2955c661-4e75-4e82-8a57-53cccd3fd954 None admin] RBAC: Authorization granted {{(pid=81616) enforce_call /opt/stack/keystone/keystone/common/rbac_enforcer/enforcer.py:457}}
Sep 20 09:50:16.909710 dv-neutron-858504-3-hyperv devstack@keystone.service[81616]: [pid: 81616|app: 0|req: 197/411] 10.222.0.77 () {56 vars in 1180 bytes} [Tue Sep 20 09:50:16 2022] GET /identity/v3/groups/cbf1c4cb429841ebb20f38bb943be4c0 => generated 229 bytes in 149 msecs (HTTP/1.1 200) 5 headers in 177 bytes (1 switches on core 0)
Sep 20 09:50:16.910483 dv-neutron-858504-3-hyperv devstack@keystone.service[81616]: DEBUG keystone.server.flask.request_processing.middleware.auth_context [None req-2955c661-4e75-4e82-8a57-53cccd3fd954 None admin] Authenticating user token {{(pid=81616) process_request /usr/local/lib/python3.8/dist-packages/keystonemiddleware/auth_token/__init__.py:407}}
Sep 20 09:50:16.913356 dv-neutron-858504-3-hyperv devstack@keystone.service[81616]: DEBUG dbcounter [-] [81616] Writing DB stats keystone:SELECT=100 {{(pid=81616) stat_writer /usr/local/lib/python3.8/dist-packages/dbcounter.py:114}}
Sep 20 09:50:17.020743 dv-neutron-858504-3-hyperv devstack@keystone.service[81616]: DEBUG keystone.server.flask.request_processing.middleware.auth_context [None req-2955c661-4e75-4e82-8a57-53cccd3fd954 None admin] Validating token access rules against request {{(pid=81616) validate_allowed_request /usr/local/lib/python3.8/dist-packages/keystonemiddleware/auth_token/__init__.py:545}}
Sep 20 09:50:17.027681 dv-neutron-858504-3-hyperv devstack@keystone.service[81615]: DEBUG keystone.server.flask.request_processing.middleware.auth_context [None req-8b39b4d1-c920-4c65-8b06-aed0815a99d7 None admin] Validating token access rules against request {{(pid=81615) validate_allowed_request /usr/local/lib/python3.8/dist-packages/keystonemiddleware/auth_token/__init__.py:545}}
Sep 20 09:50:17.060726 dv-neutron-858504-3-hyperv devstack@keystone.service[81616]: DEBUG keystone.server.flask.request_processing.middleware.auth_context [None req-d7b95c5e-1759-4a2b-b7e6-e936a0bda1de None admin] RBAC: auth_context: {'token': , 'domain_id': None, 'trust_id': None, 'trustor_id': None, 'trustee_id': None, 'domain_name': None, 'group_ids': [], 'user_id': '4d996f1037f94e4e85bdcbdd147756ce', 'user_domain_id': 'default', 'system_scope': 'all', 'project_id': None, 'project_domain_id': None, 'roles': ['admin', 'member', 'reader'], 'is_admin_project': True, 'service_user_id': None, 'service_user_domain_id': None, 'service_project_id': None, 'service_project_domain_id': None, 'service_roles': []} {{(pid=81616) fill_context /opt/stack/keystone/keystone/server/flask/request_processing/middleware/auth_context.py:478}}
Sep 20 09:50:17.061461 dv-neutron-858504-3-hyperv devstack@keystone.service[81616]: DEBUG keystone.server.flask.request_processing.req_logging [None req-d7b95c5e-1759-4a2b-b7e6-e936a0bda1de None admin] REQUEST_METHOD: `PUT` {{(pid=81616) log_request_info /opt/stack/keystone/keystone/server/flask/request_processing/req_logging.py:27}}
Sep 20 09:50:17.061745 dv-neutron-858504-3-hyperv devstack@keystone.service[81616]: DEBUG keystone.server.flask.request_processing.req_logging [None req-d7b95c5e-1759-4a2b-b7e6-e936a0bda1de None admin] SCRIPT_NAME: `/identity` {{(pid=81616) log_request_info /opt/stack/keystone/keystone/server/flask/request_processing/req_logging.py:28}}
Sep 20 09:50:17.062030 dv-neutron-858504-3-hyperv devstack@keystone.service[81616]: DEBUG keystone.server.flask.request_processing.req_logging [None req-d7b95c5e-1759-4a2b-b7e6-e936a0bda1de None admin] PATH_INFO: `/v3/projects/e00de3bef1d940e0b9eb4eb72ed85177/groups/fa8bfbc004e14d6ba31fc20239506032/roles/b2d07e943d8b44aab2dcdc3a031a918a` {{(pid=81616) log_request_info /opt/stack/keystone/keystone/server/flask/request_processing/req_logging.py:29}}
Sep 20 09:50:17.064468 dv-neutron-858504-3-hyperv devstack@keystone.service[81616]: DEBUG keystone.common.rbac_enforcer.enforcer [None req-d7b95c5e-1759-4a2b-b7e6-e936a0bda1de None admin] RBAC: Authorizing `identity:create_grant(project_id=e00de3bef1d940e0b9eb4eb72ed85177, group_id=fa8bfbc004e14d6ba31fc20239506032, role_id=b2d07e943d8b44aab2dcdc3a031a918a)` {{(pid=81616) enforce_call /opt/stack/keystone/keystone/common/rbac_enforcer/enforcer.py:449}}
Sep 20 09:50:17.066051 dv-neutron-858504-3-hyperv devstack@keystone.service[81616]: DEBUG keystone.common.rbac_enforcer.enforcer [None req-d7b95c5e-1759-4a2b-b7e6-e936a0bda1de None admin] RBAC: Authorization granted {{(pid=81616) enforce_call /opt/stack/keystone/keystone/common/rbac_enforcer/enforcer.py:457}}
Sep 20 09:50:17.070280 dv-neutron-858504-3-hyperv devstack@keystone.service[81615]: DEBUG keystone.server.flask.request_processing.middleware.auth_context [None req-3bc61af7-9a47-4ccc-9a59-7f373a3ba4f0 None admin] RBAC: auth_context: {'token': , 'domain_id': None, 'trust_id': None, 'trustor_id': None, 'trustee_id': None, 'domain_name': None, 'group_ids': [], 'user_id': '4d996f1037f94e4e85bdcbdd147756ce', 'user_domain_id': 'default', 'system_scope': 'all', 'project_id': None, 'project_domain_id': None, 'roles': ['admin', 'member', 'reader'], 'is_admin_project': True, 'service_user_id': None, 'service_user_domain_id': None, 'service_project_id': None, 'service_project_domain_id': None, 'service_roles': []} {{(pid=81615) fill_context /opt/stack/keystone/keystone/server/flask/request_processing/middleware/auth_context.py:478}}
Sep 20 09:50:17.071350 dv-neutron-858504-3-hyperv devstack@keystone.service[81615]: DEBUG keystone.server.flask.request_processing.req_logging [None req-3bc61af7-9a47-4ccc-9a59-7f373a3ba4f0 None admin] REQUEST_METHOD: `PUT` {{(pid=81615) log_request_info /opt/stack/keystone/keystone/server/flask/request_processing/req_logging.py:27}}
Sep 20 09:50:17.072129 dv-neutron-858504-3-hyperv devstack@keystone.service[81615]: DEBUG keystone.server.flask.request_processing.req_logging [None req-3bc61af7-9a47-4ccc-9a59-7f373a3ba4f0 None admin] SCRIPT_NAME: `/identity` {{(pid=81615) log_request_info /opt/stack/keystone/keystone/server/flask/request_processing/req_logging.py:28}}
Sep 20 09:50:17.072733 dv-neutron-858504-3-hyperv devstack@keystone.service[81615]: DEBUG keystone.server.flask.request_processing.req_logging [None req-3bc61af7-9a47-4ccc-9a59-7f373a3ba4f0 None admin] PATH_INFO: `/v3/projects/e00de3bef1d940e0b9eb4eb72ed85177/groups/fa8bfbc004e14d6ba31fc20239506032/roles/216a57142c844bdbbf568bede77d6e0d` {{(pid=81615) log_request_info /opt/stack/keystone/keystone/server/flask/request_processing/req_logging.py:29}}
Sep 20 09:50:17.075638 dv-neutron-858504-3-hyperv devstack@keystone.service[81615]: DEBUG keystone.common.rbac_enforcer.enforcer [None req-3bc61af7-9a47-4ccc-9a59-7f373a3ba4f0 None admin] RBAC: Authorizing `identity:create_grant(project_id=e00de3bef1d940e0b9eb4eb72ed85177, group_id=fa8bfbc004e14d6ba31fc20239506032, role_id=216a57142c844bdbbf568bede77d6e0d)` {{(pid=81615) enforce_call /opt/stack/keystone/keystone/common/rbac_enforcer/enforcer.py:449}}
Sep 20 09:50:17.078004 dv-neutron-858504-3-hyperv devstack@keystone.service[81615]: DEBUG keystone.common.rbac_enforcer.enforcer [None req-3bc61af7-9a47-4ccc-9a59-7f373a3ba4f0 None admin] RBAC: Authorization granted {{(pid=81615) enforce_call /opt/stack/keystone/keystone/common/rbac_enforcer/enforcer.py:457}}
Sep 20 09:50:17.089159 dv-neutron-858504-3-hyperv devstack@keystone.service[81616]: [pid: 81616|app: 0|req: 198/412] 10.222.0.77 () {58 vars in 1442 bytes} [Tue Sep 20 09:50:16 2022] PUT /identity/v3/projects/e00de3bef1d940e0b9eb4eb72ed85177/groups/fa8bfbc004e14d6ba31fc20239506032/roles/b2d07e943d8b44aab2dcdc3a031a918a => generated 0 bytes in 172 msecs (HTTP/1.1 204) 3 headers in 132 bytes (0 switches on core 0)
Sep 20 09:50:17.089159 dv-neutron-858504-3-hyperv devstack@keystone.service[81616]: DEBUG keystone.server.flask.request_processing.middleware.auth_context [None req-d7b95c5e-1759-4a2b-b7e6-e936a0bda1de None admin] Authenticating user token {{(pid=81616) process_request /usr/local/lib/python3.8/dist-packages/keystonemiddleware/auth_token/__init__.py:407}}
Sep 20 09:50:17.104612 dv-neutron-858504-3-hyperv devstack@keystone.service[81615]: [pid: 81615|app: 0|req: 215/413] 10.222.0.77 () {58 vars in 1442 bytes} [Tue Sep 20 09:50:16 2022] PUT /identity/v3/projects/e00de3bef1d940e0b9eb4eb72ed85177/groups/fa8bfbc004e14d6ba31fc20239506032/roles/216a57142c844bdbbf568bede77d6e0d => generated 0 bytes in 197 msecs (HTTP/1.1 204) 3 headers in 132 bytes (0 switches on core 0)
Sep 20 09:50:17.200582 dv-neutron-858504-3-hyperv devstack@keystone.service[81616]: DEBUG dbcounter [-] [81616] Writing DB stats keystone:SELECT=99,keystone:INSERT=1 {{(pid=81616) stat_writer /usr/local/lib/python3.8/dist-packages/dbcounter.py:114}}
Sep 20 09:50:17.253090 dv-neutron-858504-3-hyperv devstack@keystone.service[81616]: DEBUG keystone.server.flask.request_processing.middleware.auth_context [None req-d7b95c5e-1759-4a2b-b7e6-e936a0bda1de None admin] Validating token access rules against request {{(pid=81616) validate_allowed_request /usr/local/lib/python3.8/dist-packages/keystonemiddleware/auth_token/__init__.py:545}}
Sep 20 09:50:17.302440 dv-neutron-858504-3-hyperv devstack@keystone.service[81616]: DEBUG keystone.server.flask.request_processing.middleware.auth_context [None req-2f0a7fe1-4e99-4921-a50f-f5f84ae84e4e None admin] RBAC: auth_context: {'token': , 'domain_id': None, 'trust_id': None, 'trustor_id': None, 'trustee_id': None, 'domain_name': None, 'group_ids': [], 'user_id': '4d996f1037f94e4e85bdcbdd147756ce', 'user_domain_id': 'default', 'system_scope': 'all', 'project_id': None, 'project_domain_id': None, 'roles': ['admin', 'member', 'reader'], 'is_admin_project': True, 'service_user_id': None, 'service_user_domain_id': None, 'service_project_id': None, 'service_project_domain_id': None, 'service_roles': []} {{(pid=81616) fill_context /opt/stack/keystone/keystone/server/flask/request_processing/middleware/auth_context.py:478}}
Sep 20 09:50:17.303097 dv-neutron-858504-3-hyperv devstack@keystone.service[81616]: DEBUG keystone.server.flask.request_processing.req_logging [None req-2f0a7fe1-4e99-4921-a50f-f5f84ae84e4e None admin] REQUEST_METHOD: `GET` {{(pid=81616) log_request_info /opt/stack/keystone/keystone/server/flask/request_processing/req_logging.py:27}}
Sep 20 09:50:17.303379 dv-neutron-858504-3-hyperv devstack@keystone.service[81616]: DEBUG keystone.server.flask.request_processing.req_logging [None req-2f0a7fe1-4e99-4921-a50f-f5f84ae84e4e None admin] SCRIPT_NAME: `/identity` {{(pid=81616) log_request_info /opt/stack/keystone/keystone/server/flask/request_processing/req_logging.py:28}}
Sep 20 09:50:17.303656 dv-neutron-858504-3-hyperv devstack@keystone.service[81616]: DEBUG keystone.server.flask.request_processing.req_logging [None req-2f0a7fe1-4e99-4921-a50f-f5f84ae84e4e None admin] PATH_INFO: `/v3/projects/4b7441b111144b5fa1ff018e36708d91` {{(pid=81616) log_request_info /opt/stack/keystone/keystone/server/flask/request_processing/req_logging.py:29}}
Sep 20 09:50:17.304836 dv-neutron-858504-3-hyperv devstack@keystone.service[81616]: DEBUG keystone.common.rbac_enforcer.enforcer [None req-2f0a7fe1-4e99-4921-a50f-f5f84ae84e4e None admin] RBAC: Authorizing `identity:get_project(project_id=4b7441b111144b5fa1ff018e36708d91)` {{(pid=81616) enforce_call /opt/stack/keystone/keystone/common/rbac_enforcer/enforcer.py:449}}
Sep 20 09:50:17.306405 dv-neutron-858504-3-hyperv devstack@keystone.service[81616]: DEBUG keystone.common.rbac_enforcer.enforcer [None req-2f0a7fe1-4e99-4921-a50f-f5f84ae84e4e None admin] RBAC: Authorization granted {{(pid=81616) enforce_call /opt/stack/keystone/keystone/common/rbac_enforcer/enforcer.py:457}}
Sep 20 09:50:17.308699 dv-neutron-858504-3-hyperv devstack@keystone.service[81616]: [pid: 81616|app: 0|req: 199/414] 10.222.0.77 () {56 vars in 1186 bytes} [Tue Sep 20 09:50:17 2022] GET /identity/v3/projects/4b7441b111144b5fa1ff018e36708d91 => generated 344 bytes in 225 msecs (HTTP/1.1 200) 5 headers in 177 bytes (1 switches on core 0)
Sep 20 09:50:17.309853 dv-neutron-858504-3-hyperv devstack@keystone.service[81615]: DEBUG keystone.server.flask.request_processing.req_logging [None req-2a461f53-6924-4948-bfba-47af55bf2768 None None] REQUEST_METHOD: `GET` {{(pid=81615) log_request_info /opt/stack/keystone/keystone/server/flask/request_processing/req_logging.py:27}}
Sep 20 09:50:17.310139 dv-neutron-858504-3-hyperv devstack@keystone.service[81615]: DEBUG keystone.server.flask.request_processing.req_logging [None req-2a461f53-6924-4948-bfba-47af55bf2768 None None] SCRIPT_NAME: `/identity` {{(pid=81615) log_request_info /opt/stack/keystone/keystone/server/flask/request_processing/req_logging.py:28}}
Sep 20 09:50:17.310415 dv-neutron-858504-3-hyperv devstack@keystone.service[81615]: DEBUG keystone.server.flask.request_processing.req_logging [None req-2a461f53-6924-4948-bfba-47af55bf2768 None None] PATH_INFO: `/` {{(pid=81615) log_request_info /opt/stack/keystone/keystone/server/flask/request_processing/req_logging.py:29}}
Sep 20 09:50:17.311743 dv-neutron-858504-3-hyperv devstack@keystone.service[81615]: [pid: 81615|app: 0|req: 216/415] 10.222.0.77 () {54 vars in 927 bytes} [Tue Sep 20 09:50:17 2022] GET /identity => generated 270 bytes in 3 msecs (HTTP/1.1 300) 6 headers in 234 bytes (2 switches on core 0)
Sep 20 09:50:17.315803 dv-neutron-858504-3-hyperv devstack@keystone.service[81616]: DEBUG keystone.server.flask.request_processing.middleware.auth_context [None req-2f0a7fe1-4e99-4921-a50f-f5f84ae84e4e None admin] Authenticating user token {{(pid=81616) process_request /usr/local/lib/python3.8/dist-packages/keystonemiddleware/auth_token/__init__.py:407}}
Sep 20 09:50:17.317320 dv-neutron-858504-3-hyperv devstack@keystone.service[81615]: DEBUG keystone.server.flask.request_processing.req_logging [None req-dd2a8fb8-0051-44a0-88d6-db442ed95ed0 None None] REQUEST_METHOD: `POST` {{(pid=81615) log_request_info /opt/stack/keystone/keystone/server/flask/request_processing/req_logging.py:27}}
Sep 20 09:50:17.317601 dv-neutron-858504-3-hyperv devstack@keystone.service[81615]: DEBUG keystone.server.flask.request_processing.req_logging [None req-dd2a8fb8-0051-44a0-88d6-db442ed95ed0 None None] SCRIPT_NAME: `/identity` {{(pid=81615) log_request_info /opt/stack/keystone/keystone/server/flask/request_processing/req_logging.py:28}}
Sep 20 09:50:17.317870 dv-neutron-858504-3-hyperv devstack@keystone.service[81615]: DEBUG keystone.server.flask.request_processing.req_logging [None req-dd2a8fb8-0051-44a0-88d6-db442ed95ed0 None None] PATH_INFO: `/v3/auth/tokens` {{(pid=81615) log_request_info /opt/stack/keystone/keystone/server/flask/request_processing/req_logging.py:29}}
Sep 20 09:50:17.344031 dv-neutron-858504-3-hyperv devstack@keystone.service[81615]: DEBUG keystone.auth.core [None req-dd2a8fb8-0051-44a0-88d6-db442ed95ed0 None None] MFA Rules not processed for user `4d996f1037f94e4e85bdcbdd147756ce`. Rule list: `[]` (Enabled: `True`). {{(pid=81615) check_auth_methods_against_rules /opt/stack/keystone/keystone/auth/core.py:438}}
Sep 20 09:50:17.346021 dv-neutron-858504-3-hyperv devstack@keystone.service[81615]: DEBUG keystone.common.fernet_utils [None req-dd2a8fb8-0051-44a0-88d6-db442ed95ed0 None None] Loaded 2 Fernet keys from /etc/keystone/fernet-keys/, but `[fernet_tokens] max_active_keys = 3`; perhaps there have not been enough key rotations to reach `max_active_keys` yet? {{(pid=81615) load_keys /opt/stack/keystone/keystone/common/fernet_utils.py:286}}
Sep 20 09:50:17.430019 dv-neutron-858504-3-hyperv devstack@keystone.service[81615]: DEBUG dbcounter [-] [81615] Writing DB stats keystone:SELECT=99,keystone:INSERT=1 {{(pid=81615) stat_writer /usr/local/lib/python3.8/dist-packages/dbcounter.py:114}}
Sep 20 09:50:17.445538 dv-neutron-858504-3-hyperv devstack@keystone.service[81615]: [pid: 81615|app: 0|req: 217/416] 10.222.0.77 () {58 vars in 1024 bytes} [Tue Sep 20 09:50:17 2022] POST /identity/v3/auth/tokens => generated 799 bytes in 129 msecs (HTTP/1.1 201) 6 headers in 363 bytes (2 switches on core 0)
Sep 20 09:50:17.445745 dv-neutron-858504-3-hyperv devstack@keystone.service[81616]: DEBUG keystone.server.flask.request_processing.middleware.auth_context [None req-2f0a7fe1-4e99-4921-a50f-f5f84ae84e4e None admin] Validating token access rules against request {{(pid=81616) validate_allowed_request /usr/local/lib/python3.8/dist-packages/keystonemiddleware/auth_token/__init__.py:545}}
Sep 20 09:50:17.495053 dv-neutron-858504-3-hyperv devstack@keystone.service[81616]: DEBUG dbcounter [-] [81616] Writing DB stats keystone:SELECT=100 {{(pid=81616) stat_writer /usr/local/lib/python3.8/dist-packages/dbcounter.py:114}}
Sep 20 09:50:17.505032 dv-neutron-858504-3-hyperv devstack@keystone.service[81616]: DEBUG keystone.server.flask.request_processing.middleware.auth_context [None req-19d818f2-fc62-40db-a390-1f5a53bd6a82 None admin] RBAC: auth_context: {'token': , 'domain_id': None, 'trust_id': None, 'trustor_id': None, 'trustee_id': None, 'domain_name': None, 'group_ids': [], 'user_id': '4d996f1037f94e4e85bdcbdd147756ce', 'user_domain_id': 'default', 'system_scope': 'all', 'project_id': None, 'project_domain_id': None, 'roles': ['admin', 'member', 'reader'], 'is_admin_project': True, 'service_user_id': None, 'service_user_domain_id': None, 'service_project_id': None, 'service_project_domain_id': None, 'service_roles': []} {{(pid=81616) fill_context /opt/stack/keystone/keystone/server/flask/request_processing/middleware/auth_context.py:478}}
Sep 20 09:50:17.505747 dv-neutron-858504-3-hyperv devstack@keystone.service[81616]: DEBUG keystone.server.flask.request_processing.req_logging [None req-19d818f2-fc62-40db-a390-1f5a53bd6a82 None admin] REQUEST_METHOD: `PUT` {{(pid=81616) log_request_info /opt/stack/keystone/keystone/server/flask/request_processing/req_logging.py:27}}
Sep 20 09:50:17.506023 dv-neutron-858504-3-hyperv devstack@keystone.service[81616]: DEBUG keystone.server.flask.request_processing.req_logging [None req-19d818f2-fc62-40db-a390-1f5a53bd6a82 None admin] SCRIPT_NAME: `/identity` {{(pid=81616) log_request_info /opt/stack/keystone/keystone/server/flask/request_processing/req_logging.py:28}}
Sep 20 09:50:17.506292 dv-neutron-858504-3-hyperv devstack@keystone.service[81616]: DEBUG keystone.server.flask.request_processing.req_logging [None req-19d818f2-fc62-40db-a390-1f5a53bd6a82 None admin] PATH_INFO: `/v3/projects/4b7441b111144b5fa1ff018e36708d91/groups/cbf1c4cb429841ebb20f38bb943be4c0/roles/8fa69122f3a64336abe2cfd7d3d656c5` {{(pid=81616) log_request_info /opt/stack/keystone/keystone/server/flask/request_processing/req_logging.py:29}}
Sep 20 09:50:17.512646 dv-neutron-858504-3-hyperv devstack@keystone.service[81616]: DEBUG keystone.common.rbac_enforcer.enforcer [None req-19d818f2-fc62-40db-a390-1f5a53bd6a82 None admin] RBAC: Authorizing `identity:create_grant(project_id=4b7441b111144b5fa1ff018e36708d91, group_id=cbf1c4cb429841ebb20f38bb943be4c0, role_id=8fa69122f3a64336abe2cfd7d3d656c5)` {{(pid=81616) enforce_call /opt/stack/keystone/keystone/common/rbac_enforcer/enforcer.py:449}}
Sep 20 09:50:17.514203 dv-neutron-858504-3-hyperv devstack@keystone.service[81616]: DEBUG keystone.common.rbac_enforcer.enforcer [None req-19d818f2-fc62-40db-a390-1f5a53bd6a82 None admin] RBAC: Authorization granted {{(pid=81616) enforce_call /opt/stack/keystone/keystone/common/rbac_enforcer/enforcer.py:457}}
Sep 20 09:50:17.535311 dv-neutron-858504-3-hyperv devstack@keystone.service[81616]: [pid: 81616|app: 0|req: 200/417] 10.222.0.77 () {58 vars in 1442 bytes} [Tue Sep 20 09:50:17 2022] PUT /identity/v3/projects/4b7441b111144b5fa1ff018e36708d91/groups/cbf1c4cb429841ebb20f38bb943be4c0/roles/8fa69122f3a64336abe2cfd7d3d656c5 => generated 0 bytes in 220 msecs (HTTP/1.1 204) 3 headers in 132 bytes (0 switches on core 0)
Sep 20 09:50:17.621901 dv-neutron-858504-3-hyperv devstack@keystone.service[81615]: DEBUG keystone.server.flask.request_processing.req_logging [None req-0252e536-1545-444b-8974-2cb51fbd531f None None] REQUEST_METHOD: `GET` {{(pid=81615) log_request_info /opt/stack/keystone/keystone/server/flask/request_processing/req_logging.py:27}}
Sep 20 09:50:17.622391 dv-neutron-858504-3-hyperv devstack@keystone.service[81615]: DEBUG keystone.server.flask.request_processing.req_logging [None req-0252e536-1545-444b-8974-2cb51fbd531f None None] SCRIPT_NAME: `/identity` {{(pid=81615) log_request_info /opt/stack/keystone/keystone/server/flask/request_processing/req_logging.py:28}}
Sep 20 09:50:17.622545 dv-neutron-858504-3-hyperv devstack@keystone.service[81615]: DEBUG keystone.server.flask.request_processing.req_logging [None req-0252e536-1545-444b-8974-2cb51fbd531f None None] PATH_INFO: `/` {{(pid=81615) log_request_info /opt/stack/keystone/keystone/server/flask/request_processing/req_logging.py:29}}
Sep 20 09:50:17.623849 dv-neutron-858504-3-hyperv devstack@keystone.service[81615]: [pid: 81615|app: 0|req: 218/418] 10.222.0.77 () {54 vars in 927 bytes} [Tue Sep 20 09:50:17 2022] GET /identity => generated 270 bytes in 3 msecs (HTTP/1.1 300) 6 headers in 234 bytes (1 switches on core 0)
Sep 20 09:50:17.629640 dv-neutron-858504-3-hyperv devstack@keystone.service[81616]: DEBUG keystone.server.flask.request_processing.req_logging [None req-3b7a4c4c-18d2-489b-9737-21582810c6c8 None None] REQUEST_METHOD: `POST` {{(pid=81616) log_request_info /opt/stack/keystone/keystone/server/flask/request_processing/req_logging.py:27}}
Sep 20 09:50:17.629906 dv-neutron-858504-3-hyperv devstack@keystone.service[81616]: DEBUG keystone.server.flask.request_processing.req_logging [None req-3b7a4c4c-18d2-489b-9737-21582810c6c8 None None] SCRIPT_NAME: `/identity` {{(pid=81616) log_request_info /opt/stack/keystone/keystone/server/flask/request_processing/req_logging.py:28}}
Sep 20 09:50:17.630172 dv-neutron-858504-3-hyperv devstack@keystone.service[81616]: DEBUG keystone.server.flask.request_processing.req_logging [None req-3b7a4c4c-18d2-489b-9737-21582810c6c8 None None] PATH_INFO: `/v3/auth/tokens` {{(pid=81616) log_request_info /opt/stack/keystone/keystone/server/flask/request_processing/req_logging.py:29}}
Sep 20 09:50:17.658367 dv-neutron-858504-3-hyperv devstack@keystone.service[81616]: DEBUG keystone.auth.core [None req-3b7a4c4c-18d2-489b-9737-21582810c6c8 None None] MFA Rules not processed for user `4d996f1037f94e4e85bdcbdd147756ce`. Rule list: `[]` (Enabled: `True`). {{(pid=81616) check_auth_methods_against_rules /opt/stack/keystone/keystone/auth/core.py:438}}
Sep 20 09:50:17.659600 dv-neutron-858504-3-hyperv devstack@keystone.service[81616]: DEBUG keystone.common.fernet_utils [None req-3b7a4c4c-18d2-489b-9737-21582810c6c8 None None] Loaded 2 Fernet keys from /etc/keystone/fernet-keys/, but `[fernet_tokens] max_active_keys = 3`; perhaps there have not been enough key rotations to reach `max_active_keys` yet? {{(pid=81616) load_keys /opt/stack/keystone/keystone/common/fernet_utils.py:286}}
Sep 20 09:50:17.747966 dv-neutron-858504-3-hyperv devstack@keystone.service[81616]: [pid: 81616|app: 0|req: 201/419] 10.222.0.77 () {58 vars in 1024 bytes} [Tue Sep 20 09:50:17 2022] POST /identity/v3/auth/tokens => generated 799 bytes in 119 msecs (HTTP/1.1 201) 6 headers in 363 bytes (1 switches on core 0)
Sep 20 09:50:17.869126 dv-neutron-858504-3-hyperv devstack@keystone.service[81615]: DEBUG keystone.server.flask.request_processing.middleware.auth_context [None req-0252e536-1545-444b-8974-2cb51fbd531f None None] Authenticating user token {{(pid=81615) process_request /usr/local/lib/python3.8/dist-packages/keystonemiddleware/auth_token/__init__.py:407}}
Sep 20 09:50:17.988531 dv-neutron-858504-3-hyperv devstack@keystone.service[81615]: DEBUG keystone.server.flask.request_processing.middleware.auth_context [None req-0252e536-1545-444b-8974-2cb51fbd531f None None] Validating token access rules against request {{(pid=81615) validate_allowed_request /usr/local/lib/python3.8/dist-packages/keystonemiddleware/auth_token/__init__.py:545}}
Sep 20 09:50:18.033689 dv-neutron-858504-3-hyperv devstack@keystone.service[81615]: DEBUG keystone.server.flask.request_processing.middleware.auth_context [None req-eba60481-b8b4-49f7-b4c6-17cac628c11a None admin] RBAC: auth_context: {'token': , 'domain_id': None, 'trust_id': None, 'trustor_id': None, 'trustee_id': None, 'domain_name': None, 'group_ids': [], 'user_id': '4d996f1037f94e4e85bdcbdd147756ce', 'user_domain_id': 'default', 'system_scope': 'all', 'project_id': None, 'project_domain_id': None, 'roles': ['admin', 'member', 'reader'], 'is_admin_project': True, 'service_user_id': None, 'service_user_domain_id': None, 'service_project_id': None, 'service_project_domain_id': None, 'service_roles': []} {{(pid=81615) fill_context /opt/stack/keystone/keystone/server/flask/request_processing/middleware/auth_context.py:478}}
Sep 20 09:50:18.034386 dv-neutron-858504-3-hyperv devstack@keystone.service[81615]: DEBUG keystone.server.flask.request_processing.req_logging [None req-eba60481-b8b4-49f7-b4c6-17cac628c11a None admin] REQUEST_METHOD: `GET` {{(pid=81615) log_request_info /opt/stack/keystone/keystone/server/flask/request_processing/req_logging.py:27}}
Sep 20 09:50:18.034669 dv-neutron-858504-3-hyperv devstack@keystone.service[81615]: DEBUG keystone.server.flask.request_processing.req_logging [None req-eba60481-b8b4-49f7-b4c6-17cac628c11a None admin] SCRIPT_NAME: `/identity` {{(pid=81615) log_request_info /opt/stack/keystone/keystone/server/flask/request_processing/req_logging.py:28}}
Sep 20 09:50:18.034936 dv-neutron-858504-3-hyperv devstack@keystone.service[81615]: DEBUG keystone.server.flask.request_processing.req_logging [None req-eba60481-b8b4-49f7-b4c6-17cac628c11a None admin] PATH_INFO: `/v3/roles/member` {{(pid=81615) log_request_info /opt/stack/keystone/keystone/server/flask/request_processing/req_logging.py:29}}
Sep 20 09:50:18.054949 dv-neutron-858504-3-hyperv devstack@keystone.service[81615]: DEBUG keystone.common.rbac_enforcer.enforcer [None req-eba60481-b8b4-49f7-b4c6-17cac628c11a None admin] Extracting inferred target data resulted in "NOT FOUND (404)". {{(pid=81615) enforce_call /opt/stack/keystone/keystone/common/rbac_enforcer/enforcer.py:409}}
Sep 20 09:50:18.060628 dv-neutron-858504-3-hyperv devstack@keystone.service[81615]: ERROR keystone.server.flask.application [None req-eba60481-b8b4-49f7-b4c6-17cac628c11a None admin] Could not find role: member.: keystone.exception.RoleNotFound: Could not find role: member.
Sep 20 09:50:18.060628 dv-neutron-858504-3-hyperv devstack@keystone.service[81615]: ERROR keystone.server.flask.application
Traceback (most recent call last):
Sep 20 09:50:18.060628 dv-neutron-858504-3-hyperv devstack@keystone.service[81615]: ERROR keystone.server.flask.application
File "/usr/local/lib/python3.8/dist-packages/flask/app.py", line 1820, in full_dispatch_request
Sep 20 09:50:18.060628 dv-neutron-858504-3-hyperv devstack@keystone.service[81615]: ERROR keystone.server.flask.application rv = self.dispatch_request()
Sep 20 09:50:18.060628 dv-neutron-858504-3-hyperv devstack@keystone.service[81615]: ERROR keystone.server.flask.application
File "/usr/local/lib/python3.8/dist-packages/flask/app.py", line 1796, in dispatch_request
Sep 20 09:50:18.060628 dv-neutron-858504-3-hyperv devstack@keystone.service[81615]: ERROR keystone.server.flask.application return self.ensure_sync(self.view_functions[rule.endpoint])(**view_args)
Sep 20 09:50:18.060628 dv-neutron-858504-3-hyperv devstack@keystone.service[81615]: ERROR keystone.server.flask.application
File "/usr/local/lib/python3.8/dist-packages/flask_restful/__init__.py", line 467, in wrapper
Sep 20 09:50:18.060628 dv-neutron-858504-3-hyperv devstack@keystone.service[81615]: ERROR keystone.server.flask.application resp = resource(*args, **kwargs)
Sep 20 09:50:18.060628 dv-neutron-858504-3-hyperv devstack@keystone.service[81615]: ERROR keystone.server.flask.application
File "/usr/local/lib/python3.8/dist-packages/flask/views.py", line 107, in view
Sep 20 09:50:18.060628 dv-neutron-858504-3-hyperv devstack@keystone.service[81615]: ERROR keystone.server.flask.application return current_app.ensure_sync(self.dispatch_request)(**kwargs)
Sep 20 09:50:18.060628 dv-neutron-858504-3-hyperv devstack@keystone.service[81615]: ERROR keystone.server.flask.application
File "/usr/local/lib/python3.8/dist-packages/flask_restful/__init__.py", line 582, in dispatch_request
Sep 20 09:50:18.060628 dv-neutron-858504-3-hyperv devstack@keystone.service[81615]: ERROR keystone.server.flask.application resp = meth(*args, **kwargs)
Sep 20 09:50:18.060628 dv-neutron-858504-3-hyperv devstack@keystone.service[81615]: ERROR keystone.server.flask.application
File "/opt/stack/keystone/keystone/api/roles.py", line 50, in get
Sep 20 09:50:18.060628 dv-neutron-858504-3-hyperv devstack@keystone.service[81615]: ERROR keystone.server.flask.application return self._get_role(role_id)
Sep 20 09:50:18.060628 dv-neutron-858504-3-hyperv devstack@keystone.service[81615]: ERROR keystone.server.flask.application
File "/opt/stack/keystone/keystone/api/roles.py", line 70, in _get_role
Sep 20 09:50:18.060628 dv-neutron-858504-3-hyperv devstack@keystone.service[81615]: ERROR keystone.server.flask.application ENFORCER.enforce_call(action='identity:get_role')
Sep 20 09:50:18.061497 dv-neutron-858504-3-hyperv devstack@keystone.service[81615]: ERROR keystone.server.flask.application
File "/opt/stack/keystone/keystone/common/rbac_enforcer/enforcer.py", line 402, in enforce_call
Sep 20 09:50:18.061497 dv-neutron-858504-3-hyperv devstack@keystone.service[81615]: ERROR keystone.server.flask.application policy_dict.update(cls._extract_member_target_data(
Sep 20 09:50:18.061497 dv-neutron-858504-3-hyperv devstack@keystone.service[81615]: ERROR keystone.server.flask.application
File "/opt/stack/keystone/keystone/common/rbac_enforcer/enforcer.py", line 234, in _extract_member_target_data
Sep 20 09:50:18.061497 dv-neutron-858504-3-hyperv devstack@keystone.service[81615]: ERROR keystone.server.flask.application member_name: func(flask.request.view_args[key])
Sep 20 09:50:18.061497 dv-neutron-858504-3-hyperv devstack@keystone.service[81615]: ERROR keystone.server.flask.application
File "/opt/stack/keystone/keystone/common/manager.py", line 115, in wrapped
Sep 20 09:50:18.061497 dv-neutron-858504-3-hyperv devstack@keystone.service[81615]: ERROR keystone.server.flask.application __ret_val = __f(*args, **kwargs)
Sep 20 09:50:18.061497 dv-neutron-858504-3-hyperv devstack@keystone.service[81615]: ERROR keystone.server.flask.application
File "/usr/local/lib/python3.8/dist-packages/decorator.py", line 232, in fun
Sep 20 09:50:18.061497 dv-neutron-858504-3-hyperv devstack@keystone.service[81615]: ERROR keystone.server.flask.application return caller(func, *(extras + args), **kw)
Sep 20 09:50:18.061497 dv-neutron-858504-3-hyperv devstack@keystone.service[81615]: ERROR keystone.server.flask.application
File "/usr/local/lib/python3.8/dist-packages/dogpile/cache/region.py", line 1577, in get_or_create_for_user_func
Sep 20 09:50:18.061497 dv-neutron-858504-3-hyperv devstack@keystone.service[81615]: ERROR keystone.server.flask.application return self.get_or_create(
Sep 20 09:50:18.061497 dv-neutron-858504-3-hyperv devstack@keystone.service[81615]: ERROR keystone.server.flask.application
File "/usr/local/lib/python3.8/dist-packages/dogpile/cache/region.py", line 1042, in get_or_create
Sep 20 09:50:18.061497 dv-neutron-858504-3-hyperv devstack@keystone.service[81615]: ERROR keystone.server.flask.application with Lock(
Sep 20 09:50:18.061497 dv-neutron-858504-3-hyperv devstack@keystone.service[81615]: ERROR keystone.server.flask.application
File "/usr/local/lib/python3.8/dist-packages/dogpile/lock.py", line 185, in __enter__
Sep 20 09:50:18.061497 dv-neutron-858504-3-hyperv devstack@keystone.service[81615]: ERROR keystone.server.flask.application return self._enter()
Sep 20 09:50:18.061497 dv-neutron-858504-3-hyperv devstack@keystone.service[81615]: ERROR keystone.server.flask.application
File "/usr/local/lib/python3.8/dist-packages/dogpile/lock.py", line 94, in _enter
Sep 20 09:50:18.061497 dv-neutron-858504-3-hyperv devstack@keystone.service[81615]: ERROR keystone.server.flask.application generated = self._enter_create(value, createdtime)
Sep 20 09:50:18.062295 dv-neutron-858504-3-hyperv devstack@keystone.service[81615]: ERROR keystone.server.flask.application
File "/usr/local/lib/python3.8/dist-packages/dogpile/lock.py", line 178, in _enter_create
Sep 20 09:50:18.062295 dv-neutron-858504-3-hyperv devstack@keystone.service[81615]: ERROR keystone.server.flask.application return self.creator()
Sep 20 09:50:18.062295 dv-neutron-858504-3-hyperv devstack@keystone.service[81615]: ERROR keystone.server.flask.application
File "/usr/local/lib/python3.8/dist-packages/dogpile/cache/region.py", line 995, in gen_value
Sep 20 09:50:18.062295 dv-neutron-858504-3-hyperv devstack@keystone.service[81615]: ERROR keystone.server.flask.application created_value = creator(
Sep 20 09:50:18.062295 dv-neutron-858504-3-hyperv devstack@keystone.service[81615]: ERROR keystone.server.flask.application
File "/opt/stack/keystone/keystone/assignment/core.py", line 1276, in get_role
Sep 20 09:50:18.062295 dv-neutron-858504-3-hyperv devstack@keystone.service[81615]: ERROR keystone.server.flask.application return self.driver.get_role(role_id)
Sep 20 09:50:18.062295 dv-neutron-858504-3-hyperv devstack@keystone.service[81615]: ERROR keystone.server.flask.application
File "/opt/stack/keystone/keystone/assignment/role_backends/sql.py", line 70, in get_role
Sep 20 09:50:18.062295 dv-neutron-858504-3-hyperv devstack@keystone.service[81615]: ERROR keystone.server.flask.application return self._get_role(session, role_id).to_dict()
Sep 20 09:50:18.062295 dv-neutron-858504-3-hyperv devstack@keystone.service[81615]: ERROR keystone.server.flask.application
File "/opt/stack/keystone/keystone/assignment/role_backends/sql.py", line 65, in _get_role
Sep 20 09:50:18.062295 dv-neutron-858504-3-hyperv devstack@keystone.service[81615]: ERROR keystone.server.flask.application raise exception.RoleNotFound(role_id=role_id)
Sep 20 09:50:18.062295 dv-neutron-858504-3-hyperv devstack@keystone.service[81615]: ERROR keystone.server.flask.application keystone.exception.RoleNotFound: Could not find role: member.
Sep 20 09:50:18.062295 dv-neutron-858504-3-hyperv devstack@keystone.service[81615]: ERROR keystone.server.flask.application
