Sep 20 08:45:52.344758 dv-neutron-858461-1-hyperv devstack@n-api.service[88369]: WARNING keystonemiddleware.auth_token [None req-7a3a12ce-fd42-46c4-85b9-df7f691e950d None None] Configuring www_authenticate_uri to point to the public identity endpoint is required; clients may not be able to authenticate against an admin endpoint
Sep 20 08:45:52.347316 dv-neutron-858461-1-hyperv devstack@n-api.service[88368]: WARNING keystonemiddleware.auth_token [None req-af15f248-962f-421c-b21f-f7bec79456be None None] Configuring www_authenticate_uri to point to the public identity endpoint is required; clients may not be able to authenticate against an admin endpoint
Sep 20 08:45:52.561253 dv-neutron-858461-1-hyperv devstack@n-api.service[88368]: WARNING keystonemiddleware.auth_token [None req-af15f248-962f-421c-b21f-f7bec79456be None None] AuthToken middleware is set with keystone_authtoken.service_token_roles_required set to False. This is backwards compatible but deprecated behaviour. Please set this to True.
Sep 20 08:45:52.565366 dv-neutron-858461-1-hyperv devstack@n-api.service[88369]: WARNING keystonemiddleware.auth_token [None req-7a3a12ce-fd42-46c4-85b9-df7f691e950d None None] AuthToken middleware is set with keystone_authtoken.service_token_roles_required set to False. This is backwards compatible but deprecated behaviour. Please set this to True.
Sep 20 08:45:52.566432 dv-neutron-858461-1-hyperv devstack@n-api.service[88368]: WARNING keystonemiddleware.auth_token [None req-af15f248-962f-421c-b21f-f7bec79456be None None] Configuring www_authenticate_uri to point to the public identity endpoint is required; clients may not be able to authenticate against an admin endpoint
Sep 20 08:45:52.571069 dv-neutron-858461-1-hyperv devstack@n-api.service[88369]: WARNING keystonemiddleware.auth_token [None req-7a3a12ce-fd42-46c4-85b9-df7f691e950d None None] Configuring www_authenticate_uri to point to the public identity endpoint is required; clients may not be able to authenticate against an admin endpoint
Sep 20 08:45:52.572249 dv-neutron-858461-1-hyperv devstack@n-api.service[88368]: WSGI app 0 (mountpoint='') ready in 5 seconds on interpreter 0x55acdb77e9c0 pid: 88368 (default app)
Sep 20 08:45:52.574353 dv-neutron-858461-1-hyperv devstack@n-api.service[88368]: DEBUG nova.api.openstack.wsgi [None req-af15f248-962f-421c-b21f-f7bec79456be None None] Calling method '>' {{(pid=88368) _process_stack /opt/stack/nova/nova/api/openstack/wsgi.py:513}}
Sep 20 08:45:52.575456 dv-neutron-858461-1-hyperv devstack@n-api.service[88368]: INFO nova.api.openstack.requestlog [None req-af15f248-962f-421c-b21f-f7bec79456be None None] 10.222.0.61 "GET /compute/v2.1/" status: 200 len: 388 microversion: 2.1 time: 0.001696
Sep 20 08:45:52.575849 dv-neutron-858461-1-hyperv devstack@n-api.service[88368]: [pid: 88368|app: 0|req: 1/1] 10.222.0.61 () {50 vars in 788 bytes} [Tue Sep 20 08:45:52 2022] GET /compute/v2.1/ => generated 388 bytes in 3 msecs (HTTP/1.1 200) 9 headers in 357 bytes (1 switches on core 0)
Sep 20 08:45:52.576314 dv-neutron-858461-1-hyperv devstack@n-api.service[88369]: WSGI app 0 (mountpoint='') ready in 5 seconds on interpreter 0x55acdb77e9c0 pid: 88369 (default app)
Sep 20 08:47:12.496473 dv-neutron-858461-1-hyperv devstack@n-api.service[88368]: DEBUG nova.api.openstack.wsgi [None req-af15f248-962f-421c-b21f-f7bec79456be None None] Calling method '>' {{(pid=88368) _process_stack /opt/stack/nova/nova/api/openstack/wsgi.py:513}}
Sep 20 08:47:12.497445 dv-neutron-858461-1-hyperv devstack@n-api.service[88368]: INFO nova.api.openstack.requestlog [None req-af15f248-962f-421c-b21f-f7bec79456be None None] 10.222.0.61 "GET /compute/v2.1" status: 200 len: 388 microversion: 2.1 time: 0.001397
Sep 20 08:47:12.497822 dv-neutron-858461-1-hyperv devstack@n-api.service[88368]: [pid: 88368|app: 0|req: 2/2] 10.222.0.61 () {54 vars in 930 bytes} [Tue Sep 20 08:47:12 2022] GET /compute/v2.1 => generated 388 bytes in 2 msecs (HTTP/1.1 200) 9 headers in 357 bytes (1 switches on core 0)
Sep 20 08:47:13.047922 dv-neutron-858461-1-hyperv devstack@n-api.service[88369]: DEBUG nova.api.openstack.wsgi [None req-65d51347-0e2d-4645-8685-9f00667f0f54 admin admin] Calling method '>' {{(pid=88369) _process_stack /opt/stack/nova/nova/api/openstack/wsgi.py:513}}
Sep 20 08:47:13.073232 dv-neutron-858461-1-hyperv devstack@n-api.service[88369]: INFO nova.api.openstack.requestlog [None req-65d51347-0e2d-4645-8685-9f00667f0f54 admin admin] 10.222.0.61 "GET /compute/v2.1/flavors/detail?is_public=True" status: 200 len: 15 microversion: 2.61 time: 0.568668
Sep 20 08:47:13.073763 dv-neutron-858461-1-hyperv devstack@n-api.service[88369]: [pid: 88369|app: 0|req: 1/3] 10.222.0.61 () {60 vars in 1291 bytes} [Tue Sep 20 08:47:12 2022] GET /compute/v2.1/flavors/detail?is_public=True => generated 15 bytes in 571 msecs (HTTP/1.1 200) 9 headers in 358 bytes (1 switches on core 0)
Sep 20 08:47:15.233675 dv-neutron-858461-1-hyperv devstack@n-api.service[88368]: DEBUG nova.api.openstack.wsgi [None req-af15f248-962f-421c-b21f-f7bec79456be None None] Calling method '>' {{(pid=88368) _process_stack /opt/stack/nova/nova/api/openstack/wsgi.py:513}}
Sep 20 08:47:15.234699 dv-neutron-858461-1-hyperv devstack@n-api.service[88368]: INFO nova.api.openstack.requestlog [None req-af15f248-962f-421c-b21f-f7bec79456be None None] 10.222.0.61 "GET /compute/v2.1" status: 200 len: 388 microversion: 2.1 time: 0.001430
Sep 20 08:47:15.235079 dv-neutron-858461-1-hyperv devstack@n-api.service[88368]: [pid: 88368|app: 0|req: 3/4] 10.222.0.61 () {54 vars in 930 bytes} [Tue Sep 20 08:47:15 2022] GET /compute/v2.1 => generated 388 bytes in 2 msecs (HTTP/1.1 200) 9 headers in 357 bytes (1 switches on core 0)
Sep 20 08:47:15.291305 dv-neutron-858461-1-hyperv devstack@n-api.service[88369]: DEBUG nova.api.openstack.wsgi [None req-291e7f7c-7cb3-448d-ac4f-6ce08242cd47 admin admin] Action: 'create', calling method: >, body: {"flavor": {"swap": 0, "id": "c1", "os-flavor-access:is_public": true, "name": "cirros256", "vcpus": 1, "disk": 1, "OS-FLV-EXT-DATA:ephemeral": 0, "ram": 256, "rxtx_factor": 1.0}} {{(pid=88369) _process_stack /opt/stack/nova/nova/api/openstack/wsgi.py:511}}
Sep 20 08:47:15.309429 dv-neutron-858461-1-hyperv devstack@n-api.service[88369]: /usr/local/lib/python3.8/dist-packages/oslo_policy/policy.py:1065: UserWarning: Policy os_compute_api:os-flavor-manage:create failed scope check. The token used to make the request was project scoped but the policy requires ['system'] scope. This behavior may change in the future where using the intended scope is required
Sep 20 08:47:15.309429 dv-neutron-858461-1-hyperv devstack@n-api.service[88369]: warnings.warn(msg)
Sep 20 08:47:15.335077 dv-neutron-858461-1-hyperv devstack@n-api.service[88369]: INFO nova.api.openstack.requestlog [None req-291e7f7c-7cb3-448d-ac4f-6ce08242cd47 admin admin] 10.222.0.61 "POST /compute/v2.1/flavors" status: 200 len: 407 microversion: 2.61 time: 0.093425
Sep 20 08:47:15.335631 dv-neutron-858461-1-hyperv devstack@n-api.service[88369]: [pid: 88369|app: 0|req: 2/5] 10.222.0.61 () {64 vars in 1282 bytes} [Tue Sep 20 08:47:15 2022] POST /compute/v2.1/flavors => generated 407 bytes in 95 msecs (HTTP/1.1 200) 9 headers in 359 bytes (2 switches on core 0)
Sep 20 08:47:15.663041 dv-neutron-858461-1-hyperv devstack@n-api.service[88368]: DEBUG nova.api.openstack.wsgi [None req-019872ec-d44e-436b-b8bb-fe5265ae3eaf admin admin] Action: 'create', calling method: >, body: {"extra_specs": {"hw_rng:allowed": "True"}} {{(pid=88368) _process_stack /opt/stack/nova/nova/api/openstack/wsgi.py:511}}
Sep 20 08:47:15.665337 dv-neutron-858461-1-hyperv devstack@n-api.service[88368]: /usr/local/lib/python3.8/dist-packages/oslo_policy/policy.py:1065: UserWarning: Policy os_compute_api:os-flavor-extra-specs:create failed scope check. The token used to make the request was project scoped but the policy requires ['system'] scope. This behavior may change in the future where using the intended scope is required
Sep 20 08:47:15.665337 dv-neutron-858461-1-hyperv devstack@n-api.service[88368]: warnings.warn(msg)
Sep 20 08:47:15.706620 dv-neutron-858461-1-hyperv devstack@n-api.service[88368]: INFO nova.api.openstack.requestlog [None req-019872ec-d44e-436b-b8bb-fe5265ae3eaf admin admin] 10.222.0.61 "POST /compute/v2.1/flavors/c1/os-extra_specs" status: 200 len: 43 microversion: 2.61 time: 0.362948
Sep 20 08:47:15.707189 dv-neutron-858461-1-hyperv devstack@n-api.service[88368]: [pid: 88368|app: 0|req: 4/6] 10.222.0.61 () {64 vars in 1335 bytes} [Tue Sep 20 08:47:15 2022] POST /compute/v2.1/flavors/c1/os-extra_specs => generated 43 bytes in 364 msecs (HTTP/1.1 200) 9 headers in 358 bytes (1 switches on core 0)
Sep 20 08:47:17.859848 dv-neutron-858461-1-hyperv devstack@n-api.service[88369]: DEBUG nova.api.openstack.wsgi [None req-291e7f7c-7cb3-448d-ac4f-6ce08242cd47 admin admin] Calling method '>' {{(pid=88369) _process_stack /opt/stack/nova/nova/api/openstack/wsgi.py:513}}
Sep 20 08:47:17.860850 dv-neutron-858461-1-hyperv devstack@n-api.service[88369]: INFO nova.api.openstack.requestlog [None req-291e7f7c-7cb3-448d-ac4f-6ce08242cd47 admin admin] 10.222.0.61 "GET /compute/v2.1" status: 200 len: 388 microversion: 2.1 time: 0.001431
Sep 20 08:47:17.861250 dv-neutron-858461-1-hyperv devstack@n-api.service[88369]: [pid: 88369|app: 0|req: 3/7] 10.222.0.61 () {54 vars in 930 bytes} [Tue Sep 20 08:47:17 2022] GET /compute/v2.1 => generated 388 bytes in 2 msecs (HTTP/1.1 200) 9 headers in 357 bytes (1 switches on core 0)
Sep 20 08:47:17.965946 dv-neutron-858461-1-hyperv devstack@n-api.service[88368]: DEBUG nova.api.openstack.wsgi [None req-0f11c2d1-802e-44b5-9780-301f0c94b978 admin admin] Action: 'create', calling method: >, body: {"flavor": {"vcpus": 1, "id": "d1", "swap": 0, "ram": 512, "name": "ds512M", "disk": 5, "os-flavor-access:is_public": true, "OS-FLV-EXT-DATA:ephemeral": 0, "rxtx_factor": 1.0}} {{(pid=88368) _process_stack /opt/stack/nova/nova/api/openstack/wsgi.py:511}}
Sep 20 08:47:17.983782 dv-neutron-858461-1-hyperv devstack@n-api.service[88368]: /usr/local/lib/python3.8/dist-packages/oslo_policy/policy.py:1065: UserWarning: Policy os_compute_api:os-flavor-manage:create failed scope check. The token used to make the request was project scoped but the policy requires ['system'] scope. This behavior may change in the future where using the intended scope is required
Sep 20 08:47:17.983782 dv-neutron-858461-1-hyperv devstack@n-api.service[88368]: warnings.warn(msg)
Sep 20 08:47:18.008515 dv-neutron-858461-1-hyperv devstack@n-api.service[88368]: INFO nova.api.openstack.requestlog [None req-0f11c2d1-802e-44b5-9780-301f0c94b978 admin admin] 10.222.0.61 "POST /compute/v2.1/flavors" status: 200 len: 404 microversion: 2.61 time: 0.140945
Sep 20 08:47:18.009070 dv-neutron-858461-1-hyperv devstack@n-api.service[88368]: [pid: 88368|app: 0|req: 5/8] 10.222.0.61 () {64 vars in 1282 bytes} [Tue Sep 20 08:47:17 2022] POST /compute/v2.1/flavors => generated 404 bytes in 142 msecs (HTTP/1.1 200) 9 headers in 359 bytes (1 switches on core 0)
Sep 20 08:47:18.020896 dv-neutron-858461-1-hyperv devstack@n-api.service[88369]: DEBUG nova.api.openstack.wsgi [None req-7d8db88c-57a8-48c2-bcab-b01f96b6a2ae admin admin] Action: 'create', calling method: >, body: {"extra_specs": {"hw_rng:allowed": "True"}} {{(pid=88369) _process_stack /opt/stack/nova/nova/api/openstack/wsgi.py:511}}
Sep 20 08:47:18.022403 dv-neutron-858461-1-hyperv devstack@n-api.service[88369]: /usr/local/lib/python3.8/dist-packages/oslo_policy/policy.py:1065: UserWarning: Policy os_compute_api:os-flavor-extra-specs:create failed scope check. The token used to make the request was project scoped but the policy requires ['system'] scope. This behavior may change in the future where using the intended scope is required
Sep 20 08:47:18.022403 dv-neutron-858461-1-hyperv devstack@n-api.service[88369]: warnings.warn(msg)
Sep 20 08:47:18.058283 dv-neutron-858461-1-hyperv devstack@n-api.service[88369]: INFO nova.api.openstack.requestlog [None req-7d8db88c-57a8-48c2-bcab-b01f96b6a2ae admin admin] 10.222.0.61 "POST /compute/v2.1/flavors/d1/os-extra_specs" status: 200 len: 43 microversion: 2.61 time: 0.041101
Sep 20 08:47:18.058793 dv-neutron-858461-1-hyperv devstack@n-api.service[88369]: [pid: 88369|app: 0|req: 4/9] 10.222.0.61 () {64 vars in 1335 bytes} [Tue Sep 20 08:47:18 2022] POST /compute/v2.1/flavors/d1/os-extra_specs => generated 43 bytes in 42 msecs (HTTP/1.1 200) 9 headers in 358 bytes (2 switches on core 0)
Sep 20 08:47:20.234123 dv-neutron-858461-1-hyperv devstack@n-api.service[88368]: DEBUG nova.api.openstack.wsgi [None req-0f11c2d1-802e-44b5-9780-301f0c94b978 admin admin] Calling method '>' {{(pid=88368) _process_stack /opt/stack/nova/nova/api/openstack/wsgi.py:513}}
Sep 20 08:47:20.235158 dv-neutron-858461-1-hyperv devstack@n-api.service[88368]: INFO nova.api.openstack.requestlog [None req-0f11c2d1-802e-44b5-9780-301f0c94b978 admin admin] 10.222.0.61 "GET /compute/v2.1" status: 200 len: 388 microversion: 2.1 time: 0.001458
Sep 20 08:47:20.235567 dv-neutron-858461-1-hyperv devstack@n-api.service[88368]: [pid: 88368|app: 0|req: 6/10] 10.222.0.61 () {54 vars in 930 bytes} [Tue Sep 20 08:47:20 2022] GET /compute/v2.1 => generated 388 bytes in 2 msecs (HTTP/1.1 200) 9 headers in 357 bytes (1 switches on core 0)
Sep 20 08:47:20.291592 dv-neutron-858461-1-hyperv devstack@n-api.service[88369]: DEBUG nova.api.openstack.wsgi [None req-3373e50a-58df-4e9a-921d-bbc8fdcae995 admin admin] Action: 'create', calling method: >, body: {"flavor": {"ram": 1024, "swap": 0, "os-flavor-access:is_public": true, "name": "ds1G", "vcpus": 1, "disk": 10, "OS-FLV-EXT-DATA:ephemeral": 0, "rxtx_factor": 1.0, "id": "d2"}} {{(pid=88369) _process_stack /opt/stack/nova/nova/api/openstack/wsgi.py:511}}
Sep 20 08:47:20.314981 dv-neutron-858461-1-hyperv devstack@n-api.service[88369]: INFO nova.api.openstack.requestlog [None req-3373e50a-58df-4e9a-921d-bbc8fdcae995 admin admin] 10.222.0.61 "POST /compute/v2.1/flavors" status: 200 len: 404 microversion: 2.61 time: 0.073158
Sep 20 08:47:20.315513 dv-neutron-858461-1-hyperv devstack@n-api.service[88369]: [pid: 88369|app: 0|req: 5/11] 10.222.0.61 () {64 vars in 1282 bytes} [Tue Sep 20 08:47:20 2022] POST /compute/v2.1/flavors => generated 404 bytes in 74 msecs (HTTP/1.1 200) 9 headers in 359 bytes (2 switches on core 0)
Sep 20 08:47:20.327493 dv-neutron-858461-1-hyperv devstack@n-api.service[88368]: DEBUG nova.api.openstack.wsgi [None req-4ee0e7bd-35e1-4d78-8734-8986abf9763f admin admin] Action: 'create', calling method: >, body: {"extra_specs": {"hw_rng:allowed": "True"}} {{(pid=88368) _process_stack /opt/stack/nova/nova/api/openstack/wsgi.py:511}}
Sep 20 08:47:20.365511 dv-neutron-858461-1-hyperv devstack@n-api.service[88368]: INFO nova.api.openstack.requestlog [None req-4ee0e7bd-35e1-4d78-8734-8986abf9763f admin admin] 10.222.0.61 "POST /compute/v2.1/flavors/d2/os-extra_specs" status: 200 len: 43 microversion: 2.61 time: 0.041653
Sep 20 08:47:20.366122 dv-neutron-858461-1-hyperv devstack@n-api.service[88368]: [pid: 88368|app: 0|req: 7/12] 10.222.0.61 () {64 vars in 1335 bytes} [Tue Sep 20 08:47:20 2022] POST /compute/v2.1/flavors/d2/os-extra_specs => generated 43 bytes in 43 msecs (HTTP/1.1 200) 9 headers in 358 bytes (1 switches on core 0)
Sep 20 08:47:22.506179 dv-neutron-858461-1-hyperv devstack@n-api.service[88369]: DEBUG nova.api.openstack.wsgi [None req-3373e50a-58df-4e9a-921d-bbc8fdcae995 admin admin] Calling method '>' {{(pid=88369) _process_stack /opt/stack/nova/nova/api/openstack/wsgi.py:513}}
Sep 20 08:47:22.507208 dv-neutron-858461-1-hyperv devstack@n-api.service[88369]: INFO nova.api.openstack.requestlog [None req-3373e50a-58df-4e9a-921d-bbc8fdcae995 admin admin] 10.222.0.61 "GET /compute/v2.1" status: 200 len: 388 microversion: 2.1 time: 0.001481
Sep 20 08:47:22.507599 dv-neutron-858461-1-hyperv devstack@n-api.service[88369]: [pid: 88369|app: 0|req: 6/13] 10.222.0.61 () {54 vars in 930 bytes} [Tue Sep 20 08:47:22 2022] GET /compute/v2.1 => generated 388 bytes in 2 msecs (HTTP/1.1 200) 9 headers in 357 bytes (1 switches on core 0)
Sep 20 08:47:22.561744 dv-neutron-858461-1-hyperv devstack@n-api.service[88368]: DEBUG nova.api.openstack.wsgi [None req-61ef77bb-bf44-449c-ba24-e077f7c517f2 admin admin] Action: 'create', calling method: >, body: {"flavor": {"vcpus": 2, "disk": 10, "swap": 0, "rxtx_factor": 1.0, "ram": 2048, "OS-FLV-EXT-DATA:ephemeral": 0, "os-flavor-access:is_public": true, "id": "d3", "name": "ds2G"}} {{(pid=88368) _process_stack /opt/stack/nova/nova/api/openstack/wsgi.py:511}}
Sep 20 08:47:22.584685 dv-neutron-858461-1-hyperv devstack@n-api.service[88368]: INFO nova.api.openstack.requestlog [None req-61ef77bb-bf44-449c-ba24-e077f7c517f2 admin admin] 10.222.0.61 "POST /compute/v2.1/flavors" status: 200 len: 404 microversion: 2.61 time: 0.071295
Sep 20 08:47:22.585220 dv-neutron-858461-1-hyperv devstack@n-api.service[88368]: [pid: 88368|app: 0|req: 8/14] 10.222.0.61 () {64 vars in 1282 bytes} [Tue Sep 20 08:47:22 2022] POST /compute/v2.1/flavors => generated 404 bytes in 72 msecs (HTTP/1.1 200) 9 headers in 359 bytes (2 switches on core 0)
Sep 20 08:47:22.596534 dv-neutron-858461-1-hyperv devstack@n-api.service[88369]: DEBUG nova.api.openstack.wsgi [None req-e14ec7e0-47fb-49c7-859f-0f53b73c5106 admin admin] Action: 'create', calling method: >, body: {"extra_specs": {"hw_rng:allowed": "True"}} {{(pid=88369) _process_stack /opt/stack/nova/nova/api/openstack/wsgi.py:511}}
Sep 20 08:47:22.630653 dv-neutron-858461-1-hyperv devstack@n-api.service[88369]: INFO nova.api.openstack.requestlog [None req-e14ec7e0-47fb-49c7-859f-0f53b73c5106 admin admin] 10.222.0.61 "POST /compute/v2.1/flavors/d3/os-extra_specs" status: 200 len: 43 microversion: 2.61 time: 0.037626
Sep 20 08:47:22.631207 dv-neutron-858461-1-hyperv devstack@n-api.service[88369]: [pid: 88369|app: 0|req: 7/15] 10.222.0.61 () {64 vars in 1335 bytes} [Tue Sep 20 08:47:22 2022] POST /compute/v2.1/flavors/d3/os-extra_specs => generated 43 bytes in 39 msecs (HTTP/1.1 200) 9 headers in 358 bytes (2 switches on core 0)
Sep 20 08:47:24.784023 dv-neutron-858461-1-hyperv devstack@n-api.service[88368]: DEBUG nova.api.openstack.wsgi [None req-61ef77bb-bf44-449c-ba24-e077f7c517f2 admin admin] Calling method '>' {{(pid=88368) _process_stack /opt/stack/nova/nova/api/openstack/wsgi.py:513}}
Sep 20 08:47:24.785018 dv-neutron-858461-1-hyperv devstack@n-api.service[88368]: INFO nova.api.openstack.requestlog [None req-61ef77bb-bf44-449c-ba24-e077f7c517f2 admin admin] 10.222.0.61 "GET /compute/v2.1" status: 200 len: 388 microversion: 2.1 time: 0.001423
Sep 20 08:47:24.785426 dv-neutron-858461-1-hyperv devstack@n-api.service[88368]: [pid: 88368|app: 0|req: 9/16] 10.222.0.61 () {54 vars in 930 bytes} [Tue Sep 20 08:47:24 2022] GET /compute/v2.1 => generated 388 bytes in 2 msecs (HTTP/1.1 200) 9 headers in 357 bytes (2 switches on core 0)
Sep 20 08:47:24.840768 dv-neutron-858461-1-hyperv devstack@n-api.service[88369]: DEBUG nova.api.openstack.wsgi [None req-344e357d-f119-4b9b-969b-de642500d014 admin admin] Action: 'create', calling method: >, body: {"flavor": {"rxtx_factor": 1.0, "vcpus": 4, "id": "d4", "disk": 20, "OS-FLV-EXT-DATA:ephemeral": 0, "ram": 4096, "os-flavor-access:is_public": true, "name": "ds4G", "swap": 0}} {{(pid=88369) _process_stack /opt/stack/nova/nova/api/openstack/wsgi.py:511}}
Sep 20 08:47:24.863503 dv-neutron-858461-1-hyperv devstack@n-api.service[88369]: INFO nova.api.openstack.requestlog [None req-344e357d-f119-4b9b-969b-de642500d014 admin admin] 10.222.0.61 "POST /compute/v2.1/flavors" status: 200 len: 404 microversion: 2.61 time: 0.072285
Sep 20 08:47:24.864034 dv-neutron-858461-1-hyperv devstack@n-api.service[88369]: [pid: 88369|app: 0|req: 8/17] 10.222.0.61 () {64 vars in 1282 bytes} [Tue Sep 20 08:47:24 2022] POST /compute/v2.1/flavors => generated 404 bytes in 73 msecs (HTTP/1.1 200) 9 headers in 359 bytes (2 switches on core 0)
Sep 20 08:47:24.875619 dv-neutron-858461-1-hyperv devstack@n-api.service[88368]: DEBUG nova.api.openstack.wsgi [None req-c7c04373-4209-45f2-8d30-1aaac30dc0e7 admin admin] Action: 'create', calling method: >, body: {"extra_specs": {"hw_rng:allowed": "True"}} {{(pid=88368) _process_stack /opt/stack/nova/nova/api/openstack/wsgi.py:511}}
Sep 20 08:47:24.910935 dv-neutron-858461-1-hyperv devstack@n-api.service[88368]: INFO nova.api.openstack.requestlog [None req-c7c04373-4209-45f2-8d30-1aaac30dc0e7 admin admin] 10.222.0.61 "POST /compute/v2.1/flavors/d4/os-extra_specs" status: 200 len: 43 microversion: 2.61 time: 0.038871
Sep 20 08:47:24.911487 dv-neutron-858461-1-hyperv devstack@n-api.service[88368]: [pid: 88368|app: 0|req: 10/18] 10.222.0.61 () {64 vars in 1335 bytes} [Tue Sep 20 08:47:24 2022] POST /compute/v2.1/flavors/d4/os-extra_specs => generated 43 bytes in 40 msecs (HTTP/1.1 200) 9 headers in 358 bytes (1 switches on core 0)
Sep 20 08:47:27.123167 dv-neutron-858461-1-hyperv devstack@n-api.service[88369]: DEBUG nova.api.openstack.wsgi [None req-344e357d-f119-4b9b-969b-de642500d014 admin admin] Calling method '>' {{(pid=88369) _process_stack /opt/stack/nova/nova/api/openstack/wsgi.py:513}}
Sep 20 08:47:27.124155 dv-neutron-858461-1-hyperv devstack@n-api.service[88369]: INFO nova.api.openstack.requestlog [None req-344e357d-f119-4b9b-969b-de642500d014 admin admin] 10.222.0.61 "GET /compute/v2.1" status: 200 len: 388 microversion: 2.1 time: 0.001407
Sep 20 08:47:27.124544 dv-neutron-858461-1-hyperv devstack@n-api.service[88369]: [pid: 88369|app: 0|req: 9/19] 10.222.0.61 () {54 vars in 930 bytes} [Tue Sep 20 08:47:27 2022] GET /compute/v2.1 => generated 388 bytes in 2 msecs (HTTP/1.1 200) 9 headers in 357 bytes (1 switches on core 0)
Sep 20 08:47:27.180350 dv-neutron-858461-1-hyperv devstack@n-api.service[88368]: DEBUG nova.api.openstack.wsgi [None req-9c051eac-abf0-482b-aa4a-874bddfdea89 admin admin] Calling method '>' {{(pid=88368) _process_stack /opt/stack/nova/nova/api/openstack/wsgi.py:513}}
Sep 20 08:47:27.200741 dv-neutron-858461-1-hyperv devstack@n-api.service[88368]: INFO nova.api.openstack.requestlog [None req-9c051eac-abf0-482b-aa4a-874bddfdea89 admin admin] 10.222.0.61 "GET /compute/v2.1/flavors/detail?is_public=True" status: 200 len: 2106 microversion: 2.61 time: 0.069895
Sep 20 08:47:27.201260 dv-neutron-858461-1-hyperv devstack@n-api.service[88368]: [pid: 88368|app: 0|req: 11/20] 10.222.0.61 () {60 vars in 1291 bytes} [Tue Sep 20 08:47:27 2022] GET /compute/v2.1/flavors/detail?is_public=True => generated 2106 bytes in 71 msecs (HTTP/1.1 200) 9 headers in 360 bytes (1 switches on core 0)
Sep 20 08:47:29.404815 dv-neutron-858461-1-hyperv devstack@n-api.service[88369]: DEBUG nova.api.openstack.wsgi [None req-344e357d-f119-4b9b-969b-de642500d014 admin admin] Calling method '>' {{(pid=88369) _process_stack /opt/stack/nova/nova/api/openstack/wsgi.py:513}}
Sep 20 08:47:29.405794 dv-neutron-858461-1-hyperv devstack@n-api.service[88369]: INFO nova.api.openstack.requestlog [None req-344e357d-f119-4b9b-969b-de642500d014 admin admin] 10.222.0.61 "GET /compute/v2.1" status: 200 len: 388 microversion: 2.1 time: 0.001399
Sep 20 08:47:29.406184 dv-neutron-858461-1-hyperv devstack@n-api.service[88369]: [pid: 88369|app: 0|req: 10/21] 10.222.0.61 () {54 vars in 930 bytes} [Tue Sep 20 08:47:29 2022] GET /compute/v2.1 => generated 388 bytes in 2 msecs (HTTP/1.1 200) 9 headers in 357 bytes (1 switches on core 0)
Sep 20 08:47:29.461318 dv-neutron-858461-1-hyperv devstack@n-api.service[88368]: DEBUG nova.api.openstack.wsgi [None req-be5a7038-f505-450b-bd6e-0cb1f5c47b42 admin admin] Action: 'create', calling method: >, body: {"flavor": {"id": "1", "os-flavor-access:is_public": true, "rxtx_factor": 1.0, "ram": 512, "disk": 1, "OS-FLV-EXT-DATA:ephemeral": 0, "swap": 0, "vcpus": 1, "name": "m1.tiny"}} {{(pid=88368) _process_stack /opt/stack/nova/nova/api/openstack/wsgi.py:511}}
Sep 20 08:47:29.484750 dv-neutron-858461-1-hyperv devstack@n-api.service[88368]: INFO nova.api.openstack.requestlog [None req-be5a7038-f505-450b-bd6e-0cb1f5c47b42 admin admin] 10.222.0.61 "POST /compute/v2.1/flavors" status: 200 len: 402 microversion: 2.61 time: 0.072388
Sep 20 08:47:29.485282 dv-neutron-858461-1-hyperv devstack@n-api.service[88368]: [pid: 88368|app: 0|req: 12/22] 10.222.0.61 () {64 vars in 1282 bytes} [Tue Sep 20 08:47:29 2022] POST /compute/v2.1/flavors => generated 402 bytes in 73 msecs (HTTP/1.1 200) 9 headers in 359 bytes (1 switches on core 0)
Sep 20 08:47:29.496892 dv-neutron-858461-1-hyperv devstack@n-api.service[88369]: DEBUG nova.api.openstack.wsgi [None req-5cdc44c1-e398-462c-b4a3-bc52816e4605 admin admin] Action: 'create', calling method: >, body: {"extra_specs": {"hw_rng:allowed": "True"}} {{(pid=88369) _process_stack /opt/stack/nova/nova/api/openstack/wsgi.py:511}}
Sep 20 08:47:29.531917 dv-neutron-858461-1-hyperv devstack@n-api.service[88369]: INFO nova.api.openstack.requestlog [None req-5cdc44c1-e398-462c-b4a3-bc52816e4605 admin admin] 10.222.0.61 "POST /compute/v2.1/flavors/1/os-extra_specs" status: 200 len: 43 microversion: 2.61 time: 0.038804
Sep 20 08:47:29.532488 dv-neutron-858461-1-hyperv devstack@n-api.service[88369]: [pid: 88369|app: 0|req: 11/23] 10.222.0.61 () {64 vars in 1332 bytes} [Tue Sep 20 08:47:29 2022] POST /compute/v2.1/flavors/1/os-extra_specs => generated 43 bytes in 40 msecs (HTTP/1.1 200) 9 headers in 358 bytes (1 switches on core 0)
Sep 20 08:47:31.687218 dv-neutron-858461-1-hyperv devstack@n-api.service[88368]: DEBUG nova.api.openstack.wsgi [None req-be5a7038-f505-450b-bd6e-0cb1f5c47b42 admin admin] Calling method '>' {{(pid=88368) _process_stack /opt/stack/nova/nova/api/openstack/wsgi.py:513}}
Sep 20 08:47:31.688213 dv-neutron-858461-1-hyperv devstack@n-api.service[88368]: INFO nova.api.openstack.requestlog [None req-be5a7038-f505-450b-bd6e-0cb1f5c47b42 admin admin] 10.222.0.61 "GET /compute/v2.1" status: 200 len: 388 microversion: 2.1 time: 0.001416
Sep 20 08:47:31.688604 dv-neutron-858461-1-hyperv devstack@n-api.service[88368]: [pid: 88368|app: 0|req: 13/24] 10.222.0.61 () {54 vars in 930 bytes} [Tue Sep 20 08:47:31 2022] GET /compute/v2.1 => generated 388 bytes in 2 msecs (HTTP/1.1 200) 9 headers in 357 bytes (1 switches on core 0)
Sep 20 08:47:31.743553 dv-neutron-858461-1-hyperv devstack@n-api.service[88369]: DEBUG nova.api.openstack.wsgi [None req-b335b5e9-f237-42a6-b573-94b59f373a19 admin admin] Action: 'create', calling method: >, body: {"flavor": {"vcpus": 1, "swap": 0, "rxtx_factor": 1.0, "id": "2", "OS-FLV-EXT-DATA:ephemeral": 0, "disk": 20, "ram": 2048, "name": "m1.small", "os-flavor-access:is_public": true}} {{(pid=88369) _process_stack /opt/stack/nova/nova/api/openstack/wsgi.py:511}}
Sep 20 08:47:31.766658 dv-neutron-858461-1-hyperv devstack@n-api.service[88369]: INFO nova.api.openstack.requestlog [None req-b335b5e9-f237-42a6-b573-94b59f373a19 admin admin] 10.222.0.61 "POST /compute/v2.1/flavors" status: 200 len: 405 microversion: 2.61 time: 0.072268
Sep 20 08:47:31.767181 dv-neutron-858461-1-hyperv devstack@n-api.service[88369]: [pid: 88369|app: 0|req: 12/25] 10.222.0.61 () {64 vars in 1282 bytes} [Tue Sep 20 08:47:31 2022] POST /compute/v2.1/flavors => generated 405 bytes in 73 msecs (HTTP/1.1 200) 9 headers in 359 bytes (2 switches on core 0)
Sep 20 08:47:31.779270 dv-neutron-858461-1-hyperv devstack@n-api.service[88368]: DEBUG nova.api.openstack.wsgi [None req-13b20ddc-bec1-4218-b660-ff6fca7b2379 admin admin] Action: 'create', calling method: >, body: {"extra_specs": {"hw_rng:allowed": "True"}} {{(pid=88368) _process_stack /opt/stack/nova/nova/api/openstack/wsgi.py:511}}
Sep 20 08:47:31.816418 dv-neutron-858461-1-hyperv devstack@n-api.service[88368]: INFO nova.api.openstack.requestlog [None req-13b20ddc-bec1-4218-b660-ff6fca7b2379 admin admin] 10.222.0.61 "POST /compute/v2.1/flavors/2/os-extra_specs" status: 200 len: 43 microversion: 2.61 time: 0.040747
Sep 20 08:47:31.816978 dv-neutron-858461-1-hyperv devstack@n-api.service[88368]: [pid: 88368|app: 0|req: 14/26] 10.222.0.61 () {64 vars in 1332 bytes} [Tue Sep 20 08:47:31 2022] POST /compute/v2.1/flavors/2/os-extra_specs => generated 43 bytes in 42 msecs (HTTP/1.1 200) 9 headers in 358 bytes (1 switches on core 0)
Sep 20 08:47:34.023968 dv-neutron-858461-1-hyperv devstack@n-api.service[88369]: DEBUG nova.api.openstack.wsgi [None req-b335b5e9-f237-42a6-b573-94b59f373a19 admin admin] Calling method '>' {{(pid=88369) _process_stack /opt/stack/nova/nova/api/openstack/wsgi.py:513}}
Sep 20 08:47:34.024999 dv-neutron-858461-1-hyperv devstack@n-api.service[88369]: INFO nova.api.openstack.requestlog [None req-b335b5e9-f237-42a6-b573-94b59f373a19 admin admin] 10.222.0.61 "GET /compute/v2.1" status: 200 len: 388 microversion: 2.1 time: 0.001471
Sep 20 08:47:34.025395 dv-neutron-858461-1-hyperv devstack@n-api.service[88369]: [pid: 88369|app: 0|req: 13/27] 10.222.0.61 () {54 vars in 930 bytes} [Tue Sep 20 08:47:34 2022] GET /compute/v2.1 => generated 388 bytes in 2 msecs (HTTP/1.1 200) 9 headers in 357 bytes (1 switches on core 0)
Sep 20 08:47:34.080446 dv-neutron-858461-1-hyperv devstack@n-api.service[88368]: DEBUG nova.api.openstack.wsgi [None req-c525bdb9-0935-4a8d-bbe0-c419313c4155 admin admin] Action: 'create', calling method: >, body: {"flavor": {"name": "m1.medium", "vcpus": 2, "rxtx_factor": 1.0, "OS-FLV-EXT-DATA:ephemeral": 0, "swap": 0, "ram": 4096, "id": "3", "disk": 40, "os-flavor-access:is_public": true}} {{(pid=88368) _process_stack /opt/stack/nova/nova/api/openstack/wsgi.py:511}}
Sep 20 08:47:34.104005 dv-neutron-858461-1-hyperv devstack@n-api.service[88368]: INFO nova.api.openstack.requestlog [None req-c525bdb9-0935-4a8d-bbe0-c419313c4155 admin admin] 10.222.0.61 "POST /compute/v2.1/flavors" status: 200 len: 406 microversion: 2.61 time: 0.072896
Sep 20 08:47:34.104535 dv-neutron-858461-1-hyperv devstack@n-api.service[88368]: [pid: 88368|app: 0|req: 15/28] 10.222.0.61 () {64 vars in 1282 bytes} [Tue Sep 20 08:47:34 2022] POST /compute/v2.1/flavors => generated 406 bytes in 74 msecs (HTTP/1.1 200) 9 headers in 359 bytes (1 switches on core 0)
Sep 20 08:47:34.116080 dv-neutron-858461-1-hyperv devstack@n-api.service[88369]: DEBUG nova.api.openstack.wsgi [None req-be94899e-95a1-4599-8af3-adc01c6f5e79 admin admin] Action: 'create', calling method: >, body: {"extra_specs": {"hw_rng:allowed": "True"}} {{(pid=88369) _process_stack /opt/stack/nova/nova/api/openstack/wsgi.py:511}}
Sep 20 08:47:34.150838 dv-neutron-858461-1-hyperv devstack@n-api.service[88369]: INFO nova.api.openstack.requestlog [None req-be94899e-95a1-4599-8af3-adc01c6f5e79 admin admin] 10.222.0.61 "POST /compute/v2.1/flavors/3/os-extra_specs" status: 200 len: 43 microversion: 2.61 time: 0.038562
Sep 20 08:47:34.151379 dv-neutron-858461-1-hyperv devstack@n-api.service[88369]: [pid: 88369|app: 0|req: 14/29] 10.222.0.61 () {64 vars in 1332 bytes} [Tue Sep 20 08:47:34 2022] POST /compute/v2.1/flavors/3/os-extra_specs => generated 43 bytes in 40 msecs (HTTP/1.1 200) 9 headers in 358 bytes (2 switches on core 0)
Sep 20 08:47:36.384158 dv-neutron-858461-1-hyperv devstack@n-api.service[88368]: DEBUG nova.api.openstack.wsgi [None req-c525bdb9-0935-4a8d-bbe0-c419313c4155 admin admin] Calling method '>' {{(pid=88368) _process_stack /opt/stack/nova/nova/api/openstack/wsgi.py:513}}
Sep 20 08:47:36.385155 dv-neutron-858461-1-hyperv devstack@n-api.service[88368]: INFO nova.api.openstack.requestlog [None req-c525bdb9-0935-4a8d-bbe0-c419313c4155 admin admin] 10.222.0.61 "GET /compute/v2.1" status: 200 len: 388 microversion: 2.1 time: 0.001456
Sep 20 08:47:36.385546 dv-neutron-858461-1-hyperv devstack@n-api.service[88368]: [pid: 88368|app: 0|req: 16/30] 10.222.0.61 () {54 vars in 930 bytes} [Tue Sep 20 08:47:36 2022] GET /compute/v2.1 => generated 388 bytes in 2 msecs (HTTP/1.1 200) 9 headers in 357 bytes (1 switches on core 0)
Sep 20 08:47:36.439978 dv-neutron-858461-1-hyperv devstack@n-api.service[88369]: DEBUG nova.api.openstack.wsgi [None req-7ad62965-5bc7-4954-aa0a-6e233fdbdce1 admin admin] Action: 'create', calling method: >, body: {"flavor": {"ram": 8192, "os-flavor-access:is_public": true, "disk": 80, "id": "4", "vcpus": 4, "rxtx_factor": 1.0, "swap": 0, "OS-FLV-EXT-DATA:ephemeral": 0, "name": "m1.large"}} {{(pid=88369) _process_stack /opt/stack/nova/nova/api/openstack/wsgi.py:511}}
Sep 20 08:47:36.463806 dv-neutron-858461-1-hyperv devstack@n-api.service[88369]: INFO nova.api.openstack.requestlog [None req-7ad62965-5bc7-4954-aa0a-6e233fdbdce1 admin admin] 10.222.0.61 "POST /compute/v2.1/flavors" status: 200 len: 405 microversion: 2.61 time: 0.072423
Sep 20 08:47:36.464340 dv-neutron-858461-1-hyperv devstack@n-api.service[88369]: [pid: 88369|app: 0|req: 15/31] 10.222.0.61 () {64 vars in 1282 bytes} [Tue Sep 20 08:47:36 2022] POST /compute/v2.1/flavors => generated 405 bytes in 73 msecs (HTTP/1.1 200) 9 headers in 359 bytes (2 switches on core 0)
Sep 20 08:47:36.475795 dv-neutron-858461-1-hyperv devstack@n-api.service[88368]: DEBUG nova.api.openstack.wsgi [None req-0d6bff4b-e332-40f3-80de-f5bf7893fc58 admin admin] Action: 'create', calling method: >, body: {"extra_specs": {"hw_rng:allowed": "True"}} {{(pid=88368) _process_stack /opt/stack/nova/nova/api/openstack/wsgi.py:511}}
Sep 20 08:47:36.511503 dv-neutron-858461-1-hyperv devstack@n-api.service[88368]: INFO nova.api.openstack.requestlog [None req-0d6bff4b-e332-40f3-80de-f5bf7893fc58 admin admin] 10.222.0.61 "POST /compute/v2.1/flavors/4/os-extra_specs" status: 200 len: 43 microversion: 2.61 time: 0.039349
Sep 20 08:47:36.512069 dv-neutron-858461-1-hyperv devstack@n-api.service[88368]: [pid: 88368|app: 0|req: 17/32] 10.222.0.61 () {64 vars in 1332 bytes} [Tue Sep 20 08:47:36 2022] POST /compute/v2.1/flavors/4/os-extra_specs => generated 43 bytes in 40 msecs (HTTP/1.1 200) 9 headers in 358 bytes (1 switches on core 0)
Sep 20 08:47:38.701787 dv-neutron-858461-1-hyperv devstack@n-api.service[88369]: DEBUG nova.api.openstack.wsgi [None req-7ad62965-5bc7-4954-aa0a-6e233fdbdce1 admin admin] Calling method '>' {{(pid=88369) _process_stack /opt/stack/nova/nova/api/openstack/wsgi.py:513}}
Sep 20 08:47:38.702802 dv-neutron-858461-1-hyperv devstack@n-api.service[88369]: INFO nova.api.openstack.requestlog [None req-7ad62965-5bc7-4954-aa0a-6e233fdbdce1 admin admin] 10.222.0.61 "GET /compute/v2.1" status: 200 len: 388 microversion: 2.1 time: 0.001426
Sep 20 08:47:38.703297 dv-neutron-858461-1-hyperv devstack@n-api.service[88369]: [pid: 88369|app: 0|req: 16/33] 10.222.0.61 () {54 vars in 930 bytes} [Tue Sep 20 08:47:38 2022] GET /compute/v2.1 => generated 388 bytes in 2 msecs (HTTP/1.1 200) 9 headers in 357 bytes (1 switches on core 0)
Sep 20 08:47:38.758988 dv-neutron-858461-1-hyperv devstack@n-api.service[88368]: DEBUG nova.api.openstack.wsgi [None req-a05162ea-71fa-4100-b1de-a45d0b4a713a admin admin] Action: 'create', calling method: >, body: {"flavor": {"name": "m1.xlarge", "rxtx_factor": 1.0, "id": "5", "ram": 16384, "disk": 160, "OS-FLV-EXT-DATA:ephemeral": 0, "swap": 0, "vcpus": 8, "os-flavor-access:is_public": true}} {{(pid=88368) _process_stack /opt/stack/nova/nova/api/openstack/wsgi.py:511}}
Sep 20 08:47:38.782767 dv-neutron-858461-1-hyperv devstack@n-api.service[88368]: INFO nova.api.openstack.requestlog [None req-a05162ea-71fa-4100-b1de-a45d0b4a713a admin admin] 10.222.0.61 "POST /compute/v2.1/flavors" status: 200 len: 408 microversion: 2.61 time: 0.073120
Sep 20 08:47:38.783303 dv-neutron-858461-1-hyperv devstack@n-api.service[88368]: [pid: 88368|app: 0|req: 18/34] 10.222.0.61 () {64 vars in 1282 bytes} [Tue Sep 20 08:47:38 2022] POST /compute/v2.1/flavors => generated 408 bytes in 74 msecs (HTTP/1.1 200) 9 headers in 359 bytes (1 switches on core 0)
Sep 20 08:47:38.794682 dv-neutron-858461-1-hyperv devstack@n-api.service[88369]: DEBUG nova.api.openstack.wsgi [None req-5ae35d9a-106b-4a40-a001-8d5a0af5a11e admin admin] Action: 'create', calling method: >, body: {"extra_specs": {"hw_rng:allowed": "True"}} {{(pid=88369) _process_stack /opt/stack/nova/nova/api/openstack/wsgi.py:511}}
Sep 20 08:47:38.831330 dv-neutron-858461-1-hyperv devstack@n-api.service[88369]: INFO nova.api.openstack.requestlog [None req-5ae35d9a-106b-4a40-a001-8d5a0af5a11e admin admin] 10.222.0.61 "POST /compute/v2.1/flavors/5/os-extra_specs" status: 200 len: 43 microversion: 2.61 time: 0.040159
Sep 20 08:47:38.831887 dv-neutron-858461-1-hyperv devstack@n-api.service[88369]: [pid: 88369|app: 0|req: 17/35] 10.222.0.61 () {64 vars in 1332 bytes} [Tue Sep 20 08:47:38 2022] POST /compute/v2.1/flavors/5/os-extra_specs => generated 43 bytes in 41 msecs (HTTP/1.1 200) 9 headers in 358 bytes (1 switches on core 0)
Sep 20 08:48:49.523101 dv-neutron-858461-1-hyperv devstack@n-api.service[88368]: DEBUG nova.api.openstack.wsgi [None req-a05162ea-71fa-4100-b1de-a45d0b4a713a admin admin] Calling method '>' {{(pid=88368) _process_stack /opt/stack/nova/nova/api/openstack/wsgi.py:513}}
Sep 20 08:48:49.524089 dv-neutron-858461-1-hyperv devstack@n-api.service[88368]: INFO nova.api.openstack.requestlog [None req-a05162ea-71fa-4100-b1de-a45d0b4a713a admin admin] 10.222.0.61 "GET /compute/v2.1" status: 200 len: 388 microversion: 2.1 time: 0.001419
Sep 20 08:48:49.524487 dv-neutron-858461-1-hyperv devstack@n-api.service[88368]: [pid: 88368|app: 0|req: 19/36] 10.222.0.61 () {54 vars in 930 bytes} [Tue Sep 20 08:48:49 2022] GET /compute/v2.1 => generated 388 bytes in 2 msecs (HTTP/1.1 200) 9 headers in 357 bytes (1 switches on core 0)
Sep 20 08:48:49.580421 dv-neutron-858461-1-hyperv devstack@n-api.service[88369]: DEBUG nova.api.openstack.wsgi [None req-3335fba7-1a9a-4da4-9e09-85460c717c40 admin admin] Calling method '>' {{(pid=88369) _process_stack /opt/stack/nova/nova/api/openstack/wsgi.py:513}}
Sep 20 08:48:49.603317 dv-neutron-858461-1-hyperv devstack@n-api.service[88369]: INFO nova.api.openstack.requestlog [None req-3335fba7-1a9a-4da4-9e09-85460c717c40 admin admin] 10.222.0.61 "GET /compute/v2.1/flavors/detail?is_public=True" status: 200 len: 4202 microversion: 2.61 time: 0.072976
Sep 20 08:48:49.603826 dv-neutron-858461-1-hyperv devstack@n-api.service[88369]: [pid: 88369|app: 0|req: 18/37] 10.222.0.61 () {60 vars in 1291 bytes} [Tue Sep 20 08:48:49 2022] GET /compute/v2.1/flavors/detail?is_public=True => generated 4202 bytes in 74 msecs (HTTP/1.1 200) 9 headers in 360 bytes (2 switches on core 0)
Sep 20 08:48:51.056014 dv-neutron-858461-1-hyperv devstack@n-api.service[88368]: DEBUG nova.api.openstack.wsgi [None req-a05162ea-71fa-4100-b1de-a45d0b4a713a admin admin] Calling method '>' {{(pid=88368) _process_stack /opt/stack/nova/nova/api/openstack/wsgi.py:513}}
Sep 20 08:48:51.057002 dv-neutron-858461-1-hyperv devstack@n-api.service[88368]: INFO nova.api.openstack.requestlog [None req-a05162ea-71fa-4100-b1de-a45d0b4a713a admin admin] 10.222.0.61 "GET /compute/v2.1" status: 200 len: 388 microversion: 2.1 time: 0.001396
Sep 20 08:48:51.057393 dv-neutron-858461-1-hyperv devstack@n-api.service[88368]: [pid: 88368|app: 0|req: 20/38] 10.222.0.61 () {56 vars in 1074 bytes} [Tue Sep 20 08:48:51 2022] GET /compute/v2.1 => generated 388 bytes in 2 msecs (HTTP/1.1 200) 9 headers in 357 bytes (1 switches on core 0)
Sep 20 08:48:51.243325 dv-neutron-858461-1-hyperv devstack@n-api.service[88369]: DEBUG nova.api.openstack.wsgi [None req-39e77613-1508-4ef7-a264-1fbd4cc4fa59 admin admin] Calling method '>' {{(pid=88369) _process_stack /opt/stack/nova/nova/api/openstack/wsgi.py:513}}
Sep 20 08:48:51.255918 dv-neutron-858461-1-hyperv devstack@n-api.service[88369]: INFO nova.api.openstack.wsgi [None req-39e77613-1508-4ef7-a264-1fbd4cc4fa59 admin admin] HTTP exception thrown: Flavor 42 could not be found.
Sep 20 08:48:51.256482 dv-neutron-858461-1-hyperv devstack@n-api.service[88369]: DEBUG nova.api.openstack.wsgi [None req-39e77613-1508-4ef7-a264-1fbd4cc4fa59 admin admin] Returning 404 to user: Flavor 42 could not be found. {{(pid=88369) __call__ /opt/stack/nova/nova/api/openstack/wsgi.py:927}}
Sep 20 08:48:51.257252 dv-neutron-858461-1-hyperv devstack@n-api.service[88369]: INFO nova.api.openstack.requestlog [None req-39e77613-1508-4ef7-a264-1fbd4cc4fa59 admin admin] 10.222.0.61 "GET /compute/v2.1/flavors/42" status: 404 len: 75 microversion: 2.88 time: 0.062839
Sep 20 08:48:51.257746 dv-neutron-858461-1-hyperv devstack@n-api.service[88369]: [pid: 88369|app: 0|req: 19/39] 10.222.0.61 () {60 vars in 1190 bytes} [Tue Sep 20 08:48:51 2022] GET /compute/v2.1/flavors/42 => generated 75 bytes in 64 msecs (HTTP/1.1 404) 9 headers in 380 bytes (1 switches on core 0)
Sep 20 08:48:51.267096 dv-neutron-858461-1-hyperv devstack@n-api.service[88368]: DEBUG nova.api.openstack.wsgi [None req-d7568778-e123-4929-aa33-7b8e8b046a03 admin admin] Calling method '>' {{(pid=88368) _process_stack /opt/stack/nova/nova/api/openstack/wsgi.py:513}}
Sep 20 08:48:51.288976 dv-neutron-858461-1-hyperv devstack@n-api.service[88368]: INFO nova.api.openstack.requestlog [None req-d7568778-e123-4929-aa33-7b8e8b046a03 admin admin] 10.222.0.61 "GET /compute/v2.1/flavors?is_public=None" status: 200 len: 2056 microversion: 2.88 time: 0.025494
Sep 20 08:48:51.289498 dv-neutron-858461-1-hyperv devstack@n-api.service[88368]: [pid: 88368|app: 0|req: 21/40] 10.222.0.61 () {60 vars in 1210 bytes} [Tue Sep 20 08:48:51 2022] GET /compute/v2.1/flavors?is_public=None => generated 2056 bytes in 27 msecs (HTTP/1.1 200) 9 headers in 360 bytes (1 switches on core 0)
Sep 20 08:48:51.298980 dv-neutron-858461-1-hyperv devstack@n-api.service[88369]: DEBUG nova.api.openstack.wsgi [None req-422d3de5-afcf-466c-8c1f-7fb932fc8aa4 admin admin] Calling method '>' {{(pid=88369) _process_stack /opt/stack/nova/nova/api/openstack/wsgi.py:513}}
Sep 20 08:48:51.320127 dv-neutron-858461-1-hyperv devstack@n-api.service[88369]: INFO nova.api.openstack.requestlog [None req-422d3de5-afcf-466c-8c1f-7fb932fc8aa4 admin admin] 10.222.0.61 "GET /compute/v2.1/flavors?is_public=None" status: 200 len: 2056 microversion: 2.88 time: 0.024576
Sep 20 08:48:51.320656 dv-neutron-858461-1-hyperv devstack@n-api.service[88369]: [pid: 88369|app: 0|req: 20/41] 10.222.0.61 () {60 vars in 1210 bytes} [Tue Sep 20 08:48:51 2022] GET /compute/v2.1/flavors?is_public=None => generated 2056 bytes in 26 msecs (HTTP/1.1 200) 9 headers in 360 bytes (1 switches on core 0)
Sep 20 08:48:51.329880 dv-neutron-858461-1-hyperv devstack@n-api.service[88368]: DEBUG nova.api.openstack.wsgi [None req-09403ebe-53d7-4d2a-803c-a2b4a729fcf4 admin admin] Calling method '>' {{(pid=88368) _process_stack /opt/stack/nova/nova/api/openstack/wsgi.py:513}}
Sep 20 08:48:51.341873 dv-neutron-858461-1-hyperv devstack@n-api.service[88368]: INFO nova.api.openstack.wsgi [None req-09403ebe-53d7-4d2a-803c-a2b4a729fcf4 admin admin] HTTP exception thrown: Flavor 42 could not be found.
Sep 20 08:48:51.342478 dv-neutron-858461-1-hyperv devstack@n-api.service[88368]: DEBUG nova.api.openstack.wsgi [None req-09403ebe-53d7-4d2a-803c-a2b4a729fcf4 admin admin] Returning 404 to user: Flavor 42 could not be found. {{(pid=88368) __call__ /opt/stack/nova/nova/api/openstack/wsgi.py:927}}
Sep 20 08:48:51.343247 dv-neutron-858461-1-hyperv devstack@n-api.service[88368]: INFO nova.api.openstack.requestlog [None req-09403ebe-53d7-4d2a-803c-a2b4a729fcf4 admin admin] 10.222.0.61 "GET /compute/v2.1/flavors/42" status: 404 len: 75 microversion: 2.88 time: 0.016960
Sep 20 08:48:51.343730 dv-neutron-858461-1-hyperv devstack@n-api.service[88368]: [pid: 88368|app: 0|req: 22/42] 10.222.0.61 () {60 vars in 1190 bytes} [Tue Sep 20 08:48:51 2022] GET /compute/v2.1/flavors/42 => generated 75 bytes in 18 msecs (HTTP/1.1 404) 9 headers in 380 bytes (1 switches on core 0)
Sep 20 08:48:52.697954 dv-neutron-858461-1-hyperv devstack@n-api.service[88369]: DEBUG nova.api.openstack.wsgi [None req-422d3de5-afcf-466c-8c1f-7fb932fc8aa4 admin admin] Calling method '>' {{(pid=88369) _process_stack /opt/stack/nova/nova/api/openstack/wsgi.py:513}}
Sep 20 08:48:52.698999 dv-neutron-858461-1-hyperv devstack@n-api.service[88369]: INFO nova.api.openstack.requestlog [None req-422d3de5-afcf-466c-8c1f-7fb932fc8aa4 admin admin] 10.222.0.61 "GET /compute/v2.1" status: 200 len: 388 microversion: 2.1 time: 0.001457
Sep 20 08:48:52.699384 dv-neutron-858461-1-hyperv devstack@n-api.service[88369]: [pid: 88369|app: 0|req: 21/43] 10.222.0.61 () {56 vars in 1074 bytes} [Tue Sep 20 08:48:52 2022] GET /compute/v2.1 => generated 388 bytes in 2 msecs (HTTP/1.1 200) 9 headers in 357 bytes (1 switches on core 0)
Sep 20 08:48:52.881819 dv-neutron-858461-1-hyperv devstack@n-api.service[88368]: DEBUG nova.api.openstack.wsgi [None req-3d27713d-2bd0-430b-85ca-e78bb728c839 admin admin] Calling method '>' {{(pid=88368) _process_stack /opt/stack/nova/nova/api/openstack/wsgi.py:513}}
Sep 20 08:48:52.893446 dv-neutron-858461-1-hyperv devstack@n-api.service[88368]: INFO nova.api.openstack.wsgi [None req-3d27713d-2bd0-430b-85ca-e78bb728c839 admin admin] HTTP exception thrown: Flavor 84 could not be found.
Sep 20 08:48:52.894005 dv-neutron-858461-1-hyperv devstack@n-api.service[88368]: DEBUG nova.api.openstack.wsgi [None req-3d27713d-2bd0-430b-85ca-e78bb728c839 admin admin] Returning 404 to user: Flavor 84 could not be found. {{(pid=88368) __call__ /opt/stack/nova/nova/api/openstack/wsgi.py:927}}
Sep 20 08:48:52.894823 dv-neutron-858461-1-hyperv devstack@n-api.service[88368]: INFO nova.api.openstack.requestlog [None req-3d27713d-2bd0-430b-85ca-e78bb728c839 admin admin] 10.222.0.61 "GET /compute/v2.1/flavors/84" status: 404 len: 75 microversion: 2.88 time: 0.062552
Sep 20 08:48:52.895941 dv-neutron-858461-1-hyperv devstack@n-api.service[88368]: [pid: 88368|app: 0|req: 23/44] 10.222.0.61 () {60 vars in 1190 bytes} [Tue Sep 20 08:48:52 2022] GET /compute/v2.1/flavors/84 => generated 75 bytes in 64 msecs (HTTP/1.1 404) 9 headers in 380 bytes (1 switches on core 0)
Sep 20 08:48:52.905314 dv-neutron-858461-1-hyperv devstack@n-api.service[88369]: DEBUG nova.api.openstack.wsgi [None req-85ae2a84-1a43-4d65-a373-f73c621d8314 admin admin] Calling method '>' {{(pid=88369) _process_stack /opt/stack/nova/nova/api/openstack/wsgi.py:513}}
Sep 20 08:48:52.924421 dv-neutron-858461-1-hyperv devstack@n-api.service[88369]: INFO nova.api.openstack.requestlog [None req-85ae2a84-1a43-4d65-a373-f73c621d8314 admin admin] 10.222.0.61 "GET /compute/v2.1/flavors?is_public=None" status: 200 len: 2056 microversion: 2.88 time: 0.022633
Sep 20 08:48:52.924955 dv-neutron-858461-1-hyperv devstack@n-api.service[88369]: [pid: 88369|app: 0|req: 22/45] 10.222.0.61 () {60 vars in 1210 bytes} [Tue Sep 20 08:48:52 2022] GET /compute/v2.1/flavors?is_public=None => generated 2056 bytes in 24 msecs (HTTP/1.1 200) 9 headers in 360 bytes (2 switches on core 0)
Sep 20 08:48:52.935116 dv-neutron-858461-1-hyperv devstack@n-api.service[88368]: DEBUG nova.api.openstack.wsgi [None req-17fa77ec-a0ad-47b0-8437-ab65d4c33ede admin admin] Calling method '>' {{(pid=88368) _process_stack /opt/stack/nova/nova/api/openstack/wsgi.py:513}}
Sep 20 08:48:52.954804 dv-neutron-858461-1-hyperv devstack@n-api.service[88368]: INFO nova.api.openstack.requestlog [None req-17fa77ec-a0ad-47b0-8437-ab65d4c33ede admin admin] 10.222.0.61 "GET /compute/v2.1/flavors?is_public=None" status: 200 len: 2056 microversion: 2.88 time: 0.023149
Sep 20 08:48:52.955315 dv-neutron-858461-1-hyperv devstack@n-api.service[88368]: [pid: 88368|app: 0|req: 24/46] 10.222.0.61 () {60 vars in 1210 bytes} [Tue Sep 20 08:48:52 2022] GET /compute/v2.1/flavors?is_public=None => generated 2056 bytes in 24 msecs (HTTP/1.1 200) 9 headers in 360 bytes (2 switches on core 0)
Sep 20 08:48:52.964343 dv-neutron-858461-1-hyperv devstack@n-api.service[88369]: DEBUG nova.api.openstack.wsgi [None req-b0d56aa7-dfce-4b02-bf6a-551cd4e385c0 admin admin] Calling method '>' {{(pid=88369) _process_stack /opt/stack/nova/nova/api/openstack/wsgi.py:513}}
Sep 20 08:48:52.976041 dv-neutron-858461-1-hyperv devstack@n-api.service[88369]: INFO nova.api.openstack.wsgi [None req-b0d56aa7-dfce-4b02-bf6a-551cd4e385c0 admin admin] HTTP exception thrown: Flavor 84 could not be found.
Sep 20 08:48:52.976602 dv-neutron-858461-1-hyperv devstack@n-api.service[88369]: DEBUG nova.api.openstack.wsgi [None req-b0d56aa7-dfce-4b02-bf6a-551cd4e385c0 admin admin] Returning 404 to user: Flavor 84 could not be found. {{(pid=88369) __call__ /opt/stack/nova/nova/api/openstack/wsgi.py:927}}
Sep 20 08:48:52.977367 dv-neutron-858461-1-hyperv devstack@n-api.service[88369]: INFO nova.api.openstack.requestlog [None req-b0d56aa7-dfce-4b02-bf6a-551cd4e385c0 admin admin] 10.222.0.61 "GET /compute/v2.1/flavors/84" status: 404 len: 75 microversion: 2.88 time: 0.016540
Sep 20 08:48:52.977855 dv-neutron-858461-1-hyperv devstack@n-api.service[88369]: [pid: 88369|app: 0|req: 23/47] 10.222.0.61 () {60 vars in 1190 bytes} [Tue Sep 20 08:48:52 2022] GET /compute/v2.1/flavors/84 => generated 75 bytes in 17 msecs (HTTP/1.1 404) 9 headers in 380 bytes (1 switches on core 0)
Sep 20 08:48:54.346857 dv-neutron-858461-1-hyperv devstack@n-api.service[88368]: DEBUG nova.api.openstack.wsgi [None req-17fa77ec-a0ad-47b0-8437-ab65d4c33ede admin admin] Calling method '>' {{(pid=88368) _process_stack /opt/stack/nova/nova/api/openstack/wsgi.py:513}}
Sep 20 08:48:54.347847 dv-neutron-858461-1-hyperv devstack@n-api.service[88368]: INFO nova.api.openstack.requestlog [None req-17fa77ec-a0ad-47b0-8437-ab65d4c33ede admin admin] 10.222.0.61 "GET /compute/v2.1" status: 200 len: 388 microversion: 2.1 time: 0.001451
Sep 20 08:48:54.348297 dv-neutron-858461-1-hyperv devstack@n-api.service[88368]: [pid: 88368|app: 0|req: 25/48] 10.222.0.61 () {56 vars in 1074 bytes} [Tue Sep 20 08:48:54 2022] GET /compute/v2.1 => generated 388 bytes in 2 msecs (HTTP/1.1 200) 9 headers in 357 bytes (1 switches on core 0)
