Sep 19 11:49:18.404713 dv-neutron-857774-3-hyperv neutron-server[109586]: DEBUG neutron_lib.callbacks.manager [None req-cadaf746-9688-40db-9d2f-8b69bc3ca86b tempest-DHCPAgentSchedulersTestJSON-280384508 tempest-DHCPAgentSchedulersTestJSON-280384508-project] Notify callbacks ['neutron.plugins.ml2.plugin.Ml2Plugin._handle_segment_change-996407'] for segment, precommit_create {{(pid=109586) _notify_loop /usr/local/lib/python3.8/dist-packages/neutron_lib/callbacks/manager.py:192}}
Sep 19 11:49:18.405086 dv-neutron-857774-3-hyperv neutron-server[109586]: INFO neutron.db.segments_db [None req-cadaf746-9688-40db-9d2f-8b69bc3ca86b tempest-DHCPAgentSchedulersTestJSON-280384508 tempest-DHCPAgentSchedulersTestJSON-280384508-project] Added segment 77fb1abd-8e23-4625-b0f0-c122baa387d7 of type vlan for network 34ba0352-480e-455a-b5c3-0146859e1f1c
Sep 19 11:49:18.445965 dv-neutron-857774-3-hyperv neutron-server[109586]: DEBUG neutron_lib.callbacks.manager [None req-cadaf746-9688-40db-9d2f-8b69bc3ca86b tempest-DHCPAgentSchedulersTestJSON-280384508 tempest-DHCPAgentSchedulersTestJSON-280384508-project] Notify callbacks ['neutron.services.auto_allocate.db._ensure_external_network_default_value_callback-8740076834443'] for network, precommit_create {{(pid=109586) _notify_loop /usr/local/lib/python3.8/dist-packages/neutron_lib/callbacks/manager.py:192}}
Sep 19 11:49:18.473847 dv-neutron-857774-3-hyperv neutron-server[109586]: DEBUG neutron_lib.callbacks.manager [None req-cadaf746-9688-40db-9d2f-8b69bc3ca86b tempest-DHCPAgentSchedulersTestJSON-280384508 tempest-DHCPAgentSchedulersTestJSON-280384508-project] Notify callbacks ['neutron.plugins.ml2.ovo_rpc._ObjectChangeHandler.handle_event-1587527', 'neutron.api.rpc.agentnotifiers.dhcp_rpc_agent_api.DhcpAgentNotifyAPI._native_event_send_dhcp_notification-1605593'] for network, after_create {{(pid=109586) _notify_loop /usr/local/lib/python3.8/dist-packages/neutron_lib/callbacks/manager.py:192}}
Sep 19 11:49:18.479630 dv-neutron-857774-3-hyperv neutron-server[109586]: DEBUG neutron.pecan_wsgi.hooks.policy_enforcement [None req-cadaf746-9688-40db-9d2f-8b69bc3ca86b tempest-DHCPAgentSchedulersTestJSON-280384508 tempest-DHCPAgentSchedulersTestJSON-280384508-project] Attributes excluded by policy engine: ['standard_attr_id', 'provider:network_type', 'provider:physical_network', 'provider:segmentation_id', 'vlan_transparent'] {{(pid=109586) _exclude_attributes_by_policy /opt/stack/neutron/neutron/pecan_wsgi/hooks/policy_enforcement.py:259}}
Sep 19 11:49:18.480227 dv-neutron-857774-3-hyperv neutron-server[109586]: DEBUG neutron_lib.callbacks.manager [None req-cadaf746-9688-40db-9d2f-8b69bc3ca86b tempest-DHCPAgentSchedulersTestJSON-280384508 tempest-DHCPAgentSchedulersTestJSON-280384508-project] Notify callbacks ['neutron.api.rpc.agentnotifiers.dhcp_rpc_agent_api.DhcpAgentNotifyAPI._send_dhcp_notification-1605583'] for network, before_response {{(pid=109586) _notify_loop /usr/local/lib/python3.8/dist-packages/neutron_lib/callbacks/manager.py:192}}
Sep 19 11:49:18.522652 dv-neutron-857774-3-hyperv neutron-server[109586]: DEBUG neutron.api.v2.base [None req-d2b106f0-0a5f-4aeb-a8b5-44f1c82f5a09 admin admin] Request body: {'network': {'name': 'tempest-ServerActionsTestJSON-234590019-network', 'tenant_id': '6d659ab73ad94b899591f899dbddd1e1'}} {{(pid=109586) prepare_request_body /opt/stack/neutron/neutron/api/v2/base.py:729}}
Sep 19 11:49:18.554170 dv-neutron-857774-3-hyperv neutron-server[109586]: INFO neutron.wsgi [None req-cadaf746-9688-40db-9d2f-8b69bc3ca86b tempest-DHCPAgentSchedulersTestJSON-280384508 tempest-DHCPAgentSchedulersTestJSON-280384508-project] 10.222.0.62 "POST /v2.0/networks HTTP/1.1" status: 201 len: 794 time: 0.7233200
Sep 19 11:49:18.554515 dv-neutron-857774-3-hyperv neutron-server[109585]: DEBUG neutron.wsgi [-] (109585) accepted ('10.222.0.62', 51088) {{(pid=109585) server /usr/local/lib/python3.8/dist-packages/eventlet/wsgi.py:982}}
Sep 19 11:49:18.560232 dv-neutron-857774-3-hyperv neutron-server[109585]: DEBUG neutron.api.v2.base [None req-4be8ce83-be08-49a7-9a0a-4a592a99ea36 tempest-DHCPAgentSchedulersTestJSON-280384508 tempest-DHCPAgentSchedulersTestJSON-280384508-project] Request body: {'subnet': {'network_id': '34ba0352-480e-455a-b5c3-0146859e1f1c', 'cidr': '172.20.0.0/28', 'ip_version': 4, 'gateway_ip': '172.20.0.1'}} {{(pid=109585) prepare_request_body /opt/stack/neutron/neutron/api/v2/base.py:729}}
Sep 19 11:49:18.657691 dv-neutron-857774-3-hyperv neutron-server[109586]: DEBUG neutron.api.rpc.handlers.resources_rpc [None req-cadaf746-9688-40db-9d2f-8b69bc3ca86b tempest-DHCPAgentSchedulersTestJSON-280384508 tempest-DHCPAgentSchedulersTestJSON-280384508-project] Pushing event updated for resources: {'Network': ['ID=34ba0352-480e-455a-b5c3-0146859e1f1c,revision_number=1']} {{(pid=109586) push /opt/stack/neutron/neutron/api/rpc/handlers/resources_rpc.py:237}}
Sep 19 11:49:18.660273 dv-neutron-857774-3-hyperv neutron-server[109586]: DEBUG neutron.wsgi [-] (109586) accepted ('10.222.0.62', 51092) {{(pid=109586) server /usr/local/lib/python3.8/dist-packages/eventlet/wsgi.py:982}}
Sep 19 11:49:18.671569 dv-neutron-857774-3-hyperv neutron-server[109587]: DEBUG neutron.plugins.ml2.rpc [None req-be27c251-a4f0-4409-86f0-b0cab72873cb None None] Network 34ba0352-480e-455a-b5c3-0146859e1f1c details requested by agent ovs-agent-dv-neutron-857774-3-hyperv with host dv-neutron-857774-3-hyperv {{(pid=109587) get_network_details /opt/stack/neutron/neutron/plugins/ml2/rpc.py:248}}
Sep 19 11:49:18.681358 dv-neutron-857774-3-hyperv neutron-server[109586]: DEBUG neutron.pecan_wsgi.hooks.quota_enforcement [None req-d2b106f0-0a5f-4aeb-a8b5-44f1c82f5a09 admin admin] Made reservation on behalf of 6d659ab73ad94b899591f899dbddd1e1 for: {'network': 1} {{(pid=109586) before /opt/stack/neutron/neutron/pecan_wsgi/hooks/quota_enforcement.py:53}}
Sep 19 11:49:18.684006 dv-neutron-857774-3-hyperv neutron-server[109586]: DEBUG neutron_lib.callbacks.manager [None req-d2b106f0-0a5f-4aeb-a8b5-44f1c82f5a09 admin admin] Notify callbacks ['neutron.plugins.ml2.plugin.SecurityGroupDbMixin._ensure_default_security_group_handler-567589'] for network, before_create {{(pid=109586) _notify_loop /usr/local/lib/python3.8/dist-packages/neutron_lib/callbacks/manager.py:192}}
Sep 19 11:49:18.697343 dv-neutron-857774-3-hyperv neutron-server[109585]: DEBUG neutron.pecan_wsgi.hooks.quota_enforcement [None req-4be8ce83-be08-49a7-9a0a-4a592a99ea36 tempest-DHCPAgentSchedulersTestJSON-280384508 tempest-DHCPAgentSchedulersTestJSON-280384508-project] Made reservation on behalf of 980ad8bde99b49819ecea04ddb3b4232 for: {'subnet': 1} {{(pid=109585) before /opt/stack/neutron/neutron/pecan_wsgi/hooks/quota_enforcement.py:53}}
Sep 19 11:49:18.698872 dv-neutron-857774-3-hyperv neutron-server[109586]: DEBUG neutron_lib.callbacks.manager [None req-d2b106f0-0a5f-4aeb-a8b5-44f1c82f5a09 admin admin] Notify callbacks [] for security_group, before_create {{(pid=109586) _notify_loop /usr/local/lib/python3.8/dist-packages/neutron_lib/callbacks/manager.py:192}}
Sep 19 11:49:18.700895 dv-neutron-857774-3-hyperv neutron-server[109585]: DEBUG neutron_lib.callbacks.manager [None req-4be8ce83-be08-49a7-9a0a-4a592a99ea36 tempest-DHCPAgentSchedulersTestJSON-280384508 tempest-DHCPAgentSchedulersTestJSON-280384508-project] Notify callbacks [] for subnet, before_create {{(pid=109585) _notify_loop /usr/local/lib/python3.8/dist-packages/neutron_lib/callbacks/manager.py:192}}
Sep 19 11:49:18.792176 dv-neutron-857774-3-hyperv neutron-server[109586]: DEBUG neutron_lib.callbacks.manager [None req-d2b106f0-0a5f-4aeb-a8b5-44f1c82f5a09 admin admin] Notify callbacks [] for security_group, precommit_create {{(pid=109586) _notify_loop /usr/local/lib/python3.8/dist-packages/neutron_lib/callbacks/manager.py:192}}
Sep 19 11:49:18.798316 dv-neutron-857774-3-hyperv neutron-server[109586]: DEBUG neutron_lib.callbacks.manager [None req-d2b106f0-0a5f-4aeb-a8b5-44f1c82f5a09 admin admin] Notify callbacks ['neutron.plugins.ml2.ovo_rpc._ObjectChangeHandler.handle_event-1587478'] for security_group, after_create {{(pid=109586) _notify_loop /usr/local/lib/python3.8/dist-packages/neutron_lib/callbacks/manager.py:192}}
Sep 19 11:49:18.832552 dv-neutron-857774-3-hyperv neutron-server[109585]: DEBUG neutron.api.v2.base [None req-e6af0d7a-fc29-4dcd-9973-43493b2aa9bb admin admin] Request body: {'network': {'name': 'tempest-ServersTestJSON-2139874842-network', 'tenant_id': '1ef541c9fede46b38b30279334694d65'}} {{(pid=109585) prepare_request_body /opt/stack/neutron/neutron/api/v2/base.py:729}}
Sep 19 11:49:18.844332 dv-neutron-857774-3-hyperv neutron-server[109586]: DEBUG neutron.plugins.ml2.drivers.helpers [None req-d2b106f0-0a5f-4aeb-a8b5-44f1c82f5a09 admin admin] vlan segment allocate from pool success with {'physical_network': 'physnet1', 'vlan_id': 246} {{(pid=109586) allocate_partially_specified_segment /opt/stack/neutron/neutron/plugins/ml2/drivers/helpers.py:153}}
Sep 19 11:49:18.856568 dv-neutron-857774-3-hyperv neutron-server[109586]: DEBUG neutron.wsgi [-] (109586) accepted ('10.222.0.62', 51100) {{(pid=109586) server /usr/local/lib/python3.8/dist-packages/eventlet/wsgi.py:982}}
Sep 19 11:49:18.863123 dv-neutron-857774-3-hyperv neutron-server[109586]: DEBUG neutron.api.rpc.handlers.resources_rpc [None req-d2b106f0-0a5f-4aeb-a8b5-44f1c82f5a09 admin admin] Pushing event updated for resources: {'SecurityGroup': ['ID=4f8cf8a8-270c-4d52-bb24-263b5e73d3e6,revision_number=1']} {{(pid=109586) push /opt/stack/neutron/neutron/api/rpc/handlers/resources_rpc.py:237}}
Sep 19 11:49:18.871549 dv-neutron-857774-3-hyperv neutron-server[109586]: DEBUG neutron_lib.callbacks.manager [None req-d2b106f0-0a5f-4aeb-a8b5-44f1c82f5a09 admin admin] Notify callbacks ['neutron.plugins.ml2.plugin.Ml2Plugin._handle_segment_change-996407'] for segment, precommit_create {{(pid=109586) _notify_loop /usr/local/lib/python3.8/dist-packages/neutron_lib/callbacks/manager.py:192}}
Sep 19 11:49:18.871890 dv-neutron-857774-3-hyperv neutron-server[109586]: INFO neutron.db.segments_db [None req-d2b106f0-0a5f-4aeb-a8b5-44f1c82f5a09 admin admin] Added segment eff93bce-e657-45f9-b990-79030fa84cd3 of type vlan for network 00747210-f673-4d60-a4a6-16b3e1ea1929
Sep 19 11:49:18.924952 dv-neutron-857774-3-hyperv neutron-server[109586]: DEBUG neutron_lib.callbacks.manager [None req-d2b106f0-0a5f-4aeb-a8b5-44f1c82f5a09 admin admin] Notify callbacks ['neutron.services.auto_allocate.db._ensure_external_network_default_value_callback-8740076834443'] for network, precommit_create {{(pid=109586) _notify_loop /usr/local/lib/python3.8/dist-packages/neutron_lib/callbacks/manager.py:192}}
Sep 19 11:49:18.954212 dv-neutron-857774-3-hyperv neutron-server[109586]: DEBUG neutron_lib.callbacks.manager [None req-d2b106f0-0a5f-4aeb-a8b5-44f1c82f5a09 admin admin] Notify callbacks ['neutron.plugins.ml2.ovo_rpc._ObjectChangeHandler.handle_event-1587527', 'neutron.api.rpc.agentnotifiers.dhcp_rpc_agent_api.DhcpAgentNotifyAPI._native_event_send_dhcp_notification-1605593'] for network, after_create {{(pid=109586) _notify_loop /usr/local/lib/python3.8/dist-packages/neutron_lib/callbacks/manager.py:192}}
Sep 19 11:49:18.955247 dv-neutron-857774-3-hyperv neutron-server[109586]: DEBUG neutron.pecan_wsgi.hooks.policy_enforcement [None req-d2b106f0-0a5f-4aeb-a8b5-44f1c82f5a09 admin admin] Attributes excluded by policy engine: ['standard_attr_id', 'vlan_transparent'] {{(pid=109586) _exclude_attributes_by_policy /opt/stack/neutron/neutron/pecan_wsgi/hooks/policy_enforcement.py:259}}
Sep 19 11:49:18.955883 dv-neutron-857774-3-hyperv neutron-server[109586]: DEBUG neutron_lib.callbacks.manager [None req-d2b106f0-0a5f-4aeb-a8b5-44f1c82f5a09 admin admin] Notify callbacks ['neutron.api.rpc.agentnotifiers.dhcp_rpc_agent_api.DhcpAgentNotifyAPI._send_dhcp_notification-1605583'] for network, before_response {{(pid=109586) _notify_loop /usr/local/lib/python3.8/dist-packages/neutron_lib/callbacks/manager.py:192}}
Sep 19 11:49:19.000161 dv-neutron-857774-3-hyperv neutron-server[109585]: DEBUG neutron.wsgi [-] (109585) accepted ('10.222.0.62', 51108) {{(pid=109585) server /usr/local/lib/python3.8/dist-packages/eventlet/wsgi.py:982}}
Sep 19 11:49:19.000319 dv-neutron-857774-3-hyperv neutron-server[109586]: INFO neutron.wsgi [None req-d2b106f0-0a5f-4aeb-a8b5-44f1c82f5a09 admin admin] 10.222.0.62 "POST /v2.0/networks HTTP/1.1" status: 201 len: 884 time: 0.9140391
Sep 19 11:49:19.005697 dv-neutron-857774-3-hyperv neutron-server[109585]: DEBUG neutron.api.v2.base [None req-9512d0f1-023b-41c9-be43-1f59195334de admin admin] Request body: {'subnet': {'network_id': '00747210-f673-4d60-a4a6-16b3e1ea1929', 'cidr': '172.20.0.0/28', 'name': 'tempest-ServerActionsTestJSON-234590019-subnet', 'tenant_id': '6d659ab73ad94b899591f899dbddd1e1', 'enable_dhcp': True, 'ip_version': 4}} {{(pid=109585) prepare_request_body /opt/stack/neutron/neutron/api/v2/base.py:729}}
Sep 19 11:49:19.030811 dv-neutron-857774-3-hyperv neutron-server[109586]: DEBUG neutron.api.rpc.handlers.resources_rpc [None req-d2b106f0-0a5f-4aeb-a8b5-44f1c82f5a09 admin admin] Pushing event updated for resources: {'Network': ['ID=00747210-f673-4d60-a4a6-16b3e1ea1929,revision_number=1']} {{(pid=109586) push /opt/stack/neutron/neutron/api/rpc/handlers/resources_rpc.py:237}}
Sep 19 11:49:19.030944 dv-neutron-857774-3-hyperv neutron-server[109585]: DEBUG neutron.pecan_wsgi.hooks.quota_enforcement [None req-e6af0d7a-fc29-4dcd-9973-43493b2aa9bb admin admin] Made reservation on behalf of 1ef541c9fede46b38b30279334694d65 for: {'network': 1} {{(pid=109585) before /opt/stack/neutron/neutron/pecan_wsgi/hooks/quota_enforcement.py:53}}
Sep 19 11:49:19.033965 dv-neutron-857774-3-hyperv neutron-server[109585]: DEBUG neutron_lib.callbacks.manager [None req-e6af0d7a-fc29-4dcd-9973-43493b2aa9bb admin admin] Notify callbacks ['neutron.plugins.ml2.plugin.SecurityGroupDbMixin._ensure_default_security_group_handler-567589'] for network, before_create {{(pid=109585) _notify_loop /usr/local/lib/python3.8/dist-packages/neutron_lib/callbacks/manager.py:192}}
Sep 19 11:49:19.037479 dv-neutron-857774-3-hyperv neutron-server[109585]: DEBUG neutron_lib.callbacks.manager [None req-4be8ce83-be08-49a7-9a0a-4a592a99ea36 tempest-DHCPAgentSchedulersTestJSON-280384508 tempest-DHCPAgentSchedulersTestJSON-280384508-project] Notify callbacks ['neutron.plugins.ml2.ovo_rpc._ObjectChangeHandler.handle_event-1586161', 'neutron.api.rpc.agentnotifiers.dhcp_rpc_agent_api.DhcpAgentNotifyAPI._native_event_send_dhcp_notification-1605593'] for subnet, after_create {{(pid=109585) _notify_loop /usr/local/lib/python3.8/dist-packages/neutron_lib/callbacks/manager.py:192}}
Sep 19 11:49:19.042092 dv-neutron-857774-3-hyperv neutron-server[109587]: DEBUG neutron.plugins.ml2.rpc [None req-be27c251-a4f0-4409-86f0-b0cab72873cb None None] Network 00747210-f673-4d60-a4a6-16b3e1ea1929 details requested by agent ovs-agent-dv-neutron-857774-3-hyperv with host dv-neutron-857774-3-hyperv {{(pid=109587) get_network_details /opt/stack/neutron/neutron/plugins/ml2/rpc.py:248}}
Sep 19 11:49:19.046394 dv-neutron-857774-3-hyperv neutron-server[109585]: DEBUG neutron.pecan_wsgi.hooks.quota_enforcement [None req-9512d0f1-023b-41c9-be43-1f59195334de admin admin] Made reservation on behalf of 6d659ab73ad94b899591f899dbddd1e1 for: {'subnet': 1} {{(pid=109585) before /opt/stack/neutron/neutron/pecan_wsgi/hooks/quota_enforcement.py:53}}
Sep 19 11:49:19.050310 dv-neutron-857774-3-hyperv neutron-server[109585]: DEBUG neutron_lib.callbacks.manager [None req-9512d0f1-023b-41c9-be43-1f59195334de admin admin] Notify callbacks [] for subnet, before_create {{(pid=109585) _notify_loop /usr/local/lib/python3.8/dist-packages/neutron_lib/callbacks/manager.py:192}}
Sep 19 11:49:19.059090 dv-neutron-857774-3-hyperv neutron-server[109586]: DEBUG neutron.api.v2.base [None req-ed0c6f50-7778-4ea1-9180-4160028ccca4 tempest-FloatingIPTestJSON-652430064 tempest-FloatingIPTestJSON-652430064-project] Request body: {'network': {'name': 'tempest-FloatingIPTestJSON-test-network-2115011883'}} {{(pid=109586) prepare_request_body /opt/stack/neutron/neutron/api/v2/base.py:729}}
Sep 19 11:49:19.096666 dv-neutron-857774-3-hyperv neutron-server[109586]: DEBUG neutron.api.v2.base [None req-1342b9bc-5cd5-4882-b63c-a22828613c46 admin admin] Request body: {'network': {'name': 'tempest-ServersTestManualDisk-1983928232-network', 'tenant_id': '4f5dfc291d4d4196b304e80bada6ea99'}} {{(pid=109586) prepare_request_body /opt/stack/neutron/neutron/api/v2/base.py:729}}
Sep 19 11:49:19.107299 dv-neutron-857774-3-hyperv neutron-server[109586]: DEBUG neutron.pecan_wsgi.hooks.quota_enforcement [None req-ed0c6f50-7778-4ea1-9180-4160028ccca4 tempest-FloatingIPTestJSON-652430064 tempest-FloatingIPTestJSON-652430064-project] Made reservation on behalf of 506631eaf8a54f24a7980b27ea7e6029 for: {'network': 1} {{(pid=109586) before /opt/stack/neutron/neutron/pecan_wsgi/hooks/quota_enforcement.py:53}}
Sep 19 11:49:19.114084 dv-neutron-857774-3-hyperv neutron-server[109586]: DEBUG neutron_lib.callbacks.manager [None req-ed0c6f50-7778-4ea1-9180-4160028ccca4 tempest-FloatingIPTestJSON-652430064 tempest-FloatingIPTestJSON-652430064-project] Notify callbacks ['neutron.plugins.ml2.plugin.SecurityGroupDbMixin._ensure_default_security_group_handler-567589'] for network, before_create {{(pid=109586) _notify_loop /usr/local/lib/python3.8/dist-packages/neutron_lib/callbacks/manager.py:192}}
Sep 19 11:49:19.130011 dv-neutron-857774-3-hyperv neutron-server[109586]: DEBUG neutron_lib.callbacks.manager [None req-ed0c6f50-7778-4ea1-9180-4160028ccca4 tempest-FloatingIPTestJSON-652430064 tempest-FloatingIPTestJSON-652430064-project] Notify callbacks [] for security_group, before_create {{(pid=109586) _notify_loop /usr/local/lib/python3.8/dist-packages/neutron_lib/callbacks/manager.py:192}}
Sep 19 11:49:19.137006 dv-neutron-857774-3-hyperv neutron-server[109585]: DEBUG neutron.api.rpc.handlers.resources_rpc [None req-4be8ce83-be08-49a7-9a0a-4a592a99ea36 tempest-DHCPAgentSchedulersTestJSON-280384508 tempest-DHCPAgentSchedulersTestJSON-280384508-project] Pushing event updated for resources: {'Subnet': ['ID=fd3bb955-5a0c-4126-bf58-ac9aa8eccb5a,revision_number=0']} {{(pid=109585) push /opt/stack/neutron/neutron/api/rpc/handlers/resources_rpc.py:237}}
Sep 19 11:49:19.155281 dv-neutron-857774-3-hyperv neutron-server[109586]: DEBUG neutron.pecan_wsgi.hooks.quota_enforcement [None req-1342b9bc-5cd5-4882-b63c-a22828613c46 admin admin] Made reservation on behalf of 4f5dfc291d4d4196b304e80bada6ea99 for: {'network': 1} {{(pid=109586) before /opt/stack/neutron/neutron/pecan_wsgi/hooks/quota_enforcement.py:53}}
Sep 19 11:49:19.157537 dv-neutron-857774-3-hyperv neutron-server[109586]: DEBUG neutron_lib.callbacks.manager [None req-1342b9bc-5cd5-4882-b63c-a22828613c46 admin admin] Notify callbacks ['neutron.plugins.ml2.plugin.SecurityGroupDbMixin._ensure_default_security_group_handler-567589'] for network, before_create {{(pid=109586) _notify_loop /usr/local/lib/python3.8/dist-packages/neutron_lib/callbacks/manager.py:192}}
Sep 19 11:49:19.169552 dv-neutron-857774-3-hyperv neutron-server[109586]: DEBUG neutron_lib.callbacks.manager [None req-1342b9bc-5cd5-4882-b63c-a22828613c46 admin admin] Notify callbacks [] for security_group, before_create {{(pid=109586) _notify_loop /usr/local/lib/python3.8/dist-packages/neutron_lib/callbacks/manager.py:192}}
Sep 19 11:49:19.185155 dv-neutron-857774-3-hyperv neutron-server[109585]: DEBUG neutron.api.rpc.callbacks.version_manager [None req-4be8ce83-be08-49a7-9a0a-4a592a99ea36 tempest-DHCPAgentSchedulersTestJSON-280384508 tempest-DHCPAgentSchedulersTestJSON-280384508-project] Version for resource type AddressGroup changed None to 1.2 on consumer Open vSwitch agent@dv-neutron-857774-3-hyperv {{(pid=109585) _set_version /opt/stack/neutron/neutron/api/rpc/callbacks/version_manager.py:113}}
Sep 19 11:49:19.185700 dv-neutron-857774-3-hyperv neutron-server[109585]: DEBUG neutron.api.rpc.callbacks.version_manager [None req-4be8ce83-be08-49a7-9a0a-4a592a99ea36 tempest-DHCPAgentSchedulersTestJSON-280384508 tempest-DHCPAgentSchedulersTestJSON-280384508-project] Version for resource type ConntrackHelper changed None to 1.0 on consumer Open vSwitch agent@dv-neutron-857774-3-hyperv {{(pid=109585) _set_version /opt/stack/neutron/neutron/api/rpc/callbacks/version_manager.py:113}}
Sep 19 11:49:19.186276 dv-neutron-857774-3-hyperv neutron-server[109585]: DEBUG neutron.api.rpc.callbacks.version_manager [None req-4be8ce83-be08-49a7-9a0a-4a592a99ea36 tempest-DHCPAgentSchedulersTestJSON-280384508 tempest-DHCPAgentSchedulersTestJSON-280384508-project] Version for resource type Log changed None to 1.0 on consumer Open vSwitch agent@dv-neutron-857774-3-hyperv {{(pid=109585) _set_version /opt/stack/neutron/neutron/api/rpc/callbacks/version_manager.py:113}}
Sep 19 11:49:19.186792 dv-neutron-857774-3-hyperv neutron-server[109585]: DEBUG neutron.api.rpc.callbacks.version_manager [None req-4be8ce83-be08-49a7-9a0a-4a592a99ea36 tempest-DHCPAgentSchedulersTestJSON-280384508 tempest-DHCPAgentSchedulersTestJSON-280384508-project] Version for resource type Network changed None to 1.1 on consumer Open vSwitch agent@dv-neutron-857774-3-hyperv {{(pid=109585) _set_version /opt/stack/neutron/neutron/api/rpc/callbacks/version_manager.py:113}}
Sep 19 11:49:19.187289 dv-neutron-857774-3-hyperv neutron-server[109585]: DEBUG neutron.api.rpc.callbacks.version_manager [None req-4be8ce83-be08-49a7-9a0a-4a592a99ea36 tempest-DHCPAgentSchedulersTestJSON-280384508 tempest-DHCPAgentSchedulersTestJSON-280384508-project] Version for resource type Port changed None to 1.7 on consumer Open vSwitch agent@dv-neutron-857774-3-hyperv {{(pid=109585) _set_version /opt/stack/neutron/neutron/api/rpc/callbacks/version_manager.py:113}}
Sep 19 11:49:19.187789 dv-neutron-857774-3-hyperv neutron-server[109585]: DEBUG neutron.api.rpc.callbacks.version_manager [None req-4be8ce83-be08-49a7-9a0a-4a592a99ea36 tempest-DHCPAgentSchedulersTestJSON-280384508 tempest-DHCPAgentSchedulersTestJSON-280384508-project] Version for resource type PortForwarding changed None to 1.2 on consumer Open vSwitch agent@dv-neutron-857774-3-hyperv {{(pid=109585) _set_version /opt/stack/neutron/neutron/api/rpc/callbacks/version_manager.py:113}}
Sep 19 11:49:19.188273 dv-neutron-857774-3-hyperv neutron-server[109585]: DEBUG neutron.api.rpc.callbacks.version_manager [None req-4be8ce83-be08-49a7-9a0a-4a592a99ea36 tempest-DHCPAgentSchedulersTestJSON-280384508 tempest-DHCPAgentSchedulersTestJSON-280384508-project] Version for resource type QosPolicy changed None to 1.9 on consumer Open vSwitch agent@dv-neutron-857774-3-hyperv {{(pid=109585) _set_version /opt/stack/neutron/neutron/api/rpc/callbacks/version_manager.py:113}}
Sep 19 11:49:19.188772 dv-neutron-857774-3-hyperv neutron-server[109585]: DEBUG neutron.api.rpc.callbacks.version_manager [None req-4be8ce83-be08-49a7-9a0a-4a592a99ea36 tempest-DHCPAgentSchedulersTestJSON-280384508 tempest-DHCPAgentSchedulersTestJSON-280384508-project] Version for resource type SecurityGroup changed None to 1.4 on consumer Open vSwitch agent@dv-neutron-857774-3-hyperv {{(pid=109585) _set_version /opt/stack/neutron/neutron/api/rpc/callbacks/version_manager.py:113}}
Sep 19 11:49:19.189261 dv-neutron-857774-3-hyperv neutron-server[109585]: DEBUG neutron.api.rpc.callbacks.version_manager [None req-4be8ce83-be08-49a7-9a0a-4a592a99ea36 tempest-DHCPAgentSchedulersTestJSON-280384508 tempest-DHCPAgentSchedulersTestJSON-280384508-project] Version for resource type SecurityGroupRule changed None to 1.2 on consumer Open vSwitch agent@dv-neutron-857774-3-hyperv {{(pid=109585) _set_version /opt/stack/neutron/neutron/api/rpc/callbacks/version_manager.py:113}}
Sep 19 11:49:19.189750 dv-neutron-857774-3-hyperv neutron-server[109585]: DEBUG neutron.api.rpc.callbacks.version_manager [None req-4be8ce83-be08-49a7-9a0a-4a592a99ea36 tempest-DHCPAgentSchedulersTestJSON-280384508 tempest-DHCPAgentSchedulersTestJSON-280384508-project] Version for resource type SubPort changed None to 1.0 on consumer Open vSwitch agent@dv-neutron-857774-3-hyperv {{(pid=109585) _set_version /opt/stack/neutron/neutron/api/rpc/callbacks/version_manager.py:113}}
Sep 19 11:49:19.190264 dv-neutron-857774-3-hyperv neutron-server[109585]: DEBUG neutron.api.rpc.callbacks.version_manager [None req-4be8ce83-be08-49a7-9a0a-4a592a99ea36 tempest-DHCPAgentSchedulersTestJSON-280384508 tempest-DHCPAgentSchedulersTestJSON-280384508-project] Version for resource type Subnet changed None to 1.1 on consumer Open vSwitch agent@dv-neutron-857774-3-hyperv {{(pid=109585) _set_version /opt/stack/neutron/neutron/api/rpc/callbacks/version_manager.py:113}}
Sep 19 11:49:19.190906 dv-neutron-857774-3-hyperv neutron-server[109585]: DEBUG neutron.api.rpc.callbacks.version_manager [None req-4be8ce83-be08-49a7-9a0a-4a592a99ea36 tempest-DHCPAgentSchedulersTestJSON-280384508 tempest-DHCPAgentSchedulersTestJSON-280384508-project] Version for resource type Trunk changed None to 1.1 on consumer Open vSwitch agent@dv-neutron-857774-3-hyperv {{(pid=109585) _set_version /opt/stack/neutron/neutron/api/rpc/callbacks/version_manager.py:113}}
Sep 19 11:49:19.192490 dv-neutron-857774-3-hyperv neutron-server[109585]: DEBUG neutron.api.rpc.callbacks.version_manager [None req-4be8ce83-be08-49a7-9a0a-4a592a99ea36 tempest-DHCPAgentSchedulersTestJSON-280384508 tempest-DHCPAgentSchedulersTestJSON-280384508-project] Tracked resource versions report:
Sep 19 11:49:19.192490 dv-neutron-857774-3-hyperv neutron-server[109585]: pushed versions:
Sep 19 11:49:19.192490 dv-neutron-857774-3-hyperv neutron-server[109585]: { 'AddressGroup': {'1.2'},
Sep 19 11:49:19.192490 dv-neutron-857774-3-hyperv neutron-server[109585]: 'ConntrackHelper': {'1.0'},
Sep 19 11:49:19.192490 dv-neutron-857774-3-hyperv neutron-server[109585]: 'Log': {'1.0'},
Sep 19 11:49:19.192490 dv-neutron-857774-3-hyperv neutron-server[109585]: 'Network': {'1.1'},
Sep 19 11:49:19.192490 dv-neutron-857774-3-hyperv neutron-server[109585]: 'Port': {'1.7'},
Sep 19 11:49:19.192490 dv-neutron-857774-3-hyperv neutron-server[109585]: 'PortForwarding': {'1.2'},
Sep 19 11:49:19.192490 dv-neutron-857774-3-hyperv neutron-server[109585]: 'QosPolicy': {'1.9'},
Sep 19 11:49:19.192490 dv-neutron-857774-3-hyperv neutron-server[109585]: 'SecurityGroup': {'1.4'},
Sep 19 11:49:19.192490 dv-neutron-857774-3-hyperv neutron-server[109585]: 'SecurityGroupRule': {'1.2'},
Sep 19 11:49:19.192490 dv-neutron-857774-3-hyperv neutron-server[109585]: 'SubPort': {'1.0'},
Sep 19 11:49:19.192490 dv-neutron-857774-3-hyperv neutron-server[109585]: 'Subnet': {'1.1'},
Sep 19 11:49:19.192490 dv-neutron-857774-3-hyperv neutron-server[109585]: 'Trunk': {'1.1'}}
Sep 19 11:49:19.192490 dv-neutron-857774-3-hyperv neutron-server[109585]: consumer versions:
Sep 19 11:49:19.192490 dv-neutron-857774-3-hyperv neutron-server[109585]: { DHCP agent@dv-neutron-857774-3-hyperv: {},
Sep 19 11:49:19.192490 dv-neutron-857774-3-hyperv neutron-server[109585]: HyperV agent@hv-neutron-8577: {},
Sep 19 11:49:19.192490 dv-neutron-857774-3-hyperv neutron-server[109585]: L3 agent@dv-neutron-857774-3-hyperv: {},
Sep 19 11:49:19.192490 dv-neutron-857774-3-hyperv neutron-server[109585]: Metadata agent@dv-neutron-857774-3-hyperv: {},
Sep 19 11:49:19.192490 dv-neutron-857774-3-hyperv neutron-server[109585]: Metering agent@dv-neutron-857774-3-hyperv: {},
Sep 19 11:49:19.192490 dv-neutron-857774-3-hyperv neutron-server[109585]: Open vSwitch agent@dv-neutron-857774-3-hyperv: { 'AddressGroup': '1.2',
Sep 19 11:49:19.192490 dv-neutron-857774-3-hyperv neutron-server[109585]: 'ConntrackHelper': '1.0',
Sep 19 11:49:19.192490 dv-neutron-857774-3-hyperv neutron-server[109585]: 'Log': '1.0',
Sep 19 11:49:19.192490 dv-neutron-857774-3-hyperv neutron-server[109585]: 'Network': '1.1',
Sep 19 11:49:19.192490 dv-neutron-857774-3-hyperv neutron-server[109585]: 'Port': '1.7',
Sep 19 11:49:19.192490 dv-neutron-857774-3-hyperv neutron-server[109585]: 'PortForwarding': '1.2',
Sep 19 11:49:19.192490 dv-neutron-857774-3-hyperv neutron-server[109585]: 'QosPolicy': '1.9',
Sep 19 11:49:19.192490 dv-neutron-857774-3-hyperv neutron-server[109585]: 'SecurityGroup': '1.4',
Sep 19 11:49:19.192490 dv-neutron-857774-3-hyperv neutron-server[109585]: 'SecurityGroupRule': '1.2',
Sep 19 11:49:19.192490 dv-neutron-857774-3-hyperv neutron-server[109585]: 'SubPort': '1.0',
Sep 19 11:49:19.192490 dv-neutron-857774-3-hyperv neutron-server[109585]: 'Subnet': '1.1',
Sep 19 11:49:19.192490 dv-neutron-857774-3-hyperv neutron-server[109585]: 'Trunk': '1.1'}}
Sep 19 11:49:19.192490 dv-neutron-857774-3-hyperv neutron-server[109585]: {{(pid=109585) report /opt/stack/neutron/neutron/api/rpc/callbacks/version_manager.py:175}}
Sep 19 11:49:19.204766 dv-neutron-857774-3-hyperv neutron-server[109585]: DEBUG neutron_lib.callbacks.manager [None req-e6af0d7a-fc29-4dcd-9973-43493b2aa9bb admin admin] Notify callbacks [] for security_group, before_create {{(pid=109585) _notify_loop /usr/local/lib/python3.8/dist-packages/neutron_lib/callbacks/manager.py:192}}
Sep 19 11:49:19.270214 dv-neutron-857774-3-hyperv neutron-server[109586]: DEBUG neutron_lib.callbacks.manager [None req-ed0c6f50-7778-4ea1-9180-4160028ccca4 tempest-FloatingIPTestJSON-652430064 tempest-FloatingIPTestJSON-652430064-project] Notify callbacks [] for security_group, precommit_create {{(pid=109586) _notify_loop /usr/local/lib/python3.8/dist-packages/neutron_lib/callbacks/manager.py:192}}
Sep 19 11:49:19.289317 dv-neutron-857774-3-hyperv neutron-server[109586]: DEBUG neutron_lib.callbacks.manager [None req-ed0c6f50-7778-4ea1-9180-4160028ccca4 tempest-FloatingIPTestJSON-652430064 tempest-FloatingIPTestJSON-652430064-project] Notify callbacks ['neutron.plugins.ml2.ovo_rpc._ObjectChangeHandler.handle_event-1587478'] for security_group, after_create {{(pid=109586) _notify_loop /usr/local/lib/python3.8/dist-packages/neutron_lib/callbacks/manager.py:192}}
Sep 19 11:49:19.311311 dv-neutron-857774-3-hyperv neutron-server[109586]: DEBUG neutron_lib.callbacks.manager [None req-1342b9bc-5cd5-4882-b63c-a22828613c46 admin admin] Notify callbacks [] for security_group, precommit_create {{(pid=109586) _notify_loop /usr/local/lib/python3.8/dist-packages/neutron_lib/callbacks/manager.py:192}}
Sep 19 11:49:19.328205 dv-neutron-857774-3-hyperv neutron-server[109586]: DEBUG neutron.plugins.ml2.drivers.helpers [None req-ed0c6f50-7778-4ea1-9180-4160028ccca4 tempest-FloatingIPTestJSON-652430064 tempest-FloatingIPTestJSON-652430064-project] vlan segment allocate from pool success with {'physical_network': 'physnet1', 'vlan_id': 205} {{(pid=109586) allocate_partially_specified_segment /opt/stack/neutron/neutron/plugins/ml2/drivers/helpers.py:153}}
Sep 19 11:49:19.345979 dv-neutron-857774-3-hyperv neutron-server[109586]: DEBUG neutron_lib.callbacks.manager [None req-1342b9bc-5cd5-4882-b63c-a22828613c46 admin admin] Notify callbacks ['neutron.plugins.ml2.ovo_rpc._ObjectChangeHandler.handle_event-1587478'] for security_group, after_create {{(pid=109586) _notify_loop /usr/local/lib/python3.8/dist-packages/neutron_lib/callbacks/manager.py:192}}
Sep 19 11:49:19.357852 dv-neutron-857774-3-hyperv neutron-server[109586]: DEBUG neutron.api.rpc.handlers.resources_rpc [None req-ed0c6f50-7778-4ea1-9180-4160028ccca4 tempest-FloatingIPTestJSON-652430064 tempest-FloatingIPTestJSON-652430064-project] Pushing event updated for resources: {'SecurityGroup': ['ID=32dd1cca-bde5-4125-b37b-7d065c9f001e,revision_number=1']} {{(pid=109586) push /opt/stack/neutron/neutron/api/rpc/handlers/resources_rpc.py:237}}
Sep 19 11:49:19.367053 dv-neutron-857774-3-hyperv neutron-server[109586]: DEBUG neutron_lib.callbacks.manager [None req-ed0c6f50-7778-4ea1-9180-4160028ccca4 tempest-FloatingIPTestJSON-652430064 tempest-FloatingIPTestJSON-652430064-project] Notify callbacks ['neutron.plugins.ml2.plugin.Ml2Plugin._handle_segment_change-996407'] for segment, precommit_create {{(pid=109586) _notify_loop /usr/local/lib/python3.8/dist-packages/neutron_lib/callbacks/manager.py:192}}
Sep 19 11:49:19.367419 dv-neutron-857774-3-hyperv neutron-server[109586]: INFO neutron.db.segments_db [None req-ed0c6f50-7778-4ea1-9180-4160028ccca4 tempest-FloatingIPTestJSON-652430064 tempest-FloatingIPTestJSON-652430064-project] Added segment 0ba3a249-5fd3-4889-b1bc-c6f1b74c24e7 of type vlan for network 959a81e6-c1e4-4dd1-adc7-a6613c2ec744
Sep 19 11:49:19.368929 dv-neutron-857774-3-hyperv neutron-server[109586]: DEBUG neutron.plugins.ml2.drivers.helpers [None req-1342b9bc-5cd5-4882-b63c-a22828613c46 admin admin] vlan segment allocate from pool success with {'physical_network': 'physnet1', 'vlan_id': 244} {{(pid=109586) allocate_partially_specified_segment /opt/stack/neutron/neutron/plugins/ml2/drivers/helpers.py:153}}
Sep 19 11:49:19.404345 dv-neutron-857774-3-hyperv neutron-server[109586]: DEBUG neutron_lib.callbacks.manager [None req-1342b9bc-5cd5-4882-b63c-a22828613c46 admin admin] Notify callbacks ['neutron.plugins.ml2.plugin.Ml2Plugin._handle_segment_change-996407'] for segment, precommit_create {{(pid=109586) _notify_loop /usr/local/lib/python3.8/dist-packages/neutron_lib/callbacks/manager.py:192}}
Sep 19 11:49:19.404677 dv-neutron-857774-3-hyperv neutron-server[109586]: INFO neutron.db.segments_db [None req-1342b9bc-5cd5-4882-b63c-a22828613c46 admin admin] Added segment 58c482f3-6d9e-47c4-bfcf-17f188dc24f5 of type vlan for network d069916b-65e6-4cb7-86ad-103e8eeb49f8
Sep 19 11:49:19.436710 dv-neutron-857774-3-hyperv neutron-server[109585]: DEBUG neutron_lib.callbacks.manager [None req-e6af0d7a-fc29-4dcd-9973-43493b2aa9bb admin admin] Notify callbacks [] for security_group, precommit_create {{(pid=109585) _notify_loop /usr/local/lib/python3.8/dist-packages/neutron_lib/callbacks/manager.py:192}}
Sep 19 11:49:19.440429 dv-neutron-857774-3-hyperv neutron-server[109585]: DEBUG neutron.plugins.ml2.drivers.mech_agent [None req-4be8ce83-be08-49a7-9a0a-4a592a99ea36 tempest-DHCPAgentSchedulersTestJSON-280384508 tempest-DHCPAgentSchedulersTestJSON-280384508-project] Checking segment: {'id': '77fb1abd-8e23-4625-b0f0-c122baa387d7', 'network_type': 'vlan', 'physical_network': 'physnet1', 'segmentation_id': 206, 'network_id': '34ba0352-480e-455a-b5c3-0146859e1f1c'} for mappings: {'physnet1': 'br-data'} with network types: ['local', 'flat', 'vlan'] {{(pid=109585) check_segment_for_agent /opt/stack/neutron/neutron/plugins/ml2/drivers/mech_agent.py:360}}
Sep 19 11:49:19.441022 dv-neutron-857774-3-hyperv neutron-server[109585]: DEBUG neutron.scheduler.dhcp_agent_scheduler [None req-4be8ce83-be08-49a7-9a0a-4a592a99ea36 tempest-DHCPAgentSchedulersTestJSON-280384508 tempest-DHCPAgentSchedulersTestJSON-280384508-project] Network hostable DHCP agents. Network: 34ba0352-480e-455a-b5c3-0146859e1f1c, hostable agents: ['f77e78c6-45bb-48e2-af50-ab33e6710a6a'], hosted agents: [] {{(pid=109585) _get_network_hostable_dhcp_agents /opt/stack/neutron/neutron/scheduler/dhcp_agent_scheduler.py:329}}
Sep 19 11:49:19.449208 dv-neutron-857774-3-hyperv neutron-server[109585]: DEBUG neutron_lib.callbacks.manager [None req-e6af0d7a-fc29-4dcd-9973-43493b2aa9bb admin admin] Notify callbacks ['neutron.plugins.ml2.ovo_rpc._ObjectChangeHandler.handle_event-1587478'] for security_group, after_create {{(pid=109585) _notify_loop /usr/local/lib/python3.8/dist-packages/neutron_lib/callbacks/manager.py:192}}
Sep 19 11:49:19.464589 dv-neutron-857774-3-hyperv neutron-server[109586]: DEBUG neutron.api.rpc.handlers.resources_rpc [None req-1342b9bc-5cd5-4882-b63c-a22828613c46 admin admin] Pushing event updated for resources: {'SecurityGroup': ['ID=deaae924-4fcd-48bf-9964-6801bf82ec58,revision_number=1']} {{(pid=109586) push /opt/stack/neutron/neutron/api/rpc/handlers/resources_rpc.py:237}}
Sep 19 11:49:19.486256 dv-neutron-857774-3-hyperv neutron-server[109586]: DEBUG neutron_lib.callbacks.manager [None req-ed0c6f50-7778-4ea1-9180-4160028ccca4 tempest-FloatingIPTestJSON-652430064 tempest-FloatingIPTestJSON-652430064-project] Notify callbacks ['neutron.services.auto_allocate.db._ensure_external_network_default_value_callback-8740076834443'] for network, precommit_create {{(pid=109586) _notify_loop /usr/local/lib/python3.8/dist-packages/neutron_lib/callbacks/manager.py:192}}
Sep 19 11:49:19.488109 dv-neutron-857774-3-hyperv neutron-server[109585]: DEBUG neutron.api.rpc.handlers.resources_rpc [None req-e6af0d7a-fc29-4dcd-9973-43493b2aa9bb admin admin] Pushing event updated for resources: {'SecurityGroup': ['ID=2fd2a0d8-34dc-4a50-806b-64008432f5d4,revision_number=1']} {{(pid=109585) push /opt/stack/neutron/neutron/api/rpc/handlers/resources_rpc.py:237}}
Sep 19 11:49:19.493376 dv-neutron-857774-3-hyperv neutron-server[109586]: DEBUG neutron_lib.callbacks.manager [None req-1342b9bc-5cd5-4882-b63c-a22828613c46 admin admin] Notify callbacks ['neutron.services.auto_allocate.db._ensure_external_network_default_value_callback-8740076834443'] for network, precommit_create {{(pid=109586) _notify_loop /usr/local/lib/python3.8/dist-packages/neutron_lib/callbacks/manager.py:192}}
Sep 19 11:49:19.513770 dv-neutron-857774-3-hyperv neutron-server[109585]: DEBUG neutron.plugins.ml2.drivers.helpers [None req-e6af0d7a-fc29-4dcd-9973-43493b2aa9bb admin admin] vlan segment allocate from pool success with {'physical_network': 'physnet1', 'vlan_id': 212} {{(pid=109585) allocate_partially_specified_segment /opt/stack/neutron/neutron/plugins/ml2/drivers/helpers.py:153}}
Sep 19 11:49:19.531488 dv-neutron-857774-3-hyperv neutron-server[109585]: DEBUG neutron.scheduler.dhcp_agent_scheduler [None req-4be8ce83-be08-49a7-9a0a-4a592a99ea36 tempest-DHCPAgentSchedulersTestJSON-280384508 tempest-DHCPAgentSchedulersTestJSON-280384508-project] Network 34ba0352-480e-455a-b5c3-0146859e1f1c is scheduled to be hosted by DHCP agent f77e78c6-45bb-48e2-af50-ab33e6710a6a with binding_index 1 {{(pid=109585) bind /opt/stack/neutron/neutron/scheduler/dhcp_agent_scheduler.py:227}}
Sep 19 11:49:19.540589 dv-neutron-857774-3-hyperv neutron-server[109586]: DEBUG neutron_lib.callbacks.manager [None req-ed0c6f50-7778-4ea1-9180-4160028ccca4 tempest-FloatingIPTestJSON-652430064 tempest-FloatingIPTestJSON-652430064-project] Notify callbacks ['neutron.plugins.ml2.ovo_rpc._ObjectChangeHandler.handle_event-1587527', 'neutron.api.rpc.agentnotifiers.dhcp_rpc_agent_api.DhcpAgentNotifyAPI._native_event_send_dhcp_notification-1605593'] for network, after_create {{(pid=109586) _notify_loop /usr/local/lib/python3.8/dist-packages/neutron_lib/callbacks/manager.py:192}}
Sep 19 11:49:19.555359 dv-neutron-857774-3-hyperv neutron-server[109586]: DEBUG neutron.pecan_wsgi.hooks.policy_enforcement [None req-ed0c6f50-7778-4ea1-9180-4160028ccca4 tempest-FloatingIPTestJSON-652430064 tempest-FloatingIPTestJSON-652430064-project] Attributes excluded by policy engine: ['standard_attr_id', 'provider:network_type', 'provider:physical_network', 'provider:segmentation_id', 'vlan_transparent'] {{(pid=109586) _exclude_attributes_by_policy /opt/stack/neutron/neutron/pecan_wsgi/hooks/policy_enforcement.py:259}}
Sep 19 11:49:19.556049 dv-neutron-857774-3-hyperv neutron-server[109586]: DEBUG neutron_lib.callbacks.manager [None req-ed0c6f50-7778-4ea1-9180-4160028ccca4 tempest-FloatingIPTestJSON-652430064 tempest-FloatingIPTestJSON-652430064-project] Notify callbacks ['neutron.api.rpc.agentnotifiers.dhcp_rpc_agent_api.DhcpAgentNotifyAPI._send_dhcp_notification-1605583'] for network, before_response {{(pid=109586) _notify_loop /usr/local/lib/python3.8/dist-packages/neutron_lib/callbacks/manager.py:192}}
Sep 19 11:49:19.559156 dv-neutron-857774-3-hyperv neutron-server[109585]: DEBUG neutron_lib.callbacks.manager [None req-e6af0d7a-fc29-4dcd-9973-43493b2aa9bb admin admin] Notify callbacks ['neutron.plugins.ml2.plugin.Ml2Plugin._handle_segment_change-996407'] for segment, precommit_create {{(pid=109585) _notify_loop /usr/local/lib/python3.8/dist-packages/neutron_lib/callbacks/manager.py:192}}
Sep 19 11:49:19.559658 dv-neutron-857774-3-hyperv neutron-server[109585]: INFO neutron.db.segments_db [None req-e6af0d7a-fc29-4dcd-9973-43493b2aa9bb admin admin] Added segment 21bbd84b-26b7-461d-9369-8fba6a2e02f1 of type vlan for network 76ba0f26-2d1f-4842-a041-07d071f05c28
Sep 19 11:49:19.574117 dv-neutron-857774-3-hyperv neutron-server[109585]: DEBUG neutron.scheduler.base_scheduler [None req-4be8ce83-be08-49a7-9a0a-4a592a99ea36 tempest-DHCPAgentSchedulersTestJSON-280384508 tempest-DHCPAgentSchedulersTestJSON-280384508-project] Resources bound (agent type, host, resource id): (DHCP agent, dv-neutron-857774-3-hyperv, 34ba0352-480e-455a-b5c3-0146859e1f1c) {{(pid=109585) schedule /opt/stack/neutron/neutron/scheduler/base_scheduler.py:57}}
Sep 19 11:49:19.585323 dv-neutron-857774-3-hyperv neutron-server[109587]: DEBUG neutron.api.rpc.handlers.dhcp_rpc [None req-05525ea3-54d7-4e3e-95c7-595e6b1d8cf0 None None] Network 34ba0352-480e-455a-b5c3-0146859e1f1c requested from dv-neutron-857774-3-hyperv {{(pid=109587) get_network_info /opt/stack/neutron/neutron/api/rpc/handlers/dhcp_rpc.py:218}}
Sep 19 11:49:19.606254 dv-neutron-857774-3-hyperv neutron-server[109585]: DEBUG neutron.pecan_wsgi.hooks.policy_enforcement [None req-4be8ce83-be08-49a7-9a0a-4a592a99ea36 tempest-DHCPAgentSchedulersTestJSON-280384508 tempest-DHCPAgentSchedulersTestJSON-280384508-project] Attributes excluded by policy engine: ['standard_attr_id', 'shared', 'network'] {{(pid=109585) _exclude_attributes_by_policy /opt/stack/neutron/neutron/pecan_wsgi/hooks/policy_enforcement.py:259}}
Sep 19 11:49:19.607157 dv-neutron-857774-3-hyperv neutron-server[109585]: DEBUG neutron_lib.callbacks.manager [None req-4be8ce83-be08-49a7-9a0a-4a592a99ea36 tempest-DHCPAgentSchedulersTestJSON-280384508 tempest-DHCPAgentSchedulersTestJSON-280384508-project] Notify callbacks ['neutron.api.rpc.agentnotifiers.dhcp_rpc_agent_api.DhcpAgentNotifyAPI._send_dhcp_notification-1605583'] for subnet, before_response {{(pid=109585) _notify_loop /usr/local/lib/python3.8/dist-packages/neutron_lib/callbacks/manager.py:192}}
Sep 19 11:49:19.643949 dv-neutron-857774-3-hyperv neutron-server[109585]: DEBUG neutron_lib.callbacks.manager [None req-e6af0d7a-fc29-4dcd-9973-43493b2aa9bb admin admin] Notify callbacks ['neutron.services.auto_allocate.db._ensure_external_network_default_value_callback-8740076834443'] for network, precommit_create {{(pid=109585) _notify_loop /usr/local/lib/python3.8/dist-packages/neutron_lib/callbacks/manager.py:192}}
Sep 19 11:49:19.652094 dv-neutron-857774-3-hyperv neutron-server[109585]: INFO neutron.wsgi [None req-4be8ce83-be08-49a7-9a0a-4a592a99ea36 tempest-DHCPAgentSchedulersTestJSON-280384508 tempest-DHCPAgentSchedulersTestJSON-280384508-project] 10.222.0.62 "POST /v2.0/subnets HTTP/1.1" status: 201 len: 801 time: 1.0958636
Sep 19 11:49:19.654958 dv-neutron-857774-3-hyperv neutron-server[109585]: DEBUG neutron.wsgi [-] (109585) accepted ('10.222.0.62', 51134) {{(pid=109585) server /usr/local/lib/python3.8/dist-packages/eventlet/wsgi.py:982}}
Sep 19 11:49:19.661451 dv-neutron-857774-3-hyperv neutron-server[109585]: DEBUG neutron.api.v2.base [None req-26251494-1b84-4130-b247-71e6ec065aba tempest-DHCPAgentSchedulersTestJSON-280384508 tempest-DHCPAgentSchedulersTestJSON-280384508-project] Request body: {'port': {'network_id': '34ba0352-480e-455a-b5c3-0146859e1f1c', 'name': 'tempest-DHCPAgentSchedulersTestJSON-1579852273'}} {{(pid=109585) prepare_request_body /opt/stack/neutron/neutron/api/v2/base.py:729}}
Sep 19 11:49:19.662549 dv-neutron-857774-3-hyperv neutron-server[109586]: DEBUG neutron_lib.callbacks.manager [None req-1342b9bc-5cd5-4882-b63c-a22828613c46 admin admin] Notify callbacks ['neutron.plugins.ml2.ovo_rpc._ObjectChangeHandler.handle_event-1587527', 'neutron.api.rpc.agentnotifiers.dhcp_rpc_agent_api.DhcpAgentNotifyAPI._native_event_send_dhcp_notification-1605593'] for network, after_create {{(pid=109586) _notify_loop /usr/local/lib/python3.8/dist-packages/neutron_lib/callbacks/manager.py:192}}
Sep 19 11:49:19.663560 dv-neutron-857774-3-hyperv neutron-server[109586]: DEBUG neutron.pecan_wsgi.hooks.policy_enforcement [None req-1342b9bc-5cd5-4882-b63c-a22828613c46 admin admin] Attributes excluded by policy engine: ['standard_attr_id', 'vlan_transparent'] {{(pid=109586) _exclude_attributes_by_policy /opt/stack/neutron/neutron/pecan_wsgi/hooks/policy_enforcement.py:259}}
Sep 19 11:49:19.664289 dv-neutron-857774-3-hyperv neutron-server[109586]: DEBUG neutron_lib.callbacks.manager [None req-1342b9bc-5cd5-4882-b63c-a22828613c46 admin admin] Notify callbacks ['neutron.api.rpc.agentnotifiers.dhcp_rpc_agent_api.DhcpAgentNotifyAPI._send_dhcp_notification-1605583'] for network, before_response {{(pid=109586) _notify_loop /usr/local/lib/python3.8/dist-packages/neutron_lib/callbacks/manager.py:192}}
Sep 19 11:49:19.679756 dv-neutron-857774-3-hyperv neutron-server[109586]: DEBUG neutron.api.rpc.handlers.resources_rpc [None req-ed0c6f50-7778-4ea1-9180-4160028ccca4 tempest-FloatingIPTestJSON-652430064 tempest-FloatingIPTestJSON-652430064-project] Pushing event updated for resources: {'Network': ['ID=959a81e6-c1e4-4dd1-adc7-a6613c2ec744,revision_number=1']} {{(pid=109586) push /opt/stack/neutron/neutron/api/rpc/handlers/resources_rpc.py:237}}
Sep 19 11:49:19.685777 dv-neutron-857774-3-hyperv neutron-server[109586]: INFO neutron.wsgi [None req-ed0c6f50-7778-4ea1-9180-4160028ccca4 tempest-FloatingIPTestJSON-652430064 tempest-FloatingIPTestJSON-652430064-project] 10.222.0.62 "POST /v2.0/networks HTTP/1.1" status: 201 len: 786 time: 1.0122805
Sep 19 11:49:19.701351 dv-neutron-857774-3-hyperv neutron-server[109585]: DEBUG neutron.wsgi [-] (109585) accepted ('10.222.0.62', 51138) {{(pid=109585) server /usr/local/lib/python3.8/dist-packages/eventlet/wsgi.py:982}}
Sep 19 11:49:19.714069 dv-neutron-857774-3-hyperv neutron-server[109585]: DEBUG neutron.api.v2.base [None req-b558ac5c-cb0c-443f-bc42-4096174f0d7b tempest-FloatingIPTestJSON-652430064 tempest-FloatingIPTestJSON-652430064-project] Request body: {'subnet': {'network_id': '959a81e6-c1e4-4dd1-adc7-a6613c2ec744', 'cidr': '172.20.0.0/28', 'ip_version': 4, 'gateway_ip': '172.20.0.1', 'enable_dhcp': False}} {{(pid=109585) prepare_request_body /opt/stack/neutron/neutron/api/v2/base.py:729}}
Sep 19 11:49:19.734591 dv-neutron-857774-3-hyperv neutron-server[109587]: DEBUG neutron.plugins.ml2.rpc [None req-be27c251-a4f0-4409-86f0-b0cab72873cb None None] Network 959a81e6-c1e4-4dd1-adc7-a6613c2ec744 details requested by agent ovs-agent-dv-neutron-857774-3-hyperv with host dv-neutron-857774-3-hyperv {{(pid=109587) get_network_details /opt/stack/neutron/neutron/plugins/ml2/rpc.py:248}}
Sep 19 11:49:19.768229 dv-neutron-857774-3-hyperv neutron-server[109586]: DEBUG neutron.api.rpc.handlers.resources_rpc [None req-1342b9bc-5cd5-4882-b63c-a22828613c46 admin admin] Pushing event updated for resources: {'Network': ['ID=d069916b-65e6-4cb7-86ad-103e8eeb49f8,revision_number=1']} {{(pid=109586) push /opt/stack/neutron/neutron/api/rpc/handlers/resources_rpc.py:237}}
Sep 19 11:49:19.777001 dv-neutron-857774-3-hyperv neutron-server[109586]: INFO neutron.wsgi [None req-1342b9bc-5cd5-4882-b63c-a22828613c46 admin admin] 10.222.0.62 "POST /v2.0/networks HTTP/1.1" status: 201 len: 885 time: 0.9122243
Sep 19 11:49:19.777435 dv-neutron-857774-3-hyperv neutron-server[109586]: DEBUG neutron.wsgi [-] (109586) accepted ('10.222.0.62', 51142) {{(pid=109586) server /usr/local/lib/python3.8/dist-packages/eventlet/wsgi.py:982}}
Sep 19 11:49:19.782764 dv-neutron-857774-3-hyperv neutron-server[109586]: DEBUG neutron.api.v2.base [None req-8c905c6c-7760-4292-bbd7-f4377ae5fb8b admin admin] Request body: {'subnet': {'network_id': 'd069916b-65e6-4cb7-86ad-103e8eeb49f8', 'cidr': '172.20.0.0/28', 'name': 'tempest-ServersTestManualDisk-1983928232-subnet', 'tenant_id': '4f5dfc291d4d4196b304e80bada6ea99', 'enable_dhcp': True, 'ip_version': 4}} {{(pid=109586) prepare_request_body /opt/stack/neutron/neutron/api/v2/base.py:729}}
Sep 19 11:49:19.794904 dv-neutron-857774-3-hyperv neutron-server[109587]: DEBUG neutron.plugins.ml2.rpc [None req-be27c251-a4f0-4409-86f0-b0cab72873cb None None] Network d069916b-65e6-4cb7-86ad-103e8eeb49f8 details requested by agent ovs-agent-dv-neutron-857774-3-hyperv with host dv-neutron-857774-3-hyperv {{(pid=109587) get_network_details /opt/stack/neutron/neutron/plugins/ml2/rpc.py:248}}
Sep 19 11:49:19.823234 dv-neutron-857774-3-hyperv neutron-server[109586]: DEBUG neutron.pecan_wsgi.hooks.quota_enforcement [None req-8c905c6c-7760-4292-bbd7-f4377ae5fb8b admin admin] Made reservation on behalf of 4f5dfc291d4d4196b304e80bada6ea99 for: {'subnet': 1} {{(pid=109586) before /opt/stack/neutron/neutron/pecan_wsgi/hooks/quota_enforcement.py:53}}
Sep 19 11:49:19.828630 dv-neutron-857774-3-hyperv neutron-server[109586]: DEBUG neutron_lib.callbacks.manager [None req-8c905c6c-7760-4292-bbd7-f4377ae5fb8b admin admin] Notify callbacks [] for subnet, before_create {{(pid=109586) _notify_loop /usr/local/lib/python3.8/dist-packages/neutron_lib/callbacks/manager.py:192}}
Sep 19 11:49:19.832812 dv-neutron-857774-3-hyperv neutron-server[109585]: DEBUG neutron_lib.callbacks.manager [None req-9512d0f1-023b-41c9-be43-1f59195334de admin admin] Notify callbacks ['neutron.plugins.ml2.ovo_rpc._ObjectChangeHandler.handle_event-1586161', 'neutron.api.rpc.agentnotifiers.dhcp_rpc_agent_api.DhcpAgentNotifyAPI._native_event_send_dhcp_notification-1605593'] for subnet, after_create {{(pid=109585) _notify_loop /usr/local/lib/python3.8/dist-packages/neutron_lib/callbacks/manager.py:192}}
