Sep 14 08:31:39.135994 dv-neutron-857568-1-hyperv neutron-server[103221]: DEBUG neutron.plugins.ml2.managers [None req-6d1dd10e-585d-44b5-94e4-e96c4523e871 tempest-PortsAdminExtendedAttrsIpV6TestJSON-311942387 tempest-PortsAdminExtendedAttrsIpV6TestJSON-311942387-project-admin] Attempting to bind port 46834ec7-3351-4e79-9414-7f3970df4c74 by drivers openvswitch,hyperv on host hv-neutron-8575 at level 0 using segments [{'id': '61a2525d-6fa0-4051-8863-709325387cfe', 'network_type': 'vlan', 'physical_network': 'physnet1', 'segmentation_id': 113, 'network_id': '454a651d-4cfd-4a39-8725-8f1991836600'}] {{(pid=103221) _bind_port_level /opt/stack/neutron/neutron/plugins/ml2/managers.py:831}}
Sep 14 08:31:39.137600 dv-neutron-857568-1-hyperv neutron-server[103221]: DEBUG neutron.plugins.ml2.drivers.mech_agent [None req-6d1dd10e-585d-44b5-94e4-e96c4523e871 tempest-PortsAdminExtendedAttrsIpV6TestJSON-311942387 tempest-PortsAdminExtendedAttrsIpV6TestJSON-311942387-project-admin] Attempting to bind port 46834ec7-3351-4e79-9414-7f3970df4c74 on network 454a651d-4cfd-4a39-8725-8f1991836600 {{(pid=103221) bind_port /opt/stack/neutron/neutron/plugins/ml2/drivers/mech_agent.py:91}}
Sep 14 08:31:39.162630 dv-neutron-857568-1-hyperv neutron-server[103224]: DEBUG neutron.db.l3_dvr_db [None req-9711fa4f-5643-4bb6-9485-2edd9e96aaf4 None None] Set router 30882c26-1cdd-4f33-bc42-b03f53b2eebf gateway port host: dv-neutron-857568-1-hyperv {{(pid=103224) _build_routers_list /opt/stack/neutron/neutron/db/l3_dvr_db.py:906}}
Sep 14 08:31:39.173894 dv-neutron-857568-1-hyperv neutron-server[103221]: DEBUG neutron.plugins.ml2.drivers.mech_agent [None req-6d1dd10e-585d-44b5-94e4-e96c4523e871 tempest-PortsAdminExtendedAttrsIpV6TestJSON-311942387 tempest-PortsAdminExtendedAttrsIpV6TestJSON-311942387-project-admin] Port 46834ec7-3351-4e79-9414-7f3970df4c74 on network 454a651d-4cfd-4a39-8725-8f1991836600 not bound, no agent of type Open vSwitch agent registered on host hv-neutron-8575 {{(pid=103221) bind_port /opt/stack/neutron/neutron/plugins/ml2/drivers/mech_agent.py:103}}
Sep 14 08:31:39.174248 dv-neutron-857568-1-hyperv neutron-server[103221]: ERROR neutron.plugins.ml2.managers [None req-6d1dd10e-585d-44b5-94e4-e96c4523e871 tempest-PortsAdminExtendedAttrsIpV6TestJSON-311942387 tempest-PortsAdminExtendedAttrsIpV6TestJSON-311942387-project-admin] Failed to bind port 46834ec7-3351-4e79-9414-7f3970df4c74 on host hv-neutron-8575 for vnic_type normal using segments [{'id': '61a2525d-6fa0-4051-8863-709325387cfe', 'network_type': 'vlan', 'physical_network': 'physnet1', 'segmentation_id': 113, 'network_id': '454a651d-4cfd-4a39-8725-8f1991836600'}]
Sep 14 08:31:39.207088 dv-neutron-857568-1-hyperv neutron-server[103222]: INFO neutron.wsgi [None req-49b1e41c-c2c5-4f54-b630-ba50390d8d12 admin admin] 10.222.0.18 "GET /v2.0/security-groups?tenant_id=958f3c3a9d424b599566a98972ca5e00&name=default HTTP/1.1" status: 200 len: 2979 time: 1.2559607
Sep 14 08:31:39.210301 dv-neutron-857568-1-hyperv neutron-server[103221]: INFO neutron.plugins.ml2.plugin [None req-6d1dd10e-585d-44b5-94e4-e96c4523e871 tempest-PortsAdminExtendedAttrsIpV6TestJSON-311942387 tempest-PortsAdminExtendedAttrsIpV6TestJSON-311942387-project-admin] Attempt 5 to bind port 46834ec7-3351-4e79-9414-7f3970df4c74
Sep 14 08:31:39.217401 dv-neutron-857568-1-hyperv neutron-server[103221]: DEBUG neutron.wsgi [-] (103221) accepted ('10.222.0.18', 39838) {{(pid=103221) server /usr/local/lib/python3.8/dist-packages/eventlet/wsgi.py:982}}
Sep 14 08:31:39.265533 dv-neutron-857568-1-hyperv neutron-server[103223]: DEBUG neutron.db.l3_dvr_db [None req-454ea9fc-b5cd-48e4-bd4a-695dffbd923b None None] Set router 5ddfbe3c-80ae-4cdf-bafb-defdcec19dcc gateway port host: dv-neutron-857568-1-hyperv {{(pid=103223) _build_routers_list /opt/stack/neutron/neutron/db/l3_dvr_db.py:906}}
Sep 14 08:31:39.269188 dv-neutron-857568-1-hyperv neutron-server[103222]: DEBUG neutron_lib.callbacks.manager [None req-b0c74d52-084a-447d-accb-c23fd4dbffed tempest-QuotasNegativeTest-2099814929 tempest-QuotasNegativeTest-2099814929-project-admin] Notify callbacks ['neutron.plugins.ml2.plugin.External_net_db_mixin._before_network_delete_handler-1662203'] for network, before_delete {{(pid=103222) _notify_loop /usr/local/lib/python3.8/dist-packages/neutron_lib/callbacks/manager.py:192}}
Sep 14 08:31:39.280885 dv-neutron-857568-1-hyperv neutron-server[103221]: DEBUG neutron.plugins.ml2.managers [None req-6d1dd10e-585d-44b5-94e4-e96c4523e871 tempest-PortsAdminExtendedAttrsIpV6TestJSON-311942387 tempest-PortsAdminExtendedAttrsIpV6TestJSON-311942387-project-admin] Attempting to bind port 46834ec7-3351-4e79-9414-7f3970df4c74 on host hv-neutron-8575 for vnic_type normal with profile {{(pid=103221) bind_port /opt/stack/neutron/neutron/plugins/ml2/managers.py:806}}
Sep 14 08:31:39.280885 dv-neutron-857568-1-hyperv neutron-server[103221]: DEBUG neutron.plugins.ml2.managers [None req-6d1dd10e-585d-44b5-94e4-e96c4523e871 tempest-PortsAdminExtendedAttrsIpV6TestJSON-311942387 tempest-PortsAdminExtendedAttrsIpV6TestJSON-311942387-project-admin] Attempting to bind port 46834ec7-3351-4e79-9414-7f3970df4c74 by drivers openvswitch,hyperv on host hv-neutron-8575 at level 0 using segments [{'id': '61a2525d-6fa0-4051-8863-709325387cfe', 'network_type': 'vlan', 'physical_network': 'physnet1', 'segmentation_id': 113, 'network_id': '454a651d-4cfd-4a39-8725-8f1991836600'}] {{(pid=103221) _bind_port_level /opt/stack/neutron/neutron/plugins/ml2/managers.py:831}}
Sep 14 08:31:39.281247 dv-neutron-857568-1-hyperv neutron-server[103221]: DEBUG neutron.plugins.ml2.drivers.mech_agent [None req-6d1dd10e-585d-44b5-94e4-e96c4523e871 tempest-PortsAdminExtendedAttrsIpV6TestJSON-311942387 tempest-PortsAdminExtendedAttrsIpV6TestJSON-311942387-project-admin] Attempting to bind port 46834ec7-3351-4e79-9414-7f3970df4c74 on network 454a651d-4cfd-4a39-8725-8f1991836600 {{(pid=103221) bind_port /opt/stack/neutron/neutron/plugins/ml2/drivers/mech_agent.py:91}}
Sep 14 08:31:39.306306 dv-neutron-857568-1-hyperv neutron-server[103221]: DEBUG neutron.plugins.ml2.drivers.mech_agent [None req-6d1dd10e-585d-44b5-94e4-e96c4523e871 tempest-PortsAdminExtendedAttrsIpV6TestJSON-311942387 tempest-PortsAdminExtendedAttrsIpV6TestJSON-311942387-project-admin] Port 46834ec7-3351-4e79-9414-7f3970df4c74 on network 454a651d-4cfd-4a39-8725-8f1991836600 not bound, no agent of type Open vSwitch agent registered on host hv-neutron-8575 {{(pid=103221) bind_port /opt/stack/neutron/neutron/plugins/ml2/drivers/mech_agent.py:103}}
Sep 14 08:31:39.306651 dv-neutron-857568-1-hyperv neutron-server[103221]: ERROR neutron.plugins.ml2.managers [None req-6d1dd10e-585d-44b5-94e4-e96c4523e871 tempest-PortsAdminExtendedAttrsIpV6TestJSON-311942387 tempest-PortsAdminExtendedAttrsIpV6TestJSON-311942387-project-admin] Failed to bind port 46834ec7-3351-4e79-9414-7f3970df4c74 on host hv-neutron-8575 for vnic_type normal using segments [{'id': '61a2525d-6fa0-4051-8863-709325387cfe', 'network_type': 'vlan', 'physical_network': 'physnet1', 'segmentation_id': 113, 'network_id': '454a651d-4cfd-4a39-8725-8f1991836600'}]
Sep 14 08:31:39.309127 dv-neutron-857568-1-hyperv neutron-server[103221]: INFO neutron.plugins.ml2.plugin [None req-6d1dd10e-585d-44b5-94e4-e96c4523e871 tempest-PortsAdminExtendedAttrsIpV6TestJSON-311942387 tempest-PortsAdminExtendedAttrsIpV6TestJSON-311942387-project-admin] Attempt 6 to bind port 46834ec7-3351-4e79-9414-7f3970df4c74
Sep 14 08:31:39.379487 dv-neutron-857568-1-hyperv neutron-server[103221]: DEBUG neutron.plugins.ml2.managers [None req-6d1dd10e-585d-44b5-94e4-e96c4523e871 tempest-PortsAdminExtendedAttrsIpV6TestJSON-311942387 tempest-PortsAdminExtendedAttrsIpV6TestJSON-311942387-project-admin] Attempting to bind port 46834ec7-3351-4e79-9414-7f3970df4c74 on host hv-neutron-8575 for vnic_type normal with profile {{(pid=103221) bind_port /opt/stack/neutron/neutron/plugins/ml2/managers.py:806}}
Sep 14 08:31:39.379487 dv-neutron-857568-1-hyperv neutron-server[103221]: DEBUG neutron.plugins.ml2.managers [None req-6d1dd10e-585d-44b5-94e4-e96c4523e871 tempest-PortsAdminExtendedAttrsIpV6TestJSON-311942387 tempest-PortsAdminExtendedAttrsIpV6TestJSON-311942387-project-admin] Attempting to bind port 46834ec7-3351-4e79-9414-7f3970df4c74 by drivers openvswitch,hyperv on host hv-neutron-8575 at level 0 using segments [{'id': '61a2525d-6fa0-4051-8863-709325387cfe', 'network_type': 'vlan', 'physical_network': 'physnet1', 'segmentation_id': 113, 'network_id': '454a651d-4cfd-4a39-8725-8f1991836600'}] {{(pid=103221) _bind_port_level /opt/stack/neutron/neutron/plugins/ml2/managers.py:831}}
Sep 14 08:31:39.379487 dv-neutron-857568-1-hyperv neutron-server[103221]: DEBUG neutron.plugins.ml2.drivers.mech_agent [None req-6d1dd10e-585d-44b5-94e4-e96c4523e871 tempest-PortsAdminExtendedAttrsIpV6TestJSON-311942387 tempest-PortsAdminExtendedAttrsIpV6TestJSON-311942387-project-admin] Attempting to bind port 46834ec7-3351-4e79-9414-7f3970df4c74 on network 454a651d-4cfd-4a39-8725-8f1991836600 {{(pid=103221) bind_port /opt/stack/neutron/neutron/plugins/ml2/drivers/mech_agent.py:91}}
Sep 14 08:31:39.423165 dv-neutron-857568-1-hyperv neutron-server[103221]: DEBUG neutron_lib.callbacks.manager [None req-b4361efd-69ed-4aea-b1fe-d979d89f3c2c admin admin] Notify callbacks ['neutron.plugins.ml2.plugin.SecurityGroupDbMixin._ensure_default_security_group_handler-1678380'] for port, before_update {{(pid=103221) _notify_loop /usr/local/lib/python3.8/dist-packages/neutron_lib/callbacks/manager.py:192}}
Sep 14 08:31:39.423480 dv-neutron-857568-1-hyperv neutron-server[103222]: DEBUG neutron.api.rpc.handlers.resources_rpc [None req-49b1e41c-c2c5-4f54-b630-ba50390d8d12 admin admin] Pushing event updated for resources: {'SecurityGroup': ['ID=85011d7d-bf83-4c9b-9462-4e19b57dd3cc,revision_number=1']} {{(pid=103222) push /opt/stack/neutron/neutron/api/rpc/handlers/resources_rpc.py:237}}
Sep 14 08:31:39.424177 dv-neutron-857568-1-hyperv neutron-server[103221]: DEBUG neutron.plugins.ml2.drivers.mech_agent [None req-6d1dd10e-585d-44b5-94e4-e96c4523e871 tempest-PortsAdminExtendedAttrsIpV6TestJSON-311942387 tempest-PortsAdminExtendedAttrsIpV6TestJSON-311942387-project-admin] Port 46834ec7-3351-4e79-9414-7f3970df4c74 on network 454a651d-4cfd-4a39-8725-8f1991836600 not bound, no agent of type Open vSwitch agent registered on host hv-neutron-8575 {{(pid=103221) bind_port /opt/stack/neutron/neutron/plugins/ml2/drivers/mech_agent.py:103}}
Sep 14 08:31:39.424177 dv-neutron-857568-1-hyperv neutron-server[103221]: ERROR neutron.plugins.ml2.managers [None req-6d1dd10e-585d-44b5-94e4-e96c4523e871 tempest-PortsAdminExtendedAttrsIpV6TestJSON-311942387 tempest-PortsAdminExtendedAttrsIpV6TestJSON-311942387-project-admin] Failed to bind port 46834ec7-3351-4e79-9414-7f3970df4c74 on host hv-neutron-8575 for vnic_type normal using segments [{'id': '61a2525d-6fa0-4051-8863-709325387cfe', 'network_type': 'vlan', 'physical_network': 'physnet1', 'segmentation_id': 113, 'network_id': '454a651d-4cfd-4a39-8725-8f1991836600'}]
Sep 14 08:31:39.424177 dv-neutron-857568-1-hyperv neutron-server[103221]: INFO neutron.plugins.ml2.plugin [None req-6d1dd10e-585d-44b5-94e4-e96c4523e871 tempest-PortsAdminExtendedAttrsIpV6TestJSON-311942387 tempest-PortsAdminExtendedAttrsIpV6TestJSON-311942387-project-admin] Attempt 7 to bind port 46834ec7-3351-4e79-9414-7f3970df4c74
Sep 14 08:31:39.434109 dv-neutron-857568-1-hyperv neutron-server[103221]: DEBUG neutron_lib.callbacks.manager [None req-386ac55f-2b34-42a9-b27c-96d51e5e1a4b admin admin] Notify callbacks [] for security_group, before_delete {{(pid=103221) _notify_loop /usr/local/lib/python3.8/dist-packages/neutron_lib/callbacks/manager.py:192}}
Sep 14 08:31:39.438546 dv-neutron-857568-1-hyperv neutron-server[103221]: DEBUG neutron.plugins.ml2.managers [None req-6d1dd10e-585d-44b5-94e4-e96c4523e871 tempest-PortsAdminExtendedAttrsIpV6TestJSON-311942387 tempest-PortsAdminExtendedAttrsIpV6TestJSON-311942387-project-admin] Attempting to bind port 46834ec7-3351-4e79-9414-7f3970df4c74 on host hv-neutron-8575 for vnic_type normal with profile {{(pid=103221) bind_port /opt/stack/neutron/neutron/plugins/ml2/managers.py:806}}
Sep 14 08:31:39.438888 dv-neutron-857568-1-hyperv neutron-server[103221]: DEBUG neutron.plugins.ml2.managers [None req-6d1dd10e-585d-44b5-94e4-e96c4523e871 tempest-PortsAdminExtendedAttrsIpV6TestJSON-311942387 tempest-PortsAdminExtendedAttrsIpV6TestJSON-311942387-project-admin] Attempting to bind port 46834ec7-3351-4e79-9414-7f3970df4c74 by drivers openvswitch,hyperv on host hv-neutron-8575 at level 0 using segments [{'id': '61a2525d-6fa0-4051-8863-709325387cfe', 'network_type': 'vlan', 'physical_network': 'physnet1', 'segmentation_id': 113, 'network_id': '454a651d-4cfd-4a39-8725-8f1991836600'}] {{(pid=103221) _bind_port_level /opt/stack/neutron/neutron/plugins/ml2/managers.py:831}}
Sep 14 08:31:39.439224 dv-neutron-857568-1-hyperv neutron-server[103221]: DEBUG neutron.plugins.ml2.drivers.mech_agent [None req-6d1dd10e-585d-44b5-94e4-e96c4523e871 tempest-PortsAdminExtendedAttrsIpV6TestJSON-311942387 tempest-PortsAdminExtendedAttrsIpV6TestJSON-311942387-project-admin] Attempting to bind port 46834ec7-3351-4e79-9414-7f3970df4c74 on network 454a651d-4cfd-4a39-8725-8f1991836600 {{(pid=103221) bind_port /opt/stack/neutron/neutron/plugins/ml2/drivers/mech_agent.py:91}}
Sep 14 08:31:39.445659 dv-neutron-857568-1-hyperv neutron-server[103221]: DEBUG neutron.plugins.ml2.drivers.mech_agent [None req-6d1dd10e-585d-44b5-94e4-e96c4523e871 tempest-PortsAdminExtendedAttrsIpV6TestJSON-311942387 tempest-PortsAdminExtendedAttrsIpV6TestJSON-311942387-project-admin] Port 46834ec7-3351-4e79-9414-7f3970df4c74 on network 454a651d-4cfd-4a39-8725-8f1991836600 not bound, no agent of type Open vSwitch agent registered on host hv-neutron-8575 {{(pid=103221) bind_port /opt/stack/neutron/neutron/plugins/ml2/drivers/mech_agent.py:103}}
Sep 14 08:31:39.446034 dv-neutron-857568-1-hyperv neutron-server[103221]: ERROR neutron.plugins.ml2.managers [None req-6d1dd10e-585d-44b5-94e4-e96c4523e871 tempest-PortsAdminExtendedAttrsIpV6TestJSON-311942387 tempest-PortsAdminExtendedAttrsIpV6TestJSON-311942387-project-admin] Failed to bind port 46834ec7-3351-4e79-9414-7f3970df4c74 on host hv-neutron-8575 for vnic_type normal using segments [{'id': '61a2525d-6fa0-4051-8863-709325387cfe', 'network_type': 'vlan', 'physical_network': 'physnet1', 'segmentation_id': 113, 'network_id': '454a651d-4cfd-4a39-8725-8f1991836600'}]
Sep 14 08:31:39.451545 dv-neutron-857568-1-hyperv neutron-server[103221]: INFO neutron.plugins.ml2.plugin [None req-6d1dd10e-585d-44b5-94e4-e96c4523e871 tempest-PortsAdminExtendedAttrsIpV6TestJSON-311942387 tempest-PortsAdminExtendedAttrsIpV6TestJSON-311942387-project-admin] Attempt 8 to bind port 46834ec7-3351-4e79-9414-7f3970df4c74
Sep 14 08:31:39.470377 dv-neutron-857568-1-hyperv neutron-server[103222]: DEBUG neutron.scheduler.dhcp_agent_scheduler [None req-5f5c9535-3664-47bd-92ae-4b9d39581ad9 admin admin] Network c1944f4d-ed4d-4a36-a162-bb4df32da0b2 is already hosted by enough agents. {{(pid=103222) _get_dhcp_agents_hosting_network /opt/stack/neutron/neutron/scheduler/dhcp_agent_scheduler.py:275}}
Sep 14 08:31:39.477350 dv-neutron-857568-1-hyperv neutron-server[103222]: DEBUG neutron.scheduler.base_scheduler [None req-5f5c9535-3664-47bd-92ae-4b9d39581ad9 admin admin] Resources bound (agent type, host, resource id): {{(pid=103222) schedule /opt/stack/neutron/neutron/scheduler/base_scheduler.py:57}}
Sep 14 08:31:39.479811 dv-neutron-857568-1-hyperv neutron-server[103222]: DEBUG neutron_lib.callbacks.manager [None req-df27b07a-4212-4a41-9690-8c2ec475d8da tempest-DHCPAgentSchedulersTestJSON-984461981 tempest-DHCPAgentSchedulersTestJSON-984461981-project] Notify callbacks ['neutron.plugins.ml2.plugin.SecurityGroupServerNotifierRpcMixin._notify_sg_on_port_change-1678447', 'neutron.plugins.ml2.ovo_rpc._ObjectChangeHandler.handle_event-422345', 'neutron.api.rpc.agentnotifiers.dhcp_rpc_agent_api.DhcpAgentNotifyAPI._native_event_send_dhcp_notification-598502', 'neutron.db.l3_dvrscheduler_db._notify_l3_agent_new_port-8734753749517'] for port, after_create {{(pid=103222) _notify_loop /usr/local/lib/python3.8/dist-packages/neutron_lib/callbacks/manager.py:192}}
Sep 14 08:31:39.483856 dv-neutron-857568-1-hyperv neutron-server[103222]: DEBUG neutron.db.l3_dvrscheduler_db [None req-5f5c9535-3664-47bd-92ae-4b9d39581ad9 admin admin] Received port after_create {{(pid=103222) _notify_l3_agent_new_port /opt/stack/neutron/neutron/db/l3_dvrscheduler_db.py:532}}
Sep 14 08:31:39.484288 dv-neutron-857568-1-hyperv neutron-server[103222]: DEBUG neutron_lib.callbacks.manager [None req-5f5c9535-3664-47bd-92ae-4b9d39581ad9 admin admin] Notify callbacks ['neutron.services.l3_router.l3_router_plugin.DVRResourceOperationHandler._add_csnat_on_interface_create-580022'] for router_interface, before_create {{(pid=103222) _notify_loop /usr/local/lib/python3.8/dist-packages/neutron_lib/callbacks/manager.py:192}}
Sep 14 08:31:39.489500 dv-neutron-857568-1-hyperv neutron-server[103222]: DEBUG neutron.plugins.ml2.managers [None req-46af7ba6-60ec-4d11-a146-f36a333e1f5f tempest-PortsAdminExtendedAttrsTestJSON-1724960047 tempest-PortsAdminExtendedAttrsTestJSON-1724960047-project-admin] Attempting to bind port 5edbf087-706c-4b1b-8e46-28df6e9b8ac7 on host hv-neutron-8575 for vnic_type normal with profile {{(pid=103222) bind_port /opt/stack/neutron/neutron/plugins/ml2/managers.py:806}}
Sep 14 08:31:39.489847 dv-neutron-857568-1-hyperv neutron-server[103222]: DEBUG neutron.plugins.ml2.managers [None req-46af7ba6-60ec-4d11-a146-f36a333e1f5f tempest-PortsAdminExtendedAttrsTestJSON-1724960047 tempest-PortsAdminExtendedAttrsTestJSON-1724960047-project-admin] Attempting to bind port 5edbf087-706c-4b1b-8e46-28df6e9b8ac7 by drivers openvswitch,hyperv on host hv-neutron-8575 at level 0 using segments [{'id': 'f2f4e97b-f571-4a6c-8474-501bc1b3c93d', 'network_type': 'vlan', 'physical_network': 'physnet1', 'segmentation_id': 127, 'network_id': '735aeed6-b13b-445e-82b7-d0dcf4c8393e'}] {{(pid=103222) _bind_port_level /opt/stack/neutron/neutron/plugins/ml2/managers.py:831}}
Sep 14 08:31:39.490206 dv-neutron-857568-1-hyperv neutron-server[103222]: DEBUG neutron.plugins.ml2.drivers.mech_agent [None req-46af7ba6-60ec-4d11-a146-f36a333e1f5f tempest-PortsAdminExtendedAttrsTestJSON-1724960047 tempest-PortsAdminExtendedAttrsTestJSON-1724960047-project-admin] Attempting to bind port 5edbf087-706c-4b1b-8e46-28df6e9b8ac7 on network 735aeed6-b13b-445e-82b7-d0dcf4c8393e {{(pid=103222) bind_port /opt/stack/neutron/neutron/plugins/ml2/drivers/mech_agent.py:91}}
Sep 14 08:31:39.504440 dv-neutron-857568-1-hyperv neutron-server[103222]: DEBUG neutron.plugins.ml2.drivers.mech_agent [None req-46af7ba6-60ec-4d11-a146-f36a333e1f5f tempest-PortsAdminExtendedAttrsTestJSON-1724960047 tempest-PortsAdminExtendedAttrsTestJSON-1724960047-project-admin] Port 5edbf087-706c-4b1b-8e46-28df6e9b8ac7 on network 735aeed6-b13b-445e-82b7-d0dcf4c8393e not bound, no agent of type Open vSwitch agent registered on host hv-neutron-8575 {{(pid=103222) bind_port /opt/stack/neutron/neutron/plugins/ml2/drivers/mech_agent.py:103}}
Sep 14 08:31:39.504771 dv-neutron-857568-1-hyperv neutron-server[103222]: ERROR neutron.plugins.ml2.managers [None req-46af7ba6-60ec-4d11-a146-f36a333e1f5f tempest-PortsAdminExtendedAttrsTestJSON-1724960047 tempest-PortsAdminExtendedAttrsTestJSON-1724960047-project-admin] Failed to bind port 5edbf087-706c-4b1b-8e46-28df6e9b8ac7 on host hv-neutron-8575 for vnic_type normal using segments [{'id': 'f2f4e97b-f571-4a6c-8474-501bc1b3c93d', 'network_type': 'vlan', 'physical_network': 'physnet1', 'segmentation_id': 127, 'network_id': '735aeed6-b13b-445e-82b7-d0dcf4c8393e'}]
Sep 14 08:31:39.517059 dv-neutron-857568-1-hyperv neutron-server[103221]: DEBUG neutron.plugins.ml2.managers [None req-6d1dd10e-585d-44b5-94e4-e96c4523e871 tempest-PortsAdminExtendedAttrsIpV6TestJSON-311942387 tempest-PortsAdminExtendedAttrsIpV6TestJSON-311942387-project-admin] Attempting to bind port 46834ec7-3351-4e79-9414-7f3970df4c74 on host hv-neutron-8575 for vnic_type normal with profile {{(pid=103221) bind_port /opt/stack/neutron/neutron/plugins/ml2/managers.py:806}}
Sep 14 08:31:39.517893 dv-neutron-857568-1-hyperv neutron-server[103221]: DEBUG neutron.plugins.ml2.managers [None req-6d1dd10e-585d-44b5-94e4-e96c4523e871 tempest-PortsAdminExtendedAttrsIpV6TestJSON-311942387 tempest-PortsAdminExtendedAttrsIpV6TestJSON-311942387-project-admin] Attempting to bind port 46834ec7-3351-4e79-9414-7f3970df4c74 by drivers openvswitch,hyperv on host hv-neutron-8575 at level 0 using segments [{'id': '61a2525d-6fa0-4051-8863-709325387cfe', 'network_type': 'vlan', 'physical_network': 'physnet1', 'segmentation_id': 113, 'network_id': '454a651d-4cfd-4a39-8725-8f1991836600'}] {{(pid=103221) _bind_port_level /opt/stack/neutron/neutron/plugins/ml2/managers.py:831}}
Sep 14 08:31:39.518400 dv-neutron-857568-1-hyperv neutron-server[103221]: DEBUG neutron.plugins.ml2.drivers.mech_agent [None req-6d1dd10e-585d-44b5-94e4-e96c4523e871 tempest-PortsAdminExtendedAttrsIpV6TestJSON-311942387 tempest-PortsAdminExtendedAttrsIpV6TestJSON-311942387-project-admin] Attempting to bind port 46834ec7-3351-4e79-9414-7f3970df4c74 on network 454a651d-4cfd-4a39-8725-8f1991836600 {{(pid=103221) bind_port /opt/stack/neutron/neutron/plugins/ml2/drivers/mech_agent.py:91}}
Sep 14 08:31:39.528389 dv-neutron-857568-1-hyperv neutron-server[103221]: DEBUG neutron_lib.callbacks.manager [None req-386ac55f-2b34-42a9-b27c-96d51e5e1a4b admin admin] Notify callbacks [] for security_group, precommit_delete {{(pid=103221) _notify_loop /usr/local/lib/python3.8/dist-packages/neutron_lib/callbacks/manager.py:192}}
Sep 14 08:31:39.531797 dv-neutron-857568-1-hyperv neutron-server[103221]: DEBUG neutron.plugins.ml2.drivers.mech_agent [None req-6d1dd10e-585d-44b5-94e4-e96c4523e871 tempest-PortsAdminExtendedAttrsIpV6TestJSON-311942387 tempest-PortsAdminExtendedAttrsIpV6TestJSON-311942387-project-admin] Port 46834ec7-3351-4e79-9414-7f3970df4c74 on network 454a651d-4cfd-4a39-8725-8f1991836600 not bound, no agent of type Open vSwitch agent registered on host hv-neutron-8575 {{(pid=103221) bind_port /opt/stack/neutron/neutron/plugins/ml2/drivers/mech_agent.py:103}}
Sep 14 08:31:39.532359 dv-neutron-857568-1-hyperv neutron-server[103221]: ERROR neutron.plugins.ml2.managers [None req-6d1dd10e-585d-44b5-94e4-e96c4523e871 tempest-PortsAdminExtendedAttrsIpV6TestJSON-311942387 tempest-PortsAdminExtendedAttrsIpV6TestJSON-311942387-project-admin] Failed to bind port 46834ec7-3351-4e79-9414-7f3970df4c74 on host hv-neutron-8575 for vnic_type normal using segments [{'id': '61a2525d-6fa0-4051-8863-709325387cfe', 'network_type': 'vlan', 'physical_network': 'physnet1', 'segmentation_id': 113, 'network_id': '454a651d-4cfd-4a39-8725-8f1991836600'}]
Sep 14 08:31:39.540761 dv-neutron-857568-1-hyperv neutron-server[103224]: DEBUG neutron.db.l3_hamode_db [None req-9711fa4f-5643-4bb6-9485-2edd9e96aaf4 None None] neutron.services.l3_router.l3_router_plugin.L3RouterPlugin method _process_sync_ha_data called with arguments (, [{'id': '30882c26-1cdd-4f33-bc42-b03f53b2eebf', 'name': 'tempest-ServersTestJSON-63537574-router', 'tenant_id': 'b94deea54a4849c5a53049666d7e9a9b', 'admin_state_up': True, 'status': 'ACTIVE', 'external_gateway_info': {'network_id': 'b297413c-12de-4a52-ae7f-7c292a3d4b9a', 'external_fixed_ips': [{'subnet_id': '7b292e96-cf94-44b5-b34d-b929922f156b', 'ip_address': '172.26.2.181'}], 'enable_snat': True}, 'gw_port_id': 'a667a130-5b2c-476f-aa76-baf7ba5236d4', 'description': '', 'availability_zones': ['nova'], 'distributed': False, 'ha': False, 'ha_vr_id': 0, 'availability_zone_hints': [], 'routes': [], 'flavor_id': None, 'tags': [], 'created_at': '2022-09-14T08:31:31Z', 'updated_at': '2022-09-14T08:31:35Z', 'revision_number': 3, 'project_id': 'b94deea54a4849c5a53049666d7e9a9b', 'gw_port': {'id': 'a667a130-5b2c-476f-aa76-baf7ba5236d4', 'name': '', 'network_id': 'b297413c-12de-4a52-ae7f-7c292a3d4b9a', 'tenant_id': '', 'mac_address': 'fa:16:3e:ff:19:0d', 'admin_state_up': True, 'status': 'DOWN', 'device_id': '30882c26-1cdd-4f33-bc42-b03f53b2eebf', 'device_owner': 'network:router_gateway', 'standard_attr_id': 80, 'fixed_ips': [{'subnet_id': '7b292e96-cf94-44b5-b34d-b929922f156b', 'ip_address': '172.26.2.181', 'prefixlen': 24}], 'allowed_address_pairs': [], 'extra_dhcp_opts': [], 'security_groups': [], 'description': '', 'binding:vnic_type': 'normal', 'binding:profile': {}, 'binding:host_id': '', 'binding:vif_type': 'unbound', 'binding:vif_details': {}, 'port_security_enabled': False, 'tags': [], 'created_at': '2022-09-14T08:31:33Z', 'updated_at': '2022-09-14T08:31:33Z', 'revision_number': 1, 'project_id': '', 'subnets': [{'id': '7b292e96-cf94-44b5-b34d-b929922f156b', 'cidr': '172.26.2.0/24', 'gateway_ip': '172.26.2.1', 'dns_nameservers': [], 'ipv6_ra_mode': None, 'subnetpool_id': None}], 'extra_subnets': [], 'address_scopes': {4: None, 6: None}, 'mtu': 1500}, 'enable_snat': True, 'gw_port_host': 'dv-neutron-857568-1-hyperv'}], 'dv-neutron-857568-1-hyperv', False) {} {{(pid=103224) wrapper /usr/local/lib/python3.8/dist-packages/oslo_log/helpers.py:65}}
Sep 14 08:31:39.542270 dv-neutron-857568-1-hyperv neutron-server[103222]: INFO neutron.plugins.ml2.plugin [None req-46af7ba6-60ec-4d11-a146-f36a333e1f5f tempest-PortsAdminExtendedAttrsTestJSON-1724960047 tempest-PortsAdminExtendedAttrsTestJSON-1724960047-project-admin] Attempt 7 to bind port 5edbf087-706c-4b1b-8e46-28df6e9b8ac7
Sep 14 08:31:39.547800 dv-neutron-857568-1-hyperv neutron-server[103223]: DEBUG neutron.db.db_base_plugin_common [None req-e9495f67-1c31-4e91-b166-fc86cd7ac2a3 None None] Allocated IP 172.20.0.2 (03b301a6-8fc5-4871-9c4e-c261a11f40c8/4f0ba3e8-9cb5-42a3-921b-1b83c52d6387/50c9feeb-1188-410e-bdb3-ac349f07cfa5) {{(pid=103223) _store_ip_allocation /opt/stack/neutron/neutron/db/db_base_plugin_common.py:131}}
Sep 14 08:31:39.553107 dv-neutron-857568-1-hyperv neutron-server[103221]: INFO neutron.plugins.ml2.plugin [None req-6d1dd10e-585d-44b5-94e4-e96c4523e871 tempest-PortsAdminExtendedAttrsIpV6TestJSON-311942387 tempest-PortsAdminExtendedAttrsIpV6TestJSON-311942387-project-admin] Attempt 9 to bind port 46834ec7-3351-4e79-9414-7f3970df4c74
Sep 14 08:31:39.594555 dv-neutron-857568-1-hyperv neutron-server[103224]: DEBUG neutron.api.rpc.handlers.l3_rpc [None req-9711fa4f-5643-4bb6-9485-2edd9e96aaf4 None None] Checking router: 30882c26-1cdd-4f33-bc42-b03f53b2eebf for host: dv-neutron-857568-1-hyperv {{(pid=103224) _ensure_host_set_on_ports /opt/stack/neutron/neutron/api/rpc/handlers/l3_rpc.py:155}}
Sep 14 08:31:39.594907 dv-neutron-857568-1-hyperv neutron-server[103224]: DEBUG neutron.api.rpc.handlers.l3_rpc [None req-9711fa4f-5643-4bb6-9485-2edd9e96aaf4 None None] Updating router 30882c26-1cdd-4f33-bc42-b03f53b2eebf port a667a130-5b2c-476f-aa76-baf7ba5236d4 binding host dv-neutron-857568-1-hyperv {{(pid=103224) _ensure_host_set_on_port /opt/stack/neutron/neutron/api/rpc/handlers/l3_rpc.py:205}}
Sep 14 08:31:39.596960 dv-neutron-857568-1-hyperv neutron-server[103222]: DEBUG neutron.api.rpc.handlers.resources_rpc [None req-5f5c9535-3664-47bd-92ae-4b9d39581ad9 admin admin] Pushing event updated for resources: {'Port': ['ID=c0c2994e-71e2-48a7-910b-9c213e7e8b9c,revision_number=1']} {{(pid=103222) push /opt/stack/neutron/neutron/api/rpc/handlers/resources_rpc.py:237}}
Sep 14 08:31:39.639928 dv-neutron-857568-1-hyperv neutron-server[103224]: DEBUG neutron_lib.callbacks.manager [None req-9711fa4f-5643-4bb6-9485-2edd9e96aaf4 None None] Notify callbacks ['neutron.plugins.ml2.plugin.SecurityGroupDbMixin._ensure_default_security_group_handler-1678380'] for port, before_update {{(pid=103224) _notify_loop /usr/local/lib/python3.8/dist-packages/neutron_lib/callbacks/manager.py:192}}
Sep 14 08:31:39.644005 dv-neutron-857568-1-hyperv neutron-server[103223]: DEBUG neutron.db.provisioning_blocks [None req-79c56799-1601-499c-9219-bba6f1f40b63 None None] Provisioning complete for port 9e1dc047-5a38-43fb-b859-0d512af5a976 triggered by entity DHCP. {{(pid=103223) provisioning_complete /opt/stack/neutron/neutron/db/provisioning_blocks.py:139}}
Sep 14 08:31:39.644500 dv-neutron-857568-1-hyperv neutron-server[103223]: DEBUG neutron_lib.callbacks.manager [None req-79c56799-1601-499c-9219-bba6f1f40b63 None None] Notify callbacks ['neutron.plugins.ml2.plugin.Ml2Plugin._port_provisioned-1666453'] for port, provisioning_complete {{(pid=103223) _notify_loop /usr/local/lib/python3.8/dist-packages/neutron_lib/callbacks/manager.py:192}}
Sep 14 08:31:39.644936 dv-neutron-857568-1-hyperv neutron-server[103223]: INFO neutron.plugins.ml2.plugin [None req-79c56799-1601-499c-9219-bba6f1f40b63 None None] Attempt 1 to provision port 9e1dc047-5a38-43fb-b859-0d512af5a976
Sep 14 08:31:39.690649 dv-neutron-857568-1-hyperv neutron-server[103221]: DEBUG neutron.plugins.ml2.managers [None req-6d1dd10e-585d-44b5-94e4-e96c4523e871 tempest-PortsAdminExtendedAttrsIpV6TestJSON-311942387 tempest-PortsAdminExtendedAttrsIpV6TestJSON-311942387-project-admin] Attempting to bind port 46834ec7-3351-4e79-9414-7f3970df4c74 on host hv-neutron-8575 for vnic_type normal with profile {{(pid=103221) bind_port /opt/stack/neutron/neutron/plugins/ml2/managers.py:806}}
Sep 14 08:31:39.691007 dv-neutron-857568-1-hyperv neutron-server[103221]: DEBUG neutron.plugins.ml2.managers [None req-6d1dd10e-585d-44b5-94e4-e96c4523e871 tempest-PortsAdminExtendedAttrsIpV6TestJSON-311942387 tempest-PortsAdminExtendedAttrsIpV6TestJSON-311942387-project-admin] Attempting to bind port 46834ec7-3351-4e79-9414-7f3970df4c74 by drivers openvswitch,hyperv on host hv-neutron-8575 at level 0 using segments [{'id': '61a2525d-6fa0-4051-8863-709325387cfe', 'network_type': 'vlan', 'physical_network': 'physnet1', 'segmentation_id': 113, 'network_id': '454a651d-4cfd-4a39-8725-8f1991836600'}] {{(pid=103221) _bind_port_level /opt/stack/neutron/neutron/plugins/ml2/managers.py:831}}
Sep 14 08:31:39.691327 dv-neutron-857568-1-hyperv neutron-server[103221]: DEBUG neutron.plugins.ml2.drivers.mech_agent [None req-6d1dd10e-585d-44b5-94e4-e96c4523e871 tempest-PortsAdminExtendedAttrsIpV6TestJSON-311942387 tempest-PortsAdminExtendedAttrsIpV6TestJSON-311942387-project-admin] Attempting to bind port 46834ec7-3351-4e79-9414-7f3970df4c74 on network 454a651d-4cfd-4a39-8725-8f1991836600 {{(pid=103221) bind_port /opt/stack/neutron/neutron/plugins/ml2/drivers/mech_agent.py:91}}
Sep 14 08:31:39.710198 dv-neutron-857568-1-hyperv neutron-server[103221]: DEBUG neutron.plugins.ml2.drivers.mech_agent [None req-6d1dd10e-585d-44b5-94e4-e96c4523e871 tempest-PortsAdminExtendedAttrsIpV6TestJSON-311942387 tempest-PortsAdminExtendedAttrsIpV6TestJSON-311942387-project-admin] Port 46834ec7-3351-4e79-9414-7f3970df4c74 on network 454a651d-4cfd-4a39-8725-8f1991836600 not bound, no agent of type Open vSwitch agent registered on host hv-neutron-8575 {{(pid=103221) bind_port /opt/stack/neutron/neutron/plugins/ml2/drivers/mech_agent.py:103}}
Sep 14 08:31:39.710628 dv-neutron-857568-1-hyperv neutron-server[103221]: ERROR neutron.plugins.ml2.managers [None req-6d1dd10e-585d-44b5-94e4-e96c4523e871 tempest-PortsAdminExtendedAttrsIpV6TestJSON-311942387 tempest-PortsAdminExtendedAttrsIpV6TestJSON-311942387-project-admin] Failed to bind port 46834ec7-3351-4e79-9414-7f3970df4c74 on host hv-neutron-8575 for vnic_type normal using segments [{'id': '61a2525d-6fa0-4051-8863-709325387cfe', 'network_type': 'vlan', 'physical_network': 'physnet1', 'segmentation_id': 113, 'network_id': '454a651d-4cfd-4a39-8725-8f1991836600'}]
Sep 14 08:31:39.750291 dv-neutron-857568-1-hyperv neutron-server[103221]: INFO neutron.plugins.ml2.plugin [None req-6d1dd10e-585d-44b5-94e4-e96c4523e871 tempest-PortsAdminExtendedAttrsIpV6TestJSON-311942387 tempest-PortsAdminExtendedAttrsIpV6TestJSON-311942387-project-admin] Attempt 10 to bind port 46834ec7-3351-4e79-9414-7f3970df4c74
Sep 14 08:31:39.778987 dv-neutron-857568-1-hyperv neutron-server[103221]: DEBUG neutron.plugins.ml2.managers [None req-6d1dd10e-585d-44b5-94e4-e96c4523e871 tempest-PortsAdminExtendedAttrsIpV6TestJSON-311942387 tempest-PortsAdminExtendedAttrsIpV6TestJSON-311942387-project-admin] Attempting to bind port 46834ec7-3351-4e79-9414-7f3970df4c74 on host hv-neutron-8575 for vnic_type normal with profile {{(pid=103221) bind_port /opt/stack/neutron/neutron/plugins/ml2/managers.py:806}}
Sep 14 08:31:39.779240 dv-neutron-857568-1-hyperv neutron-server[103221]: DEBUG neutron.plugins.ml2.managers [None req-6d1dd10e-585d-44b5-94e4-e96c4523e871 tempest-PortsAdminExtendedAttrsIpV6TestJSON-311942387 tempest-PortsAdminExtendedAttrsIpV6TestJSON-311942387-project-admin] Attempting to bind port 46834ec7-3351-4e79-9414-7f3970df4c74 by drivers openvswitch,hyperv on host hv-neutron-8575 at level 0 using segments [{'id': '61a2525d-6fa0-4051-8863-709325387cfe', 'network_type': 'vlan', 'physical_network': 'physnet1', 'segmentation_id': 113, 'network_id': '454a651d-4cfd-4a39-8725-8f1991836600'}] {{(pid=103221) _bind_port_level /opt/stack/neutron/neutron/plugins/ml2/managers.py:831}}
Sep 14 08:31:39.779578 dv-neutron-857568-1-hyperv neutron-server[103221]: DEBUG neutron.plugins.ml2.drivers.mech_agent [None req-6d1dd10e-585d-44b5-94e4-e96c4523e871 tempest-PortsAdminExtendedAttrsIpV6TestJSON-311942387 tempest-PortsAdminExtendedAttrsIpV6TestJSON-311942387-project-admin] Attempting to bind port 46834ec7-3351-4e79-9414-7f3970df4c74 on network 454a651d-4cfd-4a39-8725-8f1991836600 {{(pid=103221) bind_port /opt/stack/neutron/neutron/plugins/ml2/drivers/mech_agent.py:91}}
Sep 14 08:31:39.791663 dv-neutron-857568-1-hyperv neutron-server[103221]: DEBUG neutron.plugins.ml2.drivers.mech_agent [None req-6d1dd10e-585d-44b5-94e4-e96c4523e871 tempest-PortsAdminExtendedAttrsIpV6TestJSON-311942387 tempest-PortsAdminExtendedAttrsIpV6TestJSON-311942387-project-admin] Port 46834ec7-3351-4e79-9414-7f3970df4c74 on network 454a651d-4cfd-4a39-8725-8f1991836600 not bound, no agent of type Open vSwitch agent registered on host hv-neutron-8575 {{(pid=103221) bind_port /opt/stack/neutron/neutron/plugins/ml2/drivers/mech_agent.py:103}}
Sep 14 08:31:39.791989 dv-neutron-857568-1-hyperv neutron-server[103221]: ERROR neutron.plugins.ml2.managers [None req-6d1dd10e-585d-44b5-94e4-e96c4523e871 tempest-PortsAdminExtendedAttrsIpV6TestJSON-311942387 tempest-PortsAdminExtendedAttrsIpV6TestJSON-311942387-project-admin] Failed to bind port 46834ec7-3351-4e79-9414-7f3970df4c74 on host hv-neutron-8575 for vnic_type normal using segments [{'id': '61a2525d-6fa0-4051-8863-709325387cfe', 'network_type': 'vlan', 'physical_network': 'physnet1', 'segmentation_id': 113, 'network_id': '454a651d-4cfd-4a39-8725-8f1991836600'}]
Sep 14 08:31:39.792379 dv-neutron-857568-1-hyperv neutron-server[103221]: DEBUG neutron_lib.callbacks.manager [None req-6d1dd10e-585d-44b5-94e4-e96c4523e871 tempest-PortsAdminExtendedAttrsIpV6TestJSON-311942387 tempest-PortsAdminExtendedAttrsIpV6TestJSON-311942387-project-admin] Notify callbacks ['neutron.plugins.ml2.plugin.SecurityGroupDbMixin._ensure_default_security_group_handler-1678380'] for port, before_update {{(pid=103221) _notify_loop /usr/local/lib/python3.8/dist-packages/neutron_lib/callbacks/manager.py:192}}
Sep 14 08:31:39.829502 dv-neutron-857568-1-hyperv neutron-server[103221]: DEBUG neutron_lib.callbacks.manager [None req-386ac55f-2b34-42a9-b27c-96d51e5e1a4b admin admin] Notify callbacks ['neutron.plugins.ml2.ovo_rpc._ObjectChangeHandler.handle_event-551979'] for security_group, after_delete {{(pid=103221) _notify_loop /usr/local/lib/python3.8/dist-packages/neutron_lib/callbacks/manager.py:192}}
Sep 14 08:31:39.832052 dv-neutron-857568-1-hyperv neutron-server[103221]: DEBUG neutron_lib.callbacks.manager [None req-386ac55f-2b34-42a9-b27c-96d51e5e1a4b admin admin] Notify callbacks [] for security_group, before_response {{(pid=103221) _notify_loop /usr/local/lib/python3.8/dist-packages/neutron_lib/callbacks/manager.py:192}}
Sep 14 08:31:39.833202 dv-neutron-857568-1-hyperv neutron-server[103221]: INFO neutron.wsgi [None req-386ac55f-2b34-42a9-b27c-96d51e5e1a4b admin admin] 10.222.0.18 "DELETE /v2.0/security-groups/85011d7d-bf83-4c9b-9462-4e19b57dd3cc HTTP/1.1" status: 204 len: 168 time: 0.6148591
Sep 14 08:31:39.843511 dv-neutron-857568-1-hyperv neutron-server[103222]: DEBUG neutron.plugins.ml2.managers [None req-46af7ba6-60ec-4d11-a146-f36a333e1f5f tempest-PortsAdminExtendedAttrsTestJSON-1724960047 tempest-PortsAdminExtendedAttrsTestJSON-1724960047-project-admin] Attempting to bind port 5edbf087-706c-4b1b-8e46-28df6e9b8ac7 on host hv-neutron-8575 for vnic_type normal with profile {{(pid=103222) bind_port /opt/stack/neutron/neutron/plugins/ml2/managers.py:806}}
Sep 14 08:31:39.844254 dv-neutron-857568-1-hyperv neutron-server[103222]: DEBUG neutron.plugins.ml2.managers [None req-46af7ba6-60ec-4d11-a146-f36a333e1f5f tempest-PortsAdminExtendedAttrsTestJSON-1724960047 tempest-PortsAdminExtendedAttrsTestJSON-1724960047-project-admin] Attempting to bind port 5edbf087-706c-4b1b-8e46-28df6e9b8ac7 by drivers openvswitch,hyperv on host hv-neutron-8575 at level 0 using segments [{'id': 'f2f4e97b-f571-4a6c-8474-501bc1b3c93d', 'network_type': 'vlan', 'physical_network': 'physnet1', 'segmentation_id': 127, 'network_id': '735aeed6-b13b-445e-82b7-d0dcf4c8393e'}] {{(pid=103222) _bind_port_level /opt/stack/neutron/neutron/plugins/ml2/managers.py:831}}
Sep 14 08:31:39.844734 dv-neutron-857568-1-hyperv neutron-server[103222]: DEBUG neutron.plugins.ml2.drivers.mech_agent [None req-46af7ba6-60ec-4d11-a146-f36a333e1f5f tempest-PortsAdminExtendedAttrsTestJSON-1724960047 tempest-PortsAdminExtendedAttrsTestJSON-1724960047-project-admin] Attempting to bind port 5edbf087-706c-4b1b-8e46-28df6e9b8ac7 on network 735aeed6-b13b-445e-82b7-d0dcf4c8393e {{(pid=103222) bind_port /opt/stack/neutron/neutron/plugins/ml2/drivers/mech_agent.py:91}}
Sep 14 08:31:39.855692 dv-neutron-857568-1-hyperv neutron-server[103222]: DEBUG neutron.scheduler.dhcp_agent_scheduler [None req-df27b07a-4212-4a41-9690-8c2ec475d8da tempest-DHCPAgentSchedulersTestJSON-984461981 tempest-DHCPAgentSchedulersTestJSON-984461981-project] Network 03b301a6-8fc5-4871-9c4e-c261a11f40c8 is already hosted by enough agents. {{(pid=103222) _get_dhcp_agents_hosting_network /opt/stack/neutron/neutron/scheduler/dhcp_agent_scheduler.py:275}}
Sep 14 08:31:39.899158 dv-neutron-857568-1-hyperv neutron-server[103221]: DEBUG neutron.api.rpc.handlers.resources_rpc [None req-386ac55f-2b34-42a9-b27c-96d51e5e1a4b admin admin] Pushing event deleted for resources: {'SecurityGroup': ['ID=85011d7d-bf83-4c9b-9462-4e19b57dd3cc,revision_number=None']} {{(pid=103221) push /opt/stack/neutron/neutron/api/rpc/handlers/resources_rpc.py:237}}
Sep 14 08:31:39.958221 dv-neutron-857568-1-hyperv neutron-server[103223]: DEBUG neutron.plugins.ml2.plugin [None req-8eb27b13-4583-4f9b-811d-d6ab0dfcd3a3 None None] Current status of the port 9e1dc047-5a38-43fb-b859-0d512af5a976 is: DOWN; New status is: ACTIVE {{(pid=103223) _update_individual_port_db_status /opt/stack/neutron/neutron/plugins/ml2/plugin.py:2269}}
Sep 14 08:31:39.958817 dv-neutron-857568-1-hyperv neutron-server[103223]: DEBUG neutron_lib.callbacks.manager [None req-8eb27b13-4583-4f9b-811d-d6ab0dfcd3a3 None None] Notify callbacks ['neutron.plugins.ml2.plugin.SecurityGroupDbMixin._ensure_default_security_group_handler-1678380'] for port, before_update {{(pid=103223) _notify_loop /usr/local/lib/python3.8/dist-packages/neutron_lib/callbacks/manager.py:192}}
Sep 14 08:31:40.000905 dv-neutron-857568-1-hyperv neutron-server[103221]: DEBUG neutron_lib.callbacks.manager [None req-b4361efd-69ed-4aea-b1fe-d979d89f3c2c admin admin] Notify callbacks [] for port, precommit_update {{(pid=103221) _notify_loop /usr/local/lib/python3.8/dist-packages/neutron_lib/callbacks/manager.py:192}}
Sep 14 08:31:40.023641 dv-neutron-857568-1-hyperv neutron-server[103223]: DEBUG neutron_lib.callbacks.manager [None req-e9495f67-1c31-4e91-b166-fc86cd7ac2a3 None None] Notify callbacks [] for port, precommit_create {{(pid=103223) _notify_loop /usr/local/lib/python3.8/dist-packages/neutron_lib/callbacks/manager.py:192}}
Sep 14 08:31:40.027830 dv-neutron-857568-1-hyperv neutron-server[103223]: DEBUG neutron.db.l3_hamode_db [None req-454ea9fc-b5cd-48e4-bd4a-695dffbd923b None None] neutron.services.l3_router.l3_router_plugin.L3RouterPlugin method _process_sync_ha_data called with arguments (, [{'id': '5ddfbe3c-80ae-4cdf-bafb-defdcec19dcc', 'name': 'tempest-ServerActionsTestJSON-1806867401-router', 'tenant_id': '03bd5e036f56446bb775853ba7f7f602', 'admin_state_up': True, 'status': 'ACTIVE', 'external_gateway_info': {'network_id': 'b297413c-12de-4a52-ae7f-7c292a3d4b9a', 'external_fixed_ips': [{'subnet_id': '7b292e96-cf94-44b5-b34d-b929922f156b', 'ip_address': '172.26.2.11'}], 'enable_snat': True}, 'gw_port_id': 'e4826515-d5c6-427a-8515-08c1b24e9494', 'description': '', 'availability_zones': ['nova'], 'distributed': False, 'ha': False, 'ha_vr_id': 0, 'availability_zone_hints': [], 'routes': [], 'flavor_id': None, 'tags': [], 'created_at': '2022-09-14T08:31:30Z', 'updated_at': '2022-09-14T08:31:33Z', 'revision_number': 3, 'project_id': '03bd5e036f56446bb775853ba7f7f602', 'gw_port': {'id': 'e4826515-d5c6-427a-8515-08c1b24e9494', 'name': '', 'network_id': 'b297413c-12de-4a52-ae7f-7c292a3d4b9a', 'tenant_id': '', 'mac_address': 'fa:16:3e:d7:b6:ef', 'admin_state_up': True, 'status': 'DOWN', 'device_id': '5ddfbe3c-80ae-4cdf-bafb-defdcec19dcc', 'device_owner': 'network:router_gateway', 'standard_attr_id': 59, 'fixed_ips': [{'subnet_id': '7b292e96-cf94-44b5-b34d-b929922f156b', 'ip_address': '172.26.2.11', 'prefixlen': 24}], 'allowed_address_pairs': [], 'extra_dhcp_opts': [], 'security_groups': [], 'description': '', 'binding:vnic_type': 'normal', 'binding:profile': {}, 'binding:host_id': 'dv-neutron-857568-1-hyperv', 'binding:vif_type': 'ovs', 'binding:vif_details': {'connectivity': 'l2', 'port_filter': True, 'ovs_hybrid_plug': False, 'datapath_type': 'system', 'bridge_name': 'br-int'}, 'port_security_enabled': False, 'tags': [], 'created_at': '2022-09-14T08:31:31Z', 'updated_at': '2022-09-14T08:31:38Z', 'revision_number': 3, 'project_id': '', 'subnets': [{'id': '7b292e96-cf94-44b5-b34d-b929922f156b', 'cidr': '172.26.2.0/24', 'gateway_ip': '172.26.2.1', 'dns_nameservers': [], 'ipv6_ra_mode': None, 'subnetpool_id': None}], 'extra_subnets': [], 'address_scopes': {4: None, 6: None}, 'mtu': 1500}, 'enable_snat': True, 'gw_port_host': 'dv-neutron-857568-1-hyperv'}], 'dv-neutron-857568-1-hyperv', False) {} {{(pid=103223) wrapper /usr/local/lib/python3.8/dist-packages/oslo_log/helpers.py:65}}
Sep 14 08:31:40.030772 dv-neutron-857568-1-hyperv neutron-server[103223]: DEBUG neutron.plugins.ml2.db [None req-8eb27b13-4583-4f9b-811d-d6ab0dfcd3a3 None None] For port 9e1dc047-5a38-43fb-b859-0d512af5a976, host dv-neutron-857568-1-hyperv, got binding levels [PortBindingLevel(driver='openvswitch',host='dv-neutron-857568-1-hyperv',level=0,port_id=9e1dc047-5a38-43fb-b859-0d512af5a976,segment=NetworkSegment(22afd32e-91d4-446b-9a5d-f285bc1c987e),segment_id=22afd32e-91d4-446b-9a5d-f285bc1c987e)] {{(pid=103223) get_binding_level_objs /opt/stack/neutron/neutron/plugins/ml2/db.py:74}}
Sep 14 08:31:40.032868 dv-neutron-857568-1-hyperv neutron-server[103223]: DEBUG neutron.plugins.ml2.plugin [None req-79c56799-1601-499c-9219-bba6f1f40b63 None None] Current status of the port 9e1dc047-5a38-43fb-b859-0d512af5a976 is: DOWN; New status is: ACTIVE {{(pid=103223) _update_individual_port_db_status /opt/stack/neutron/neutron/plugins/ml2/plugin.py:2269}}
Sep 14 08:31:40.033365 dv-neutron-857568-1-hyperv neutron-server[103223]: DEBUG neutron_lib.callbacks.manager [None req-79c56799-1601-499c-9219-bba6f1f40b63 None None] Notify callbacks ['neutron.plugins.ml2.plugin.SecurityGroupDbMixin._ensure_default_security_group_handler-1678380'] for port, before_update {{(pid=103223) _notify_loop /usr/local/lib/python3.8/dist-packages/neutron_lib/callbacks/manager.py:192}}
Sep 14 08:31:40.039653 dv-neutron-857568-1-hyperv neutron-server[103221]: DEBUG neutron_lib.callbacks.manager [None req-b4361efd-69ed-4aea-b1fe-d979d89f3c2c admin admin] Notify callbacks ['neutron.plugins.ml2.plugin.SecurityGroupServerNotifierRpcMixin._notify_sg_on_port_change-1678447', 'neutron.plugins.ml2.ovo_rpc._ObjectChangeHandler.handle_event-422345', 'neutron.api.rpc.agentnotifiers.dhcp_rpc_agent_api.DhcpAgentNotifyAPI._native_event_send_dhcp_notification-598502', 'neutron.db.l3_db.L3RpcNotifierMixin._notify_gateway_port_ip_changed-8734754247428', 'neutron.db.l3_dvrscheduler_db._notify_l3_agent_port_update-8734753749535', 'neutron.db.l3_hascheduler_db._notify_l3_agent_ha_port_update-8734753749553'] for port, after_update {{(pid=103221) _notify_loop /usr/local/lib/python3.8/dist-packages/neutron_lib/callbacks/manager.py:192}}
Sep 14 08:31:40.040453 dv-neutron-857568-1-hyperv neutron-server[103221]: DEBUG neutron_lib.callbacks.manager [None req-b4361efd-69ed-4aea-b1fe-d979d89f3c2c admin admin] Notify callbacks ['neutron.api.rpc.agentnotifiers.dhcp_rpc_agent_api.DhcpAgentNotifyAPI._after_router_interface_created-598292', 'neutron.services.l3_router.l3_router_plugin.DVRResourceOperationHandler._update_snat_v6_addrs_after_intf_update-538694'] for router_interface, after_create {{(pid=103221) _notify_loop /usr/local/lib/python3.8/dist-packages/neutron_lib/callbacks/manager.py:192}}
Sep 14 08:31:40.049075 dv-neutron-857568-1-hyperv neutron-server[103222]: DEBUG neutron.scheduler.base_scheduler [None req-df27b07a-4212-4a41-9690-8c2ec475d8da tempest-DHCPAgentSchedulersTestJSON-984461981 tempest-DHCPAgentSchedulersTestJSON-984461981-project] Resources bound (agent type, host, resource id): {{(pid=103222) schedule /opt/stack/neutron/neutron/scheduler/base_scheduler.py:57}}
Sep 14 08:31:40.050339 dv-neutron-857568-1-hyperv neutron-server[103224]: DEBUG neutron_lib.callbacks.manager [None req-9711fa4f-5643-4bb6-9485-2edd9e96aaf4 None None] Notify callbacks [] for port, precommit_update {{(pid=103224) _notify_loop /usr/local/lib/python3.8/dist-packages/neutron_lib/callbacks/manager.py:192}}
Sep 14 08:31:40.059202 dv-neutron-857568-1-hyperv neutron-server[103224]: DEBUG neutron_lib.callbacks.manager [None req-9711fa4f-5643-4bb6-9485-2edd9e96aaf4 None None] Notify callbacks ['neutron.plugins.ml2.plugin.SecurityGroupServerNotifierRpcMixin._notify_sg_on_port_change-1678447', 'neutron.plugins.ml2.ovo_rpc._ObjectChangeHandler.handle_event-422345', 'neutron.api.rpc.agentnotifiers.dhcp_rpc_agent_api.DhcpAgentNotifyAPI._native_event_send_dhcp_notification-598502', 'neutron.db.l3_db.L3RpcNotifierMixin._notify_gateway_port_ip_changed-8734754247428', 'neutron.db.l3_dvrscheduler_db._notify_l3_agent_port_update-8734753749535', 'neutron.db.l3_hascheduler_db._notify_l3_agent_ha_port_update-8734753749553'] for port, after_update {{(pid=103224) _notify_loop /usr/local/lib/python3.8/dist-packages/neutron_lib/callbacks/manager.py:192}}
Sep 14 08:31:40.068478 dv-neutron-857568-1-hyperv neutron-server[103221]: DEBUG neutron.plugins.ml2.db [None req-6d1dd10e-585d-44b5-94e4-e96c4523e871 tempest-PortsAdminExtendedAttrsIpV6TestJSON-311942387 tempest-PortsAdminExtendedAttrsIpV6TestJSON-311942387-project-admin] For port 46834ec7-3351-4e79-9414-7f3970df4c74, host hv-neutron-8575, cleared binding levels {{(pid=103221) clear_binding_levels /opt/stack/neutron/neutron/plugins/ml2/db.py:87}}
Sep 14 08:31:40.068976 dv-neutron-857568-1-hyperv neutron-server[103221]: DEBUG neutron.plugins.ml2.db [None req-6d1dd10e-585d-44b5-94e4-e96c4523e871 tempest-PortsAdminExtendedAttrsIpV6TestJSON-311942387 tempest-PortsAdminExtendedAttrsIpV6TestJSON-311942387-project-admin] Attempted to set empty binding levels {{(pid=103221) set_binding_levels /opt/stack/neutron/neutron/plugins/ml2/db.py:65}}
Sep 14 08:31:40.075956 dv-neutron-857568-1-hyperv neutron-server[103222]: DEBUG neutron.db.l3_dvrscheduler_db [None req-df27b07a-4212-4a41-9690-8c2ec475d8da tempest-DHCPAgentSchedulersTestJSON-984461981 tempest-DHCPAgentSchedulersTestJSON-984461981-project] Received port after_create {{(pid=103222) _notify_l3_agent_new_port /opt/stack/neutron/neutron/db/l3_dvrscheduler_db.py:532}}
Sep 14 08:31:40.089441 dv-neutron-857568-1-hyperv neutron-server[103222]: DEBUG neutron.pecan_wsgi.hooks.policy_enforcement [None req-df27b07a-4212-4a41-9690-8c2ec475d8da tempest-DHCPAgentSchedulersTestJSON-984461981 tempest-DHCPAgentSchedulersTestJSON-984461981-project] Attributes excluded by policy engine: ['standard_attr_id', 'binding:profile', 'binding:host_id', 'binding:vif_type', 'binding:vif_details', 'network'] {{(pid=103222) _exclude_attributes_by_policy /opt/stack/neutron/neutron/pecan_wsgi/hooks/policy_enforcement.py:259}}
Sep 14 08:31:40.090187 dv-neutron-857568-1-hyperv neutron-server[103222]: DEBUG neutron_lib.callbacks.manager [None req-df27b07a-4212-4a41-9690-8c2ec475d8da tempest-DHCPAgentSchedulersTestJSON-984461981 tempest-DHCPAgentSchedulersTestJSON-984461981-project] Notify callbacks ['neutron.notifiers.nova.Notifier._send_nova_notification-474537', 'neutron.api.rpc.agentnotifiers.dhcp_rpc_agent_api.DhcpAgentNotifyAPI._send_dhcp_notification-598512'] for port, before_response {{(pid=103222) _notify_loop /usr/local/lib/python3.8/dist-packages/neutron_lib/callbacks/manager.py:192}}
