Sep 12 07:42:45.804650 dv-neutron-857010-1-hyperv devstack@keystone.service[81831]: DEBUG keystone.auth.core [None req-327eaf78-1204-4cae-95fe-9df7d56fb0bc None None] MFA Rules not processed for user `53f38116d1154788ab57eacedf0de807`. Rule list: `[]` (Enabled: `True`). {{(pid=81831) check_auth_methods_against_rules /opt/stack/keystone/keystone/auth/core.py:438}}
Sep 12 07:42:45.806176 dv-neutron-857010-1-hyperv devstack@keystone.service[81831]: DEBUG keystone.common.fernet_utils [None req-327eaf78-1204-4cae-95fe-9df7d56fb0bc None None] Loaded 2 Fernet keys from /etc/keystone/fernet-keys/, but `[fernet_tokens] max_active_keys = 3`; perhaps there have not been enough key rotations to reach `max_active_keys` yet? {{(pid=81831) load_keys /opt/stack/keystone/keystone/common/fernet_utils.py:286}}
Sep 12 07:42:45.869879 dv-neutron-857010-1-hyperv devstack@keystone.service[81831]: DEBUG dbcounter [-] [81831] Writing DB stats keystone:SELECT=100 {{(pid=81831) stat_writer /usr/local/lib/python3.8/dist-packages/dbcounter.py:114}}
Sep 12 07:42:45.888362 dv-neutron-857010-1-hyperv devstack@keystone.service[81831]: [pid: 81831|app: 0|req: 69/139] 10.222.0.48 () {58 vars in 1024 bytes} [Mon Sep 12 07:42:45 2022] POST /identity/v3/auth/tokens => generated 799 bytes in 114 msecs (HTTP/1.1 201) 6 headers in 363 bytes (1 switches on core 0)
Sep 12 07:42:46.413316 dv-neutron-857010-1-hyperv devstack@keystone.service[81830]: DEBUG keystone.server.flask.request_processing.middleware.auth_context [None req-55f7b82c-7cc7-4691-b82c-10b9a2cb012c None None] Authenticating user token {{(pid=81830) process_request /usr/local/lib/python3.8/dist-packages/keystonemiddleware/auth_token/__init__.py:407}}
Sep 12 07:42:46.527967 dv-neutron-857010-1-hyperv devstack@keystone.service[81830]: DEBUG keystone.server.flask.request_processing.middleware.auth_context [None req-55f7b82c-7cc7-4691-b82c-10b9a2cb012c None None] Validating token access rules against request {{(pid=81830) validate_allowed_request /usr/local/lib/python3.8/dist-packages/keystonemiddleware/auth_token/__init__.py:545}}
Sep 12 07:42:46.563344 dv-neutron-857010-1-hyperv devstack@keystone.service[81830]: DEBUG keystone.server.flask.request_processing.middleware.auth_context [None req-0897cdc4-210b-41da-b473-a82702c92642 None admin] RBAC: auth_context: {'token': , 'domain_id': None, 'trust_id': None, 'trustor_id': None, 'trustee_id': None, 'domain_name': None, 'group_ids': [], 'user_id': '53f38116d1154788ab57eacedf0de807', 'user_domain_id': 'default', 'system_scope': 'all', 'project_id': None, 'project_domain_id': None, 'roles': ['admin', 'member', 'reader'], 'is_admin_project': True, 'service_user_id': None, 'service_user_domain_id': None, 'service_project_id': None, 'service_project_domain_id': None, 'service_roles': []} {{(pid=81830) fill_context /opt/stack/keystone/keystone/server/flask/request_processing/middleware/auth_context.py:478}}
Sep 12 07:42:46.564035 dv-neutron-857010-1-hyperv devstack@keystone.service[81830]: DEBUG keystone.server.flask.request_processing.req_logging [None req-0897cdc4-210b-41da-b473-a82702c92642 None admin] REQUEST_METHOD: `GET` {{(pid=81830) log_request_info /opt/stack/keystone/keystone/server/flask/request_processing/req_logging.py:27}}
Sep 12 07:42:46.564320 dv-neutron-857010-1-hyperv devstack@keystone.service[81830]: DEBUG keystone.server.flask.request_processing.req_logging [None req-0897cdc4-210b-41da-b473-a82702c92642 None admin] SCRIPT_NAME: `/identity` {{(pid=81830) log_request_info /opt/stack/keystone/keystone/server/flask/request_processing/req_logging.py:28}}
Sep 12 07:42:46.564598 dv-neutron-857010-1-hyperv devstack@keystone.service[81830]: DEBUG keystone.server.flask.request_processing.req_logging [None req-0897cdc4-210b-41da-b473-a82702c92642 None admin] PATH_INFO: `/v3/roles/member` {{(pid=81830) log_request_info /opt/stack/keystone/keystone/server/flask/request_processing/req_logging.py:29}}
Sep 12 07:42:46.575702 dv-neutron-857010-1-hyperv devstack@keystone.service[81830]: DEBUG keystone.common.rbac_enforcer.enforcer [None req-0897cdc4-210b-41da-b473-a82702c92642 None admin] Extracting inferred target data resulted in "NOT FOUND (404)". {{(pid=81830) enforce_call /opt/stack/keystone/keystone/common/rbac_enforcer/enforcer.py:409}}
Sep 12 07:42:46.580840 dv-neutron-857010-1-hyperv devstack@keystone.service[81830]: ERROR keystone.server.flask.application [None req-0897cdc4-210b-41da-b473-a82702c92642 None admin] Could not find role: member.: keystone.exception.RoleNotFound: Could not find role: member.
Sep 12 07:42:46.580840 dv-neutron-857010-1-hyperv devstack@keystone.service[81830]: ERROR keystone.server.flask.application
Traceback (most recent call last):
Sep 12 07:42:46.580840 dv-neutron-857010-1-hyperv devstack@keystone.service[81830]: ERROR keystone.server.flask.application
File "/usr/local/lib/python3.8/dist-packages/flask/app.py", line 1820, in full_dispatch_request
Sep 12 07:42:46.580840 dv-neutron-857010-1-hyperv devstack@keystone.service[81830]: ERROR keystone.server.flask.application rv = self.dispatch_request()
Sep 12 07:42:46.580840 dv-neutron-857010-1-hyperv devstack@keystone.service[81830]: ERROR keystone.server.flask.application
File "/usr/local/lib/python3.8/dist-packages/flask/app.py", line 1796, in dispatch_request
Sep 12 07:42:46.580840 dv-neutron-857010-1-hyperv devstack@keystone.service[81830]: ERROR keystone.server.flask.application return self.ensure_sync(self.view_functions[rule.endpoint])(**view_args)
Sep 12 07:42:46.580840 dv-neutron-857010-1-hyperv devstack@keystone.service[81830]: ERROR keystone.server.flask.application
File "/usr/local/lib/python3.8/dist-packages/flask_restful/__init__.py", line 467, in wrapper
Sep 12 07:42:46.580840 dv-neutron-857010-1-hyperv devstack@keystone.service[81830]: ERROR keystone.server.flask.application resp = resource(*args, **kwargs)
Sep 12 07:42:46.580840 dv-neutron-857010-1-hyperv devstack@keystone.service[81830]: ERROR keystone.server.flask.application
File "/usr/local/lib/python3.8/dist-packages/flask/views.py", line 107, in view
Sep 12 07:42:46.580840 dv-neutron-857010-1-hyperv devstack@keystone.service[81830]: ERROR keystone.server.flask.application return current_app.ensure_sync(self.dispatch_request)(**kwargs)
Sep 12 07:42:46.580840 dv-neutron-857010-1-hyperv devstack@keystone.service[81830]: ERROR keystone.server.flask.application
File "/usr/local/lib/python3.8/dist-packages/flask_restful/__init__.py", line 582, in dispatch_request
Sep 12 07:42:46.580840 dv-neutron-857010-1-hyperv devstack@keystone.service[81830]: ERROR keystone.server.flask.application resp = meth(*args, **kwargs)
Sep 12 07:42:46.580840 dv-neutron-857010-1-hyperv devstack@keystone.service[81830]: ERROR keystone.server.flask.application
File "/opt/stack/keystone/keystone/api/roles.py", line 50, in get
Sep 12 07:42:46.580840 dv-neutron-857010-1-hyperv devstack@keystone.service[81830]: ERROR keystone.server.flask.application return self._get_role(role_id)
Sep 12 07:42:46.580840 dv-neutron-857010-1-hyperv devstack@keystone.service[81830]: ERROR keystone.server.flask.application
File "/opt/stack/keystone/keystone/api/roles.py", line 70, in _get_role
Sep 12 07:42:46.580840 dv-neutron-857010-1-hyperv devstack@keystone.service[81830]: ERROR keystone.server.flask.application ENFORCER.enforce_call(action='identity:get_role')
Sep 12 07:42:46.582086 dv-neutron-857010-1-hyperv devstack@keystone.service[81830]: ERROR keystone.server.flask.application
File "/opt/stack/keystone/keystone/common/rbac_enforcer/enforcer.py", line 402, in enforce_call
Sep 12 07:42:46.582086 dv-neutron-857010-1-hyperv devstack@keystone.service[81830]: ERROR keystone.server.flask.application policy_dict.update(cls._extract_member_target_data(
Sep 12 07:42:46.582086 dv-neutron-857010-1-hyperv devstack@keystone.service[81830]: ERROR keystone.server.flask.application
File "/opt/stack/keystone/keystone/common/rbac_enforcer/enforcer.py", line 234, in _extract_member_target_data
Sep 12 07:42:46.582086 dv-neutron-857010-1-hyperv devstack@keystone.service[81830]: ERROR keystone.server.flask.application member_name: func(flask.request.view_args[key])
Sep 12 07:42:46.582086 dv-neutron-857010-1-hyperv devstack@keystone.service[81830]: ERROR keystone.server.flask.application
File "/opt/stack/keystone/keystone/common/manager.py", line 115, in wrapped
Sep 12 07:42:46.582086 dv-neutron-857010-1-hyperv devstack@keystone.service[81830]: ERROR keystone.server.flask.application __ret_val = __f(*args, **kwargs)
Sep 12 07:42:46.582086 dv-neutron-857010-1-hyperv devstack@keystone.service[81830]: ERROR keystone.server.flask.application
File "/usr/local/lib/python3.8/dist-packages/decorator.py", line 232, in fun
Sep 12 07:42:46.582086 dv-neutron-857010-1-hyperv devstack@keystone.service[81830]: ERROR keystone.server.flask.application return caller(func, *(extras + args), **kw)
Sep 12 07:42:46.582086 dv-neutron-857010-1-hyperv devstack@keystone.service[81830]: ERROR keystone.server.flask.application
File "/usr/local/lib/python3.8/dist-packages/dogpile/cache/region.py", line 1577, in get_or_create_for_user_func
Sep 12 07:42:46.582086 dv-neutron-857010-1-hyperv devstack@keystone.service[81830]: ERROR keystone.server.flask.application return self.get_or_create(
Sep 12 07:42:46.582086 dv-neutron-857010-1-hyperv devstack@keystone.service[81830]: ERROR keystone.server.flask.application
File "/usr/local/lib/python3.8/dist-packages/dogpile/cache/region.py", line 1042, in get_or_create
Sep 12 07:42:46.582086 dv-neutron-857010-1-hyperv devstack@keystone.service[81830]: ERROR keystone.server.flask.application with Lock(
Sep 12 07:42:46.582086 dv-neutron-857010-1-hyperv devstack@keystone.service[81830]: ERROR keystone.server.flask.application
File "/usr/local/lib/python3.8/dist-packages/dogpile/lock.py", line 185, in __enter__
Sep 12 07:42:46.582086 dv-neutron-857010-1-hyperv devstack@keystone.service[81830]: ERROR keystone.server.flask.application return self._enter()
Sep 12 07:42:46.582086 dv-neutron-857010-1-hyperv devstack@keystone.service[81830]: ERROR keystone.server.flask.application
File "/usr/local/lib/python3.8/dist-packages/dogpile/lock.py", line 94, in _enter
Sep 12 07:42:46.582086 dv-neutron-857010-1-hyperv devstack@keystone.service[81830]: ERROR keystone.server.flask.application generated = self._enter_create(value, createdtime)
Sep 12 07:42:46.582860 dv-neutron-857010-1-hyperv devstack@keystone.service[81830]: ERROR keystone.server.flask.application
File "/usr/local/lib/python3.8/dist-packages/dogpile/lock.py", line 178, in _enter_create
Sep 12 07:42:46.582860 dv-neutron-857010-1-hyperv devstack@keystone.service[81830]: ERROR keystone.server.flask.application return self.creator()
Sep 12 07:42:46.582860 dv-neutron-857010-1-hyperv devstack@keystone.service[81830]: ERROR keystone.server.flask.application
File "/usr/local/lib/python3.8/dist-packages/dogpile/cache/region.py", line 995, in gen_value
Sep 12 07:42:46.582860 dv-neutron-857010-1-hyperv devstack@keystone.service[81830]: ERROR keystone.server.flask.application created_value = creator(
Sep 12 07:42:46.582860 dv-neutron-857010-1-hyperv devstack@keystone.service[81830]: ERROR keystone.server.flask.application
File "/opt/stack/keystone/keystone/assignment/core.py", line 1276, in get_role
Sep 12 07:42:46.582860 dv-neutron-857010-1-hyperv devstack@keystone.service[81830]: ERROR keystone.server.flask.application return self.driver.get_role(role_id)
Sep 12 07:42:46.582860 dv-neutron-857010-1-hyperv devstack@keystone.service[81830]: ERROR keystone.server.flask.application
File "/opt/stack/keystone/keystone/assignment/role_backends/sql.py", line 70, in get_role
Sep 12 07:42:46.582860 dv-neutron-857010-1-hyperv devstack@keystone.service[81830]: ERROR keystone.server.flask.application return self._get_role(session, role_id).to_dict()
Sep 12 07:42:46.582860 dv-neutron-857010-1-hyperv devstack@keystone.service[81830]: ERROR keystone.server.flask.application
File "/opt/stack/keystone/keystone/assignment/role_backends/sql.py", line 65, in _get_role
Sep 12 07:42:46.582860 dv-neutron-857010-1-hyperv devstack@keystone.service[81830]: ERROR keystone.server.flask.application raise exception.RoleNotFound(role_id=role_id)
Sep 12 07:42:46.582860 dv-neutron-857010-1-hyperv devstack@keystone.service[81830]: ERROR keystone.server.flask.application keystone.exception.RoleNotFound: Could not find role: member.
Sep 12 07:42:46.582860 dv-neutron-857010-1-hyperv devstack@keystone.service[81830]: ERROR keystone.server.flask.application
Sep 12 07:42:46.582860 dv-neutron-857010-1-hyperv devstack@keystone.service[81830]: [pid: 81830|app: 0|req: 71/140] 10.222.0.48 () {56 vars in 1099 bytes} [Mon Sep 12 07:42:46 2022] GET /identity/v3/roles/member => generated 84 bytes in 170 msecs (HTTP/1.1 404) 5 headers in 183 bytes (1 switches on core 0)
Sep 12 07:42:46.588399 dv-neutron-857010-1-hyperv devstack@keystone.service[81831]: DEBUG keystone.server.flask.request_processing.middleware.auth_context [None req-327eaf78-1204-4cae-95fe-9df7d56fb0bc None None] Authenticating user token {{(pid=81831) process_request /usr/local/lib/python3.8/dist-packages/keystonemiddleware/auth_token/__init__.py:407}}
Sep 12 07:42:46.711683 dv-neutron-857010-1-hyperv devstack@keystone.service[81831]: DEBUG keystone.server.flask.request_processing.middleware.auth_context [None req-327eaf78-1204-4cae-95fe-9df7d56fb0bc None None] Validating token access rules against request {{(pid=81831) validate_allowed_request /usr/local/lib/python3.8/dist-packages/keystonemiddleware/auth_token/__init__.py:545}}
Sep 12 07:42:46.762081 dv-neutron-857010-1-hyperv devstack@keystone.service[81831]: DEBUG keystone.server.flask.request_processing.middleware.auth_context [None req-088e8988-9a8c-4b8c-94c7-8ed47a0d8b29 None admin] RBAC: auth_context: {'token': , 'domain_id': None, 'trust_id': None, 'trustor_id': None, 'trustee_id': None, 'domain_name': None, 'group_ids': [], 'user_id': '53f38116d1154788ab57eacedf0de807', 'user_domain_id': 'default', 'system_scope': 'all', 'project_id': None, 'project_domain_id': None, 'roles': ['admin', 'member', 'reader'], 'is_admin_project': True, 'service_user_id': None, 'service_user_domain_id': None, 'service_project_id': None, 'service_project_domain_id': None, 'service_roles': []} {{(pid=81831) fill_context /opt/stack/keystone/keystone/server/flask/request_processing/middleware/auth_context.py:478}}
Sep 12 07:42:46.762717 dv-neutron-857010-1-hyperv devstack@keystone.service[81831]: DEBUG keystone.server.flask.request_processing.req_logging [None req-088e8988-9a8c-4b8c-94c7-8ed47a0d8b29 None admin] REQUEST_METHOD: `GET` {{(pid=81831) log_request_info /opt/stack/keystone/keystone/server/flask/request_processing/req_logging.py:27}}
Sep 12 07:42:46.763004 dv-neutron-857010-1-hyperv devstack@keystone.service[81831]: DEBUG keystone.server.flask.request_processing.req_logging [None req-088e8988-9a8c-4b8c-94c7-8ed47a0d8b29 None admin] SCRIPT_NAME: `/identity` {{(pid=81831) log_request_info /opt/stack/keystone/keystone/server/flask/request_processing/req_logging.py:28}}
Sep 12 07:42:46.763284 dv-neutron-857010-1-hyperv devstack@keystone.service[81831]: DEBUG keystone.server.flask.request_processing.req_logging [None req-088e8988-9a8c-4b8c-94c7-8ed47a0d8b29 None admin] PATH_INFO: `/v3/roles` {{(pid=81831) log_request_info /opt/stack/keystone/keystone/server/flask/request_processing/req_logging.py:29}}
Sep 12 07:42:46.763997 dv-neutron-857010-1-hyperv devstack@keystone.service[81831]: DEBUG keystone.common.rbac_enforcer.enforcer [None req-088e8988-9a8c-4b8c-94c7-8ed47a0d8b29 None admin] RBAC: Adding query filter params (name=member) {{(pid=81831) _extract_filter_values /opt/stack/keystone/keystone/common/rbac_enforcer/enforcer.py:167}}
Sep 12 07:42:46.764308 dv-neutron-857010-1-hyperv devstack@keystone.service[81831]: DEBUG keystone.common.rbac_enforcer.enforcer [None req-088e8988-9a8c-4b8c-94c7-8ed47a0d8b29 None admin] RBAC: Authorizing `identity:list_roles()` {{(pid=81831) enforce_call /opt/stack/keystone/keystone/common/rbac_enforcer/enforcer.py:449}}
Sep 12 07:42:46.765826 dv-neutron-857010-1-hyperv devstack@keystone.service[81831]: DEBUG keystone.common.rbac_enforcer.enforcer [None req-088e8988-9a8c-4b8c-94c7-8ed47a0d8b29 None admin] RBAC: Authorization granted {{(pid=81831) enforce_call /opt/stack/keystone/keystone/common/rbac_enforcer/enforcer.py:457}}
Sep 12 07:42:46.774798 dv-neutron-857010-1-hyperv devstack@keystone.service[81831]: [pid: 81831|app: 0|req: 70/141] 10.222.0.48 () {56 vars in 1101 bytes} [Mon Sep 12 07:42:46 2022] GET /identity/v3/roles?name=member => generated 341 bytes in 187 msecs (HTTP/1.1 200) 5 headers in 177 bytes (1 switches on core 0)
Sep 12 07:42:46.780411 dv-neutron-857010-1-hyperv devstack@keystone.service[81830]: DEBUG keystone.server.flask.request_processing.middleware.auth_context [None req-0897cdc4-210b-41da-b473-a82702c92642 None admin] Authenticating user token {{(pid=81830) process_request /usr/local/lib/python3.8/dist-packages/keystonemiddleware/auth_token/__init__.py:407}}
Sep 12 07:42:46.816440 dv-neutron-857010-1-hyperv devstack@keystone.service[81830]: DEBUG dbcounter [-] [81830] Writing DB stats keystone:SELECT=99,keystone:INSERT=1 {{(pid=81830) stat_writer /usr/local/lib/python3.8/dist-packages/dbcounter.py:114}}
Sep 12 07:42:46.934871 dv-neutron-857010-1-hyperv devstack@keystone.service[81830]: DEBUG keystone.server.flask.request_processing.middleware.auth_context [None req-0897cdc4-210b-41da-b473-a82702c92642 None admin] Validating token access rules against request {{(pid=81830) validate_allowed_request /usr/local/lib/python3.8/dist-packages/keystonemiddleware/auth_token/__init__.py:545}}
Sep 12 07:42:46.986943 dv-neutron-857010-1-hyperv devstack@keystone.service[81830]: DEBUG keystone.server.flask.request_processing.middleware.auth_context [None req-af9a7125-c707-4af0-8ff9-77418a9e1bb6 None admin] RBAC: auth_context: {'token': , 'domain_id': None, 'trust_id': None, 'trustor_id': None, 'trustee_id': None, 'domain_name': None, 'group_ids': [], 'user_id': '53f38116d1154788ab57eacedf0de807', 'user_domain_id': 'default', 'system_scope': 'all', 'project_id': None, 'project_domain_id': None, 'roles': ['admin', 'member', 'reader'], 'is_admin_project': True, 'service_user_id': None, 'service_user_domain_id': None, 'service_project_id': None, 'service_project_domain_id': None, 'service_roles': []} {{(pid=81830) fill_context /opt/stack/keystone/keystone/server/flask/request_processing/middleware/auth_context.py:478}}
Sep 12 07:42:46.987684 dv-neutron-857010-1-hyperv devstack@keystone.service[81830]: DEBUG keystone.server.flask.request_processing.req_logging [None req-af9a7125-c707-4af0-8ff9-77418a9e1bb6 None admin] REQUEST_METHOD: `GET` {{(pid=81830) log_request_info /opt/stack/keystone/keystone/server/flask/request_processing/req_logging.py:27}}
Sep 12 07:42:46.987987 dv-neutron-857010-1-hyperv devstack@keystone.service[81830]: DEBUG keystone.server.flask.request_processing.req_logging [None req-af9a7125-c707-4af0-8ff9-77418a9e1bb6 None admin] SCRIPT_NAME: `/identity` {{(pid=81830) log_request_info /opt/stack/keystone/keystone/server/flask/request_processing/req_logging.py:28}}
Sep 12 07:42:46.988346 dv-neutron-857010-1-hyperv devstack@keystone.service[81830]: DEBUG keystone.server.flask.request_processing.req_logging [None req-af9a7125-c707-4af0-8ff9-77418a9e1bb6 None admin] PATH_INFO: `/v3/users/42bb4a7febca4954a615751db41bef7c` {{(pid=81830) log_request_info /opt/stack/keystone/keystone/server/flask/request_processing/req_logging.py:29}}
Sep 12 07:42:46.989544 dv-neutron-857010-1-hyperv devstack@keystone.service[81830]: DEBUG keystone.common.rbac_enforcer.enforcer [None req-af9a7125-c707-4af0-8ff9-77418a9e1bb6 None admin] RBAC: Authorizing `identity:get_user(user_id=42bb4a7febca4954a615751db41bef7c)` {{(pid=81830) enforce_call /opt/stack/keystone/keystone/common/rbac_enforcer/enforcer.py:449}}
Sep 12 07:42:46.991017 dv-neutron-857010-1-hyperv devstack@keystone.service[81830]: DEBUG keystone.common.rbac_enforcer.enforcer [None req-af9a7125-c707-4af0-8ff9-77418a9e1bb6 None admin] RBAC: Authorization granted {{(pid=81830) enforce_call /opt/stack/keystone/keystone/common/rbac_enforcer/enforcer.py:457}}
Sep 12 07:42:46.992986 dv-neutron-857010-1-hyperv devstack@keystone.service[81830]: [pid: 81830|app: 0|req: 72/142] 10.222.0.48 () {56 vars in 1177 bytes} [Mon Sep 12 07:42:46 2022] GET /identity/v3/users/42bb4a7febca4954a615751db41bef7c => generated 275 bytes in 213 msecs (HTTP/1.1 200) 5 headers in 177 bytes (1 switches on core 0)
Sep 12 07:42:47.001044 dv-neutron-857010-1-hyperv devstack@keystone.service[81831]: DEBUG keystone.server.flask.request_processing.middleware.auth_context [None req-088e8988-9a8c-4b8c-94c7-8ed47a0d8b29 None admin] Authenticating user token {{(pid=81831) process_request /usr/local/lib/python3.8/dist-packages/keystonemiddleware/auth_token/__init__.py:407}}
Sep 12 07:42:47.003791 dv-neutron-857010-1-hyperv devstack@keystone.service[81830]: DEBUG keystone.server.flask.request_processing.req_logging [None req-5a6fb9d0-ac87-480f-9dbb-84042b56ad63 None None] REQUEST_METHOD: `GET` {{(pid=81830) log_request_info /opt/stack/keystone/keystone/server/flask/request_processing/req_logging.py:27}}
Sep 12 07:42:47.004106 dv-neutron-857010-1-hyperv devstack@keystone.service[81830]: DEBUG keystone.server.flask.request_processing.req_logging [None req-5a6fb9d0-ac87-480f-9dbb-84042b56ad63 None None] SCRIPT_NAME: `/identity` {{(pid=81830) log_request_info /opt/stack/keystone/keystone/server/flask/request_processing/req_logging.py:28}}
Sep 12 07:42:47.004385 dv-neutron-857010-1-hyperv devstack@keystone.service[81830]: DEBUG keystone.server.flask.request_processing.req_logging [None req-5a6fb9d0-ac87-480f-9dbb-84042b56ad63 None None] PATH_INFO: `/` {{(pid=81830) log_request_info /opt/stack/keystone/keystone/server/flask/request_processing/req_logging.py:29}}
Sep 12 07:42:47.005854 dv-neutron-857010-1-hyperv devstack@keystone.service[81830]: [pid: 81830|app: 0|req: 73/143] 10.222.0.48 () {54 vars in 927 bytes} [Mon Sep 12 07:42:47 2022] GET /identity => generated 270 bytes in 3 msecs (HTTP/1.1 300) 6 headers in 234 bytes (2 switches on core 0)
Sep 12 07:42:47.011118 dv-neutron-857010-1-hyperv devstack@keystone.service[81830]: DEBUG keystone.server.flask.request_processing.req_logging [None req-0f7761d0-3f26-4409-a558-f681ebc7bbb4 None None] REQUEST_METHOD: `POST` {{(pid=81830) log_request_info /opt/stack/keystone/keystone/server/flask/request_processing/req_logging.py:27}}
Sep 12 07:42:47.011405 dv-neutron-857010-1-hyperv devstack@keystone.service[81830]: DEBUG keystone.server.flask.request_processing.req_logging [None req-0f7761d0-3f26-4409-a558-f681ebc7bbb4 None None] SCRIPT_NAME: `/identity` {{(pid=81830) log_request_info /opt/stack/keystone/keystone/server/flask/request_processing/req_logging.py:28}}
Sep 12 07:42:47.011682 dv-neutron-857010-1-hyperv devstack@keystone.service[81830]: DEBUG keystone.server.flask.request_processing.req_logging [None req-0f7761d0-3f26-4409-a558-f681ebc7bbb4 None None] PATH_INFO: `/v3/auth/tokens` {{(pid=81830) log_request_info /opt/stack/keystone/keystone/server/flask/request_processing/req_logging.py:29}}
Sep 12 07:42:47.031277 dv-neutron-857010-1-hyperv devstack@keystone.service[81830]: DEBUG keystone.auth.core [None req-0f7761d0-3f26-4409-a558-f681ebc7bbb4 None None] MFA Rules not processed for user `53f38116d1154788ab57eacedf0de807`. Rule list: `[]` (Enabled: `True`). {{(pid=81830) check_auth_methods_against_rules /opt/stack/keystone/keystone/auth/core.py:438}}
Sep 12 07:42:47.032536 dv-neutron-857010-1-hyperv devstack@keystone.service[81830]: DEBUG keystone.common.fernet_utils [None req-0f7761d0-3f26-4409-a558-f681ebc7bbb4 None None] Loaded 2 Fernet keys from /etc/keystone/fernet-keys/, but `[fernet_tokens] max_active_keys = 3`; perhaps there have not been enough key rotations to reach `max_active_keys` yet? {{(pid=81830) load_keys /opt/stack/keystone/keystone/common/fernet_utils.py:286}}
Sep 12 07:42:47.093172 dv-neutron-857010-1-hyperv devstack@keystone.service[81831]: DEBUG dbcounter [-] [81831] Writing DB stats keystone:SELECT=100 {{(pid=81831) stat_writer /usr/local/lib/python3.8/dist-packages/dbcounter.py:114}}
Sep 12 07:42:47.104241 dv-neutron-857010-1-hyperv devstack@keystone.service[81830]: [pid: 81830|app: 0|req: 74/144] 10.222.0.48 () {58 vars in 1024 bytes} [Mon Sep 12 07:42:47 2022] POST /identity/v3/auth/tokens => generated 799 bytes in 94 msecs (HTTP/1.1 201) 6 headers in 363 bytes (2 switches on core 0)
Sep 12 07:42:47.174768 dv-neutron-857010-1-hyperv devstack@keystone.service[81831]: DEBUG keystone.server.flask.request_processing.middleware.auth_context [None req-088e8988-9a8c-4b8c-94c7-8ed47a0d8b29 None admin] Validating token access rules against request {{(pid=81831) validate_allowed_request /usr/local/lib/python3.8/dist-packages/keystonemiddleware/auth_token/__init__.py:545}}
Sep 12 07:42:47.220487 dv-neutron-857010-1-hyperv devstack@keystone.service[81831]: DEBUG keystone.server.flask.request_processing.middleware.auth_context [None req-b9e79093-8892-48c3-9b40-70dcff75c1fc None admin] RBAC: auth_context: {'token': , 'domain_id': None, 'trust_id': None, 'trustor_id': None, 'trustee_id': None, 'domain_name': None, 'group_ids': [], 'user_id': '53f38116d1154788ab57eacedf0de807', 'user_domain_id': 'default', 'system_scope': 'all', 'project_id': None, 'project_domain_id': None, 'roles': ['admin', 'member', 'reader'], 'is_admin_project': True, 'service_user_id': None, 'service_user_domain_id': None, 'service_project_id': None, 'service_project_domain_id': None, 'service_roles': []} {{(pid=81831) fill_context /opt/stack/keystone/keystone/server/flask/request_processing/middleware/auth_context.py:478}}
Sep 12 07:42:47.222495 dv-neutron-857010-1-hyperv devstack@keystone.service[81831]: DEBUG keystone.server.flask.request_processing.req_logging [None req-b9e79093-8892-48c3-9b40-70dcff75c1fc None admin] REQUEST_METHOD: `GET` {{(pid=81831) log_request_info /opt/stack/keystone/keystone/server/flask/request_processing/req_logging.py:27}}
Sep 12 07:42:47.222495 dv-neutron-857010-1-hyperv devstack@keystone.service[81831]: DEBUG keystone.server.flask.request_processing.req_logging [None req-b9e79093-8892-48c3-9b40-70dcff75c1fc None admin] SCRIPT_NAME: `/identity` {{(pid=81831) log_request_info /opt/stack/keystone/keystone/server/flask/request_processing/req_logging.py:28}}
Sep 12 07:42:47.222495 dv-neutron-857010-1-hyperv devstack@keystone.service[81831]: DEBUG keystone.server.flask.request_processing.req_logging [None req-b9e79093-8892-48c3-9b40-70dcff75c1fc None admin] PATH_INFO: `/v3/auth/tokens` {{(pid=81831) log_request_info /opt/stack/keystone/keystone/server/flask/request_processing/req_logging.py:29}}
Sep 12 07:42:47.295531 dv-neutron-857010-1-hyperv devstack@keystone.service[81831]: DEBUG keystone.common.rbac_enforcer.enforcer [None req-b9e79093-8892-48c3-9b40-70dcff75c1fc None admin] RBAC: Authorizing `identity:validate_token()` {{(pid=81831) enforce_call /opt/stack/keystone/keystone/common/rbac_enforcer/enforcer.py:449}}
Sep 12 07:42:47.297115 dv-neutron-857010-1-hyperv devstack@keystone.service[81831]: DEBUG keystone.common.rbac_enforcer.enforcer [None req-b9e79093-8892-48c3-9b40-70dcff75c1fc None admin] RBAC: Authorization granted {{(pid=81831) enforce_call /opt/stack/keystone/keystone/common/rbac_enforcer/enforcer.py:457}}
Sep 12 07:42:47.375257 dv-neutron-857010-1-hyperv devstack@keystone.service[81831]: DEBUG dbcounter [-] [81831] Writing DB stats keystone:SELECT=100 {{(pid=81831) stat_writer /usr/local/lib/python3.8/dist-packages/dbcounter.py:114}}
Sep 12 07:42:47.433503 dv-neutron-857010-1-hyperv devstack@keystone.service[81831]: [pid: 81831|app: 0|req: 71/145] 10.222.0.48 () {58 vars in 1282 bytes} [Mon Sep 12 07:42:46 2022] GET /identity/v3/auth/tokens => generated 799 bytes in 433 msecs (HTTP/1.1 200) 6 headers in 358 bytes (1 switches on core 0)
Sep 12 07:42:47.440185 dv-neutron-857010-1-hyperv devstack@keystone.service[81830]: DEBUG keystone.server.flask.request_processing.middleware.auth_context [None req-0f7761d0-3f26-4409-a558-f681ebc7bbb4 None None] Authenticating user token {{(pid=81830) process_request /usr/local/lib/python3.8/dist-packages/keystonemiddleware/auth_token/__init__.py:407}}
Sep 12 07:42:47.462250 dv-neutron-857010-1-hyperv devstack@keystone.service[81831]: DEBUG keystone.server.flask.request_processing.middleware.auth_context [None req-b9e79093-8892-48c3-9b40-70dcff75c1fc None admin] Authenticating user token {{(pid=81831) process_request /usr/local/lib/python3.8/dist-packages/keystonemiddleware/auth_token/__init__.py:407}}
Sep 12 07:42:47.478247 dv-neutron-857010-1-hyperv devstack@keystone.service[81830]: DEBUG dbcounter [-] [81830] Writing DB stats keystone:SELECT=100 {{(pid=81830) stat_writer /usr/local/lib/python3.8/dist-packages/dbcounter.py:114}}
Sep 12 07:42:47.562298 dv-neutron-857010-1-hyperv devstack@keystone.service[81831]: DEBUG keystone.server.flask.request_processing.middleware.auth_context [None req-b9e79093-8892-48c3-9b40-70dcff75c1fc None admin] Validating token access rules against request {{(pid=81831) validate_allowed_request /usr/local/lib/python3.8/dist-packages/keystonemiddleware/auth_token/__init__.py:545}}
Sep 12 07:42:47.613763 dv-neutron-857010-1-hyperv devstack@keystone.service[81831]: DEBUG keystone.server.flask.request_processing.middleware.auth_context [None req-e442b5c4-706a-4b58-ab58-1692439357ae None admin] RBAC: auth_context: {'token': , 'domain_id': None, 'trust_id': None, 'trustor_id': None, 'trustee_id': None, 'domain_name': None, 'group_ids': [], 'user_id': '53f38116d1154788ab57eacedf0de807', 'user_domain_id': 'default', 'system_scope': 'all', 'project_id': None, 'project_domain_id': None, 'roles': ['admin', 'member', 'reader'], 'is_admin_project': True, 'service_user_id': None, 'service_user_domain_id': None, 'service_project_id': None, 'service_project_domain_id': None, 'service_roles': []} {{(pid=81831) fill_context /opt/stack/keystone/keystone/server/flask/request_processing/middleware/auth_context.py:478}}
Sep 12 07:42:47.614447 dv-neutron-857010-1-hyperv devstack@keystone.service[81831]: DEBUG keystone.server.flask.request_processing.req_logging [None req-e442b5c4-706a-4b58-ab58-1692439357ae None admin] REQUEST_METHOD: `GET` {{(pid=81831) log_request_info /opt/stack/keystone/keystone/server/flask/request_processing/req_logging.py:27}}
Sep 12 07:42:47.614733 dv-neutron-857010-1-hyperv devstack@keystone.service[81831]: DEBUG keystone.server.flask.request_processing.req_logging [None req-e442b5c4-706a-4b58-ab58-1692439357ae None admin] SCRIPT_NAME: `/identity` {{(pid=81831) log_request_info /opt/stack/keystone/keystone/server/flask/request_processing/req_logging.py:28}}
Sep 12 07:42:47.615010 dv-neutron-857010-1-hyperv devstack@keystone.service[81831]: DEBUG keystone.server.flask.request_processing.req_logging [None req-e442b5c4-706a-4b58-ab58-1692439357ae None admin] PATH_INFO: `/v3/domains/default` {{(pid=81831) log_request_info /opt/stack/keystone/keystone/server/flask/request_processing/req_logging.py:29}}
Sep 12 07:42:47.620670 dv-neutron-857010-1-hyperv devstack@keystone.service[81831]: DEBUG keystone.common.rbac_enforcer.enforcer [None req-e442b5c4-706a-4b58-ab58-1692439357ae None admin] RBAC: Authorizing `identity:get_domain(domain_id=default)` {{(pid=81831) enforce_call /opt/stack/keystone/keystone/common/rbac_enforcer/enforcer.py:449}}
Sep 12 07:42:47.622219 dv-neutron-857010-1-hyperv devstack@keystone.service[81831]: DEBUG keystone.common.rbac_enforcer.enforcer [None req-e442b5c4-706a-4b58-ab58-1692439357ae None admin] RBAC: Authorization granted {{(pid=81831) enforce_call /opt/stack/keystone/keystone/common/rbac_enforcer/enforcer.py:457}}
Sep 12 07:42:47.623608 dv-neutron-857010-1-hyperv devstack@keystone.service[81830]: DEBUG keystone.server.flask.request_processing.middleware.auth_context [None req-0f7761d0-3f26-4409-a558-f681ebc7bbb4 None None] Validating token access rules against request {{(pid=81830) validate_allowed_request /usr/local/lib/python3.8/dist-packages/keystonemiddleware/auth_token/__init__.py:545}}
Sep 12 07:42:47.623961 dv-neutron-857010-1-hyperv devstack@keystone.service[81831]: [pid: 81831|app: 0|req: 72/146] 10.222.0.48 () {56 vars in 1108 bytes} [Mon Sep 12 07:42:47 2022] GET /identity/v3/domains/default => generated 199 bytes in 165 msecs (HTTP/1.1 200) 5 headers in 177 bytes (2 switches on core 0)
Sep 12 07:42:47.629823 dv-neutron-857010-1-hyperv devstack@keystone.service[81831]: DEBUG keystone.server.flask.request_processing.middleware.auth_context [None req-e442b5c4-706a-4b58-ab58-1692439357ae None admin] Authenticating user token {{(pid=81831) process_request /usr/local/lib/python3.8/dist-packages/keystonemiddleware/auth_token/__init__.py:407}}
Sep 12 07:42:47.660348 dv-neutron-857010-1-hyperv devstack@keystone.service[81831]: DEBUG dbcounter [-] [81831] Writing DB stats keystone:SELECT=100 {{(pid=81831) stat_writer /usr/local/lib/python3.8/dist-packages/dbcounter.py:114}}
Sep 12 07:42:47.693195 dv-neutron-857010-1-hyperv devstack@keystone.service[81830]: DEBUG keystone.server.flask.request_processing.middleware.auth_context [None req-e18093d8-aa85-4901-b413-4da42f83be78 None admin] RBAC: auth_context: {'token': , 'domain_id': None, 'trust_id': None, 'trustor_id': None, 'trustee_id': None, 'domain_name': None, 'group_ids': [], 'user_id': '53f38116d1154788ab57eacedf0de807', 'user_domain_id': 'default', 'system_scope': 'all', 'project_id': None, 'project_domain_id': None, 'roles': ['admin', 'member', 'reader'], 'is_admin_project': True, 'service_user_id': None, 'service_user_domain_id': None, 'service_project_id': None, 'service_project_domain_id': None, 'service_roles': []} {{(pid=81830) fill_context /opt/stack/keystone/keystone/server/flask/request_processing/middleware/auth_context.py:478}}
Sep 12 07:42:47.694238 dv-neutron-857010-1-hyperv devstack@keystone.service[81830]: DEBUG keystone.server.flask.request_processing.req_logging [None req-e18093d8-aa85-4901-b413-4da42f83be78 None admin] REQUEST_METHOD: `GET` {{(pid=81830) log_request_info /opt/stack/keystone/keystone/server/flask/request_processing/req_logging.py:27}}
Sep 12 07:42:47.694725 dv-neutron-857010-1-hyperv devstack@keystone.service[81830]: DEBUG keystone.server.flask.request_processing.req_logging [None req-e18093d8-aa85-4901-b413-4da42f83be78 None admin] SCRIPT_NAME: `/identity` {{(pid=81830) log_request_info /opt/stack/keystone/keystone/server/flask/request_processing/req_logging.py:28}}
Sep 12 07:42:47.695187 dv-neutron-857010-1-hyperv devstack@keystone.service[81830]: DEBUG keystone.server.flask.request_processing.req_logging [None req-e18093d8-aa85-4901-b413-4da42f83be78 None admin] PATH_INFO: `/v3/projects/9912f41be9d1475d8b7b51e167330ff4` {{(pid=81830) log_request_info /opt/stack/keystone/keystone/server/flask/request_processing/req_logging.py:29}}
Sep 12 07:42:47.700133 dv-neutron-857010-1-hyperv devstack@keystone.service[81830]: DEBUG keystone.common.rbac_enforcer.enforcer [None req-e18093d8-aa85-4901-b413-4da42f83be78 None admin] RBAC: Authorizing `identity:get_project(project_id=9912f41be9d1475d8b7b51e167330ff4)` {{(pid=81830) enforce_call /opt/stack/keystone/keystone/common/rbac_enforcer/enforcer.py:449}}
Sep 12 07:42:47.702026 dv-neutron-857010-1-hyperv devstack@keystone.service[81830]: DEBUG keystone.common.rbac_enforcer.enforcer [None req-e18093d8-aa85-4901-b413-4da42f83be78 None admin] RBAC: Authorization granted {{(pid=81830) enforce_call /opt/stack/keystone/keystone/common/rbac_enforcer/enforcer.py:457}}
Sep 12 07:42:47.704474 dv-neutron-857010-1-hyperv devstack@keystone.service[81830]: [pid: 81830|app: 0|req: 75/147] 10.222.0.48 () {56 vars in 1186 bytes} [Mon Sep 12 07:42:47 2022] GET /identity/v3/projects/9912f41be9d1475d8b7b51e167330ff4 => generated 298 bytes in 265 msecs (HTTP/1.1 200) 5 headers in 177 bytes (1 switches on core 0)
Sep 12 07:42:47.710973 dv-neutron-857010-1-hyperv devstack@keystone.service[81830]: DEBUG keystone.server.flask.request_processing.middleware.auth_context [None req-e18093d8-aa85-4901-b413-4da42f83be78 None admin] Authenticating user token {{(pid=81830) process_request /usr/local/lib/python3.8/dist-packages/keystonemiddleware/auth_token/__init__.py:407}}
Sep 12 07:42:47.814046 dv-neutron-857010-1-hyperv devstack@keystone.service[81831]: DEBUG keystone.server.flask.request_processing.middleware.auth_context [None req-e442b5c4-706a-4b58-ab58-1692439357ae None admin] Validating token access rules against request {{(pid=81831) validate_allowed_request /usr/local/lib/python3.8/dist-packages/keystonemiddleware/auth_token/__init__.py:545}}
Sep 12 07:42:47.864246 dv-neutron-857010-1-hyperv devstack@keystone.service[81830]: DEBUG dbcounter [-] [81830] Writing DB stats keystone:SELECT=100 {{(pid=81830) stat_writer /usr/local/lib/python3.8/dist-packages/dbcounter.py:114}}
Sep 12 07:42:47.873045 dv-neutron-857010-1-hyperv devstack@keystone.service[81830]: DEBUG keystone.server.flask.request_processing.middleware.auth_context [None req-e18093d8-aa85-4901-b413-4da42f83be78 None admin] Validating token access rules against request {{(pid=81830) validate_allowed_request /usr/local/lib/python3.8/dist-packages/keystonemiddleware/auth_token/__init__.py:545}}
Sep 12 07:42:47.885922 dv-neutron-857010-1-hyperv devstack@keystone.service[81831]: DEBUG keystone.server.flask.request_processing.middleware.auth_context [None req-853e4ae2-d39b-43af-9c3d-1e7652e6bf75 None admin] RBAC: auth_context: {'token': , 'domain_id': None, 'trust_id': None, 'trustor_id': None, 'trustee_id': None, 'domain_name': None, 'group_ids': [], 'user_id': '53f38116d1154788ab57eacedf0de807', 'user_domain_id': 'default', 'system_scope': 'all', 'project_id': None, 'project_domain_id': None, 'roles': ['admin', 'member', 'reader'], 'is_admin_project': True, 'service_user_id': None, 'service_user_domain_id': None, 'service_project_id': None, 'service_project_domain_id': None, 'service_roles': []} {{(pid=81831) fill_context /opt/stack/keystone/keystone/server/flask/request_processing/middleware/auth_context.py:478}}
Sep 12 07:42:47.886562 dv-neutron-857010-1-hyperv devstack@keystone.service[81831]: DEBUG keystone.server.flask.request_processing.req_logging [None req-853e4ae2-d39b-43af-9c3d-1e7652e6bf75 None admin] REQUEST_METHOD: `POST` {{(pid=81831) log_request_info /opt/stack/keystone/keystone/server/flask/request_processing/req_logging.py:27}}
Sep 12 07:42:47.886846 dv-neutron-857010-1-hyperv devstack@keystone.service[81831]: DEBUG keystone.server.flask.request_processing.req_logging [None req-853e4ae2-d39b-43af-9c3d-1e7652e6bf75 None admin] SCRIPT_NAME: `/identity` {{(pid=81831) log_request_info /opt/stack/keystone/keystone/server/flask/request_processing/req_logging.py:28}}
Sep 12 07:42:47.887116 dv-neutron-857010-1-hyperv devstack@keystone.service[81831]: DEBUG keystone.server.flask.request_processing.req_logging [None req-853e4ae2-d39b-43af-9c3d-1e7652e6bf75 None admin] PATH_INFO: `/v3/users` {{(pid=81831) log_request_info /opt/stack/keystone/keystone/server/flask/request_processing/req_logging.py:29}}
Sep 12 07:42:47.887789 dv-neutron-857010-1-hyperv devstack@keystone.service[81831]: DEBUG keystone.common.rbac_enforcer.enforcer [None req-853e4ae2-d39b-43af-9c3d-1e7652e6bf75 None admin] RBAC: Authorizing `identity:create_user()` {{(pid=81831) enforce_call /opt/stack/keystone/keystone/common/rbac_enforcer/enforcer.py:449}}
Sep 12 07:42:47.889481 dv-neutron-857010-1-hyperv devstack@keystone.service[81831]: DEBUG keystone.common.rbac_enforcer.enforcer [None req-853e4ae2-d39b-43af-9c3d-1e7652e6bf75 None admin] RBAC: Authorization granted {{(pid=81831) enforce_call /opt/stack/keystone/keystone/common/rbac_enforcer/enforcer.py:457}}
Sep 12 07:42:47.911851 dv-neutron-857010-1-hyperv devstack@keystone.service[81830]: DEBUG keystone.server.flask.request_processing.middleware.auth_context [None req-9e0fc548-52e7-4a11-bbf1-a1b6b6efdb7a None admin] RBAC: auth_context: {'token': , 'domain_id': None, 'trust_id': None, 'trustor_id': None, 'trustee_id': None, 'domain_name': None, 'group_ids': [], 'user_id': '53f38116d1154788ab57eacedf0de807', 'user_domain_id': 'default', 'system_scope': 'all', 'project_id': None, 'project_domain_id': None, 'roles': ['admin', 'member', 'reader'], 'is_admin_project': True, 'service_user_id': None, 'service_user_domain_id': None, 'service_project_id': None, 'service_project_domain_id': None, 'service_roles': []} {{(pid=81830) fill_context /opt/stack/keystone/keystone/server/flask/request_processing/middleware/auth_context.py:478}}
Sep 12 07:42:47.912497 dv-neutron-857010-1-hyperv devstack@keystone.service[81830]: DEBUG keystone.server.flask.request_processing.req_logging [None req-9e0fc548-52e7-4a11-bbf1-a1b6b6efdb7a None admin] REQUEST_METHOD: `GET` {{(pid=81830) log_request_info /opt/stack/keystone/keystone/server/flask/request_processing/req_logging.py:27}}
Sep 12 07:42:47.913073 dv-neutron-857010-1-hyperv devstack@keystone.service[81830]: DEBUG keystone.server.flask.request_processing.req_logging [None req-9e0fc548-52e7-4a11-bbf1-a1b6b6efdb7a None admin] SCRIPT_NAME: `/identity` {{(pid=81830) log_request_info /opt/stack/keystone/keystone/server/flask/request_processing/req_logging.py:28}}
Sep 12 07:42:47.913361 dv-neutron-857010-1-hyperv devstack@keystone.service[81830]: DEBUG keystone.server.flask.request_processing.req_logging [None req-9e0fc548-52e7-4a11-bbf1-a1b6b6efdb7a None admin] PATH_INFO: `/v3/role_assignments` {{(pid=81830) log_request_info /opt/stack/keystone/keystone/server/flask/request_processing/req_logging.py:29}}
Sep 12 07:42:47.914095 dv-neutron-857010-1-hyperv devstack@keystone.service[81830]: DEBUG keystone.common.rbac_enforcer.enforcer [None req-9e0fc548-52e7-4a11-bbf1-a1b6b6efdb7a None admin] RBAC: Adding query filter params (role.id=f27979bb60d94d70a10ddfd31d5163ad, scope.project.id=9912f41be9d1475d8b7b51e167330ff4, user.id=42bb4a7febca4954a615751db41bef7c) {{(pid=81830) _extract_filter_values /opt/stack/keystone/keystone/common/rbac_enforcer/enforcer.py:167}}
Sep 12 07:42:47.914403 dv-neutron-857010-1-hyperv devstack@keystone.service[81830]: DEBUG keystone.common.rbac_enforcer.enforcer [None req-9e0fc548-52e7-4a11-bbf1-a1b6b6efdb7a None admin] RBAC: Authorizing `identity:list_role_assignments()` {{(pid=81830) enforce_call /opt/stack/keystone/keystone/common/rbac_enforcer/enforcer.py:449}}
Sep 12 07:42:47.915976 dv-neutron-857010-1-hyperv devstack@keystone.service[81830]: DEBUG keystone.common.rbac_enforcer.enforcer [None req-9e0fc548-52e7-4a11-bbf1-a1b6b6efdb7a None admin] RBAC: Authorization granted {{(pid=81830) enforce_call /opt/stack/keystone/keystone/common/rbac_enforcer/enforcer.py:457}}
Sep 12 07:42:47.922720 dv-neutron-857010-1-hyperv devstack@keystone.service[81830]: [pid: 81830|app: 0|req: 76/148] 10.222.0.48 () {56 vars in 1374 bytes} [Mon Sep 12 07:42:47 2022] GET /identity/v3/role_assignments?user.id=42bb4a7febca4954a615751db41bef7c&scope.project.id=9912f41be9d1475d8b7b51e167330ff4&role.id=f27979bb60d94d70a10ddfd31d5163ad => generated 608 bytes in 212 msecs (HTTP/1.1 200) 5 headers in 177 bytes (1 switches on core 0)
Sep 12 07:42:47.923244 dv-neutron-857010-1-hyperv devstack@keystone.service[81831]: [pid: 81831|app: 0|req: 73/149] 10.222.0.48 () {60 vars in 1132 bytes} [Mon Sep 12 07:42:47 2022] POST /identity/v3/users => generated 283 bytes in 294 msecs (HTTP/1.1 201) 5 headers in 182 bytes (2 switches on core 0)
Sep 12 07:42:47.924693 dv-neutron-857010-1-hyperv devstack@keystone.service[81831]: DEBUG keystone.server.flask.request_processing.req_logging [None req-d0d628e8-3219-4b0e-b193-949fdff27423 None None] REQUEST_METHOD: `GET` {{(pid=81831) log_request_info /opt/stack/keystone/keystone/server/flask/request_processing/req_logging.py:27}}
Sep 12 07:42:47.924992 dv-neutron-857010-1-hyperv devstack@keystone.service[81831]: DEBUG keystone.server.flask.request_processing.req_logging [None req-d0d628e8-3219-4b0e-b193-949fdff27423 None None] SCRIPT_NAME: `/identity` {{(pid=81831) log_request_info /opt/stack/keystone/keystone/server/flask/request_processing/req_logging.py:28}}
Sep 12 07:42:47.925269 dv-neutron-857010-1-hyperv devstack@keystone.service[81831]: DEBUG keystone.server.flask.request_processing.req_logging [None req-d0d628e8-3219-4b0e-b193-949fdff27423 None None] PATH_INFO: `/` {{(pid=81831) log_request_info /opt/stack/keystone/keystone/server/flask/request_processing/req_logging.py:29}}
Sep 12 07:42:47.926623 dv-neutron-857010-1-hyperv devstack@keystone.service[81831]: [pid: 81831|app: 0|req: 74/150] 10.222.0.48 () {54 vars in 927 bytes} [Mon Sep 12 07:42:47 2022] GET /identity => generated 270 bytes in 3 msecs (HTTP/1.1 300) 6 headers in 234 bytes (1 switches on core 0)
Sep 12 07:42:47.928928 dv-neutron-857010-1-hyperv devstack@keystone.service[81830]: DEBUG keystone.server.flask.request_processing.req_logging [None req-602191b0-d635-4242-9ffd-94285a3b7ae6 None None] REQUEST_METHOD: `GET` {{(pid=81830) log_request_info /opt/stack/keystone/keystone/server/flask/request_processing/req_logging.py:27}}
Sep 12 07:42:47.929249 dv-neutron-857010-1-hyperv devstack@keystone.service[81830]: DEBUG keystone.server.flask.request_processing.req_logging [None req-602191b0-d635-4242-9ffd-94285a3b7ae6 None None] SCRIPT_NAME: `/identity` {{(pid=81830) log_request_info /opt/stack/keystone/keystone/server/flask/request_processing/req_logging.py:28}}
Sep 12 07:42:47.929556 dv-neutron-857010-1-hyperv devstack@keystone.service[81830]: DEBUG keystone.server.flask.request_processing.req_logging [None req-602191b0-d635-4242-9ffd-94285a3b7ae6 None None] PATH_INFO: `/` {{(pid=81830) log_request_info /opt/stack/keystone/keystone/server/flask/request_processing/req_logging.py:29}}
Sep 12 07:42:47.931461 dv-neutron-857010-1-hyperv devstack@keystone.service[81830]: [pid: 81830|app: 0|req: 77/151] 10.222.0.48 () {54 vars in 927 bytes} [Mon Sep 12 07:42:47 2022] GET /identity => generated 270 bytes in 8 msecs (HTTP/1.1 300) 6 headers in 234 bytes (1 switches on core 0)
Sep 12 07:42:47.933892 dv-neutron-857010-1-hyperv devstack@keystone.service[81831]: DEBUG keystone.server.flask.request_processing.req_logging [None req-ff394617-7469-452c-9c7a-6745be1f75ee None None] REQUEST_METHOD: `POST` {{(pid=81831) log_request_info /opt/stack/keystone/keystone/server/flask/request_processing/req_logging.py:27}}
Sep 12 07:42:47.934273 dv-neutron-857010-1-hyperv devstack@keystone.service[81831]: DEBUG keystone.server.flask.request_processing.req_logging [None req-ff394617-7469-452c-9c7a-6745be1f75ee None None] SCRIPT_NAME: `/identity` {{(pid=81831) log_request_info /opt/stack/keystone/keystone/server/flask/request_processing/req_logging.py:28}}
Sep 12 07:42:47.934554 dv-neutron-857010-1-hyperv devstack@keystone.service[81831]: DEBUG keystone.server.flask.request_processing.req_logging [None req-ff394617-7469-452c-9c7a-6745be1f75ee None None] PATH_INFO: `/v3/auth/tokens` {{(pid=81831) log_request_info /opt/stack/keystone/keystone/server/flask/request_processing/req_logging.py:29}}
Sep 12 07:42:47.945431 dv-neutron-857010-1-hyperv devstack@keystone.service[81830]: DEBUG keystone.server.flask.request_processing.req_logging [None req-53b1d5f0-5d38-45d1-948c-ab9ac2ca61bc None None] REQUEST_METHOD: `POST` {{(pid=81830) log_request_info /opt/stack/keystone/keystone/server/flask/request_processing/req_logging.py:27}}
Sep 12 07:42:47.945741 dv-neutron-857010-1-hyperv devstack@keystone.service[81830]: DEBUG keystone.server.flask.request_processing.req_logging [None req-53b1d5f0-5d38-45d1-948c-ab9ac2ca61bc None None] SCRIPT_NAME: `/identity` {{(pid=81830) log_request_info /opt/stack/keystone/keystone/server/flask/request_processing/req_logging.py:28}}
Sep 12 07:42:47.945990 dv-neutron-857010-1-hyperv devstack@keystone.service[81830]: DEBUG keystone.server.flask.request_processing.req_logging [None req-53b1d5f0-5d38-45d1-948c-ab9ac2ca61bc None None] PATH_INFO: `/v3/auth/tokens` {{(pid=81830) log_request_info /opt/stack/keystone/keystone/server/flask/request_processing/req_logging.py:29}}
Sep 12 07:42:47.974993 dv-neutron-857010-1-hyperv devstack@keystone.service[81831]: DEBUG keystone.auth.core [None req-ff394617-7469-452c-9c7a-6745be1f75ee None None] MFA Rules not processed for user `53f38116d1154788ab57eacedf0de807`. Rule list: `[]` (Enabled: `True`). {{(pid=81831) check_auth_methods_against_rules /opt/stack/keystone/keystone/auth/core.py:438}}
Sep 12 07:42:47.977325 dv-neutron-857010-1-hyperv devstack@keystone.service[81831]: DEBUG keystone.common.fernet_utils [None req-ff394617-7469-452c-9c7a-6745be1f75ee None None] Loaded 2 Fernet keys from /etc/keystone/fernet-keys/, but `[fernet_tokens] max_active_keys = 3`; perhaps there have not been enough key rotations to reach `max_active_keys` yet? {{(pid=81831) load_keys /opt/stack/keystone/keystone/common/fernet_utils.py:286}}
Sep 12 07:42:47.986055 dv-neutron-857010-1-hyperv devstack@keystone.service[81830]: DEBUG keystone.auth.core [None req-53b1d5f0-5d38-45d1-948c-ab9ac2ca61bc None None] MFA Rules not processed for user `53f38116d1154788ab57eacedf0de807`. Rule list: `[]` (Enabled: `True`). {{(pid=81830) check_auth_methods_against_rules /opt/stack/keystone/keystone/auth/core.py:438}}
Sep 12 07:42:47.987269 dv-neutron-857010-1-hyperv devstack@keystone.service[81830]: DEBUG keystone.common.fernet_utils [None req-53b1d5f0-5d38-45d1-948c-ab9ac2ca61bc None None] Loaded 2 Fernet keys from /etc/keystone/fernet-keys/, but `[fernet_tokens] max_active_keys = 3`; perhaps there have not been enough key rotations to reach `max_active_keys` yet? {{(pid=81830) load_keys /opt/stack/keystone/keystone/common/fernet_utils.py:286}}
