Sep 16 03:12:09.647613 dv-neutron-856955-9-hyperv devstack@keystone.service[81818]: DEBUG keystone.server.flask.request_processing.middleware.auth_context [None req-5d800554-2a51-4218-b49e-83721cdab8d8 None None] Authenticating user token {{(pid=81818) process_request /usr/local/lib/python3.8/dist-packages/keystonemiddleware/auth_token/__init__.py:407}}
Sep 16 03:12:09.668554 dv-neutron-856955-9-hyperv devstack@keystone.service[81818]: DEBUG dbcounter [-] [81818] Writing DB stats keystone:SELECT=100 {{(pid=81818) stat_writer /usr/local/lib/python3.8/dist-packages/dbcounter.py:114}}
Sep 16 03:12:09.704064 dv-neutron-856955-9-hyperv devstack@keystone.service[81817]: DEBUG dbcounter [-] [81817] Writing DB stats keystone:SELECT=100 {{(pid=81817) stat_writer /usr/local/lib/python3.8/dist-packages/dbcounter.py:114}}
Sep 16 03:12:09.713052 dv-neutron-856955-9-hyperv devstack@keystone.service[81817]: DEBUG keystone.server.flask.request_processing.middleware.auth_context [None req-d8483b18-7287-473e-a4b9-d77033112cd4 None admin] Validating token access rules against request {{(pid=81817) validate_allowed_request /usr/local/lib/python3.8/dist-packages/keystonemiddleware/auth_token/__init__.py:545}}
Sep 16 03:12:09.744529 dv-neutron-856955-9-hyperv devstack@keystone.service[81818]: DEBUG keystone.server.flask.request_processing.middleware.auth_context [None req-5d800554-2a51-4218-b49e-83721cdab8d8 None None] Validating token access rules against request {{(pid=81818) validate_allowed_request /usr/local/lib/python3.8/dist-packages/keystonemiddleware/auth_token/__init__.py:545}}
Sep 16 03:12:09.748455 dv-neutron-856955-9-hyperv devstack@keystone.service[81817]: DEBUG keystone.server.flask.request_processing.middleware.auth_context [None req-8f7d52b9-7b21-4c96-a391-c9ee5df0d2ab None admin] RBAC: auth_context: {'token': , 'domain_id': None, 'trust_id': None, 'trustor_id': None, 'trustee_id': None, 'domain_name': None, 'group_ids': [], 'user_id': '7f221956312b40bb85784cf6bc22af19', 'user_domain_id': 'default', 'system_scope': 'all', 'project_id': None, 'project_domain_id': None, 'roles': ['admin', 'member', 'reader'], 'is_admin_project': True, 'service_user_id': None, 'service_user_domain_id': None, 'service_project_id': None, 'service_project_domain_id': None, 'service_roles': []} {{(pid=81817) fill_context /opt/stack/keystone/keystone/server/flask/request_processing/middleware/auth_context.py:478}}
Sep 16 03:12:09.749072 dv-neutron-856955-9-hyperv devstack@keystone.service[81817]: DEBUG keystone.server.flask.request_processing.req_logging [None req-8f7d52b9-7b21-4c96-a391-c9ee5df0d2ab None admin] REQUEST_METHOD: `POST` {{(pid=81817) log_request_info /opt/stack/keystone/keystone/server/flask/request_processing/req_logging.py:27}}
Sep 16 03:12:09.749355 dv-neutron-856955-9-hyperv devstack@keystone.service[81817]: DEBUG keystone.server.flask.request_processing.req_logging [None req-8f7d52b9-7b21-4c96-a391-c9ee5df0d2ab None admin] SCRIPT_NAME: `/identity` {{(pid=81817) log_request_info /opt/stack/keystone/keystone/server/flask/request_processing/req_logging.py:28}}
Sep 16 03:12:09.749631 dv-neutron-856955-9-hyperv devstack@keystone.service[81817]: DEBUG keystone.server.flask.request_processing.req_logging [None req-8f7d52b9-7b21-4c96-a391-c9ee5df0d2ab None admin] PATH_INFO: `/v3/users` {{(pid=81817) log_request_info /opt/stack/keystone/keystone/server/flask/request_processing/req_logging.py:29}}
Sep 16 03:12:09.750279 dv-neutron-856955-9-hyperv devstack@keystone.service[81817]: DEBUG keystone.common.rbac_enforcer.enforcer [None req-8f7d52b9-7b21-4c96-a391-c9ee5df0d2ab None admin] RBAC: Authorizing `identity:create_user()` {{(pid=81817) enforce_call /opt/stack/keystone/keystone/common/rbac_enforcer/enforcer.py:449}}
Sep 16 03:12:09.751769 dv-neutron-856955-9-hyperv devstack@keystone.service[81817]: DEBUG keystone.common.rbac_enforcer.enforcer [None req-8f7d52b9-7b21-4c96-a391-c9ee5df0d2ab None admin] RBAC: Authorization granted {{(pid=81817) enforce_call /opt/stack/keystone/keystone/common/rbac_enforcer/enforcer.py:457}}
Sep 16 03:12:09.774316 dv-neutron-856955-9-hyperv devstack@keystone.service[81817]: [pid: 81817|app: 0|req: 111/223] 10.222.0.20 () {60 vars in 1132 bytes} [Fri Sep 16 03:12:09 2022] POST /identity/v3/users => generated 297 bytes in 180 msecs (HTTP/1.1 201) 5 headers in 182 bytes (1 switches on core 0)
Sep 16 03:12:09.775571 dv-neutron-856955-9-hyperv devstack@keystone.service[81817]: DEBUG keystone.server.flask.request_processing.middleware.auth_context [None req-8f7d52b9-7b21-4c96-a391-c9ee5df0d2ab None admin] Authenticating user token {{(pid=81817) process_request /usr/local/lib/python3.8/dist-packages/keystonemiddleware/auth_token/__init__.py:407}}
Sep 16 03:12:09.789157 dv-neutron-856955-9-hyperv devstack@keystone.service[81818]: DEBUG keystone.server.flask.request_processing.middleware.auth_context [None req-aee393bf-302b-4b6d-8f60-08cad5d4fd16 None admin] RBAC: auth_context: {'token': , 'domain_id': None, 'trust_id': None, 'trustor_id': None, 'trustee_id': None, 'domain_name': None, 'group_ids': [], 'user_id': '7f221956312b40bb85784cf6bc22af19', 'user_domain_id': 'default', 'system_scope': 'all', 'project_id': None, 'project_domain_id': None, 'roles': ['admin', 'member', 'reader'], 'is_admin_project': True, 'service_user_id': None, 'service_user_domain_id': None, 'service_project_id': None, 'service_project_domain_id': None, 'service_roles': []} {{(pid=81818) fill_context /opt/stack/keystone/keystone/server/flask/request_processing/middleware/auth_context.py:478}}
Sep 16 03:12:09.790783 dv-neutron-856955-9-hyperv devstack@keystone.service[81818]: DEBUG keystone.server.flask.request_processing.req_logging [None req-aee393bf-302b-4b6d-8f60-08cad5d4fd16 None admin] REQUEST_METHOD: `GET` {{(pid=81818) log_request_info /opt/stack/keystone/keystone/server/flask/request_processing/req_logging.py:27}}
Sep 16 03:12:09.791750 dv-neutron-856955-9-hyperv devstack@keystone.service[81818]: DEBUG keystone.server.flask.request_processing.req_logging [None req-aee393bf-302b-4b6d-8f60-08cad5d4fd16 None admin] SCRIPT_NAME: `/identity` {{(pid=81818) log_request_info /opt/stack/keystone/keystone/server/flask/request_processing/req_logging.py:28}}
Sep 16 03:12:09.792252 dv-neutron-856955-9-hyperv devstack@keystone.service[81818]: DEBUG keystone.server.flask.request_processing.req_logging [None req-aee393bf-302b-4b6d-8f60-08cad5d4fd16 None admin] PATH_INFO: `/v3/projects/14f22cc8340844b89fb101c89fbdb63e` {{(pid=81818) log_request_info /opt/stack/keystone/keystone/server/flask/request_processing/req_logging.py:29}}
Sep 16 03:12:09.794102 dv-neutron-856955-9-hyperv devstack@keystone.service[81818]: DEBUG keystone.common.rbac_enforcer.enforcer [None req-aee393bf-302b-4b6d-8f60-08cad5d4fd16 None admin] RBAC: Authorizing `identity:get_project(project_id=14f22cc8340844b89fb101c89fbdb63e)` {{(pid=81818) enforce_call /opt/stack/keystone/keystone/common/rbac_enforcer/enforcer.py:449}}
Sep 16 03:12:09.796127 dv-neutron-856955-9-hyperv devstack@keystone.service[81818]: DEBUG keystone.common.rbac_enforcer.enforcer [None req-aee393bf-302b-4b6d-8f60-08cad5d4fd16 None admin] RBAC: Authorization granted {{(pid=81818) enforce_call /opt/stack/keystone/keystone/common/rbac_enforcer/enforcer.py:457}}
Sep 16 03:12:09.798178 dv-neutron-856955-9-hyperv devstack@keystone.service[81818]: [pid: 81818|app: 0|req: 113/224] 10.222.0.20 () {56 vars in 1186 bytes} [Fri Sep 16 03:12:09 2022] GET /identity/v3/projects/14f22cc8340844b89fb101c89fbdb63e => generated 302 bytes in 161 msecs (HTTP/1.1 200) 5 headers in 177 bytes (1 switches on core 0)
Sep 16 03:12:09.804797 dv-neutron-856955-9-hyperv devstack@keystone.service[81818]: DEBUG keystone.server.flask.request_processing.middleware.auth_context [None req-aee393bf-302b-4b6d-8f60-08cad5d4fd16 None admin] Authenticating user token {{(pid=81818) process_request /usr/local/lib/python3.8/dist-packages/keystonemiddleware/auth_token/__init__.py:407}}
Sep 16 03:12:09.929467 dv-neutron-856955-9-hyperv devstack@keystone.service[81817]: DEBUG keystone.server.flask.request_processing.middleware.auth_context [None req-8f7d52b9-7b21-4c96-a391-c9ee5df0d2ab None admin] Validating token access rules against request {{(pid=81817) validate_allowed_request /usr/local/lib/python3.8/dist-packages/keystonemiddleware/auth_token/__init__.py:545}}
Sep 16 03:12:09.943428 dv-neutron-856955-9-hyperv devstack@keystone.service[81818]: DEBUG dbcounter [-] [81818] Writing DB stats keystone:SELECT=100 {{(pid=81818) stat_writer /usr/local/lib/python3.8/dist-packages/dbcounter.py:114}}
Sep 16 03:12:09.946790 dv-neutron-856955-9-hyperv devstack@keystone.service[81818]: DEBUG keystone.server.flask.request_processing.middleware.auth_context [None req-aee393bf-302b-4b6d-8f60-08cad5d4fd16 None admin] Validating token access rules against request {{(pid=81818) validate_allowed_request /usr/local/lib/python3.8/dist-packages/keystonemiddleware/auth_token/__init__.py:545}}
Sep 16 03:12:09.966965 dv-neutron-856955-9-hyperv devstack@keystone.service[81817]: DEBUG keystone.server.flask.request_processing.middleware.auth_context [None req-880d0180-58ba-4ac5-9048-45f6e5c2a7c4 None admin] RBAC: auth_context: {'token': , 'domain_id': None, 'trust_id': None, 'trustor_id': None, 'trustee_id': None, 'domain_name': None, 'group_ids': [], 'user_id': '7f221956312b40bb85784cf6bc22af19', 'user_domain_id': 'default', 'system_scope': 'all', 'project_id': None, 'project_domain_id': None, 'roles': ['admin', 'member', 'reader'], 'is_admin_project': True, 'service_user_id': None, 'service_user_domain_id': None, 'service_project_id': None, 'service_project_domain_id': None, 'service_roles': []} {{(pid=81817) fill_context /opt/stack/keystone/keystone/server/flask/request_processing/middleware/auth_context.py:478}}
Sep 16 03:12:09.967943 dv-neutron-856955-9-hyperv devstack@keystone.service[81817]: DEBUG keystone.server.flask.request_processing.req_logging [None req-880d0180-58ba-4ac5-9048-45f6e5c2a7c4 None admin] REQUEST_METHOD: `GET` {{(pid=81817) log_request_info /opt/stack/keystone/keystone/server/flask/request_processing/req_logging.py:27}}
Sep 16 03:12:09.968376 dv-neutron-856955-9-hyperv devstack@keystone.service[81817]: DEBUG keystone.server.flask.request_processing.req_logging [None req-880d0180-58ba-4ac5-9048-45f6e5c2a7c4 None admin] SCRIPT_NAME: `/identity` {{(pid=81817) log_request_info /opt/stack/keystone/keystone/server/flask/request_processing/req_logging.py:28}}
Sep 16 03:12:09.968814 dv-neutron-856955-9-hyperv devstack@keystone.service[81817]: DEBUG keystone.server.flask.request_processing.req_logging [None req-880d0180-58ba-4ac5-9048-45f6e5c2a7c4 None admin] PATH_INFO: `/v3/users/50ef293d769f4a8f91ee7d7cdf7bc0b6` {{(pid=81817) log_request_info /opt/stack/keystone/keystone/server/flask/request_processing/req_logging.py:29}}
Sep 16 03:12:09.982669 dv-neutron-856955-9-hyperv devstack@keystone.service[81817]: DEBUG keystone.common.rbac_enforcer.enforcer [None req-880d0180-58ba-4ac5-9048-45f6e5c2a7c4 None admin] RBAC: Authorizing `identity:get_user(user_id=50ef293d769f4a8f91ee7d7cdf7bc0b6)` {{(pid=81817) enforce_call /opt/stack/keystone/keystone/common/rbac_enforcer/enforcer.py:449}}
Sep 16 03:12:09.984190 dv-neutron-856955-9-hyperv devstack@keystone.service[81817]: DEBUG keystone.common.rbac_enforcer.enforcer [None req-880d0180-58ba-4ac5-9048-45f6e5c2a7c4 None admin] RBAC: Authorization granted {{(pid=81817) enforce_call /opt/stack/keystone/keystone/common/rbac_enforcer/enforcer.py:457}}
Sep 16 03:12:09.990783 dv-neutron-856955-9-hyperv devstack@keystone.service[81817]: [pid: 81817|app: 0|req: 112/225] 10.222.0.20 () {56 vars in 1177 bytes} [Fri Sep 16 03:12:09 2022] GET /identity/v3/users/50ef293d769f4a8f91ee7d7cdf7bc0b6 => generated 297 bytes in 211 msecs (HTTP/1.1 200) 5 headers in 177 bytes (1 switches on core 0)
Sep 16 03:12:09.990783 dv-neutron-856955-9-hyperv devstack@keystone.service[81817]: DEBUG keystone.server.flask.request_processing.middleware.auth_context [None req-880d0180-58ba-4ac5-9048-45f6e5c2a7c4 None admin] Authenticating user token {{(pid=81817) process_request /usr/local/lib/python3.8/dist-packages/keystonemiddleware/auth_token/__init__.py:407}}
Sep 16 03:12:09.992717 dv-neutron-856955-9-hyperv devstack@keystone.service[81818]: DEBUG keystone.server.flask.request_processing.middleware.auth_context [None req-d80f89c5-2a46-4aca-a5dc-df593ea95148 None admin] RBAC: auth_context: {'token': , 'domain_id': None, 'trust_id': None, 'trustor_id': None, 'trustee_id': None, 'domain_name': None, 'group_ids': [], 'user_id': '7f221956312b40bb85784cf6bc22af19', 'user_domain_id': 'default', 'system_scope': 'all', 'project_id': None, 'project_domain_id': None, 'roles': ['admin', 'member', 'reader'], 'is_admin_project': True, 'service_user_id': None, 'service_user_domain_id': None, 'service_project_id': None, 'service_project_domain_id': None, 'service_roles': []} {{(pid=81818) fill_context /opt/stack/keystone/keystone/server/flask/request_processing/middleware/auth_context.py:478}}
Sep 16 03:12:09.993396 dv-neutron-856955-9-hyperv devstack@keystone.service[81818]: DEBUG keystone.server.flask.request_processing.req_logging [None req-d80f89c5-2a46-4aca-a5dc-df593ea95148 None admin] REQUEST_METHOD: `PUT` {{(pid=81818) log_request_info /opt/stack/keystone/keystone/server/flask/request_processing/req_logging.py:27}}
Sep 16 03:12:09.993677 dv-neutron-856955-9-hyperv devstack@keystone.service[81818]: DEBUG keystone.server.flask.request_processing.req_logging [None req-d80f89c5-2a46-4aca-a5dc-df593ea95148 None admin] SCRIPT_NAME: `/identity` {{(pid=81818) log_request_info /opt/stack/keystone/keystone/server/flask/request_processing/req_logging.py:28}}
Sep 16 03:12:09.993953 dv-neutron-856955-9-hyperv devstack@keystone.service[81818]: DEBUG keystone.server.flask.request_processing.req_logging [None req-d80f89c5-2a46-4aca-a5dc-df593ea95148 None admin] PATH_INFO: `/v3/projects/14f22cc8340844b89fb101c89fbdb63e/users/49dda85c24fb47cc83c3f595f4b048c6/roles/54cebb18382f4919be33c920d224c096` {{(pid=81818) log_request_info /opt/stack/keystone/keystone/server/flask/request_processing/req_logging.py:29}}
Sep 16 03:12:09.996142 dv-neutron-856955-9-hyperv devstack@keystone.service[81818]: DEBUG keystone.common.rbac_enforcer.enforcer [None req-d80f89c5-2a46-4aca-a5dc-df593ea95148 None admin] RBAC: Authorizing `identity:create_grant(project_id=14f22cc8340844b89fb101c89fbdb63e, user_id=49dda85c24fb47cc83c3f595f4b048c6, role_id=54cebb18382f4919be33c920d224c096)` {{(pid=81818) enforce_call /opt/stack/keystone/keystone/common/rbac_enforcer/enforcer.py:449}}
Sep 16 03:12:09.997588 dv-neutron-856955-9-hyperv devstack@keystone.service[81818]: DEBUG keystone.common.rbac_enforcer.enforcer [None req-d80f89c5-2a46-4aca-a5dc-df593ea95148 None admin] RBAC: Authorization granted {{(pid=81818) enforce_call /opt/stack/keystone/keystone/common/rbac_enforcer/enforcer.py:457}}
Sep 16 03:12:09.999443 dv-neutron-856955-9-hyperv devstack@keystone.service[81817]: DEBUG dbcounter [-] [81817] Writing DB stats keystone:SELECT=97,keystone:INSERT=3 {{(pid=81817) stat_writer /usr/local/lib/python3.8/dist-packages/dbcounter.py:114}}
Sep 16 03:12:10.013937 dv-neutron-856955-9-hyperv devstack@keystone.service[81818]: [pid: 81818|app: 0|req: 114/226] 10.222.0.20 () {58 vars in 1439 bytes} [Fri Sep 16 03:12:09 2022] PUT /identity/v3/projects/14f22cc8340844b89fb101c89fbdb63e/users/49dda85c24fb47cc83c3f595f4b048c6/roles/54cebb18382f4919be33c920d224c096 => generated 0 bytes in 210 msecs (HTTP/1.1 204) 3 headers in 132 bytes (1 switches on core 0)
Sep 16 03:12:10.014782 dv-neutron-856955-9-hyperv devstack@keystone.service[81818]: DEBUG keystone.server.flask.request_processing.middleware.auth_context [None req-d80f89c5-2a46-4aca-a5dc-df593ea95148 None admin] Authenticating user token {{(pid=81818) process_request /usr/local/lib/python3.8/dist-packages/keystonemiddleware/auth_token/__init__.py:407}}
Sep 16 03:12:10.140319 dv-neutron-856955-9-hyperv devstack@keystone.service[81817]: DEBUG keystone.server.flask.request_processing.middleware.auth_context [None req-880d0180-58ba-4ac5-9048-45f6e5c2a7c4 None admin] Validating token access rules against request {{(pid=81817) validate_allowed_request /usr/local/lib/python3.8/dist-packages/keystonemiddleware/auth_token/__init__.py:545}}
Sep 16 03:12:10.156361 dv-neutron-856955-9-hyperv devstack@keystone.service[81818]: DEBUG keystone.server.flask.request_processing.middleware.auth_context [None req-d80f89c5-2a46-4aca-a5dc-df593ea95148 None admin] Validating token access rules against request {{(pid=81818) validate_allowed_request /usr/local/lib/python3.8/dist-packages/keystonemiddleware/auth_token/__init__.py:545}}
Sep 16 03:12:10.187663 dv-neutron-856955-9-hyperv devstack@keystone.service[81817]: DEBUG keystone.server.flask.request_processing.middleware.auth_context [None req-9abab732-c08a-4a42-a798-b8015f04d603 None admin] RBAC: auth_context: {'token': , 'domain_id': None, 'trust_id': None, 'trustor_id': None, 'trustee_id': None, 'domain_name': None, 'group_ids': [], 'user_id': '7f221956312b40bb85784cf6bc22af19', 'user_domain_id': 'default', 'system_scope': 'all', 'project_id': None, 'project_domain_id': None, 'roles': ['admin', 'member', 'reader'], 'is_admin_project': True, 'service_user_id': None, 'service_user_domain_id': None, 'service_project_id': None, 'service_project_domain_id': None, 'service_roles': []} {{(pid=81817) fill_context /opt/stack/keystone/keystone/server/flask/request_processing/middleware/auth_context.py:478}}
Sep 16 03:12:10.188497 dv-neutron-856955-9-hyperv devstack@keystone.service[81817]: DEBUG keystone.server.flask.request_processing.req_logging [None req-9abab732-c08a-4a42-a798-b8015f04d603 None admin] REQUEST_METHOD: `GET` {{(pid=81817) log_request_info /opt/stack/keystone/keystone/server/flask/request_processing/req_logging.py:27}}
Sep 16 03:12:10.188959 dv-neutron-856955-9-hyperv devstack@keystone.service[81817]: DEBUG keystone.server.flask.request_processing.req_logging [None req-9abab732-c08a-4a42-a798-b8015f04d603 None admin] SCRIPT_NAME: `/identity` {{(pid=81817) log_request_info /opt/stack/keystone/keystone/server/flask/request_processing/req_logging.py:28}}
Sep 16 03:12:10.189385 dv-neutron-856955-9-hyperv devstack@keystone.service[81817]: DEBUG keystone.server.flask.request_processing.req_logging [None req-9abab732-c08a-4a42-a798-b8015f04d603 None admin] PATH_INFO: `/v3/roles/anotherrole` {{(pid=81817) log_request_info /opt/stack/keystone/keystone/server/flask/request_processing/req_logging.py:29}}
Sep 16 03:12:10.202828 dv-neutron-856955-9-hyperv devstack@keystone.service[81818]: DEBUG keystone.server.flask.request_processing.middleware.auth_context [None req-d346fcd0-b2ac-433e-a4a0-d3af04f2b78d None admin] RBAC: auth_context: {'token': , 'domain_id': None, 'trust_id': None, 'trustor_id': None, 'trustee_id': None, 'domain_name': None, 'group_ids': [], 'user_id': '7f221956312b40bb85784cf6bc22af19', 'user_domain_id': 'default', 'system_scope': 'all', 'project_id': None, 'project_domain_id': None, 'roles': ['admin', 'member', 'reader'], 'is_admin_project': True, 'service_user_id': None, 'service_user_domain_id': None, 'service_project_id': None, 'service_project_domain_id': None, 'service_roles': []} {{(pid=81818) fill_context /opt/stack/keystone/keystone/server/flask/request_processing/middleware/auth_context.py:478}}
Sep 16 03:12:10.203064 dv-neutron-856955-9-hyperv devstack@keystone.service[81817]: DEBUG keystone.common.rbac_enforcer.enforcer [None req-9abab732-c08a-4a42-a798-b8015f04d603 None admin] Extracting inferred target data resulted in "NOT FOUND (404)". {{(pid=81817) enforce_call /opt/stack/keystone/keystone/common/rbac_enforcer/enforcer.py:409}}
Sep 16 03:12:10.203921 dv-neutron-856955-9-hyperv devstack@keystone.service[81818]: DEBUG keystone.server.flask.request_processing.req_logging [None req-d346fcd0-b2ac-433e-a4a0-d3af04f2b78d None admin] REQUEST_METHOD: `GET` {{(pid=81818) log_request_info /opt/stack/keystone/keystone/server/flask/request_processing/req_logging.py:27}}
Sep 16 03:12:10.204399 dv-neutron-856955-9-hyperv devstack@keystone.service[81818]: DEBUG keystone.server.flask.request_processing.req_logging [None req-d346fcd0-b2ac-433e-a4a0-d3af04f2b78d None admin] SCRIPT_NAME: `/identity` {{(pid=81818) log_request_info /opt/stack/keystone/keystone/server/flask/request_processing/req_logging.py:28}}
Sep 16 03:12:10.204847 dv-neutron-856955-9-hyperv devstack@keystone.service[81818]: DEBUG keystone.server.flask.request_processing.req_logging [None req-d346fcd0-b2ac-433e-a4a0-d3af04f2b78d None admin] PATH_INFO: `/v3/auth/tokens` {{(pid=81818) log_request_info /opt/stack/keystone/keystone/server/flask/request_processing/req_logging.py:29}}
Sep 16 03:12:10.208408 dv-neutron-856955-9-hyperv devstack@keystone.service[81817]: ERROR keystone.server.flask.application [None req-9abab732-c08a-4a42-a798-b8015f04d603 None admin] Could not find role: anotherrole.: keystone.exception.RoleNotFound: Could not find role: anotherrole.
Sep 16 03:12:10.208408 dv-neutron-856955-9-hyperv devstack@keystone.service[81817]: ERROR keystone.server.flask.application
Traceback (most recent call last):
Sep 16 03:12:10.208408 dv-neutron-856955-9-hyperv devstack@keystone.service[81817]: ERROR keystone.server.flask.application
File "/usr/local/lib/python3.8/dist-packages/flask/app.py", line 1820, in full_dispatch_request
Sep 16 03:12:10.208408 dv-neutron-856955-9-hyperv devstack@keystone.service[81817]: ERROR keystone.server.flask.application rv = self.dispatch_request()
Sep 16 03:12:10.208408 dv-neutron-856955-9-hyperv devstack@keystone.service[81817]: ERROR keystone.server.flask.application
File "/usr/local/lib/python3.8/dist-packages/flask/app.py", line 1796, in dispatch_request
Sep 16 03:12:10.208408 dv-neutron-856955-9-hyperv devstack@keystone.service[81817]: ERROR keystone.server.flask.application return self.ensure_sync(self.view_functions[rule.endpoint])(**view_args)
Sep 16 03:12:10.208408 dv-neutron-856955-9-hyperv devstack@keystone.service[81817]: ERROR keystone.server.flask.application
File "/usr/local/lib/python3.8/dist-packages/flask_restful/__init__.py", line 467, in wrapper
Sep 16 03:12:10.208408 dv-neutron-856955-9-hyperv devstack@keystone.service[81817]: ERROR keystone.server.flask.application resp = resource(*args, **kwargs)
Sep 16 03:12:10.208408 dv-neutron-856955-9-hyperv devstack@keystone.service[81817]: ERROR keystone.server.flask.application
File "/usr/local/lib/python3.8/dist-packages/flask/views.py", line 107, in view
Sep 16 03:12:10.208408 dv-neutron-856955-9-hyperv devstack@keystone.service[81817]: ERROR keystone.server.flask.application return current_app.ensure_sync(self.dispatch_request)(**kwargs)
Sep 16 03:12:10.208408 dv-neutron-856955-9-hyperv devstack@keystone.service[81817]: ERROR keystone.server.flask.application
File "/usr/local/lib/python3.8/dist-packages/flask_restful/__init__.py", line 582, in dispatch_request
Sep 16 03:12:10.208408 dv-neutron-856955-9-hyperv devstack@keystone.service[81817]: ERROR keystone.server.flask.application resp = meth(*args, **kwargs)
Sep 16 03:12:10.208408 dv-neutron-856955-9-hyperv devstack@keystone.service[81817]: ERROR keystone.server.flask.application
File "/opt/stack/keystone/keystone/api/roles.py", line 50, in get
Sep 16 03:12:10.208408 dv-neutron-856955-9-hyperv devstack@keystone.service[81817]: ERROR keystone.server.flask.application return self._get_role(role_id)
Sep 16 03:12:10.208408 dv-neutron-856955-9-hyperv devstack@keystone.service[81817]: ERROR keystone.server.flask.application
File "/opt/stack/keystone/keystone/api/roles.py", line 70, in _get_role
Sep 16 03:12:10.208408 dv-neutron-856955-9-hyperv devstack@keystone.service[81817]: ERROR keystone.server.flask.application ENFORCER.enforce_call(action='identity:get_role')
Sep 16 03:12:10.209321 dv-neutron-856955-9-hyperv devstack@keystone.service[81817]: ERROR keystone.server.flask.application
File "/opt/stack/keystone/keystone/common/rbac_enforcer/enforcer.py", line 402, in enforce_call
Sep 16 03:12:10.209321 dv-neutron-856955-9-hyperv devstack@keystone.service[81817]: ERROR keystone.server.flask.application policy_dict.update(cls._extract_member_target_data(
Sep 16 03:12:10.209321 dv-neutron-856955-9-hyperv devstack@keystone.service[81817]: ERROR keystone.server.flask.application
File "/opt/stack/keystone/keystone/common/rbac_enforcer/enforcer.py", line 234, in _extract_member_target_data
Sep 16 03:12:10.209321 dv-neutron-856955-9-hyperv devstack@keystone.service[81817]: ERROR keystone.server.flask.application member_name: func(flask.request.view_args[key])
Sep 16 03:12:10.209321 dv-neutron-856955-9-hyperv devstack@keystone.service[81817]: ERROR keystone.server.flask.application
File "/opt/stack/keystone/keystone/common/manager.py", line 115, in wrapped
Sep 16 03:12:10.209321 dv-neutron-856955-9-hyperv devstack@keystone.service[81817]: ERROR keystone.server.flask.application __ret_val = __f(*args, **kwargs)
Sep 16 03:12:10.209321 dv-neutron-856955-9-hyperv devstack@keystone.service[81817]: ERROR keystone.server.flask.application
File "/usr/local/lib/python3.8/dist-packages/decorator.py", line 232, in fun
Sep 16 03:12:10.209321 dv-neutron-856955-9-hyperv devstack@keystone.service[81817]: ERROR keystone.server.flask.application return caller(func, *(extras + args), **kw)
Sep 16 03:12:10.209321 dv-neutron-856955-9-hyperv devstack@keystone.service[81817]: ERROR keystone.server.flask.application
File "/usr/local/lib/python3.8/dist-packages/dogpile/cache/region.py", line 1577, in get_or_create_for_user_func
Sep 16 03:12:10.209321 dv-neutron-856955-9-hyperv devstack@keystone.service[81817]: ERROR keystone.server.flask.application return self.get_or_create(
Sep 16 03:12:10.209321 dv-neutron-856955-9-hyperv devstack@keystone.service[81817]: ERROR keystone.server.flask.application
File "/usr/local/lib/python3.8/dist-packages/dogpile/cache/region.py", line 1042, in get_or_create
Sep 16 03:12:10.209321 dv-neutron-856955-9-hyperv devstack@keystone.service[81817]: ERROR keystone.server.flask.application with Lock(
Sep 16 03:12:10.209321 dv-neutron-856955-9-hyperv devstack@keystone.service[81817]: ERROR keystone.server.flask.application
File "/usr/local/lib/python3.8/dist-packages/dogpile/lock.py", line 185, in __enter__
Sep 16 03:12:10.209321 dv-neutron-856955-9-hyperv devstack@keystone.service[81817]: ERROR keystone.server.flask.application return self._enter()
Sep 16 03:12:10.209321 dv-neutron-856955-9-hyperv devstack@keystone.service[81817]: ERROR keystone.server.flask.application
File "/usr/local/lib/python3.8/dist-packages/dogpile/lock.py", line 94, in _enter
Sep 16 03:12:10.209321 dv-neutron-856955-9-hyperv devstack@keystone.service[81817]: ERROR keystone.server.flask.application generated = self._enter_create(value, createdtime)
Sep 16 03:12:10.210107 dv-neutron-856955-9-hyperv devstack@keystone.service[81817]: ERROR keystone.server.flask.application
File "/usr/local/lib/python3.8/dist-packages/dogpile/lock.py", line 178, in _enter_create
Sep 16 03:12:10.210107 dv-neutron-856955-9-hyperv devstack@keystone.service[81817]: ERROR keystone.server.flask.application return self.creator()
Sep 16 03:12:10.210107 dv-neutron-856955-9-hyperv devstack@keystone.service[81817]: ERROR keystone.server.flask.application
File "/usr/local/lib/python3.8/dist-packages/dogpile/cache/region.py", line 995, in gen_value
Sep 16 03:12:10.210107 dv-neutron-856955-9-hyperv devstack@keystone.service[81817]: ERROR keystone.server.flask.application created_value = creator(
Sep 16 03:12:10.210107 dv-neutron-856955-9-hyperv devstack@keystone.service[81817]: ERROR keystone.server.flask.application
File "/opt/stack/keystone/keystone/assignment/core.py", line 1276, in get_role
Sep 16 03:12:10.210107 dv-neutron-856955-9-hyperv devstack@keystone.service[81817]: ERROR keystone.server.flask.application return self.driver.get_role(role_id)
Sep 16 03:12:10.210107 dv-neutron-856955-9-hyperv devstack@keystone.service[81817]: ERROR keystone.server.flask.application
File "/opt/stack/keystone/keystone/assignment/role_backends/sql.py", line 70, in get_role
Sep 16 03:12:10.210107 dv-neutron-856955-9-hyperv devstack@keystone.service[81817]: ERROR keystone.server.flask.application return self._get_role(session, role_id).to_dict()
Sep 16 03:12:10.210107 dv-neutron-856955-9-hyperv devstack@keystone.service[81817]: ERROR keystone.server.flask.application
File "/opt/stack/keystone/keystone/assignment/role_backends/sql.py", line 65, in _get_role
Sep 16 03:12:10.210107 dv-neutron-856955-9-hyperv devstack@keystone.service[81817]: ERROR keystone.server.flask.application raise exception.RoleNotFound(role_id=role_id)
Sep 16 03:12:10.210107 dv-neutron-856955-9-hyperv devstack@keystone.service[81817]: ERROR keystone.server.flask.application keystone.exception.RoleNotFound: Could not find role: anotherrole.
Sep 16 03:12:10.210107 dv-neutron-856955-9-hyperv devstack@keystone.service[81817]: ERROR keystone.server.flask.application
Sep 16 03:12:10.210107 dv-neutron-856955-9-hyperv devstack@keystone.service[81817]: [pid: 81817|app: 0|req: 113/227] 10.222.0.20 () {56 vars in 1114 bytes} [Fri Sep 16 03:12:09 2022] GET /identity/v3/roles/anotherrole => generated 89 bytes in 223 msecs (HTTP/1.1 404) 5 headers in 183 bytes (1 switches on core 0)
Sep 16 03:12:10.217651 dv-neutron-856955-9-hyperv devstack@keystone.service[81817]: DEBUG keystone.server.flask.request_processing.middleware.auth_context [None req-9abab732-c08a-4a42-a798-b8015f04d603 None admin] Authenticating user token {{(pid=81817) process_request /usr/local/lib/python3.8/dist-packages/keystonemiddleware/auth_token/__init__.py:407}}
Sep 16 03:12:10.237993 dv-neutron-856955-9-hyperv devstack@keystone.service[81818]: DEBUG dbcounter [-] [81818] Writing DB stats keystone:SELECT=99,keystone:INSERT=1 {{(pid=81818) stat_writer /usr/local/lib/python3.8/dist-packages/dbcounter.py:114}}
Sep 16 03:12:10.281883 dv-neutron-856955-9-hyperv devstack@keystone.service[81818]: DEBUG keystone.common.rbac_enforcer.enforcer [None req-d346fcd0-b2ac-433e-a4a0-d3af04f2b78d None admin] RBAC: Authorizing `identity:validate_token()` {{(pid=81818) enforce_call /opt/stack/keystone/keystone/common/rbac_enforcer/enforcer.py:449}}
Sep 16 03:12:10.283568 dv-neutron-856955-9-hyperv devstack@keystone.service[81818]: DEBUG keystone.common.rbac_enforcer.enforcer [None req-d346fcd0-b2ac-433e-a4a0-d3af04f2b78d None admin] RBAC: Authorization granted {{(pid=81818) enforce_call /opt/stack/keystone/keystone/common/rbac_enforcer/enforcer.py:457}}
Sep 16 03:12:10.306534 dv-neutron-856955-9-hyperv devstack@keystone.service[81817]: DEBUG dbcounter [-] [81817] Writing DB stats keystone:SELECT=100 {{(pid=81817) stat_writer /usr/local/lib/python3.8/dist-packages/dbcounter.py:114}}
Sep 16 03:12:10.363834 dv-neutron-856955-9-hyperv devstack@keystone.service[81817]: DEBUG keystone.server.flask.request_processing.middleware.auth_context [None req-9abab732-c08a-4a42-a798-b8015f04d603 None admin] Validating token access rules against request {{(pid=81817) validate_allowed_request /usr/local/lib/python3.8/dist-packages/keystonemiddleware/auth_token/__init__.py:545}}
Sep 16 03:12:10.413810 dv-neutron-856955-9-hyperv devstack@keystone.service[81818]: [pid: 81818|app: 0|req: 115/228] 10.222.0.20 () {58 vars in 1282 bytes} [Fri Sep 16 03:12:10 2022] GET /identity/v3/auth/tokens => generated 799 bytes in 399 msecs (HTTP/1.1 200) 6 headers in 358 bytes (1 switches on core 0)
Sep 16 03:12:10.419090 dv-neutron-856955-9-hyperv devstack@keystone.service[81818]: DEBUG keystone.server.flask.request_processing.middleware.auth_context [None req-d346fcd0-b2ac-433e-a4a0-d3af04f2b78d None admin] Authenticating user token {{(pid=81818) process_request /usr/local/lib/python3.8/dist-packages/keystonemiddleware/auth_token/__init__.py:407}}
Sep 16 03:12:10.455092 dv-neutron-856955-9-hyperv devstack@keystone.service[81817]: DEBUG keystone.server.flask.request_processing.middleware.auth_context [None req-ade29828-f9ab-43fb-800e-cf64ec0e9b07 None admin] RBAC: auth_context: {'token': , 'domain_id': None, 'trust_id': None, 'trustor_id': None, 'trustee_id': None, 'domain_name': None, 'group_ids': [], 'user_id': '7f221956312b40bb85784cf6bc22af19', 'user_domain_id': 'default', 'system_scope': 'all', 'project_id': None, 'project_domain_id': None, 'roles': ['admin', 'member', 'reader'], 'is_admin_project': True, 'service_user_id': None, 'service_user_domain_id': None, 'service_project_id': None, 'service_project_domain_id': None, 'service_roles': []} {{(pid=81817) fill_context /opt/stack/keystone/keystone/server/flask/request_processing/middleware/auth_context.py:478}}
Sep 16 03:12:10.455654 dv-neutron-856955-9-hyperv devstack@keystone.service[81817]: DEBUG keystone.server.flask.request_processing.req_logging [None req-ade29828-f9ab-43fb-800e-cf64ec0e9b07 None admin] REQUEST_METHOD: `GET` {{(pid=81817) log_request_info /opt/stack/keystone/keystone/server/flask/request_processing/req_logging.py:27}}
Sep 16 03:12:10.455936 dv-neutron-856955-9-hyperv devstack@keystone.service[81817]: DEBUG keystone.server.flask.request_processing.req_logging [None req-ade29828-f9ab-43fb-800e-cf64ec0e9b07 None admin] SCRIPT_NAME: `/identity` {{(pid=81817) log_request_info /opt/stack/keystone/keystone/server/flask/request_processing/req_logging.py:28}}
Sep 16 03:12:10.456212 dv-neutron-856955-9-hyperv devstack@keystone.service[81817]: DEBUG keystone.server.flask.request_processing.req_logging [None req-ade29828-f9ab-43fb-800e-cf64ec0e9b07 None admin] PATH_INFO: `/v3/roles` {{(pid=81817) log_request_info /opt/stack/keystone/keystone/server/flask/request_processing/req_logging.py:29}}
Sep 16 03:12:10.456877 dv-neutron-856955-9-hyperv devstack@keystone.service[81817]: DEBUG keystone.common.rbac_enforcer.enforcer [None req-ade29828-f9ab-43fb-800e-cf64ec0e9b07 None admin] RBAC: Adding query filter params (name=anotherrole) {{(pid=81817) _extract_filter_values /opt/stack/keystone/keystone/common/rbac_enforcer/enforcer.py:167}}
Sep 16 03:12:10.457358 dv-neutron-856955-9-hyperv devstack@keystone.service[81817]: DEBUG keystone.common.rbac_enforcer.enforcer [None req-ade29828-f9ab-43fb-800e-cf64ec0e9b07 None admin] RBAC: Authorizing `identity:list_roles()` {{(pid=81817) enforce_call /opt/stack/keystone/keystone/common/rbac_enforcer/enforcer.py:449}}
Sep 16 03:12:10.458928 dv-neutron-856955-9-hyperv devstack@keystone.service[81817]: DEBUG keystone.common.rbac_enforcer.enforcer [None req-ade29828-f9ab-43fb-800e-cf64ec0e9b07 None admin] RBAC: Authorization granted {{(pid=81817) enforce_call /opt/stack/keystone/keystone/common/rbac_enforcer/enforcer.py:457}}
Sep 16 03:12:10.489054 dv-neutron-856955-9-hyperv devstack@keystone.service[81817]: [pid: 81817|app: 0|req: 114/229] 10.222.0.20 () {56 vars in 1111 bytes} [Fri Sep 16 03:12:10 2022] GET /identity/v3/roles?name=anotherrole => generated 334 bytes in 272 msecs (HTTP/1.1 200) 5 headers in 177 bytes (1 switches on core 0)
Sep 16 03:12:10.491232 dv-neutron-856955-9-hyperv devstack@keystone.service[81818]: DEBUG dbcounter [-] [81818] Writing DB stats keystone:SELECT=100 {{(pid=81818) stat_writer /usr/local/lib/python3.8/dist-packages/dbcounter.py:114}}
Sep 16 03:12:10.496978 dv-neutron-856955-9-hyperv devstack@keystone.service[81817]: DEBUG keystone.server.flask.request_processing.middleware.auth_context [None req-ade29828-f9ab-43fb-800e-cf64ec0e9b07 None admin] Authenticating user token {{(pid=81817) process_request /usr/local/lib/python3.8/dist-packages/keystonemiddleware/auth_token/__init__.py:407}}
Sep 16 03:12:10.555341 dv-neutron-856955-9-hyperv devstack@keystone.service[81818]: DEBUG keystone.server.flask.request_processing.middleware.auth_context [None req-d346fcd0-b2ac-433e-a4a0-d3af04f2b78d None admin] Validating token access rules against request {{(pid=81818) validate_allowed_request /usr/local/lib/python3.8/dist-packages/keystonemiddleware/auth_token/__init__.py:545}}
Sep 16 03:12:10.603235 dv-neutron-856955-9-hyperv devstack@keystone.service[81818]: DEBUG keystone.server.flask.request_processing.middleware.auth_context [None req-84350828-2cd3-4100-a1f3-0368ff233801 None admin] RBAC: auth_context: {'token': , 'domain_id': None, 'trust_id': None, 'trustor_id': None, 'trustee_id': None, 'domain_name': None, 'group_ids': [], 'user_id': '7f221956312b40bb85784cf6bc22af19', 'user_domain_id': 'default', 'system_scope': 'all', 'project_id': None, 'project_domain_id': None, 'roles': ['admin', 'member', 'reader'], 'is_admin_project': True, 'service_user_id': None, 'service_user_domain_id': None, 'service_project_id': None, 'service_project_domain_id': None, 'service_roles': []} {{(pid=81818) fill_context /opt/stack/keystone/keystone/server/flask/request_processing/middleware/auth_context.py:478}}
Sep 16 03:12:10.604216 dv-neutron-856955-9-hyperv devstack@keystone.service[81818]: DEBUG keystone.server.flask.request_processing.req_logging [None req-84350828-2cd3-4100-a1f3-0368ff233801 None admin] REQUEST_METHOD: `GET` {{(pid=81818) log_request_info /opt/stack/keystone/keystone/server/flask/request_processing/req_logging.py:27}}
Sep 16 03:12:10.604643 dv-neutron-856955-9-hyperv devstack@keystone.service[81818]: DEBUG keystone.server.flask.request_processing.req_logging [None req-84350828-2cd3-4100-a1f3-0368ff233801 None admin] SCRIPT_NAME: `/identity` {{(pid=81818) log_request_info /opt/stack/keystone/keystone/server/flask/request_processing/req_logging.py:28}}
Sep 16 03:12:10.605329 dv-neutron-856955-9-hyperv devstack@keystone.service[81818]: DEBUG keystone.server.flask.request_processing.req_logging [None req-84350828-2cd3-4100-a1f3-0368ff233801 None admin] PATH_INFO: `/v3/projects/14f22cc8340844b89fb101c89fbdb63e` {{(pid=81818) log_request_info /opt/stack/keystone/keystone/server/flask/request_processing/req_logging.py:29}}
Sep 16 03:12:10.607356 dv-neutron-856955-9-hyperv devstack@keystone.service[81818]: DEBUG keystone.common.rbac_enforcer.enforcer [None req-84350828-2cd3-4100-a1f3-0368ff233801 None admin] RBAC: Authorizing `identity:get_project(project_id=14f22cc8340844b89fb101c89fbdb63e)` {{(pid=81818) enforce_call /opt/stack/keystone/keystone/common/rbac_enforcer/enforcer.py:449}}
Sep 16 03:12:10.609604 dv-neutron-856955-9-hyperv devstack@keystone.service[81818]: DEBUG keystone.common.rbac_enforcer.enforcer [None req-84350828-2cd3-4100-a1f3-0368ff233801 None admin] RBAC: Authorization granted {{(pid=81818) enforce_call /opt/stack/keystone/keystone/common/rbac_enforcer/enforcer.py:457}}
Sep 16 03:12:10.611956 dv-neutron-856955-9-hyperv devstack@keystone.service[81818]: [pid: 81818|app: 0|req: 116/230] 10.222.0.20 () {56 vars in 1186 bytes} [Fri Sep 16 03:12:10 2022] GET /identity/v3/projects/14f22cc8340844b89fb101c89fbdb63e => generated 302 bytes in 193 msecs (HTTP/1.1 200) 5 headers in 177 bytes (2 switches on core 0)
Sep 16 03:12:10.618267 dv-neutron-856955-9-hyperv devstack@keystone.service[81818]: DEBUG keystone.server.flask.request_processing.middleware.auth_context [None req-84350828-2cd3-4100-a1f3-0368ff233801 None admin] Authenticating user token {{(pid=81818) process_request /usr/local/lib/python3.8/dist-packages/keystonemiddleware/auth_token/__init__.py:407}}
Sep 16 03:12:10.689284 dv-neutron-856955-9-hyperv devstack@keystone.service[81817]: DEBUG keystone.server.flask.request_processing.middleware.auth_context [None req-ade29828-f9ab-43fb-800e-cf64ec0e9b07 None admin] Validating token access rules against request {{(pid=81817) validate_allowed_request /usr/local/lib/python3.8/dist-packages/keystonemiddleware/auth_token/__init__.py:545}}
Sep 16 03:12:10.750668 dv-neutron-856955-9-hyperv devstack@keystone.service[81818]: DEBUG keystone.server.flask.request_processing.middleware.auth_context [None req-84350828-2cd3-4100-a1f3-0368ff233801 None admin] Validating token access rules against request {{(pid=81818) validate_allowed_request /usr/local/lib/python3.8/dist-packages/keystonemiddleware/auth_token/__init__.py:545}}
Sep 16 03:12:10.754615 dv-neutron-856955-9-hyperv devstack@keystone.service[81817]: DEBUG dbcounter [-] [81817] Writing DB stats keystone:SELECT=100 {{(pid=81817) stat_writer /usr/local/lib/python3.8/dist-packages/dbcounter.py:114}}
Sep 16 03:12:10.781327 dv-neutron-856955-9-hyperv devstack@keystone.service[81818]: DEBUG dbcounter [-] [81818] Writing DB stats keystone:SELECT=100 {{(pid=81818) stat_writer /usr/local/lib/python3.8/dist-packages/dbcounter.py:114}}
Sep 16 03:12:10.782549 dv-neutron-856955-9-hyperv devstack@keystone.service[81817]: DEBUG keystone.server.flask.request_processing.middleware.auth_context [None req-3c25a821-a87e-42d3-84bf-91b5ed7698ba None admin] RBAC: auth_context: {'token': , 'domain_id': None, 'trust_id': None, 'trustor_id': None, 'trustee_id': None, 'domain_name': None, 'group_ids': [], 'user_id': '7f221956312b40bb85784cf6bc22af19', 'user_domain_id': 'default', 'system_scope': 'all', 'project_id': None, 'project_domain_id': None, 'roles': ['admin', 'member', 'reader'], 'is_admin_project': True, 'service_user_id': None, 'service_user_domain_id': None, 'service_project_id': None, 'service_project_domain_id': None, 'service_roles': []} {{(pid=81817) fill_context /opt/stack/keystone/keystone/server/flask/request_processing/middleware/auth_context.py:478}}
Sep 16 03:12:10.783235 dv-neutron-856955-9-hyperv devstack@keystone.service[81817]: DEBUG keystone.server.flask.request_processing.req_logging [None req-3c25a821-a87e-42d3-84bf-91b5ed7698ba None admin] REQUEST_METHOD: `GET` {{(pid=81817) log_request_info /opt/stack/keystone/keystone/server/flask/request_processing/req_logging.py:27}}
Sep 16 03:12:10.783521 dv-neutron-856955-9-hyperv devstack@keystone.service[81817]: DEBUG keystone.server.flask.request_processing.req_logging [None req-3c25a821-a87e-42d3-84bf-91b5ed7698ba None admin] SCRIPT_NAME: `/identity` {{(pid=81817) log_request_info /opt/stack/keystone/keystone/server/flask/request_processing/req_logging.py:28}}
Sep 16 03:12:10.783801 dv-neutron-856955-9-hyperv devstack@keystone.service[81817]: DEBUG keystone.server.flask.request_processing.req_logging [None req-3c25a821-a87e-42d3-84bf-91b5ed7698ba None admin] PATH_INFO: `/v3/users/49dda85c24fb47cc83c3f595f4b048c6` {{(pid=81817) log_request_info /opt/stack/keystone/keystone/server/flask/request_processing/req_logging.py:29}}
Sep 16 03:12:10.787795 dv-neutron-856955-9-hyperv devstack@keystone.service[81817]: DEBUG keystone.common.rbac_enforcer.enforcer [None req-3c25a821-a87e-42d3-84bf-91b5ed7698ba None admin] RBAC: Authorizing `identity:get_user(user_id=49dda85c24fb47cc83c3f595f4b048c6)` {{(pid=81817) enforce_call /opt/stack/keystone/keystone/common/rbac_enforcer/enforcer.py:449}}
Sep 16 03:12:10.789260 dv-neutron-856955-9-hyperv devstack@keystone.service[81817]: DEBUG keystone.common.rbac_enforcer.enforcer [None req-3c25a821-a87e-42d3-84bf-91b5ed7698ba None admin] RBAC: Authorization granted {{(pid=81817) enforce_call /opt/stack/keystone/keystone/common/rbac_enforcer/enforcer.py:457}}
Sep 16 03:12:10.791316 dv-neutron-856955-9-hyperv devstack@keystone.service[81817]: [pid: 81817|app: 0|req: 115/231] 10.222.0.20 () {56 vars in 1177 bytes} [Fri Sep 16 03:12:10 2022] GET /identity/v3/users/49dda85c24fb47cc83c3f595f4b048c6 => generated 283 bytes in 295 msecs (HTTP/1.1 200) 5 headers in 177 bytes (2 switches on core 0)
Sep 16 03:12:10.796873 dv-neutron-856955-9-hyperv devstack@keystone.service[81817]: DEBUG keystone.server.flask.request_processing.middleware.auth_context [None req-3c25a821-a87e-42d3-84bf-91b5ed7698ba None admin] Authenticating user token {{(pid=81817) process_request /usr/local/lib/python3.8/dist-packages/keystonemiddleware/auth_token/__init__.py:407}}
Sep 16 03:12:10.803542 dv-neutron-856955-9-hyperv devstack@keystone.service[81818]: DEBUG keystone.server.flask.request_processing.middleware.auth_context [None req-415c3b38-0e5f-49d1-829e-0e574b8332f1 None admin] RBAC: auth_context: {'token': , 'domain_id': None, 'trust_id': None, 'trustor_id': None, 'trustee_id': None, 'domain_name': None, 'group_ids': [], 'user_id': '7f221956312b40bb85784cf6bc22af19', 'user_domain_id': 'default', 'system_scope': 'all', 'project_id': None, 'project_domain_id': None, 'roles': ['admin', 'member', 'reader'], 'is_admin_project': True, 'service_user_id': None, 'service_user_domain_id': None, 'service_project_id': None, 'service_project_domain_id': None, 'service_roles': []} {{(pid=81818) fill_context /opt/stack/keystone/keystone/server/flask/request_processing/middleware/auth_context.py:478}}
Sep 16 03:12:10.804172 dv-neutron-856955-9-hyperv devstack@keystone.service[81818]: DEBUG keystone.server.flask.request_processing.req_logging [None req-415c3b38-0e5f-49d1-829e-0e574b8332f1 None admin] REQUEST_METHOD: `GET` {{(pid=81818) log_request_info /opt/stack/keystone/keystone/server/flask/request_processing/req_logging.py:27}}
Sep 16 03:12:10.804451 dv-neutron-856955-9-hyperv devstack@keystone.service[81818]: DEBUG keystone.server.flask.request_processing.req_logging [None req-415c3b38-0e5f-49d1-829e-0e574b8332f1 None admin] SCRIPT_NAME: `/identity` {{(pid=81818) log_request_info /opt/stack/keystone/keystone/server/flask/request_processing/req_logging.py:28}}
Sep 16 03:12:10.804720 dv-neutron-856955-9-hyperv devstack@keystone.service[81818]: DEBUG keystone.server.flask.request_processing.req_logging [None req-415c3b38-0e5f-49d1-829e-0e574b8332f1 None admin] PATH_INFO: `/v3/role_assignments` {{(pid=81818) log_request_info /opt/stack/keystone/keystone/server/flask/request_processing/req_logging.py:29}}
Sep 16 03:12:10.805453 dv-neutron-856955-9-hyperv devstack@keystone.service[81818]: DEBUG keystone.common.rbac_enforcer.enforcer [None req-415c3b38-0e5f-49d1-829e-0e574b8332f1 None admin] RBAC: Adding query filter params (role.id=4d766cc04e264ebaa760f03c6587a893, scope.project.id=14f22cc8340844b89fb101c89fbdb63e, user.id=50ef293d769f4a8f91ee7d7cdf7bc0b6) {{(pid=81818) _extract_filter_values /opt/stack/keystone/keystone/common/rbac_enforcer/enforcer.py:167}}
Sep 16 03:12:10.805755 dv-neutron-856955-9-hyperv devstack@keystone.service[81818]: DEBUG keystone.common.rbac_enforcer.enforcer [None req-415c3b38-0e5f-49d1-829e-0e574b8332f1 None admin] RBAC: Authorizing `identity:list_role_assignments()` {{(pid=81818) enforce_call /opt/stack/keystone/keystone/common/rbac_enforcer/enforcer.py:449}}
Sep 16 03:12:10.807210 dv-neutron-856955-9-hyperv devstack@keystone.service[81818]: DEBUG keystone.common.rbac_enforcer.enforcer [None req-415c3b38-0e5f-49d1-829e-0e574b8332f1 None admin] RBAC: Authorization granted {{(pid=81818) enforce_call /opt/stack/keystone/keystone/common/rbac_enforcer/enforcer.py:457}}
Sep 16 03:12:10.821511 dv-neutron-856955-9-hyperv devstack@keystone.service[81818]: [pid: 81818|app: 0|req: 117/232] 10.222.0.20 () {56 vars in 1374 bytes} [Fri Sep 16 03:12:10 2022] GET /identity/v3/role_assignments?user.id=50ef293d769f4a8f91ee7d7cdf7bc0b6&scope.project.id=14f22cc8340844b89fb101c89fbdb63e&role.id=4d766cc04e264ebaa760f03c6587a893 => generated 259 bytes in 203 msecs (HTTP/1.1 200) 5 headers in 177 bytes (2 switches on core 0)
Sep 16 03:12:10.966979 dv-neutron-856955-9-hyperv devstack@keystone.service[81817]: DEBUG keystone.server.flask.request_processing.middleware.auth_context [None req-3c25a821-a87e-42d3-84bf-91b5ed7698ba None admin] Validating token access rules against request {{(pid=81817) validate_allowed_request /usr/local/lib/python3.8/dist-packages/keystonemiddleware/auth_token/__init__.py:545}}
Sep 16 03:12:11.019531 dv-neutron-856955-9-hyperv devstack@keystone.service[81817]: DEBUG keystone.server.flask.request_processing.middleware.auth_context [None req-93cf40ea-91c0-44b8-9cc7-c7d2c7a87b5e None admin] RBAC: auth_context: {'token': , 'domain_id': None, 'trust_id': None, 'trustor_id': None, 'trustee_id': None, 'domain_name': None, 'group_ids': [], 'user_id': '7f221956312b40bb85784cf6bc22af19', 'user_domain_id': 'default', 'system_scope': 'all', 'project_id': None, 'project_domain_id': None, 'roles': ['admin', 'member', 'reader'], 'is_admin_project': True, 'service_user_id': None, 'service_user_domain_id': None, 'service_project_id': None, 'service_project_domain_id': None, 'service_roles': []} {{(pid=81817) fill_context /opt/stack/keystone/keystone/server/flask/request_processing/middleware/auth_context.py:478}}
Sep 16 03:12:11.020099 dv-neutron-856955-9-hyperv devstack@keystone.service[81817]: DEBUG keystone.server.flask.request_processing.req_logging [None req-93cf40ea-91c0-44b8-9cc7-c7d2c7a87b5e None admin] REQUEST_METHOD: `GET` {{(pid=81817) log_request_info /opt/stack/keystone/keystone/server/flask/request_processing/req_logging.py:27}}
Sep 16 03:12:11.020381 dv-neutron-856955-9-hyperv devstack@keystone.service[81817]: DEBUG keystone.server.flask.request_processing.req_logging [None req-93cf40ea-91c0-44b8-9cc7-c7d2c7a87b5e None admin] SCRIPT_NAME: `/identity` {{(pid=81817) log_request_info /opt/stack/keystone/keystone/server/flask/request_processing/req_logging.py:28}}
Sep 16 03:12:11.021185 dv-neutron-856955-9-hyperv devstack@keystone.service[81817]: DEBUG keystone.server.flask.request_processing.req_logging [None req-93cf40ea-91c0-44b8-9cc7-c7d2c7a87b5e None admin] PATH_INFO: `/v3/projects/14f22cc8340844b89fb101c89fbdb63e` {{(pid=81817) log_request_info /opt/stack/keystone/keystone/server/flask/request_processing/req_logging.py:29}}
Sep 16 03:12:11.022339 dv-neutron-856955-9-hyperv devstack@keystone.service[81817]: DEBUG keystone.common.rbac_enforcer.enforcer [None req-93cf40ea-91c0-44b8-9cc7-c7d2c7a87b5e None admin] RBAC: Authorizing `identity:get_project(project_id=14f22cc8340844b89fb101c89fbdb63e)` {{(pid=81817) enforce_call /opt/stack/keystone/keystone/common/rbac_enforcer/enforcer.py:449}}
