Sep 13 02:54:16.632415 dv-neutron-856955-4-hyperv devstack@keystone.service[81760]: DEBUG keystone.server.flask.request_processing.middleware.auth_context [None req-ad532d96-1d4f-4ab4-80ad-d9efc84f00e4 None admin] Authenticating user token {{(pid=81760) process_request /usr/local/lib/python3.8/dist-packages/keystonemiddleware/auth_token/__init__.py:407}}
Sep 13 02:54:16.642542 dv-neutron-856955-4-hyperv devstack@keystone.service[81759]: DEBUG keystone.common.rbac_enforcer.enforcer [None req-b7e17a87-aa7e-4e14-bab8-6d7868835ce2 None admin] RBAC: Authorizing `identity:validate_token()` {{(pid=81759) enforce_call /opt/stack/keystone/keystone/common/rbac_enforcer/enforcer.py:449}}
Sep 13 02:54:16.646178 dv-neutron-856955-4-hyperv devstack@keystone.service[81759]: DEBUG keystone.common.rbac_enforcer.enforcer [None req-b7e17a87-aa7e-4e14-bab8-6d7868835ce2 None admin] RBAC: Authorization granted {{(pid=81759) enforce_call /opt/stack/keystone/keystone/common/rbac_enforcer/enforcer.py:457}}
Sep 13 02:54:16.663108 dv-neutron-856955-4-hyperv devstack@keystone.service[81759]: DEBUG dbcounter [-] [81759] Writing DB stats keystone:SELECT=100 {{(pid=81759) stat_writer /usr/local/lib/python3.8/dist-packages/dbcounter.py:114}}
Sep 13 02:54:16.718983 dv-neutron-856955-4-hyperv devstack@keystone.service[81760]: DEBUG dbcounter [-] [81760] Writing DB stats keystone:SELECT=100 {{(pid=81760) stat_writer /usr/local/lib/python3.8/dist-packages/dbcounter.py:114}}
Sep 13 02:54:16.780857 dv-neutron-856955-4-hyperv devstack@keystone.service[81760]: DEBUG keystone.server.flask.request_processing.middleware.auth_context [None req-ad532d96-1d4f-4ab4-80ad-d9efc84f00e4 None admin] Validating token access rules against request {{(pid=81760) validate_allowed_request /usr/local/lib/python3.8/dist-packages/keystonemiddleware/auth_token/__init__.py:545}}
Sep 13 02:54:16.789558 dv-neutron-856955-4-hyperv devstack@keystone.service[81759]: [pid: 81759|app: 0|req: 178/351] 10.222.0.44 () {58 vars in 1282 bytes} [Tue Sep 13 02:54:16 2022] GET /identity/v3/auth/tokens => generated 799 bytes in 414 msecs (HTTP/1.1 200) 6 headers in 358 bytes (1 switches on core 0)
Sep 13 02:54:16.795606 dv-neutron-856955-4-hyperv devstack@keystone.service[81759]: DEBUG keystone.server.flask.request_processing.middleware.auth_context [None req-b7e17a87-aa7e-4e14-bab8-6d7868835ce2 None admin] Authenticating user token {{(pid=81759) process_request /usr/local/lib/python3.8/dist-packages/keystonemiddleware/auth_token/__init__.py:407}}
Sep 13 02:54:16.833174 dv-neutron-856955-4-hyperv devstack@keystone.service[81760]: DEBUG keystone.server.flask.request_processing.middleware.auth_context [None req-05053c83-ec9d-4ef3-ad17-31047ee619c0 None admin] RBAC: auth_context: {'token': , 'domain_id': None, 'trust_id': None, 'trustor_id': None, 'trustee_id': None, 'domain_name': None, 'group_ids': [], 'user_id': '26246b637e0d497fba48ec2665ae988f', 'user_domain_id': 'default', 'system_scope': 'all', 'project_id': None, 'project_domain_id': None, 'roles': ['admin', 'member', 'reader'], 'is_admin_project': True, 'service_user_id': None, 'service_user_domain_id': None, 'service_project_id': None, 'service_project_domain_id': None, 'service_roles': []} {{(pid=81760) fill_context /opt/stack/keystone/keystone/server/flask/request_processing/middleware/auth_context.py:478}}
Sep 13 02:54:16.833785 dv-neutron-856955-4-hyperv devstack@keystone.service[81760]: DEBUG keystone.server.flask.request_processing.req_logging [None req-05053c83-ec9d-4ef3-ad17-31047ee619c0 None admin] REQUEST_METHOD: `GET` {{(pid=81760) log_request_info /opt/stack/keystone/keystone/server/flask/request_processing/req_logging.py:27}}
Sep 13 02:54:16.834060 dv-neutron-856955-4-hyperv devstack@keystone.service[81760]: DEBUG keystone.server.flask.request_processing.req_logging [None req-05053c83-ec9d-4ef3-ad17-31047ee619c0 None admin] SCRIPT_NAME: `/identity` {{(pid=81760) log_request_info /opt/stack/keystone/keystone/server/flask/request_processing/req_logging.py:28}}
Sep 13 02:54:16.834329 dv-neutron-856955-4-hyperv devstack@keystone.service[81760]: DEBUG keystone.server.flask.request_processing.req_logging [None req-05053c83-ec9d-4ef3-ad17-31047ee619c0 None admin] PATH_INFO: `/v3/roles` {{(pid=81760) log_request_info /opt/stack/keystone/keystone/server/flask/request_processing/req_logging.py:29}}
Sep 13 02:54:16.834986 dv-neutron-856955-4-hyperv devstack@keystone.service[81760]: DEBUG keystone.common.rbac_enforcer.enforcer [None req-05053c83-ec9d-4ef3-ad17-31047ee619c0 None admin] RBAC: Adding query filter params (name=member) {{(pid=81760) _extract_filter_values /opt/stack/keystone/keystone/common/rbac_enforcer/enforcer.py:167}}
Sep 13 02:54:16.835971 dv-neutron-856955-4-hyperv devstack@keystone.service[81760]: DEBUG keystone.common.rbac_enforcer.enforcer [None req-05053c83-ec9d-4ef3-ad17-31047ee619c0 None admin] RBAC: Authorizing `identity:list_roles()` {{(pid=81760) enforce_call /opt/stack/keystone/keystone/common/rbac_enforcer/enforcer.py:449}}
Sep 13 02:54:16.837618 dv-neutron-856955-4-hyperv devstack@keystone.service[81760]: DEBUG keystone.common.rbac_enforcer.enforcer [None req-05053c83-ec9d-4ef3-ad17-31047ee619c0 None admin] RBAC: Authorization granted {{(pid=81760) enforce_call /opt/stack/keystone/keystone/common/rbac_enforcer/enforcer.py:457}}
Sep 13 02:54:16.847224 dv-neutron-856955-4-hyperv devstack@keystone.service[81760]: [pid: 81760|app: 0|req: 174/352] 10.222.0.44 () {56 vars in 1101 bytes} [Tue Sep 13 02:54:16 2022] GET /identity/v3/roles?name=member => generated 341 bytes in 216 msecs (HTTP/1.1 200) 5 headers in 177 bytes (1 switches on core 0)
Sep 13 02:54:16.848747 dv-neutron-856955-4-hyperv devstack@keystone.service[81760]: DEBUG keystone.server.flask.request_processing.req_logging [None req-e62c6152-7216-40b2-bf52-c29d19c3cf16 None None] REQUEST_METHOD: `POST` {{(pid=81760) log_request_info /opt/stack/keystone/keystone/server/flask/request_processing/req_logging.py:27}}
Sep 13 02:54:16.849214 dv-neutron-856955-4-hyperv devstack@keystone.service[81760]: DEBUG keystone.server.flask.request_processing.req_logging [None req-e62c6152-7216-40b2-bf52-c29d19c3cf16 None None] SCRIPT_NAME: `/identity` {{(pid=81760) log_request_info /opt/stack/keystone/keystone/server/flask/request_processing/req_logging.py:28}}
Sep 13 02:54:16.849727 dv-neutron-856955-4-hyperv devstack@keystone.service[81760]: DEBUG keystone.server.flask.request_processing.req_logging [None req-e62c6152-7216-40b2-bf52-c29d19c3cf16 None None] PATH_INFO: `/v3/auth/tokens` {{(pid=81760) log_request_info /opt/stack/keystone/keystone/server/flask/request_processing/req_logging.py:29}}
Sep 13 02:54:16.869652 dv-neutron-856955-4-hyperv devstack@keystone.service[81760]: DEBUG keystone.auth.core [None req-e62c6152-7216-40b2-bf52-c29d19c3cf16 None None] MFA Rules not processed for user `26246b637e0d497fba48ec2665ae988f`. Rule list: `[]` (Enabled: `True`). {{(pid=81760) check_auth_methods_against_rules /opt/stack/keystone/keystone/auth/core.py:438}}
Sep 13 02:54:16.870128 dv-neutron-856955-4-hyperv devstack@keystone.service[81760]: DEBUG keystone.common.fernet_utils [None req-e62c6152-7216-40b2-bf52-c29d19c3cf16 None None] Loaded 2 Fernet keys from /etc/keystone/fernet-keys/, but `[fernet_tokens] max_active_keys = 3`; perhaps there have not been enough key rotations to reach `max_active_keys` yet? {{(pid=81760) load_keys /opt/stack/keystone/keystone/common/fernet_utils.py:286}}
Sep 13 02:54:16.934114 dv-neutron-856955-4-hyperv devstack@keystone.service[81759]: DEBUG keystone.server.flask.request_processing.middleware.auth_context [None req-b7e17a87-aa7e-4e14-bab8-6d7868835ce2 None admin] Validating token access rules against request {{(pid=81759) validate_allowed_request /usr/local/lib/python3.8/dist-packages/keystonemiddleware/auth_token/__init__.py:545}}
Sep 13 02:54:16.947690 dv-neutron-856955-4-hyperv devstack@keystone.service[81759]: DEBUG dbcounter [-] [81759] Writing DB stats keystone:SELECT=100 {{(pid=81759) stat_writer /usr/local/lib/python3.8/dist-packages/dbcounter.py:114}}
Sep 13 02:54:16.969601 dv-neutron-856955-4-hyperv devstack@keystone.service[81760]: [pid: 81760|app: 0|req: 175/353] 10.222.0.44 () {58 vars in 1024 bytes} [Tue Sep 13 02:54:16 2022] POST /identity/v3/auth/tokens => generated 799 bytes in 121 msecs (HTTP/1.1 201) 6 headers in 363 bytes (1 switches on core 0)
Sep 13 02:54:16.973134 dv-neutron-856955-4-hyperv devstack@keystone.service[81760]: DEBUG keystone.server.flask.request_processing.middleware.auth_context [None req-e62c6152-7216-40b2-bf52-c29d19c3cf16 None None] Authenticating user token {{(pid=81760) process_request /usr/local/lib/python3.8/dist-packages/keystonemiddleware/auth_token/__init__.py:407}}
Sep 13 02:54:16.985446 dv-neutron-856955-4-hyperv devstack@keystone.service[81759]: DEBUG keystone.server.flask.request_processing.middleware.auth_context [None req-f8fce3f3-d358-4925-9846-14129f3495a6 None admin] RBAC: auth_context: {'token': , 'domain_id': None, 'trust_id': None, 'trustor_id': None, 'trustee_id': None, 'domain_name': None, 'group_ids': [], 'user_id': '26246b637e0d497fba48ec2665ae988f', 'user_domain_id': 'default', 'system_scope': 'all', 'project_id': None, 'project_domain_id': None, 'roles': ['admin', 'member', 'reader'], 'is_admin_project': True, 'service_user_id': None, 'service_user_domain_id': None, 'service_project_id': None, 'service_project_domain_id': None, 'service_roles': []} {{(pid=81759) fill_context /opt/stack/keystone/keystone/server/flask/request_processing/middleware/auth_context.py:478}}
Sep 13 02:54:16.987222 dv-neutron-856955-4-hyperv devstack@keystone.service[81759]: DEBUG keystone.server.flask.request_processing.req_logging [None req-f8fce3f3-d358-4925-9846-14129f3495a6 None admin] REQUEST_METHOD: `GET` {{(pid=81759) log_request_info /opt/stack/keystone/keystone/server/flask/request_processing/req_logging.py:27}}
Sep 13 02:54:16.987494 dv-neutron-856955-4-hyperv devstack@keystone.service[81759]: DEBUG keystone.server.flask.request_processing.req_logging [None req-f8fce3f3-d358-4925-9846-14129f3495a6 None admin] SCRIPT_NAME: `/identity` {{(pid=81759) log_request_info /opt/stack/keystone/keystone/server/flask/request_processing/req_logging.py:28}}
Sep 13 02:54:16.988116 dv-neutron-856955-4-hyperv devstack@keystone.service[81759]: DEBUG keystone.server.flask.request_processing.req_logging [None req-f8fce3f3-d358-4925-9846-14129f3495a6 None admin] PATH_INFO: `/v3/projects/5c33e2ad96be4f959ed04a9f47ea921e` {{(pid=81759) log_request_info /opt/stack/keystone/keystone/server/flask/request_processing/req_logging.py:29}}
Sep 13 02:54:16.989905 dv-neutron-856955-4-hyperv devstack@keystone.service[81759]: DEBUG keystone.common.rbac_enforcer.enforcer [None req-f8fce3f3-d358-4925-9846-14129f3495a6 None admin] RBAC: Authorizing `identity:get_project(project_id=5c33e2ad96be4f959ed04a9f47ea921e)` {{(pid=81759) enforce_call /opt/stack/keystone/keystone/common/rbac_enforcer/enforcer.py:449}}
Sep 13 02:54:16.991688 dv-neutron-856955-4-hyperv devstack@keystone.service[81759]: DEBUG keystone.common.rbac_enforcer.enforcer [None req-f8fce3f3-d358-4925-9846-14129f3495a6 None admin] RBAC: Authorization granted {{(pid=81759) enforce_call /opt/stack/keystone/keystone/common/rbac_enforcer/enforcer.py:457}}
Sep 13 02:54:16.994403 dv-neutron-856955-4-hyperv devstack@keystone.service[81759]: [pid: 81759|app: 0|req: 179/354] 10.222.0.44 () {56 vars in 1186 bytes} [Tue Sep 13 02:54:16 2022] GET /identity/v3/projects/5c33e2ad96be4f959ed04a9f47ea921e => generated 298 bytes in 199 msecs (HTTP/1.1 200) 5 headers in 177 bytes (1 switches on core 0)
Sep 13 02:54:16.995311 dv-neutron-856955-4-hyperv devstack@keystone.service[81759]: DEBUG keystone.server.flask.request_processing.middleware.auth_context [None req-f8fce3f3-d358-4925-9846-14129f3495a6 None admin] Authenticating user token {{(pid=81759) process_request /usr/local/lib/python3.8/dist-packages/keystonemiddleware/auth_token/__init__.py:407}}
Sep 13 02:54:17.055864 dv-neutron-856955-4-hyperv devstack@keystone.service[81760]: DEBUG dbcounter [-] [81760] Writing DB stats keystone:SELECT=100 {{(pid=81760) stat_writer /usr/local/lib/python3.8/dist-packages/dbcounter.py:114}}
Sep 13 02:54:17.126486 dv-neutron-856955-4-hyperv devstack@keystone.service[81759]: DEBUG keystone.server.flask.request_processing.middleware.auth_context [None req-f8fce3f3-d358-4925-9846-14129f3495a6 None admin] Validating token access rules against request {{(pid=81759) validate_allowed_request /usr/local/lib/python3.8/dist-packages/keystonemiddleware/auth_token/__init__.py:545}}
Sep 13 02:54:17.138224 dv-neutron-856955-4-hyperv devstack@keystone.service[81760]: DEBUG keystone.server.flask.request_processing.middleware.auth_context [None req-e62c6152-7216-40b2-bf52-c29d19c3cf16 None None] Validating token access rules against request {{(pid=81760) validate_allowed_request /usr/local/lib/python3.8/dist-packages/keystonemiddleware/auth_token/__init__.py:545}}
Sep 13 02:54:17.169854 dv-neutron-856955-4-hyperv devstack@keystone.service[81759]: DEBUG keystone.server.flask.request_processing.middleware.auth_context [None req-b36318ff-4a32-42b5-80b0-655cdcfc3861 None admin] RBAC: auth_context: {'token': , 'domain_id': None, 'trust_id': None, 'trustor_id': None, 'trustee_id': None, 'domain_name': None, 'group_ids': [], 'user_id': '26246b637e0d497fba48ec2665ae988f', 'user_domain_id': 'default', 'system_scope': 'all', 'project_id': None, 'project_domain_id': None, 'roles': ['admin', 'member', 'reader'], 'is_admin_project': True, 'service_user_id': None, 'service_user_domain_id': None, 'service_project_id': None, 'service_project_domain_id': None, 'service_roles': []} {{(pid=81759) fill_context /opt/stack/keystone/keystone/server/flask/request_processing/middleware/auth_context.py:478}}
Sep 13 02:54:17.170667 dv-neutron-856955-4-hyperv devstack@keystone.service[81759]: DEBUG keystone.server.flask.request_processing.req_logging [None req-b36318ff-4a32-42b5-80b0-655cdcfc3861 None admin] REQUEST_METHOD: `GET` {{(pid=81759) log_request_info /opt/stack/keystone/keystone/server/flask/request_processing/req_logging.py:27}}
Sep 13 02:54:17.170941 dv-neutron-856955-4-hyperv devstack@keystone.service[81759]: DEBUG keystone.server.flask.request_processing.req_logging [None req-b36318ff-4a32-42b5-80b0-655cdcfc3861 None admin] SCRIPT_NAME: `/identity` {{(pid=81759) log_request_info /opt/stack/keystone/keystone/server/flask/request_processing/req_logging.py:28}}
Sep 13 02:54:17.171216 dv-neutron-856955-4-hyperv devstack@keystone.service[81759]: DEBUG keystone.server.flask.request_processing.req_logging [None req-b36318ff-4a32-42b5-80b0-655cdcfc3861 None admin] PATH_INFO: `/v3/projects/5c33e2ad96be4f959ed04a9f47ea921e` {{(pid=81759) log_request_info /opt/stack/keystone/keystone/server/flask/request_processing/req_logging.py:29}}
Sep 13 02:54:17.172360 dv-neutron-856955-4-hyperv devstack@keystone.service[81759]: DEBUG keystone.common.rbac_enforcer.enforcer [None req-b36318ff-4a32-42b5-80b0-655cdcfc3861 None admin] RBAC: Authorizing `identity:get_project(project_id=5c33e2ad96be4f959ed04a9f47ea921e)` {{(pid=81759) enforce_call /opt/stack/keystone/keystone/common/rbac_enforcer/enforcer.py:449}}
Sep 13 02:54:17.173904 dv-neutron-856955-4-hyperv devstack@keystone.service[81759]: DEBUG keystone.common.rbac_enforcer.enforcer [None req-b36318ff-4a32-42b5-80b0-655cdcfc3861 None admin] RBAC: Authorization granted {{(pid=81759) enforce_call /opt/stack/keystone/keystone/common/rbac_enforcer/enforcer.py:457}}
Sep 13 02:54:17.180650 dv-neutron-856955-4-hyperv devstack@keystone.service[81759]: [pid: 81759|app: 0|req: 180/355] 10.222.0.44 () {56 vars in 1186 bytes} [Tue Sep 13 02:54:16 2022] GET /identity/v3/projects/5c33e2ad96be4f959ed04a9f47ea921e => generated 298 bytes in 181 msecs (HTTP/1.1 200) 5 headers in 177 bytes (1 switches on core 0)
Sep 13 02:54:17.180650 dv-neutron-856955-4-hyperv devstack@keystone.service[81759]: DEBUG keystone.server.flask.request_processing.middleware.auth_context [None req-b36318ff-4a32-42b5-80b0-655cdcfc3861 None admin] Authenticating user token {{(pid=81759) process_request /usr/local/lib/python3.8/dist-packages/keystonemiddleware/auth_token/__init__.py:407}}
Sep 13 02:54:17.184514 dv-neutron-856955-4-hyperv devstack@keystone.service[81760]: DEBUG keystone.server.flask.request_processing.middleware.auth_context [None req-2d76349a-e885-4338-a6a7-59e355279f2f None admin] RBAC: auth_context: {'token': , 'domain_id': None, 'trust_id': None, 'trustor_id': None, 'trustee_id': None, 'domain_name': None, 'group_ids': [], 'user_id': '26246b637e0d497fba48ec2665ae988f', 'user_domain_id': 'default', 'system_scope': 'all', 'project_id': None, 'project_domain_id': None, 'roles': ['admin', 'member', 'reader'], 'is_admin_project': True, 'service_user_id': None, 'service_user_domain_id': None, 'service_project_id': None, 'service_project_domain_id': None, 'service_roles': []} {{(pid=81760) fill_context /opt/stack/keystone/keystone/server/flask/request_processing/middleware/auth_context.py:478}}
Sep 13 02:54:17.185378 dv-neutron-856955-4-hyperv devstack@keystone.service[81760]: DEBUG keystone.server.flask.request_processing.req_logging [None req-2d76349a-e885-4338-a6a7-59e355279f2f None admin] REQUEST_METHOD: `GET` {{(pid=81760) log_request_info /opt/stack/keystone/keystone/server/flask/request_processing/req_logging.py:27}}
Sep 13 02:54:17.185655 dv-neutron-856955-4-hyperv devstack@keystone.service[81760]: DEBUG keystone.server.flask.request_processing.req_logging [None req-2d76349a-e885-4338-a6a7-59e355279f2f None admin] SCRIPT_NAME: `/identity` {{(pid=81760) log_request_info /opt/stack/keystone/keystone/server/flask/request_processing/req_logging.py:28}}
Sep 13 02:54:17.186924 dv-neutron-856955-4-hyperv devstack@keystone.service[81760]: DEBUG keystone.server.flask.request_processing.req_logging [None req-2d76349a-e885-4338-a6a7-59e355279f2f None admin] PATH_INFO: `/v3/roles` {{(pid=81760) log_request_info /opt/stack/keystone/keystone/server/flask/request_processing/req_logging.py:29}}
Sep 13 02:54:17.186924 dv-neutron-856955-4-hyperv devstack@keystone.service[81760]: DEBUG keystone.common.rbac_enforcer.enforcer [None req-2d76349a-e885-4338-a6a7-59e355279f2f None admin] RBAC: Adding query filter params (name=reader) {{(pid=81760) _extract_filter_values /opt/stack/keystone/keystone/common/rbac_enforcer/enforcer.py:167}}
Sep 13 02:54:17.187236 dv-neutron-856955-4-hyperv devstack@keystone.service[81760]: DEBUG keystone.common.rbac_enforcer.enforcer [None req-2d76349a-e885-4338-a6a7-59e355279f2f None admin] RBAC: Authorizing `identity:list_roles()` {{(pid=81760) enforce_call /opt/stack/keystone/keystone/common/rbac_enforcer/enforcer.py:449}}
Sep 13 02:54:17.188593 dv-neutron-856955-4-hyperv devstack@keystone.service[81760]: DEBUG keystone.common.rbac_enforcer.enforcer [None req-2d76349a-e885-4338-a6a7-59e355279f2f None admin] RBAC: Authorization granted {{(pid=81760) enforce_call /opt/stack/keystone/keystone/common/rbac_enforcer/enforcer.py:457}}
Sep 13 02:54:17.198734 dv-neutron-856955-4-hyperv devstack@keystone.service[81760]: [pid: 81760|app: 0|req: 176/356] 10.222.0.44 () {56 vars in 1101 bytes} [Tue Sep 13 02:54:16 2022] GET /identity/v3/roles?name=reader => generated 341 bytes in 228 msecs (HTTP/1.1 200) 5 headers in 177 bytes (1 switches on core 0)
Sep 13 02:54:17.200971 dv-neutron-856955-4-hyperv devstack@keystone.service[81760]: DEBUG keystone.server.flask.request_processing.middleware.auth_context [None req-2d76349a-e885-4338-a6a7-59e355279f2f None admin] Authenticating user token {{(pid=81760) process_request /usr/local/lib/python3.8/dist-packages/keystonemiddleware/auth_token/__init__.py:407}}
Sep 13 02:54:17.239829 dv-neutron-856955-4-hyperv devstack@keystone.service[81759]: DEBUG dbcounter [-] [81759] Writing DB stats keystone:SELECT=100 {{(pid=81759) stat_writer /usr/local/lib/python3.8/dist-packages/dbcounter.py:114}}
Sep 13 02:54:17.316765 dv-neutron-856955-4-hyperv devstack@keystone.service[81759]: DEBUG keystone.server.flask.request_processing.middleware.auth_context [None req-b36318ff-4a32-42b5-80b0-655cdcfc3861 None admin] Validating token access rules against request {{(pid=81759) validate_allowed_request /usr/local/lib/python3.8/dist-packages/keystonemiddleware/auth_token/__init__.py:545}}
Sep 13 02:54:17.328983 dv-neutron-856955-4-hyperv devstack@keystone.service[81760]: DEBUG keystone.server.flask.request_processing.middleware.auth_context [None req-2d76349a-e885-4338-a6a7-59e355279f2f None admin] Validating token access rules against request {{(pid=81760) validate_allowed_request /usr/local/lib/python3.8/dist-packages/keystonemiddleware/auth_token/__init__.py:545}}
Sep 13 02:54:17.341813 dv-neutron-856955-4-hyperv devstack@keystone.service[81760]: DEBUG dbcounter [-] [81760] Writing DB stats keystone:SELECT=100 {{(pid=81760) stat_writer /usr/local/lib/python3.8/dist-packages/dbcounter.py:114}}
Sep 13 02:54:17.357077 dv-neutron-856955-4-hyperv devstack@keystone.service[81759]: DEBUG keystone.server.flask.request_processing.middleware.auth_context [None req-d03bb100-e719-4c5b-b0f2-a8c6c469f974 None admin] RBAC: auth_context: {'token': , 'domain_id': None, 'trust_id': None, 'trustor_id': None, 'trustee_id': None, 'domain_name': None, 'group_ids': [], 'user_id': '26246b637e0d497fba48ec2665ae988f', 'user_domain_id': 'default', 'system_scope': 'all', 'project_id': None, 'project_domain_id': None, 'roles': ['admin', 'member', 'reader'], 'is_admin_project': True, 'service_user_id': None, 'service_user_domain_id': None, 'service_project_id': None, 'service_project_domain_id': None, 'service_roles': []} {{(pid=81759) fill_context /opt/stack/keystone/keystone/server/flask/request_processing/middleware/auth_context.py:478}}
Sep 13 02:54:17.357797 dv-neutron-856955-4-hyperv devstack@keystone.service[81759]: DEBUG keystone.server.flask.request_processing.req_logging [None req-d03bb100-e719-4c5b-b0f2-a8c6c469f974 None admin] REQUEST_METHOD: `GET` {{(pid=81759) log_request_info /opt/stack/keystone/keystone/server/flask/request_processing/req_logging.py:27}}
Sep 13 02:54:17.358076 dv-neutron-856955-4-hyperv devstack@keystone.service[81759]: DEBUG keystone.server.flask.request_processing.req_logging [None req-d03bb100-e719-4c5b-b0f2-a8c6c469f974 None admin] SCRIPT_NAME: `/identity` {{(pid=81759) log_request_info /opt/stack/keystone/keystone/server/flask/request_processing/req_logging.py:28}}
Sep 13 02:54:17.358535 dv-neutron-856955-4-hyperv devstack@keystone.service[81759]: DEBUG keystone.server.flask.request_processing.req_logging [None req-d03bb100-e719-4c5b-b0f2-a8c6c469f974 None admin] PATH_INFO: `/v3/auth/tokens` {{(pid=81759) log_request_info /opt/stack/keystone/keystone/server/flask/request_processing/req_logging.py:29}}
Sep 13 02:54:17.368699 dv-neutron-856955-4-hyperv devstack@keystone.service[81760]: DEBUG keystone.server.flask.request_processing.middleware.auth_context [None req-92909e4d-4ed2-4c56-aece-b6279cb02054 None admin] RBAC: auth_context: {'token': , 'domain_id': None, 'trust_id': None, 'trustor_id': None, 'trustee_id': None, 'domain_name': None, 'group_ids': [], 'user_id': '26246b637e0d497fba48ec2665ae988f', 'user_domain_id': 'default', 'system_scope': 'all', 'project_id': None, 'project_domain_id': None, 'roles': ['admin', 'member', 'reader'], 'is_admin_project': True, 'service_user_id': None, 'service_user_domain_id': None, 'service_project_id': None, 'service_project_domain_id': None, 'service_roles': []} {{(pid=81760) fill_context /opt/stack/keystone/keystone/server/flask/request_processing/middleware/auth_context.py:478}}
Sep 13 02:54:17.369332 dv-neutron-856955-4-hyperv devstack@keystone.service[81760]: DEBUG keystone.server.flask.request_processing.req_logging [None req-92909e4d-4ed2-4c56-aece-b6279cb02054 None admin] REQUEST_METHOD: `GET` {{(pid=81760) log_request_info /opt/stack/keystone/keystone/server/flask/request_processing/req_logging.py:27}}
Sep 13 02:54:17.369613 dv-neutron-856955-4-hyperv devstack@keystone.service[81760]: DEBUG keystone.server.flask.request_processing.req_logging [None req-92909e4d-4ed2-4c56-aece-b6279cb02054 None admin] SCRIPT_NAME: `/identity` {{(pid=81760) log_request_info /opt/stack/keystone/keystone/server/flask/request_processing/req_logging.py:28}}
Sep 13 02:54:17.369888 dv-neutron-856955-4-hyperv devstack@keystone.service[81760]: DEBUG keystone.server.flask.request_processing.req_logging [None req-92909e4d-4ed2-4c56-aece-b6279cb02054 None admin] PATH_INFO: `/v3/groups/0babcbab06e54310af2cab4576191ca0` {{(pid=81760) log_request_info /opt/stack/keystone/keystone/server/flask/request_processing/req_logging.py:29}}
Sep 13 02:54:17.379810 dv-neutron-856955-4-hyperv devstack@keystone.service[81760]: DEBUG keystone.common.rbac_enforcer.enforcer [None req-92909e4d-4ed2-4c56-aece-b6279cb02054 None admin] RBAC: Authorizing `identity:get_group(group_id=0babcbab06e54310af2cab4576191ca0)` {{(pid=81760) enforce_call /opt/stack/keystone/keystone/common/rbac_enforcer/enforcer.py:449}}
Sep 13 02:54:17.381240 dv-neutron-856955-4-hyperv devstack@keystone.service[81760]: DEBUG keystone.common.rbac_enforcer.enforcer [None req-92909e4d-4ed2-4c56-aece-b6279cb02054 None admin] RBAC: Authorization granted {{(pid=81760) enforce_call /opt/stack/keystone/keystone/common/rbac_enforcer/enforcer.py:457}}
Sep 13 02:54:17.383038 dv-neutron-856955-4-hyperv devstack@keystone.service[81760]: [pid: 81760|app: 0|req: 177/357] 10.222.0.44 () {56 vars in 1180 bytes} [Tue Sep 13 02:54:17 2022] GET /identity/v3/groups/0babcbab06e54310af2cab4576191ca0 => generated 226 bytes in 184 msecs (HTTP/1.1 200) 5 headers in 177 bytes (1 switches on core 0)
Sep 13 02:54:17.384201 dv-neutron-856955-4-hyperv devstack@keystone.service[81760]: DEBUG keystone.server.flask.request_processing.req_logging [None req-6da843b6-8e6a-4e07-b643-0adb098bfa16 None None] REQUEST_METHOD: `GET` {{(pid=81760) log_request_info /opt/stack/keystone/keystone/server/flask/request_processing/req_logging.py:27}}
Sep 13 02:54:17.384479 dv-neutron-856955-4-hyperv devstack@keystone.service[81760]: DEBUG keystone.server.flask.request_processing.req_logging [None req-6da843b6-8e6a-4e07-b643-0adb098bfa16 None None] SCRIPT_NAME: `/identity` {{(pid=81760) log_request_info /opt/stack/keystone/keystone/server/flask/request_processing/req_logging.py:28}}
Sep 13 02:54:17.390297 dv-neutron-856955-4-hyperv devstack@keystone.service[81760]: DEBUG keystone.server.flask.request_processing.req_logging [None req-6da843b6-8e6a-4e07-b643-0adb098bfa16 None None] PATH_INFO: `/` {{(pid=81760) log_request_info /opt/stack/keystone/keystone/server/flask/request_processing/req_logging.py:29}}
Sep 13 02:54:17.391673 dv-neutron-856955-4-hyperv devstack@keystone.service[81760]: [pid: 81760|app: 0|req: 178/358] 10.222.0.44 () {54 vars in 927 bytes} [Tue Sep 13 02:54:17 2022] GET /identity => generated 270 bytes in 8 msecs (HTTP/1.1 300) 6 headers in 234 bytes (1 switches on core 0)
Sep 13 02:54:17.392420 dv-neutron-856955-4-hyperv devstack@keystone.service[81760]: DEBUG keystone.server.flask.request_processing.middleware.auth_context [None req-6da843b6-8e6a-4e07-b643-0adb098bfa16 None None] Authenticating user token {{(pid=81760) process_request /usr/local/lib/python3.8/dist-packages/keystonemiddleware/auth_token/__init__.py:407}}
Sep 13 02:54:17.439355 dv-neutron-856955-4-hyperv devstack@keystone.service[81759]: DEBUG keystone.common.rbac_enforcer.enforcer [None req-d03bb100-e719-4c5b-b0f2-a8c6c469f974 None admin] RBAC: Authorizing `identity:validate_token()` {{(pid=81759) enforce_call /opt/stack/keystone/keystone/common/rbac_enforcer/enforcer.py:449}}
Sep 13 02:54:17.440860 dv-neutron-856955-4-hyperv devstack@keystone.service[81759]: DEBUG keystone.common.rbac_enforcer.enforcer [None req-d03bb100-e719-4c5b-b0f2-a8c6c469f974 None admin] RBAC: Authorization granted {{(pid=81759) enforce_call /opt/stack/keystone/keystone/common/rbac_enforcer/enforcer.py:457}}
Sep 13 02:54:17.497719 dv-neutron-856955-4-hyperv devstack@keystone.service[81759]: DEBUG dbcounter [-] [81759] Writing DB stats keystone:SELECT=100 {{(pid=81759) stat_writer /usr/local/lib/python3.8/dist-packages/dbcounter.py:114}}
Sep 13 02:54:17.514350 dv-neutron-856955-4-hyperv devstack@keystone.service[81760]: DEBUG keystone.server.flask.request_processing.middleware.auth_context [None req-6da843b6-8e6a-4e07-b643-0adb098bfa16 None None] Validating token access rules against request {{(pid=81760) validate_allowed_request /usr/local/lib/python3.8/dist-packages/keystonemiddleware/auth_token/__init__.py:545}}
Sep 13 02:54:17.555992 dv-neutron-856955-4-hyperv devstack@keystone.service[81760]: DEBUG keystone.server.flask.request_processing.middleware.auth_context [None req-fdb07364-0cae-47f2-9e86-f14420cdde03 None admin] RBAC: auth_context: {'token': , 'domain_id': None, 'trust_id': None, 'trustor_id': None, 'trustee_id': None, 'domain_name': None, 'group_ids': [], 'user_id': '26246b637e0d497fba48ec2665ae988f', 'user_domain_id': 'default', 'system_scope': 'all', 'project_id': None, 'project_domain_id': None, 'roles': ['admin', 'member', 'reader'], 'is_admin_project': True, 'service_user_id': None, 'service_user_domain_id': None, 'service_project_id': None, 'service_project_domain_id': None, 'service_roles': []} {{(pid=81760) fill_context /opt/stack/keystone/keystone/server/flask/request_processing/middleware/auth_context.py:478}}
Sep 13 02:54:17.556722 dv-neutron-856955-4-hyperv devstack@keystone.service[81760]: DEBUG keystone.server.flask.request_processing.req_logging [None req-fdb07364-0cae-47f2-9e86-f14420cdde03 None admin] REQUEST_METHOD: `GET` {{(pid=81760) log_request_info /opt/stack/keystone/keystone/server/flask/request_processing/req_logging.py:27}}
Sep 13 02:54:17.556997 dv-neutron-856955-4-hyperv devstack@keystone.service[81760]: DEBUG keystone.server.flask.request_processing.req_logging [None req-fdb07364-0cae-47f2-9e86-f14420cdde03 None admin] SCRIPT_NAME: `/identity` {{(pid=81760) log_request_info /opt/stack/keystone/keystone/server/flask/request_processing/req_logging.py:28}}
Sep 13 02:54:17.557267 dv-neutron-856955-4-hyperv devstack@keystone.service[81760]: DEBUG keystone.server.flask.request_processing.req_logging [None req-fdb07364-0cae-47f2-9e86-f14420cdde03 None admin] PATH_INFO: `/v3/groups/0babcbab06e54310af2cab4576191ca0` {{(pid=81760) log_request_info /opt/stack/keystone/keystone/server/flask/request_processing/req_logging.py:29}}
Sep 13 02:54:17.558482 dv-neutron-856955-4-hyperv devstack@keystone.service[81760]: DEBUG keystone.common.rbac_enforcer.enforcer [None req-fdb07364-0cae-47f2-9e86-f14420cdde03 None admin] RBAC: Authorizing `identity:get_group(group_id=0babcbab06e54310af2cab4576191ca0)` {{(pid=81760) enforce_call /opt/stack/keystone/keystone/common/rbac_enforcer/enforcer.py:449}}
Sep 13 02:54:17.560546 dv-neutron-856955-4-hyperv devstack@keystone.service[81760]: DEBUG keystone.common.rbac_enforcer.enforcer [None req-fdb07364-0cae-47f2-9e86-f14420cdde03 None admin] RBAC: Authorization granted {{(pid=81760) enforce_call /opt/stack/keystone/keystone/common/rbac_enforcer/enforcer.py:457}}
Sep 13 02:54:17.562522 dv-neutron-856955-4-hyperv devstack@keystone.service[81760]: [pid: 81760|app: 0|req: 179/359] 10.222.0.44 () {56 vars in 1180 bytes} [Tue Sep 13 02:54:17 2022] GET /identity/v3/groups/0babcbab06e54310af2cab4576191ca0 => generated 226 bytes in 170 msecs (HTTP/1.1 200) 5 headers in 177 bytes (1 switches on core 0)
Sep 13 02:54:17.563293 dv-neutron-856955-4-hyperv devstack@keystone.service[81760]: DEBUG keystone.server.flask.request_processing.middleware.auth_context [None req-fdb07364-0cae-47f2-9e86-f14420cdde03 None admin] Authenticating user token {{(pid=81760) process_request /usr/local/lib/python3.8/dist-packages/keystonemiddleware/auth_token/__init__.py:407}}
Sep 13 02:54:17.567067 dv-neutron-856955-4-hyperv devstack@keystone.service[81759]: [pid: 81759|app: 0|req: 181/360] 10.222.0.44 () {58 vars in 1282 bytes} [Tue Sep 13 02:54:17 2022] GET /identity/v3/auth/tokens => generated 799 bytes in 391 msecs (HTTP/1.1 200) 6 headers in 358 bytes (1 switches on core 0)
Sep 13 02:54:17.568173 dv-neutron-856955-4-hyperv devstack@keystone.service[81759]: DEBUG keystone.server.flask.request_processing.middleware.auth_context [None req-d03bb100-e719-4c5b-b0f2-a8c6c469f974 None admin] Authenticating user token {{(pid=81759) process_request /usr/local/lib/python3.8/dist-packages/keystonemiddleware/auth_token/__init__.py:407}}
Sep 13 02:54:17.616943 dv-neutron-856955-4-hyperv devstack@keystone.service[81760]: DEBUG dbcounter [-] [81760] Writing DB stats keystone:SELECT=100 {{(pid=81760) stat_writer /usr/local/lib/python3.8/dist-packages/dbcounter.py:114}}
Sep 13 02:54:17.688777 dv-neutron-856955-4-hyperv devstack@keystone.service[81759]: DEBUG keystone.server.flask.request_processing.middleware.auth_context [None req-d03bb100-e719-4c5b-b0f2-a8c6c469f974 None admin] Validating token access rules against request {{(pid=81759) validate_allowed_request /usr/local/lib/python3.8/dist-packages/keystonemiddleware/auth_token/__init__.py:545}}
Sep 13 02:54:17.692006 dv-neutron-856955-4-hyperv devstack@keystone.service[81760]: DEBUG keystone.server.flask.request_processing.middleware.auth_context [None req-fdb07364-0cae-47f2-9e86-f14420cdde03 None admin] Validating token access rules against request {{(pid=81760) validate_allowed_request /usr/local/lib/python3.8/dist-packages/keystonemiddleware/auth_token/__init__.py:545}}
Sep 13 02:54:17.731306 dv-neutron-856955-4-hyperv devstack@keystone.service[81759]: DEBUG keystone.server.flask.request_processing.middleware.auth_context [None req-23e696c7-4fb8-4856-a4b6-bb3c3d53b769 None admin] RBAC: auth_context: {'token': , 'domain_id': None, 'trust_id': None, 'trustor_id': None, 'trustee_id': None, 'domain_name': None, 'group_ids': [], 'user_id': '26246b637e0d497fba48ec2665ae988f', 'user_domain_id': 'default', 'system_scope': 'all', 'project_id': None, 'project_domain_id': None, 'roles': ['admin', 'member', 'reader'], 'is_admin_project': True, 'service_user_id': None, 'service_user_domain_id': None, 'service_project_id': None, 'service_project_domain_id': None, 'service_roles': []} {{(pid=81759) fill_context /opt/stack/keystone/keystone/server/flask/request_processing/middleware/auth_context.py:478}}
Sep 13 02:54:17.732687 dv-neutron-856955-4-hyperv devstack@keystone.service[81759]: DEBUG keystone.server.flask.request_processing.req_logging [None req-23e696c7-4fb8-4856-a4b6-bb3c3d53b769 None admin] REQUEST_METHOD: `GET` {{(pid=81759) log_request_info /opt/stack/keystone/keystone/server/flask/request_processing/req_logging.py:27}}
Sep 13 02:54:17.732687 dv-neutron-856955-4-hyperv devstack@keystone.service[81759]: DEBUG keystone.server.flask.request_processing.req_logging [None req-23e696c7-4fb8-4856-a4b6-bb3c3d53b769 None admin] SCRIPT_NAME: `/identity` {{(pid=81759) log_request_info /opt/stack/keystone/keystone/server/flask/request_processing/req_logging.py:28}}
Sep 13 02:54:17.732687 dv-neutron-856955-4-hyperv devstack@keystone.service[81759]: DEBUG keystone.server.flask.request_processing.req_logging [None req-23e696c7-4fb8-4856-a4b6-bb3c3d53b769 None admin] PATH_INFO: `/v3/roles/anotherrole` {{(pid=81759) log_request_info /opt/stack/keystone/keystone/server/flask/request_processing/req_logging.py:29}}
Sep 13 02:54:17.733821 dv-neutron-856955-4-hyperv devstack@keystone.service[81760]: DEBUG keystone.server.flask.request_processing.middleware.auth_context [None req-75b5cd34-51c9-47c5-8e36-8dfc0863231e None admin] RBAC: auth_context: {'token': , 'domain_id': None, 'trust_id': None, 'trustor_id': None, 'trustee_id': None, 'domain_name': None, 'group_ids': [], 'user_id': '26246b637e0d497fba48ec2665ae988f', 'user_domain_id': 'default', 'system_scope': 'all', 'project_id': None, 'project_domain_id': None, 'roles': ['admin', 'member', 'reader'], 'is_admin_project': True, 'service_user_id': None, 'service_user_domain_id': None, 'service_project_id': None, 'service_project_domain_id': None, 'service_roles': []} {{(pid=81760) fill_context /opt/stack/keystone/keystone/server/flask/request_processing/middleware/auth_context.py:478}}
Sep 13 02:54:17.734470 dv-neutron-856955-4-hyperv devstack@keystone.service[81760]: DEBUG keystone.server.flask.request_processing.req_logging [None req-75b5cd34-51c9-47c5-8e36-8dfc0863231e None admin] REQUEST_METHOD: `GET` {{(pid=81760) log_request_info /opt/stack/keystone/keystone/server/flask/request_processing/req_logging.py:27}}
Sep 13 02:54:17.734749 dv-neutron-856955-4-hyperv devstack@keystone.service[81760]: DEBUG keystone.server.flask.request_processing.req_logging [None req-75b5cd34-51c9-47c5-8e36-8dfc0863231e None admin] SCRIPT_NAME: `/identity` {{(pid=81760) log_request_info /opt/stack/keystone/keystone/server/flask/request_processing/req_logging.py:28}}
Sep 13 02:54:17.735022 dv-neutron-856955-4-hyperv devstack@keystone.service[81760]: DEBUG keystone.server.flask.request_processing.req_logging [None req-75b5cd34-51c9-47c5-8e36-8dfc0863231e None admin] PATH_INFO: `/v3/users/0131c1e7bcae4eabafa4d952e63e60a2` {{(pid=81760) log_request_info /opt/stack/keystone/keystone/server/flask/request_processing/req_logging.py:29}}
Sep 13 02:54:17.736151 dv-neutron-856955-4-hyperv devstack@keystone.service[81760]: DEBUG keystone.common.rbac_enforcer.enforcer [None req-75b5cd34-51c9-47c5-8e36-8dfc0863231e None admin] RBAC: Authorizing `identity:get_user(user_id=0131c1e7bcae4eabafa4d952e63e60a2)` {{(pid=81760) enforce_call /opt/stack/keystone/keystone/common/rbac_enforcer/enforcer.py:449}}
Sep 13 02:54:17.737639 dv-neutron-856955-4-hyperv devstack@keystone.service[81760]: DEBUG keystone.common.rbac_enforcer.enforcer [None req-75b5cd34-51c9-47c5-8e36-8dfc0863231e None admin] RBAC: Authorization granted {{(pid=81760) enforce_call /opt/stack/keystone/keystone/common/rbac_enforcer/enforcer.py:457}}
Sep 13 02:54:17.739486 dv-neutron-856955-4-hyperv devstack@keystone.service[81760]: [pid: 81760|app: 0|req: 180/361] 10.222.0.44 () {56 vars in 1177 bytes} [Tue Sep 13 02:54:17 2022] GET /identity/v3/users/0131c1e7bcae4eabafa4d952e63e60a2 => generated 293 bytes in 176 msecs (HTTP/1.1 200) 5 headers in 177 bytes (1 switches on core 0)
Sep 13 02:54:17.739997 dv-neutron-856955-4-hyperv devstack@keystone.service[81760]: DEBUG keystone.server.flask.request_processing.middleware.auth_context [None req-75b5cd34-51c9-47c5-8e36-8dfc0863231e None admin] Authenticating user token {{(pid=81760) process_request /usr/local/lib/python3.8/dist-packages/keystonemiddleware/auth_token/__init__.py:407}}
Sep 13 02:54:17.745942 dv-neutron-856955-4-hyperv devstack@keystone.service[81759]: DEBUG keystone.common.rbac_enforcer.enforcer [None req-23e696c7-4fb8-4856-a4b6-bb3c3d53b769 None admin] Extracting inferred target data resulted in "NOT FOUND (404)". {{(pid=81759) enforce_call /opt/stack/keystone/keystone/common/rbac_enforcer/enforcer.py:409}}
Sep 13 02:54:17.751159 dv-neutron-856955-4-hyperv devstack@keystone.service[81759]: ERROR keystone.server.flask.application [None req-23e696c7-4fb8-4856-a4b6-bb3c3d53b769 None admin] Could not find role: anotherrole.: keystone.exception.RoleNotFound: Could not find role: anotherrole.
Sep 13 02:54:17.751159 dv-neutron-856955-4-hyperv devstack@keystone.service[81759]: ERROR keystone.server.flask.application
Traceback (most recent call last):
Sep 13 02:54:17.751159 dv-neutron-856955-4-hyperv devstack@keystone.service[81759]: ERROR keystone.server.flask.application
File "/usr/local/lib/python3.8/dist-packages/flask/app.py", line 1820, in full_dispatch_request
Sep 13 02:54:17.751159 dv-neutron-856955-4-hyperv devstack@keystone.service[81759]: ERROR keystone.server.flask.application rv = self.dispatch_request()
Sep 13 02:54:17.751159 dv-neutron-856955-4-hyperv devstack@keystone.service[81759]: ERROR keystone.server.flask.application
File "/usr/local/lib/python3.8/dist-packages/flask/app.py", line 1796, in dispatch_request
Sep 13 02:54:17.751159 dv-neutron-856955-4-hyperv devstack@keystone.service[81759]: ERROR keystone.server.flask.application return self.ensure_sync(self.view_functions[rule.endpoint])(**view_args)
Sep 13 02:54:17.751159 dv-neutron-856955-4-hyperv devstack@keystone.service[81759]: ERROR keystone.server.flask.application
File "/usr/local/lib/python3.8/dist-packages/flask_restful/__init__.py", line 467, in wrapper
Sep 13 02:54:17.751159 dv-neutron-856955-4-hyperv devstack@keystone.service[81759]: ERROR keystone.server.flask.application resp = resource(*args, **kwargs)
Sep 13 02:54:17.751159 dv-neutron-856955-4-hyperv devstack@keystone.service[81759]: ERROR keystone.server.flask.application
File "/usr/local/lib/python3.8/dist-packages/flask/views.py", line 107, in view
Sep 13 02:54:17.751159 dv-neutron-856955-4-hyperv devstack@keystone.service[81759]: ERROR keystone.server.flask.application return current_app.ensure_sync(self.dispatch_request)(**kwargs)
Sep 13 02:54:17.751159 dv-neutron-856955-4-hyperv devstack@keystone.service[81759]: ERROR keystone.server.flask.application
File "/usr/local/lib/python3.8/dist-packages/flask_restful/__init__.py", line 582, in dispatch_request
Sep 13 02:54:17.751159 dv-neutron-856955-4-hyperv devstack@keystone.service[81759]: ERROR keystone.server.flask.application resp = meth(*args, **kwargs)
Sep 13 02:54:17.751159 dv-neutron-856955-4-hyperv devstack@keystone.service[81759]: ERROR keystone.server.flask.application
File "/opt/stack/keystone/keystone/api/roles.py", line 50, in get
Sep 13 02:54:17.751159 dv-neutron-856955-4-hyperv devstack@keystone.service[81759]: ERROR keystone.server.flask.application return self._get_role(role_id)
Sep 13 02:54:17.751159 dv-neutron-856955-4-hyperv devstack@keystone.service[81759]: ERROR keystone.server.flask.application
File "/opt/stack/keystone/keystone/api/roles.py", line 70, in _get_role
Sep 13 02:54:17.751159 dv-neutron-856955-4-hyperv devstack@keystone.service[81759]: ERROR keystone.server.flask.application ENFORCER.enforce_call(action='identity:get_role')
Sep 13 02:54:17.752100 dv-neutron-856955-4-hyperv devstack@keystone.service[81759]: ERROR keystone.server.flask.application
File "/opt/stack/keystone/keystone/common/rbac_enforcer/enforcer.py", line 402, in enforce_call
Sep 13 02:54:17.752100 dv-neutron-856955-4-hyperv devstack@keystone.service[81759]: ERROR keystone.server.flask.application policy_dict.update(cls._extract_member_target_data(
Sep 13 02:54:17.752100 dv-neutron-856955-4-hyperv devstack@keystone.service[81759]: ERROR keystone.server.flask.application
File "/opt/stack/keystone/keystone/common/rbac_enforcer/enforcer.py", line 234, in _extract_member_target_data
Sep 13 02:54:17.752100 dv-neutron-856955-4-hyperv devstack@keystone.service[81759]: ERROR keystone.server.flask.application member_name: func(flask.request.view_args[key])
Sep 13 02:54:17.752100 dv-neutron-856955-4-hyperv devstack@keystone.service[81759]: ERROR keystone.server.flask.application
File "/opt/stack/keystone/keystone/common/manager.py", line 115, in wrapped
Sep 13 02:54:17.752100 dv-neutron-856955-4-hyperv devstack@keystone.service[81759]: ERROR keystone.server.flask.application __ret_val = __f(*args, **kwargs)
Sep 13 02:54:17.752100 dv-neutron-856955-4-hyperv devstack@keystone.service[81759]: ERROR keystone.server.flask.application
File "/usr/local/lib/python3.8/dist-packages/decorator.py", line 232, in fun
Sep 13 02:54:17.752100 dv-neutron-856955-4-hyperv devstack@keystone.service[81759]: ERROR keystone.server.flask.application return caller(func, *(extras + args), **kw)
Sep 13 02:54:17.752100 dv-neutron-856955-4-hyperv devstack@keystone.service[81759]: ERROR keystone.server.flask.application
File "/usr/local/lib/python3.8/dist-packages/dogpile/cache/region.py", line 1577, in get_or_create_for_user_func
Sep 13 02:54:17.752100 dv-neutron-856955-4-hyperv devstack@keystone.service[81759]: ERROR keystone.server.flask.application return self.get_or_create(
Sep 13 02:54:17.752100 dv-neutron-856955-4-hyperv devstack@keystone.service[81759]: ERROR keystone.server.flask.application
File "/usr/local/lib/python3.8/dist-packages/dogpile/cache/region.py", line 1042, in get_or_create
Sep 13 02:54:17.752100 dv-neutron-856955-4-hyperv devstack@keystone.service[81759]: ERROR keystone.server.flask.application with Lock(
Sep 13 02:54:17.752100 dv-neutron-856955-4-hyperv devstack@keystone.service[81759]: ERROR keystone.server.flask.application
File "/usr/local/lib/python3.8/dist-packages/dogpile/lock.py", line 185, in __enter__
Sep 13 02:54:17.752100 dv-neutron-856955-4-hyperv devstack@keystone.service[81759]: ERROR keystone.server.flask.application return self._enter()
Sep 13 02:54:17.752100 dv-neutron-856955-4-hyperv devstack@keystone.service[81759]: ERROR keystone.server.flask.application
File "/usr/local/lib/python3.8/dist-packages/dogpile/lock.py", line 94, in _enter
Sep 13 02:54:17.752100 dv-neutron-856955-4-hyperv devstack@keystone.service[81759]: ERROR keystone.server.flask.application generated = self._enter_create(value, createdtime)
Sep 13 02:54:17.752939 dv-neutron-856955-4-hyperv devstack@keystone.service[81759]: ERROR keystone.server.flask.application
File "/usr/local/lib/python3.8/dist-packages/dogpile/lock.py", line 178, in _enter_create
Sep 13 02:54:17.752939 dv-neutron-856955-4-hyperv devstack@keystone.service[81759]: ERROR keystone.server.flask.application return self.creator()
Sep 13 02:54:17.752939 dv-neutron-856955-4-hyperv devstack@keystone.service[81759]: ERROR keystone.server.flask.application
File "/usr/local/lib/python3.8/dist-packages/dogpile/cache/region.py", line 995, in gen_value
Sep 13 02:54:17.752939 dv-neutron-856955-4-hyperv devstack@keystone.service[81759]: ERROR keystone.server.flask.application created_value = creator(
Sep 13 02:54:17.752939 dv-neutron-856955-4-hyperv devstack@keystone.service[81759]: ERROR keystone.server.flask.application
File "/opt/stack/keystone/keystone/assignment/core.py", line 1276, in get_role
Sep 13 02:54:17.752939 dv-neutron-856955-4-hyperv devstack@keystone.service[81759]: ERROR keystone.server.flask.application return self.driver.get_role(role_id)
Sep 13 02:54:17.752939 dv-neutron-856955-4-hyperv devstack@keystone.service[81759]: ERROR keystone.server.flask.application
File "/opt/stack/keystone/keystone/assignment/role_backends/sql.py", line 70, in get_role
Sep 13 02:54:17.752939 dv-neutron-856955-4-hyperv devstack@keystone.service[81759]: ERROR keystone.server.flask.application return self._get_role(session, role_id).to_dict()
Sep 13 02:54:17.752939 dv-neutron-856955-4-hyperv devstack@keystone.service[81759]: ERROR keystone.server.flask.application
File "/opt/stack/keystone/keystone/assignment/role_backends/sql.py", line 65, in _get_role
Sep 13 02:54:17.752939 dv-neutron-856955-4-hyperv devstack@keystone.service[81759]: ERROR keystone.server.flask.application raise exception.RoleNotFound(role_id=role_id)
Sep 13 02:54:17.752939 dv-neutron-856955-4-hyperv devstack@keystone.service[81759]: ERROR keystone.server.flask.application keystone.exception.RoleNotFound: Could not find role: anotherrole.
Sep 13 02:54:17.752939 dv-neutron-856955-4-hyperv devstack@keystone.service[81759]: ERROR keystone.server.flask.application
Sep 13 02:54:17.752939 dv-neutron-856955-4-hyperv devstack@keystone.service[81759]: [pid: 81759|app: 0|req: 182/362] 10.222.0.44 () {56 vars in 1114 bytes} [Tue Sep 13 02:54:17 2022] GET /identity/v3/roles/anotherrole => generated 89 bytes in 185 msecs (HTTP/1.1 404) 5 headers in 183 bytes (1 switches on core 0)
Sep 13 02:54:17.754598 dv-neutron-856955-4-hyperv devstack@keystone.service[81759]: DEBUG keystone.server.flask.request_processing.req_logging [None req-88c40e51-14da-4b1d-953e-3e7c92bde9b4 None None] REQUEST_METHOD: `POST` {{(pid=81759) log_request_info /opt/stack/keystone/keystone/server/flask/request_processing/req_logging.py:27}}
Sep 13 02:54:17.754598 dv-neutron-856955-4-hyperv devstack@keystone.service[81759]: DEBUG keystone.server.flask.request_processing.req_logging [None req-88c40e51-14da-4b1d-953e-3e7c92bde9b4 None None] SCRIPT_NAME: `/identity` {{(pid=81759) log_request_info /opt/stack/keystone/keystone/server/flask/request_processing/req_logging.py:28}}
Sep 13 02:54:17.754598 dv-neutron-856955-4-hyperv devstack@keystone.service[81759]: DEBUG keystone.server.flask.request_processing.req_logging [None req-88c40e51-14da-4b1d-953e-3e7c92bde9b4 None None] PATH_INFO: `/v3/auth/tokens` {{(pid=81759) log_request_info /opt/stack/keystone/keystone/server/flask/request_processing/req_logging.py:29}}
Sep 13 02:54:17.765135 dv-neutron-856955-4-hyperv devstack@keystone.service[81759]: DEBUG dbcounter [-] [81759] Writing DB stats keystone:SELECT=100 {{(pid=81759) stat_writer /usr/local/lib/python3.8/dist-packages/dbcounter.py:114}}
Sep 13 02:54:17.776789 dv-neutron-856955-4-hyperv devstack@keystone.service[81759]: DEBUG keystone.auth.core [None req-88c40e51-14da-4b1d-953e-3e7c92bde9b4 None None] MFA Rules not processed for user `26246b637e0d497fba48ec2665ae988f`. Rule list: `[]` (Enabled: `True`). {{(pid=81759) check_auth_methods_against_rules /opt/stack/keystone/keystone/auth/core.py:438}}
Sep 13 02:54:17.778793 dv-neutron-856955-4-hyperv devstack@keystone.service[81759]: DEBUG keystone.common.fernet_utils [None req-88c40e51-14da-4b1d-953e-3e7c92bde9b4 None None] Loaded 2 Fernet keys from /etc/keystone/fernet-keys/, but `[fernet_tokens] max_active_keys = 3`; perhaps there have not been enough key rotations to reach `max_active_keys` yet? {{(pid=81759) load_keys /opt/stack/keystone/keystone/common/fernet_utils.py:286}}
