Sep 16 07:28:29.530734 dv-neutron-856955-10-hyperv devstack@keystone.service[82040]: DEBUG keystone.server.flask.request_processing.middleware.auth_context [None req-1cc24986-030c-492c-b54c-62c966dc247d None admin] Authenticating user token {{(pid=82040) process_request /usr/local/lib/python3.8/dist-packages/keystonemiddleware/auth_token/__init__.py:407}}
Sep 16 07:28:29.593840 dv-neutron-856955-10-hyperv devstack@keystone.service[82039]: [pid: 82039|app: 0|req: 45/90] 10.222.0.27 () {58 vars in 1282 bytes} [Fri Sep 16 07:28:29 2022] GET /identity/v3/auth/tokens => generated 799 bytes in 358 msecs (HTTP/1.1 200) 6 headers in 358 bytes (1 switches on core 0)
Sep 16 07:28:29.595084 dv-neutron-856955-10-hyperv devstack@keystone.service[82039]: DEBUG keystone.server.flask.request_processing.middleware.auth_context [None req-c0bf8686-04db-4604-8988-3e180b5a21d7 None admin] Authenticating user token {{(pid=82039) process_request /usr/local/lib/python3.8/dist-packages/keystonemiddleware/auth_token/__init__.py:407}}
Sep 16 07:28:29.642396 dv-neutron-856955-10-hyperv devstack@keystone.service[82040]: DEBUG dbcounter [-] [82040] Writing DB stats keystone:SELECT=100 {{(pid=82040) stat_writer /usr/local/lib/python3.8/dist-packages/dbcounter.py:114}}
Sep 16 07:28:29.660941 dv-neutron-856955-10-hyperv devstack@keystone.service[82040]: DEBUG keystone.server.flask.request_processing.middleware.auth_context [None req-1cc24986-030c-492c-b54c-62c966dc247d None admin] Validating token access rules against request {{(pid=82040) validate_allowed_request /usr/local/lib/python3.8/dist-packages/keystonemiddleware/auth_token/__init__.py:545}}
Sep 16 07:28:29.702895 dv-neutron-856955-10-hyperv devstack@keystone.service[82040]: DEBUG keystone.server.flask.request_processing.middleware.auth_context [None req-175c374f-ca0f-4309-b1a8-d8536e9d96bb None admin] RBAC: auth_context: {'token': , 'domain_id': None, 'trust_id': None, 'trustor_id': None, 'trustee_id': None, 'domain_name': None, 'group_ids': [], 'user_id': '7b3d835b150a4267a0a8dff57c03a8f7', 'user_domain_id': 'default', 'system_scope': 'all', 'project_id': None, 'project_domain_id': None, 'roles': ['admin', 'member', 'reader'], 'is_admin_project': True, 'service_user_id': None, 'service_user_domain_id': None, 'service_project_id': None, 'service_project_domain_id': None, 'service_roles': []} {{(pid=82040) fill_context /opt/stack/keystone/keystone/server/flask/request_processing/middleware/auth_context.py:478}}
Sep 16 07:28:29.703863 dv-neutron-856955-10-hyperv devstack@keystone.service[82040]: DEBUG keystone.server.flask.request_processing.req_logging [None req-175c374f-ca0f-4309-b1a8-d8536e9d96bb None admin] REQUEST_METHOD: `GET` {{(pid=82040) log_request_info /opt/stack/keystone/keystone/server/flask/request_processing/req_logging.py:27}}
Sep 16 07:28:29.704305 dv-neutron-856955-10-hyperv devstack@keystone.service[82040]: DEBUG keystone.server.flask.request_processing.req_logging [None req-175c374f-ca0f-4309-b1a8-d8536e9d96bb None admin] SCRIPT_NAME: `/identity` {{(pid=82040) log_request_info /opt/stack/keystone/keystone/server/flask/request_processing/req_logging.py:28}}
Sep 16 07:28:29.704737 dv-neutron-856955-10-hyperv devstack@keystone.service[82040]: DEBUG keystone.server.flask.request_processing.req_logging [None req-175c374f-ca0f-4309-b1a8-d8536e9d96bb None admin] PATH_INFO: `/v3/projects/199a2a2b9c2b4a73a5e37e969452b4b7` {{(pid=82040) log_request_info /opt/stack/keystone/keystone/server/flask/request_processing/req_logging.py:29}}
Sep 16 07:28:29.705032 dv-neutron-856955-10-hyperv devstack@keystone.service[82039]: DEBUG dbcounter [-] [82039] Writing DB stats keystone:SELECT=100 {{(pid=82039) stat_writer /usr/local/lib/python3.8/dist-packages/dbcounter.py:114}}
Sep 16 07:28:29.706428 dv-neutron-856955-10-hyperv devstack@keystone.service[82040]: DEBUG keystone.common.rbac_enforcer.enforcer [None req-175c374f-ca0f-4309-b1a8-d8536e9d96bb None admin] RBAC: Authorizing `identity:get_project(project_id=199a2a2b9c2b4a73a5e37e969452b4b7)` {{(pid=82040) enforce_call /opt/stack/keystone/keystone/common/rbac_enforcer/enforcer.py:449}}
Sep 16 07:28:29.708099 dv-neutron-856955-10-hyperv devstack@keystone.service[82040]: DEBUG keystone.common.rbac_enforcer.enforcer [None req-175c374f-ca0f-4309-b1a8-d8536e9d96bb None admin] RBAC: Authorization granted {{(pid=82040) enforce_call /opt/stack/keystone/keystone/common/rbac_enforcer/enforcer.py:457}}
Sep 16 07:28:29.710162 dv-neutron-856955-10-hyperv devstack@keystone.service[82040]: [pid: 82040|app: 0|req: 46/91] 10.222.0.27 () {56 vars in 1186 bytes} [Fri Sep 16 07:28:29 2022] GET /identity/v3/projects/199a2a2b9c2b4a73a5e37e969452b4b7 => generated 298 bytes in 180 msecs (HTTP/1.1 200) 5 headers in 177 bytes (1 switches on core 0)
Sep 16 07:28:29.711200 dv-neutron-856955-10-hyperv devstack@keystone.service[82040]: DEBUG keystone.server.flask.request_processing.middleware.auth_context [None req-175c374f-ca0f-4309-b1a8-d8536e9d96bb None admin] Authenticating user token {{(pid=82040) process_request /usr/local/lib/python3.8/dist-packages/keystonemiddleware/auth_token/__init__.py:407}}
Sep 16 07:28:29.730582 dv-neutron-856955-10-hyperv devstack@keystone.service[82039]: DEBUG keystone.server.flask.request_processing.middleware.auth_context [None req-c0bf8686-04db-4604-8988-3e180b5a21d7 None admin] Validating token access rules against request {{(pid=82039) validate_allowed_request /usr/local/lib/python3.8/dist-packages/keystonemiddleware/auth_token/__init__.py:545}}
Sep 16 07:28:29.768516 dv-neutron-856955-10-hyperv devstack@keystone.service[82039]: DEBUG keystone.server.flask.request_processing.middleware.auth_context [None req-f0e7fb31-daaa-4225-b893-586a0e87e0aa None admin] RBAC: auth_context: {'token': , 'domain_id': None, 'trust_id': None, 'trustor_id': None, 'trustee_id': None, 'domain_name': None, 'group_ids': [], 'user_id': '7b3d835b150a4267a0a8dff57c03a8f7', 'user_domain_id': 'default', 'system_scope': 'all', 'project_id': None, 'project_domain_id': None, 'roles': ['admin', 'member', 'reader'], 'is_admin_project': True, 'service_user_id': None, 'service_user_domain_id': None, 'service_project_id': None, 'service_project_domain_id': None, 'service_roles': []} {{(pid=82039) fill_context /opt/stack/keystone/keystone/server/flask/request_processing/middleware/auth_context.py:478}}
Sep 16 07:28:29.769189 dv-neutron-856955-10-hyperv devstack@keystone.service[82039]: DEBUG keystone.server.flask.request_processing.req_logging [None req-f0e7fb31-daaa-4225-b893-586a0e87e0aa None admin] REQUEST_METHOD: `GET` {{(pid=82039) log_request_info /opt/stack/keystone/keystone/server/flask/request_processing/req_logging.py:27}}
Sep 16 07:28:29.769468 dv-neutron-856955-10-hyperv devstack@keystone.service[82039]: DEBUG keystone.server.flask.request_processing.req_logging [None req-f0e7fb31-daaa-4225-b893-586a0e87e0aa None admin] SCRIPT_NAME: `/identity` {{(pid=82039) log_request_info /opt/stack/keystone/keystone/server/flask/request_processing/req_logging.py:28}}
Sep 16 07:28:29.769740 dv-neutron-856955-10-hyperv devstack@keystone.service[82039]: DEBUG keystone.server.flask.request_processing.req_logging [None req-f0e7fb31-daaa-4225-b893-586a0e87e0aa None admin] PATH_INFO: `/v3/role_assignments` {{(pid=82039) log_request_info /opt/stack/keystone/keystone/server/flask/request_processing/req_logging.py:29}}
Sep 16 07:28:29.770720 dv-neutron-856955-10-hyperv devstack@keystone.service[82039]: DEBUG keystone.common.rbac_enforcer.enforcer [None req-f0e7fb31-daaa-4225-b893-586a0e87e0aa None admin] RBAC: Adding query filter params (role.id=db77b56ba1e14337a0a4035ae5b21aca, scope.project.id=199a2a2b9c2b4a73a5e37e969452b4b7, user.id=7b3d835b150a4267a0a8dff57c03a8f7) {{(pid=82039) _extract_filter_values /opt/stack/keystone/keystone/common/rbac_enforcer/enforcer.py:167}}
Sep 16 07:28:29.770893 dv-neutron-856955-10-hyperv devstack@keystone.service[82039]: DEBUG keystone.common.rbac_enforcer.enforcer [None req-f0e7fb31-daaa-4225-b893-586a0e87e0aa None admin] RBAC: Authorizing `identity:list_role_assignments()` {{(pid=82039) enforce_call /opt/stack/keystone/keystone/common/rbac_enforcer/enforcer.py:449}}
Sep 16 07:28:29.772332 dv-neutron-856955-10-hyperv devstack@keystone.service[82039]: DEBUG keystone.common.rbac_enforcer.enforcer [None req-f0e7fb31-daaa-4225-b893-586a0e87e0aa None admin] RBAC: Authorization granted {{(pid=82039) enforce_call /opt/stack/keystone/keystone/common/rbac_enforcer/enforcer.py:457}}
Sep 16 07:28:29.779005 dv-neutron-856955-10-hyperv devstack@keystone.service[82039]: [pid: 82039|app: 0|req: 46/92] 10.222.0.27 () {56 vars in 1374 bytes} [Fri Sep 16 07:28:29 2022] GET /identity/v3/role_assignments?user.id=7b3d835b150a4267a0a8dff57c03a8f7&scope.project.id=199a2a2b9c2b4a73a5e37e969452b4b7&role.id=db77b56ba1e14337a0a4035ae5b21aca => generated 259 bytes in 184 msecs (HTTP/1.1 200) 5 headers in 177 bytes (1 switches on core 0)
Sep 16 07:28:29.779823 dv-neutron-856955-10-hyperv devstack@keystone.service[82039]: DEBUG keystone.server.flask.request_processing.middleware.auth_context [None req-f0e7fb31-daaa-4225-b893-586a0e87e0aa None admin] Authenticating user token {{(pid=82039) process_request /usr/local/lib/python3.8/dist-packages/keystonemiddleware/auth_token/__init__.py:407}}
Sep 16 07:28:29.822628 dv-neutron-856955-10-hyperv devstack@keystone.service[82040]: DEBUG keystone.server.flask.request_processing.middleware.auth_context [None req-175c374f-ca0f-4309-b1a8-d8536e9d96bb None admin] Validating token access rules against request {{(pid=82040) validate_allowed_request /usr/local/lib/python3.8/dist-packages/keystonemiddleware/auth_token/__init__.py:545}}
Sep 16 07:28:29.869887 dv-neutron-856955-10-hyperv devstack@keystone.service[82040]: DEBUG keystone.server.flask.request_processing.middleware.auth_context [None req-722a0c03-c87f-42ad-aca5-7cdfdcfed6af None admin] RBAC: auth_context: {'token': , 'domain_id': None, 'trust_id': None, 'trustor_id': None, 'trustee_id': None, 'domain_name': None, 'group_ids': [], 'user_id': '7b3d835b150a4267a0a8dff57c03a8f7', 'user_domain_id': 'default', 'system_scope': 'all', 'project_id': None, 'project_domain_id': None, 'roles': ['admin', 'member', 'reader'], 'is_admin_project': True, 'service_user_id': None, 'service_user_domain_id': None, 'service_project_id': None, 'service_project_domain_id': None, 'service_roles': []} {{(pid=82040) fill_context /opt/stack/keystone/keystone/server/flask/request_processing/middleware/auth_context.py:478}}
Sep 16 07:28:29.871554 dv-neutron-856955-10-hyperv devstack@keystone.service[82040]: DEBUG keystone.server.flask.request_processing.req_logging [None req-722a0c03-c87f-42ad-aca5-7cdfdcfed6af None admin] REQUEST_METHOD: `GET` {{(pid=82040) log_request_info /opt/stack/keystone/keystone/server/flask/request_processing/req_logging.py:27}}
Sep 16 07:28:29.872340 dv-neutron-856955-10-hyperv devstack@keystone.service[82040]: DEBUG keystone.server.flask.request_processing.req_logging [None req-722a0c03-c87f-42ad-aca5-7cdfdcfed6af None admin] SCRIPT_NAME: `/identity` {{(pid=82040) log_request_info /opt/stack/keystone/keystone/server/flask/request_processing/req_logging.py:28}}
Sep 16 07:28:29.873643 dv-neutron-856955-10-hyperv devstack@keystone.service[82040]: DEBUG keystone.server.flask.request_processing.req_logging [None req-722a0c03-c87f-42ad-aca5-7cdfdcfed6af None admin] PATH_INFO: `/v3/projects/199a2a2b9c2b4a73a5e37e969452b4b7` {{(pid=82040) log_request_info /opt/stack/keystone/keystone/server/flask/request_processing/req_logging.py:29}}
Sep 16 07:28:29.876647 dv-neutron-856955-10-hyperv devstack@keystone.service[82040]: DEBUG keystone.common.rbac_enforcer.enforcer [None req-722a0c03-c87f-42ad-aca5-7cdfdcfed6af None admin] RBAC: Authorizing `identity:get_project(project_id=199a2a2b9c2b4a73a5e37e969452b4b7)` {{(pid=82040) enforce_call /opt/stack/keystone/keystone/common/rbac_enforcer/enforcer.py:449}}
Sep 16 07:28:29.878371 dv-neutron-856955-10-hyperv devstack@keystone.service[82040]: DEBUG keystone.common.rbac_enforcer.enforcer [None req-722a0c03-c87f-42ad-aca5-7cdfdcfed6af None admin] RBAC: Authorization granted {{(pid=82040) enforce_call /opt/stack/keystone/keystone/common/rbac_enforcer/enforcer.py:457}}
Sep 16 07:28:29.881914 dv-neutron-856955-10-hyperv devstack@keystone.service[82040]: [pid: 82040|app: 0|req: 47/93] 10.222.0.27 () {56 vars in 1186 bytes} [Fri Sep 16 07:28:29 2022] GET /identity/v3/projects/199a2a2b9c2b4a73a5e37e969452b4b7 => generated 298 bytes in 171 msecs (HTTP/1.1 200) 5 headers in 177 bytes (1 switches on core 0)
Sep 16 07:28:29.886422 dv-neutron-856955-10-hyperv devstack@keystone.service[82040]: DEBUG keystone.server.flask.request_processing.middleware.auth_context [None req-722a0c03-c87f-42ad-aca5-7cdfdcfed6af None admin] Authenticating user token {{(pid=82040) process_request /usr/local/lib/python3.8/dist-packages/keystonemiddleware/auth_token/__init__.py:407}}
Sep 16 07:28:29.936686 dv-neutron-856955-10-hyperv devstack@keystone.service[82040]: DEBUG dbcounter [-] [82040] Writing DB stats keystone:SELECT=100 {{(pid=82040) stat_writer /usr/local/lib/python3.8/dist-packages/dbcounter.py:114}}
Sep 16 07:28:30.010160 dv-neutron-856955-10-hyperv devstack@keystone.service[82039]: DEBUG keystone.server.flask.request_processing.middleware.auth_context [None req-f0e7fb31-daaa-4225-b893-586a0e87e0aa None admin] Validating token access rules against request {{(pid=82039) validate_allowed_request /usr/local/lib/python3.8/dist-packages/keystonemiddleware/auth_token/__init__.py:545}}
Sep 16 07:28:30.072554 dv-neutron-856955-10-hyperv devstack@keystone.service[82040]: DEBUG keystone.server.flask.request_processing.middleware.auth_context [None req-722a0c03-c87f-42ad-aca5-7cdfdcfed6af None admin] Validating token access rules against request {{(pid=82040) validate_allowed_request /usr/local/lib/python3.8/dist-packages/keystonemiddleware/auth_token/__init__.py:545}}
Sep 16 07:28:30.090561 dv-neutron-856955-10-hyperv devstack@keystone.service[82039]: DEBUG keystone.server.flask.request_processing.middleware.auth_context [None req-7327ba31-497b-49e0-9222-89759049d5d6 None admin] RBAC: auth_context: {'token': , 'domain_id': None, 'trust_id': None, 'trustor_id': None, 'trustee_id': None, 'domain_name': None, 'group_ids': [], 'user_id': '7b3d835b150a4267a0a8dff57c03a8f7', 'user_domain_id': 'default', 'system_scope': 'all', 'project_id': None, 'project_domain_id': None, 'roles': ['admin', 'member', 'reader'], 'is_admin_project': True, 'service_user_id': None, 'service_user_domain_id': None, 'service_project_id': None, 'service_project_domain_id': None, 'service_roles': []} {{(pid=82039) fill_context /opt/stack/keystone/keystone/server/flask/request_processing/middleware/auth_context.py:478}}
Sep 16 07:28:30.091198 dv-neutron-856955-10-hyperv devstack@keystone.service[82039]: DEBUG keystone.server.flask.request_processing.req_logging [None req-7327ba31-497b-49e0-9222-89759049d5d6 None admin] REQUEST_METHOD: `GET` {{(pid=82039) log_request_info /opt/stack/keystone/keystone/server/flask/request_processing/req_logging.py:27}}
Sep 16 07:28:30.091478 dv-neutron-856955-10-hyperv devstack@keystone.service[82039]: DEBUG keystone.server.flask.request_processing.req_logging [None req-7327ba31-497b-49e0-9222-89759049d5d6 None admin] SCRIPT_NAME: `/identity` {{(pid=82039) log_request_info /opt/stack/keystone/keystone/server/flask/request_processing/req_logging.py:28}}
Sep 16 07:28:30.091750 dv-neutron-856955-10-hyperv devstack@keystone.service[82039]: DEBUG keystone.server.flask.request_processing.req_logging [None req-7327ba31-497b-49e0-9222-89759049d5d6 None admin] PATH_INFO: `/v3/projects/d632b5e9c60546f48e3261e9d17fa1c7` {{(pid=82039) log_request_info /opt/stack/keystone/keystone/server/flask/request_processing/req_logging.py:29}}
Sep 16 07:28:30.097697 dv-neutron-856955-10-hyperv devstack@keystone.service[82039]: DEBUG keystone.common.rbac_enforcer.enforcer [None req-7327ba31-497b-49e0-9222-89759049d5d6 None admin] RBAC: Authorizing `identity:get_project(project_id=d632b5e9c60546f48e3261e9d17fa1c7)` {{(pid=82039) enforce_call /opt/stack/keystone/keystone/common/rbac_enforcer/enforcer.py:449}}
Sep 16 07:28:30.099182 dv-neutron-856955-10-hyperv devstack@keystone.service[82039]: DEBUG keystone.common.rbac_enforcer.enforcer [None req-7327ba31-497b-49e0-9222-89759049d5d6 None admin] RBAC: Authorization granted {{(pid=82039) enforce_call /opt/stack/keystone/keystone/common/rbac_enforcer/enforcer.py:457}}
Sep 16 07:28:30.101141 dv-neutron-856955-10-hyperv devstack@keystone.service[82039]: [pid: 82039|app: 0|req: 47/94] 10.222.0.27 () {56 vars in 1186 bytes} [Fri Sep 16 07:28:29 2022] GET /identity/v3/projects/d632b5e9c60546f48e3261e9d17fa1c7 => generated 312 bytes in 321 msecs (HTTP/1.1 200) 5 headers in 177 bytes (1 switches on core 0)
Sep 16 07:28:30.101703 dv-neutron-856955-10-hyperv devstack@keystone.service[82039]: DEBUG keystone.server.flask.request_processing.middleware.auth_context [None req-7327ba31-497b-49e0-9222-89759049d5d6 None admin] Authenticating user token {{(pid=82039) process_request /usr/local/lib/python3.8/dist-packages/keystonemiddleware/auth_token/__init__.py:407}}
Sep 16 07:28:30.116443 dv-neutron-856955-10-hyperv devstack@keystone.service[82040]: DEBUG keystone.server.flask.request_processing.middleware.auth_context [None req-90c100dc-da37-4c21-a2de-2a174772765e None admin] RBAC: auth_context: {'token': , 'domain_id': None, 'trust_id': None, 'trustor_id': None, 'trustee_id': None, 'domain_name': None, 'group_ids': [], 'user_id': '7b3d835b150a4267a0a8dff57c03a8f7', 'user_domain_id': 'default', 'system_scope': 'all', 'project_id': None, 'project_domain_id': None, 'roles': ['admin', 'member', 'reader'], 'is_admin_project': True, 'service_user_id': None, 'service_user_domain_id': None, 'service_project_id': None, 'service_project_domain_id': None, 'service_roles': []} {{(pid=82040) fill_context /opt/stack/keystone/keystone/server/flask/request_processing/middleware/auth_context.py:478}}
Sep 16 07:28:30.117445 dv-neutron-856955-10-hyperv devstack@keystone.service[82040]: DEBUG keystone.server.flask.request_processing.req_logging [None req-90c100dc-da37-4c21-a2de-2a174772765e None admin] REQUEST_METHOD: `GET` {{(pid=82040) log_request_info /opt/stack/keystone/keystone/server/flask/request_processing/req_logging.py:27}}
Sep 16 07:28:30.117907 dv-neutron-856955-10-hyperv devstack@keystone.service[82040]: DEBUG keystone.server.flask.request_processing.req_logging [None req-90c100dc-da37-4c21-a2de-2a174772765e None admin] SCRIPT_NAME: `/identity` {{(pid=82040) log_request_info /opt/stack/keystone/keystone/server/flask/request_processing/req_logging.py:28}}
Sep 16 07:28:30.118373 dv-neutron-856955-10-hyperv devstack@keystone.service[82040]: DEBUG keystone.server.flask.request_processing.req_logging [None req-90c100dc-da37-4c21-a2de-2a174772765e None admin] PATH_INFO: `/v3/role_assignments` {{(pid=82040) log_request_info /opt/stack/keystone/keystone/server/flask/request_processing/req_logging.py:29}}
Sep 16 07:28:30.119330 dv-neutron-856955-10-hyperv devstack@keystone.service[82040]: DEBUG keystone.common.rbac_enforcer.enforcer [None req-90c100dc-da37-4c21-a2de-2a174772765e None admin] RBAC: Adding query filter params (role.id=a876790db5b04d4abfd84703d34ad85d, scope.project.id=199a2a2b9c2b4a73a5e37e969452b4b7, user.id=6a7f28bde0a34985ae63336c8854015d) {{(pid=82040) _extract_filter_values /opt/stack/keystone/keystone/common/rbac_enforcer/enforcer.py:167}}
Sep 16 07:28:30.119831 dv-neutron-856955-10-hyperv devstack@keystone.service[82040]: DEBUG keystone.common.rbac_enforcer.enforcer [None req-90c100dc-da37-4c21-a2de-2a174772765e None admin] RBAC: Authorizing `identity:list_role_assignments()` {{(pid=82040) enforce_call /opt/stack/keystone/keystone/common/rbac_enforcer/enforcer.py:449}}
Sep 16 07:28:30.123626 dv-neutron-856955-10-hyperv devstack@keystone.service[82040]: DEBUG keystone.common.rbac_enforcer.enforcer [None req-90c100dc-da37-4c21-a2de-2a174772765e None admin] RBAC: Authorization granted {{(pid=82040) enforce_call /opt/stack/keystone/keystone/common/rbac_enforcer/enforcer.py:457}}
Sep 16 07:28:30.133816 dv-neutron-856955-10-hyperv devstack@keystone.service[82040]: [pid: 82040|app: 0|req: 48/95] 10.222.0.27 () {56 vars in 1374 bytes} [Fri Sep 16 07:28:29 2022] GET /identity/v3/role_assignments?user.id=6a7f28bde0a34985ae63336c8854015d&scope.project.id=199a2a2b9c2b4a73a5e37e969452b4b7&role.id=a876790db5b04d4abfd84703d34ad85d => generated 259 bytes in 252 msecs (HTTP/1.1 200) 5 headers in 177 bytes (1 switches on core 0)
Sep 16 07:28:30.136077 dv-neutron-856955-10-hyperv devstack@keystone.service[82040]: DEBUG keystone.server.flask.request_processing.middleware.auth_context [None req-90c100dc-da37-4c21-a2de-2a174772765e None admin] Authenticating user token {{(pid=82040) process_request /usr/local/lib/python3.8/dist-packages/keystonemiddleware/auth_token/__init__.py:407}}
Sep 16 07:28:30.138328 dv-neutron-856955-10-hyperv devstack@keystone.service[82039]: DEBUG dbcounter [-] [82039] Writing DB stats keystone:SELECT=100 {{(pid=82039) stat_writer /usr/local/lib/python3.8/dist-packages/dbcounter.py:114}}
Sep 16 07:28:30.327825 dv-neutron-856955-10-hyperv devstack@keystone.service[82039]: DEBUG keystone.server.flask.request_processing.middleware.auth_context [None req-7327ba31-497b-49e0-9222-89759049d5d6 None admin] Validating token access rules against request {{(pid=82039) validate_allowed_request /usr/local/lib/python3.8/dist-packages/keystonemiddleware/auth_token/__init__.py:545}}
Sep 16 07:28:30.344795 dv-neutron-856955-10-hyperv devstack@keystone.service[82040]: DEBUG dbcounter [-] [82040] Writing DB stats keystone:SELECT=100 {{(pid=82040) stat_writer /usr/local/lib/python3.8/dist-packages/dbcounter.py:114}}
Sep 16 07:28:30.359909 dv-neutron-856955-10-hyperv devstack@keystone.service[82040]: DEBUG keystone.server.flask.request_processing.middleware.auth_context [None req-90c100dc-da37-4c21-a2de-2a174772765e None admin] Validating token access rules against request {{(pid=82040) validate_allowed_request /usr/local/lib/python3.8/dist-packages/keystonemiddleware/auth_token/__init__.py:545}}
Sep 16 07:28:30.396518 dv-neutron-856955-10-hyperv devstack@keystone.service[82040]: DEBUG keystone.server.flask.request_processing.middleware.auth_context [None req-7233e5f7-a3ee-48fa-a2f6-c9f9e155d4a4 None admin] RBAC: auth_context: {'token': , 'domain_id': None, 'trust_id': None, 'trustor_id': None, 'trustee_id': None, 'domain_name': None, 'group_ids': [], 'user_id': '7b3d835b150a4267a0a8dff57c03a8f7', 'user_domain_id': 'default', 'system_scope': 'all', 'project_id': None, 'project_domain_id': None, 'roles': ['admin', 'member', 'reader'], 'is_admin_project': True, 'service_user_id': None, 'service_user_domain_id': None, 'service_project_id': None, 'service_project_domain_id': None, 'service_roles': []} {{(pid=82040) fill_context /opt/stack/keystone/keystone/server/flask/request_processing/middleware/auth_context.py:478}}
Sep 16 07:28:30.397616 dv-neutron-856955-10-hyperv devstack@keystone.service[82040]: DEBUG keystone.server.flask.request_processing.req_logging [None req-7233e5f7-a3ee-48fa-a2f6-c9f9e155d4a4 None admin] REQUEST_METHOD: `GET` {{(pid=82040) log_request_info /opt/stack/keystone/keystone/server/flask/request_processing/req_logging.py:27}}
Sep 16 07:28:30.398110 dv-neutron-856955-10-hyperv devstack@keystone.service[82040]: DEBUG keystone.server.flask.request_processing.req_logging [None req-7233e5f7-a3ee-48fa-a2f6-c9f9e155d4a4 None admin] SCRIPT_NAME: `/identity` {{(pid=82040) log_request_info /opt/stack/keystone/keystone/server/flask/request_processing/req_logging.py:28}}
Sep 16 07:28:30.398274 dv-neutron-856955-10-hyperv devstack@keystone.service[82039]: DEBUG keystone.server.flask.request_processing.middleware.auth_context [None req-7b5b9254-9186-43be-b6a0-dd9294e0bd9b None admin] RBAC: auth_context: {'token': , 'domain_id': None, 'trust_id': None, 'trustor_id': None, 'trustee_id': None, 'domain_name': None, 'group_ids': [], 'user_id': '7b3d835b150a4267a0a8dff57c03a8f7', 'user_domain_id': 'default', 'system_scope': 'all', 'project_id': None, 'project_domain_id': None, 'roles': ['admin', 'member', 'reader'], 'is_admin_project': True, 'service_user_id': None, 'service_user_domain_id': None, 'service_project_id': None, 'service_project_domain_id': None, 'service_roles': []} {{(pid=82039) fill_context /opt/stack/keystone/keystone/server/flask/request_processing/middleware/auth_context.py:478}}
Sep 16 07:28:30.398752 dv-neutron-856955-10-hyperv devstack@keystone.service[82040]: DEBUG keystone.server.flask.request_processing.req_logging [None req-7233e5f7-a3ee-48fa-a2f6-c9f9e155d4a4 None admin] PATH_INFO: `/v3/role_assignments` {{(pid=82040) log_request_info /opt/stack/keystone/keystone/server/flask/request_processing/req_logging.py:29}}
Sep 16 07:28:30.398849 dv-neutron-856955-10-hyperv devstack@keystone.service[82039]: DEBUG keystone.server.flask.request_processing.req_logging [None req-7b5b9254-9186-43be-b6a0-dd9294e0bd9b None admin] REQUEST_METHOD: `GET` {{(pid=82039) log_request_info /opt/stack/keystone/keystone/server/flask/request_processing/req_logging.py:27}}
Sep 16 07:28:30.399127 dv-neutron-856955-10-hyperv devstack@keystone.service[82039]: DEBUG keystone.server.flask.request_processing.req_logging [None req-7b5b9254-9186-43be-b6a0-dd9294e0bd9b None admin] SCRIPT_NAME: `/identity` {{(pid=82039) log_request_info /opt/stack/keystone/keystone/server/flask/request_processing/req_logging.py:28}}
Sep 16 07:28:30.399395 dv-neutron-856955-10-hyperv devstack@keystone.service[82039]: DEBUG keystone.server.flask.request_processing.req_logging [None req-7b5b9254-9186-43be-b6a0-dd9294e0bd9b None admin] PATH_INFO: `/v3/role_assignments` {{(pid=82039) log_request_info /opt/stack/keystone/keystone/server/flask/request_processing/req_logging.py:29}}
Sep 16 07:28:30.400133 dv-neutron-856955-10-hyperv devstack@keystone.service[82039]: DEBUG keystone.common.rbac_enforcer.enforcer [None req-7b5b9254-9186-43be-b6a0-dd9294e0bd9b None admin] RBAC: Adding query filter params (role.id=ac77c45a30f145e9b54edd7923ebafd7, scope.project.id=199a2a2b9c2b4a73a5e37e969452b4b7, user.id=6a7f28bde0a34985ae63336c8854015d) {{(pid=82039) _extract_filter_values /opt/stack/keystone/keystone/common/rbac_enforcer/enforcer.py:167}}
Sep 16 07:28:30.400331 dv-neutron-856955-10-hyperv devstack@keystone.service[82040]: DEBUG keystone.common.rbac_enforcer.enforcer [None req-7233e5f7-a3ee-48fa-a2f6-c9f9e155d4a4 None admin] RBAC: Adding query filter params (role.id=a876790db5b04d4abfd84703d34ad85d, scope.project.id=d632b5e9c60546f48e3261e9d17fa1c7, user.id=6a7f28bde0a34985ae63336c8854015d) {{(pid=82040) _extract_filter_values /opt/stack/keystone/keystone/common/rbac_enforcer/enforcer.py:167}}
Sep 16 07:28:30.400618 dv-neutron-856955-10-hyperv devstack@keystone.service[82039]: DEBUG keystone.common.rbac_enforcer.enforcer [None req-7b5b9254-9186-43be-b6a0-dd9294e0bd9b None admin] RBAC: Authorizing `identity:list_role_assignments()` {{(pid=82039) enforce_call /opt/stack/keystone/keystone/common/rbac_enforcer/enforcer.py:449}}
Sep 16 07:28:30.401246 dv-neutron-856955-10-hyperv devstack@keystone.service[82040]: DEBUG keystone.common.rbac_enforcer.enforcer [None req-7233e5f7-a3ee-48fa-a2f6-c9f9e155d4a4 None admin] RBAC: Authorizing `identity:list_role_assignments()` {{(pid=82040) enforce_call /opt/stack/keystone/keystone/common/rbac_enforcer/enforcer.py:449}}
Sep 16 07:28:30.402049 dv-neutron-856955-10-hyperv devstack@keystone.service[82039]: DEBUG keystone.common.rbac_enforcer.enforcer [None req-7b5b9254-9186-43be-b6a0-dd9294e0bd9b None admin] RBAC: Authorization granted {{(pid=82039) enforce_call /opt/stack/keystone/keystone/common/rbac_enforcer/enforcer.py:457}}
Sep 16 07:28:30.403260 dv-neutron-856955-10-hyperv devstack@keystone.service[82040]: DEBUG keystone.common.rbac_enforcer.enforcer [None req-7233e5f7-a3ee-48fa-a2f6-c9f9e155d4a4 None admin] RBAC: Authorization granted {{(pid=82040) enforce_call /opt/stack/keystone/keystone/common/rbac_enforcer/enforcer.py:457}}
Sep 16 07:28:30.409634 dv-neutron-856955-10-hyperv devstack@keystone.service[82040]: [pid: 82040|app: 0|req: 49/96] 10.222.0.27 () {56 vars in 1374 bytes} [Fri Sep 16 07:28:30 2022] GET /identity/v3/role_assignments?user.id=6a7f28bde0a34985ae63336c8854015d&scope.project.id=d632b5e9c60546f48e3261e9d17fa1c7&role.id=a876790db5b04d4abfd84703d34ad85d => generated 259 bytes in 274 msecs (HTTP/1.1 200) 5 headers in 177 bytes (1 switches on core 0)
Sep 16 07:28:30.416980 dv-neutron-856955-10-hyperv devstack@keystone.service[82039]: [pid: 82039|app: 0|req: 48/97] 10.222.0.27 () {56 vars in 1374 bytes} [Fri Sep 16 07:28:30 2022] GET /identity/v3/role_assignments?user.id=6a7f28bde0a34985ae63336c8854015d&scope.project.id=199a2a2b9c2b4a73a5e37e969452b4b7&role.id=ac77c45a30f145e9b54edd7923ebafd7 => generated 259 bytes in 312 msecs (HTTP/1.1 200) 5 headers in 177 bytes (1 switches on core 0)
Sep 16 07:28:31.908527 dv-neutron-856955-10-hyperv devstack@keystone.service[82040]: DEBUG keystone.server.flask.request_processing.req_logging [None req-1e2952d7-aea4-4014-81b0-1eee3b0c29ce None None] REQUEST_METHOD: `GET` {{(pid=82040) log_request_info /opt/stack/keystone/keystone/server/flask/request_processing/req_logging.py:27}}
Sep 16 07:28:31.909079 dv-neutron-856955-10-hyperv devstack@keystone.service[82040]: DEBUG keystone.server.flask.request_processing.req_logging [None req-1e2952d7-aea4-4014-81b0-1eee3b0c29ce None None] SCRIPT_NAME: `/identity` {{(pid=82040) log_request_info /opt/stack/keystone/keystone/server/flask/request_processing/req_logging.py:28}}
Sep 16 07:28:31.909079 dv-neutron-856955-10-hyperv devstack@keystone.service[82040]: DEBUG keystone.server.flask.request_processing.req_logging [None req-1e2952d7-aea4-4014-81b0-1eee3b0c29ce None None] PATH_INFO: `/` {{(pid=82040) log_request_info /opt/stack/keystone/keystone/server/flask/request_processing/req_logging.py:29}}
Sep 16 07:28:31.910567 dv-neutron-856955-10-hyperv devstack@keystone.service[82040]: [pid: 82040|app: 0|req: 50/98] 10.222.0.27 () {54 vars in 927 bytes} [Fri Sep 16 07:28:31 2022] GET /identity => generated 270 bytes in 3 msecs (HTTP/1.1 300) 6 headers in 234 bytes (1 switches on core 0)
Sep 16 07:28:31.916189 dv-neutron-856955-10-hyperv devstack@keystone.service[82039]: DEBUG keystone.server.flask.request_processing.req_logging [None req-3f3c4787-3bd6-431c-9d0e-73acf26d996e None None] REQUEST_METHOD: `POST` {{(pid=82039) log_request_info /opt/stack/keystone/keystone/server/flask/request_processing/req_logging.py:27}}
Sep 16 07:28:31.917217 dv-neutron-856955-10-hyperv devstack@keystone.service[82039]: DEBUG keystone.server.flask.request_processing.req_logging [None req-3f3c4787-3bd6-431c-9d0e-73acf26d996e None None] SCRIPT_NAME: `/identity` {{(pid=82039) log_request_info /opt/stack/keystone/keystone/server/flask/request_processing/req_logging.py:28}}
Sep 16 07:28:31.917217 dv-neutron-856955-10-hyperv devstack@keystone.service[82039]: DEBUG keystone.server.flask.request_processing.req_logging [None req-3f3c4787-3bd6-431c-9d0e-73acf26d996e None None] PATH_INFO: `/v3/auth/tokens` {{(pid=82039) log_request_info /opt/stack/keystone/keystone/server/flask/request_processing/req_logging.py:29}}
Sep 16 07:28:31.954378 dv-neutron-856955-10-hyperv devstack@keystone.service[82039]: DEBUG keystone.auth.core [None req-3f3c4787-3bd6-431c-9d0e-73acf26d996e None None] MFA Rules not processed for user `7b3d835b150a4267a0a8dff57c03a8f7`. Rule list: `[]` (Enabled: `True`). {{(pid=82039) check_auth_methods_against_rules /opt/stack/keystone/keystone/auth/core.py:438}}
Sep 16 07:28:31.955601 dv-neutron-856955-10-hyperv devstack@keystone.service[82039]: DEBUG keystone.common.fernet_utils [None req-3f3c4787-3bd6-431c-9d0e-73acf26d996e None None] Loaded 2 Fernet keys from /etc/keystone/fernet-keys/, but `[fernet_tokens] max_active_keys = 3`; perhaps there have not been enough key rotations to reach `max_active_keys` yet? {{(pid=82039) load_keys /opt/stack/keystone/keystone/common/fernet_utils.py:286}}
Sep 16 07:28:32.061486 dv-neutron-856955-10-hyperv devstack@keystone.service[82039]: [pid: 82039|app: 0|req: 49/99] 10.222.0.27 () {58 vars in 1024 bytes} [Fri Sep 16 07:28:31 2022] POST /identity/v3/auth/tokens => generated 799 bytes in 146 msecs (HTTP/1.1 201) 6 headers in 363 bytes (1 switches on core 0)
Sep 16 07:28:32.493508 dv-neutron-856955-10-hyperv devstack@keystone.service[82040]: DEBUG keystone.server.flask.request_processing.req_logging [None req-249e63bd-ce7e-4a59-9aac-e769849bb191 None None] REQUEST_METHOD: `GET` {{(pid=82040) log_request_info /opt/stack/keystone/keystone/server/flask/request_processing/req_logging.py:27}}
Sep 16 07:28:32.493883 dv-neutron-856955-10-hyperv devstack@keystone.service[82040]: DEBUG keystone.server.flask.request_processing.req_logging [None req-249e63bd-ce7e-4a59-9aac-e769849bb191 None None] SCRIPT_NAME: `/identity` {{(pid=82040) log_request_info /opt/stack/keystone/keystone/server/flask/request_processing/req_logging.py:28}}
Sep 16 07:28:32.494057 dv-neutron-856955-10-hyperv devstack@keystone.service[82040]: DEBUG keystone.server.flask.request_processing.req_logging [None req-249e63bd-ce7e-4a59-9aac-e769849bb191 None None] PATH_INFO: `/` {{(pid=82040) log_request_info /opt/stack/keystone/keystone/server/flask/request_processing/req_logging.py:29}}
Sep 16 07:28:32.496054 dv-neutron-856955-10-hyperv devstack@keystone.service[82040]: [pid: 82040|app: 0|req: 51/100] 10.222.0.27 () {54 vars in 927 bytes} [Fri Sep 16 07:28:32 2022] GET /identity => generated 270 bytes in 3 msecs (HTTP/1.1 300) 6 headers in 234 bytes (1 switches on core 0)
Sep 16 07:28:32.501242 dv-neutron-856955-10-hyperv devstack@keystone.service[82039]: DEBUG keystone.server.flask.request_processing.req_logging [None req-351b0e34-b0f4-4791-841a-79f881f83e0a None None] REQUEST_METHOD: `POST` {{(pid=82039) log_request_info /opt/stack/keystone/keystone/server/flask/request_processing/req_logging.py:27}}
Sep 16 07:28:32.501525 dv-neutron-856955-10-hyperv devstack@keystone.service[82039]: DEBUG keystone.server.flask.request_processing.req_logging [None req-351b0e34-b0f4-4791-841a-79f881f83e0a None None] SCRIPT_NAME: `/identity` {{(pid=82039) log_request_info /opt/stack/keystone/keystone/server/flask/request_processing/req_logging.py:28}}
Sep 16 07:28:32.501798 dv-neutron-856955-10-hyperv devstack@keystone.service[82039]: DEBUG keystone.server.flask.request_processing.req_logging [None req-351b0e34-b0f4-4791-841a-79f881f83e0a None None] PATH_INFO: `/v3/auth/tokens` {{(pid=82039) log_request_info /opt/stack/keystone/keystone/server/flask/request_processing/req_logging.py:29}}
Sep 16 07:28:32.520626 dv-neutron-856955-10-hyperv devstack@keystone.service[82039]: DEBUG keystone.auth.core [None req-351b0e34-b0f4-4791-841a-79f881f83e0a None None] MFA Rules not processed for user `7b3d835b150a4267a0a8dff57c03a8f7`. Rule list: `[]` (Enabled: `True`). {{(pid=82039) check_auth_methods_against_rules /opt/stack/keystone/keystone/auth/core.py:438}}
Sep 16 07:28:32.525996 dv-neutron-856955-10-hyperv devstack@keystone.service[82039]: DEBUG keystone.common.fernet_utils [None req-351b0e34-b0f4-4791-841a-79f881f83e0a None None] Loaded 2 Fernet keys from /etc/keystone/fernet-keys/, but `[fernet_tokens] max_active_keys = 3`; perhaps there have not been enough key rotations to reach `max_active_keys` yet? {{(pid=82039) load_keys /opt/stack/keystone/keystone/common/fernet_utils.py:286}}
Sep 16 07:28:32.528220 dv-neutron-856955-10-hyperv devstack@keystone.service[82039]: DEBUG dbcounter [-] [82039] Writing DB stats keystone:SELECT=100 {{(pid=82039) stat_writer /usr/local/lib/python3.8/dist-packages/dbcounter.py:114}}
Sep 16 07:28:32.555315 dv-neutron-856955-10-hyperv devstack@keystone.service[82040]: DEBUG keystone.server.flask.request_processing.middleware.auth_context [None req-249e63bd-ce7e-4a59-9aac-e769849bb191 None None] Authenticating user token {{(pid=82040) process_request /usr/local/lib/python3.8/dist-packages/keystonemiddleware/auth_token/__init__.py:407}}
Sep 16 07:28:32.608742 dv-neutron-856955-10-hyperv devstack@keystone.service[82039]: [pid: 82039|app: 0|req: 50/101] 10.222.0.27 () {58 vars in 1024 bytes} [Fri Sep 16 07:28:32 2022] POST /identity/v3/auth/tokens => generated 799 bytes in 108 msecs (HTTP/1.1 201) 6 headers in 363 bytes (1 switches on core 0)
Sep 16 07:28:32.736866 dv-neutron-856955-10-hyperv devstack@keystone.service[82040]: DEBUG keystone.server.flask.request_processing.middleware.auth_context [None req-249e63bd-ce7e-4a59-9aac-e769849bb191 None None] Validating token access rules against request {{(pid=82040) validate_allowed_request /usr/local/lib/python3.8/dist-packages/keystonemiddleware/auth_token/__init__.py:545}}
Sep 16 07:28:32.789637 dv-neutron-856955-10-hyperv devstack@keystone.service[82040]: DEBUG keystone.server.flask.request_processing.middleware.auth_context [None req-04c4ba1a-7f4d-4a5d-8c01-7d3898aa5871 None admin] RBAC: auth_context: {'token': , 'domain_id': None, 'trust_id': None, 'trustor_id': None, 'trustee_id': None, 'domain_name': None, 'group_ids': [], 'user_id': '7b3d835b150a4267a0a8dff57c03a8f7', 'user_domain_id': 'default', 'system_scope': 'all', 'project_id': None, 'project_domain_id': None, 'roles': ['admin', 'member', 'reader'], 'is_admin_project': True, 'service_user_id': None, 'service_user_domain_id': None, 'service_project_id': None, 'service_project_domain_id': None, 'service_roles': []} {{(pid=82040) fill_context /opt/stack/keystone/keystone/server/flask/request_processing/middleware/auth_context.py:478}}
Sep 16 07:28:32.790633 dv-neutron-856955-10-hyperv devstack@keystone.service[82040]: DEBUG keystone.server.flask.request_processing.req_logging [None req-04c4ba1a-7f4d-4a5d-8c01-7d3898aa5871 None admin] REQUEST_METHOD: `GET` {{(pid=82040) log_request_info /opt/stack/keystone/keystone/server/flask/request_processing/req_logging.py:27}}
Sep 16 07:28:32.791157 dv-neutron-856955-10-hyperv devstack@keystone.service[82040]: DEBUG keystone.server.flask.request_processing.req_logging [None req-04c4ba1a-7f4d-4a5d-8c01-7d3898aa5871 None admin] SCRIPT_NAME: `/identity` {{(pid=82040) log_request_info /opt/stack/keystone/keystone/server/flask/request_processing/req_logging.py:28}}
Sep 16 07:28:32.792205 dv-neutron-856955-10-hyperv devstack@keystone.service[82040]: DEBUG keystone.server.flask.request_processing.req_logging [None req-04c4ba1a-7f4d-4a5d-8c01-7d3898aa5871 None admin] PATH_INFO: `/v3/roles/reader` {{(pid=82040) log_request_info /opt/stack/keystone/keystone/server/flask/request_processing/req_logging.py:29}}
Sep 16 07:28:32.803822 dv-neutron-856955-10-hyperv devstack@keystone.service[82040]: DEBUG keystone.common.rbac_enforcer.enforcer [None req-04c4ba1a-7f4d-4a5d-8c01-7d3898aa5871 None admin] Extracting inferred target data resulted in "NOT FOUND (404)". {{(pid=82040) enforce_call /opt/stack/keystone/keystone/common/rbac_enforcer/enforcer.py:409}}
Sep 16 07:28:32.809509 dv-neutron-856955-10-hyperv devstack@keystone.service[82040]: ERROR keystone.server.flask.application [None req-04c4ba1a-7f4d-4a5d-8c01-7d3898aa5871 None admin] Could not find role: reader.: keystone.exception.RoleNotFound: Could not find role: reader.
Sep 16 07:28:32.809509 dv-neutron-856955-10-hyperv devstack@keystone.service[82040]: ERROR keystone.server.flask.application
Traceback (most recent call last):
Sep 16 07:28:32.809509 dv-neutron-856955-10-hyperv devstack@keystone.service[82040]: ERROR keystone.server.flask.application
File "/usr/local/lib/python3.8/dist-packages/flask/app.py", line 1820, in full_dispatch_request
Sep 16 07:28:32.809509 dv-neutron-856955-10-hyperv devstack@keystone.service[82040]: ERROR keystone.server.flask.application rv = self.dispatch_request()
Sep 16 07:28:32.809509 dv-neutron-856955-10-hyperv devstack@keystone.service[82040]: ERROR keystone.server.flask.application
File "/usr/local/lib/python3.8/dist-packages/flask/app.py", line 1796, in dispatch_request
Sep 16 07:28:32.809509 dv-neutron-856955-10-hyperv devstack@keystone.service[82040]: ERROR keystone.server.flask.application return self.ensure_sync(self.view_functions[rule.endpoint])(**view_args)
Sep 16 07:28:32.809509 dv-neutron-856955-10-hyperv devstack@keystone.service[82040]: ERROR keystone.server.flask.application
File "/usr/local/lib/python3.8/dist-packages/flask_restful/__init__.py", line 467, in wrapper
Sep 16 07:28:32.809509 dv-neutron-856955-10-hyperv devstack@keystone.service[82040]: ERROR keystone.server.flask.application resp = resource(*args, **kwargs)
Sep 16 07:28:32.809509 dv-neutron-856955-10-hyperv devstack@keystone.service[82040]: ERROR keystone.server.flask.application
File "/usr/local/lib/python3.8/dist-packages/flask/views.py", line 107, in view
Sep 16 07:28:32.809509 dv-neutron-856955-10-hyperv devstack@keystone.service[82040]: ERROR keystone.server.flask.application return current_app.ensure_sync(self.dispatch_request)(**kwargs)
Sep 16 07:28:32.809509 dv-neutron-856955-10-hyperv devstack@keystone.service[82040]: ERROR keystone.server.flask.application
File "/usr/local/lib/python3.8/dist-packages/flask_restful/__init__.py", line 582, in dispatch_request
Sep 16 07:28:32.809509 dv-neutron-856955-10-hyperv devstack@keystone.service[82040]: ERROR keystone.server.flask.application resp = meth(*args, **kwargs)
Sep 16 07:28:32.809509 dv-neutron-856955-10-hyperv devstack@keystone.service[82040]: ERROR keystone.server.flask.application
File "/opt/stack/keystone/keystone/api/roles.py", line 50, in get
Sep 16 07:28:32.809509 dv-neutron-856955-10-hyperv devstack@keystone.service[82040]: ERROR keystone.server.flask.application return self._get_role(role_id)
Sep 16 07:28:32.809509 dv-neutron-856955-10-hyperv devstack@keystone.service[82040]: ERROR keystone.server.flask.application
File "/opt/stack/keystone/keystone/api/roles.py", line 70, in _get_role
Sep 16 07:28:32.809509 dv-neutron-856955-10-hyperv devstack@keystone.service[82040]: ERROR keystone.server.flask.application ENFORCER.enforce_call(action='identity:get_role')
Sep 16 07:28:32.810442 dv-neutron-856955-10-hyperv devstack@keystone.service[82040]: ERROR keystone.server.flask.application
File "/opt/stack/keystone/keystone/common/rbac_enforcer/enforcer.py", line 402, in enforce_call
Sep 16 07:28:32.810442 dv-neutron-856955-10-hyperv devstack@keystone.service[82040]: ERROR keystone.server.flask.application policy_dict.update(cls._extract_member_target_data(
Sep 16 07:28:32.810442 dv-neutron-856955-10-hyperv devstack@keystone.service[82040]: ERROR keystone.server.flask.application
File "/opt/stack/keystone/keystone/common/rbac_enforcer/enforcer.py", line 234, in _extract_member_target_data
Sep 16 07:28:32.810442 dv-neutron-856955-10-hyperv devstack@keystone.service[82040]: ERROR keystone.server.flask.application member_name: func(flask.request.view_args[key])
Sep 16 07:28:32.810442 dv-neutron-856955-10-hyperv devstack@keystone.service[82040]: ERROR keystone.server.flask.application
File "/opt/stack/keystone/keystone/common/manager.py", line 115, in wrapped
Sep 16 07:28:32.810442 dv-neutron-856955-10-hyperv devstack@keystone.service[82040]: ERROR keystone.server.flask.application __ret_val = __f(*args, **kwargs)
Sep 16 07:28:32.810442 dv-neutron-856955-10-hyperv devstack@keystone.service[82040]: ERROR keystone.server.flask.application
File "/usr/local/lib/python3.8/dist-packages/decorator.py", line 232, in fun
Sep 16 07:28:32.810442 dv-neutron-856955-10-hyperv devstack@keystone.service[82040]: ERROR keystone.server.flask.application return caller(func, *(extras + args), **kw)
Sep 16 07:28:32.810442 dv-neutron-856955-10-hyperv devstack@keystone.service[82040]: ERROR keystone.server.flask.application
File "/usr/local/lib/python3.8/dist-packages/dogpile/cache/region.py", line 1577, in get_or_create_for_user_func
Sep 16 07:28:32.810442 dv-neutron-856955-10-hyperv devstack@keystone.service[82040]: ERROR keystone.server.flask.application return self.get_or_create(
Sep 16 07:28:32.810442 dv-neutron-856955-10-hyperv devstack@keystone.service[82040]: ERROR keystone.server.flask.application
File "/usr/local/lib/python3.8/dist-packages/dogpile/cache/region.py", line 1042, in get_or_create
Sep 16 07:28:32.810442 dv-neutron-856955-10-hyperv devstack@keystone.service[82040]: ERROR keystone.server.flask.application with Lock(
Sep 16 07:28:32.810442 dv-neutron-856955-10-hyperv devstack@keystone.service[82040]: ERROR keystone.server.flask.application
File "/usr/local/lib/python3.8/dist-packages/dogpile/lock.py", line 185, in __enter__
Sep 16 07:28:32.810442 dv-neutron-856955-10-hyperv devstack@keystone.service[82040]: ERROR keystone.server.flask.application return self._enter()
Sep 16 07:28:32.810442 dv-neutron-856955-10-hyperv devstack@keystone.service[82040]: ERROR keystone.server.flask.application
File "/usr/local/lib/python3.8/dist-packages/dogpile/lock.py", line 94, in _enter
Sep 16 07:28:32.810442 dv-neutron-856955-10-hyperv devstack@keystone.service[82040]: ERROR keystone.server.flask.application generated = self._enter_create(value, createdtime)
Sep 16 07:28:32.811237 dv-neutron-856955-10-hyperv devstack@keystone.service[82040]: ERROR keystone.server.flask.application
File "/usr/local/lib/python3.8/dist-packages/dogpile/lock.py", line 178, in _enter_create
Sep 16 07:28:32.811237 dv-neutron-856955-10-hyperv devstack@keystone.service[82040]: ERROR keystone.server.flask.application return self.creator()
Sep 16 07:28:32.811237 dv-neutron-856955-10-hyperv devstack@keystone.service[82040]: ERROR keystone.server.flask.application
File "/usr/local/lib/python3.8/dist-packages/dogpile/cache/region.py", line 995, in gen_value
Sep 16 07:28:32.811237 dv-neutron-856955-10-hyperv devstack@keystone.service[82040]: ERROR keystone.server.flask.application created_value = creator(
Sep 16 07:28:32.811237 dv-neutron-856955-10-hyperv devstack@keystone.service[82040]: ERROR keystone.server.flask.application
File "/opt/stack/keystone/keystone/assignment/core.py", line 1276, in get_role
Sep 16 07:28:32.811237 dv-neutron-856955-10-hyperv devstack@keystone.service[82040]: ERROR keystone.server.flask.application return self.driver.get_role(role_id)
Sep 16 07:28:32.811237 dv-neutron-856955-10-hyperv devstack@keystone.service[82040]: ERROR keystone.server.flask.application
File "/opt/stack/keystone/keystone/assignment/role_backends/sql.py", line 70, in get_role
Sep 16 07:28:32.811237 dv-neutron-856955-10-hyperv devstack@keystone.service[82040]: ERROR keystone.server.flask.application return self._get_role(session, role_id).to_dict()
Sep 16 07:28:32.811237 dv-neutron-856955-10-hyperv devstack@keystone.service[82040]: ERROR keystone.server.flask.application
File "/opt/stack/keystone/keystone/assignment/role_backends/sql.py", line 65, in _get_role
Sep 16 07:28:32.811237 dv-neutron-856955-10-hyperv devstack@keystone.service[82040]: ERROR keystone.server.flask.application raise exception.RoleNotFound(role_id=role_id)
Sep 16 07:28:32.811237 dv-neutron-856955-10-hyperv devstack@keystone.service[82040]: ERROR keystone.server.flask.application keystone.exception.RoleNotFound: Could not find role: reader.
Sep 16 07:28:32.811237 dv-neutron-856955-10-hyperv devstack@keystone.service[82040]: ERROR keystone.server.flask.application
Sep 16 07:28:32.813514 dv-neutron-856955-10-hyperv devstack@keystone.service[82040]: [pid: 82040|app: 0|req: 52/102] 10.222.0.27 () {56 vars in 1099 bytes} [Fri Sep 16 07:28:32 2022] GET /identity/v3/roles/reader => generated 84 bytes in 259 msecs (HTTP/1.1 404) 5 headers in 183 bytes (2 switches on core 0)
Sep 16 07:28:32.819601 dv-neutron-856955-10-hyperv devstack@keystone.service[82039]: DEBUG keystone.server.flask.request_processing.middleware.auth_context [None req-351b0e34-b0f4-4791-841a-79f881f83e0a None None] Authenticating user token {{(pid=82039) process_request /usr/local/lib/python3.8/dist-packages/keystonemiddleware/auth_token/__init__.py:407}}
Sep 16 07:28:32.965483 dv-neutron-856955-10-hyperv devstack@keystone.service[82039]: DEBUG keystone.server.flask.request_processing.middleware.auth_context [None req-351b0e34-b0f4-4791-841a-79f881f83e0a None None] Validating token access rules against request {{(pid=82039) validate_allowed_request /usr/local/lib/python3.8/dist-packages/keystonemiddleware/auth_token/__init__.py:545}}
Sep 16 07:28:32.986460 dv-neutron-856955-10-hyperv devstack@keystone.service[82040]: DEBUG keystone.server.flask.request_processing.req_logging [None req-2b7f64da-5b54-47b2-923e-4a1def3c240a None None] REQUEST_METHOD: `GET` {{(pid=82040) log_request_info /opt/stack/keystone/keystone/server/flask/request_processing/req_logging.py:27}}
Sep 16 07:28:32.987386 dv-neutron-856955-10-hyperv devstack@keystone.service[82040]: DEBUG keystone.server.flask.request_processing.req_logging [None req-2b7f64da-5b54-47b2-923e-4a1def3c240a None None] SCRIPT_NAME: `/identity` {{(pid=82040) log_request_info /opt/stack/keystone/keystone/server/flask/request_processing/req_logging.py:28}}
Sep 16 07:28:32.987890 dv-neutron-856955-10-hyperv devstack@keystone.service[82040]: DEBUG keystone.server.flask.request_processing.req_logging [None req-2b7f64da-5b54-47b2-923e-4a1def3c240a None None] PATH_INFO: `/` {{(pid=82040) log_request_info /opt/stack/keystone/keystone/server/flask/request_processing/req_logging.py:29}}
Sep 16 07:28:32.989793 dv-neutron-856955-10-hyperv devstack@keystone.service[82040]: [pid: 82040|app: 0|req: 53/103] 10.222.0.27 () {54 vars in 927 bytes} [Fri Sep 16 07:28:32 2022] GET /identity => generated 270 bytes in 4 msecs (HTTP/1.1 300) 6 headers in 234 bytes (1 switches on core 0)
