Sep 11 07:23:00.318581 dv-neutron-856926-1-hyperv neutron-server[107109]: DEBUG neutron.api.v2.base [None req-1f7f00c5-82e4-413a-8205-102e211b71aa tempest-FloatingIPNegativeTestJSON-635303711 tempest-FloatingIPNegativeTestJSON-635303711-project] Request body: {'floatingip': {'floating_network_id': '68fc3e09-a467-4a46-bf48-d1a621736727', 'port_id': 'b3d0ddf2-70eb-48d4-926d-826d9ec0b4f1', 'fixed_ip_address': '172.20.0.9'}} {{(pid=107109) prepare_request_body /opt/stack/neutron/neutron/api/v2/base.py:730}}
Sep 11 07:23:00.335366 dv-neutron-856926-1-hyperv neutron-server[107109]: DEBUG neutron_lib.callbacks.manager [req-ea0a33e0-ae5b-4cdc-a022-0500976f15be req-7e2d5f39-14b4-4222-9577-2e27eb36ddac service neutron] Publish callbacks ['neutron.plugins.ml2.plugin.SecurityGroupServerNotifierRpcMixin._notify_sg_on_port_change-3914867', 'neutron.plugins.ml2.ovo_rpc._ObjectChangeHandler.handle_event-120118', 'neutron.api.rpc.agentnotifiers.dhcp_rpc_agent_api.DhcpAgentNotifyAPI._native_event_send_dhcp_notification-578086', 'neutron.db.l3_db.L3RpcNotifierMixin._notify_gateway_port_ip_changed-8761705503874', 'neutron.db.l3_dvrscheduler_db._notify_l3_agent_port_update-8761705027503', 'neutron.db.l3_hascheduler_db._notify_l3_agent_ha_port_update-8761705027521', 'neutron.services.segments.plugin.NovaSegmentNotifier._notify_port_updated-61497761'] for port (31cdcdee-c87a-4ab6-a2ea-e3bed333c644), after_update {{(pid=107109) _notify_loop /usr/local/lib/python3.8/dist-packages/neutron_lib/callbacks/manager.py:176}}
Sep 11 07:23:00.337858 dv-neutron-856926-1-hyperv neutron-server[107110]: DEBUG neutron.db.provisioning_blocks [None req-018b1314-28e7-418f-a0cd-4d656553dba6 None None] Provisioning complete for port b6e17b26-9cd1-48fe-af16-907a18d22e09 triggered by entity DHCP. {{(pid=107110) provisioning_complete /opt/stack/neutron/neutron/db/provisioning_blocks.py:144}}
Sep 11 07:23:00.338363 dv-neutron-856926-1-hyperv neutron-server[107110]: DEBUG neutron_lib.callbacks.manager [None req-018b1314-28e7-418f-a0cd-4d656553dba6 None None] Publish callbacks ['neutron.plugins.ml2.plugin.Ml2Plugin._port_provisioned-3513218'] for port (b6e17b26-9cd1-48fe-af16-907a18d22e09), provisioning_complete {{(pid=107110) _notify_loop /usr/local/lib/python3.8/dist-packages/neutron_lib/callbacks/manager.py:176}}
Sep 11 07:23:00.342788 dv-neutron-856926-1-hyperv neutron-server[107108]: DEBUG neutron.pecan_wsgi.hooks.policy_enforcement [None req-c4870473-b810-4cde-9d94-d261970c6ac9 tempest-ExtraDHCPOptionsTestJSON-217024574 tempest-ExtraDHCPOptionsTestJSON-217024574-project] Attributes excluded by policy engine: ['standard_attr_id', 'binding:profile', 'binding:host_id', 'binding:vif_type', 'binding:vif_details'] {{(pid=107108) _exclude_attributes_by_policy /opt/stack/neutron/neutron/pecan_wsgi/hooks/policy_enforcement.py:259}}
Sep 11 07:23:00.343960 dv-neutron-856926-1-hyperv neutron-server[107109]: DEBUG neutron_lib.callbacks.manager [None req-d40fe67d-e231-4c12-9f7d-5eaf2fc509aa tempest-PortsAdminExtendedAttrsIpV6TestJSON-1652214752 tempest-PortsAdminExtendedAttrsIpV6TestJSON-1652214752-project] Publish callbacks ['neutron.plugins.ml2.plugin.Ml2Plugin._network_delete_after_delete_handler-3432796', 'neutron.plugins.ml2.ovo_rpc._ObjectChangeHandler.handle_event-452730', 'neutron.api.rpc.agentnotifiers.dhcp_rpc_agent_api.DhcpAgentNotifyAPI._native_event_send_dhcp_notification-578086', 'neutron.services.l3_router.l3_router_plugin.DVRResourceOperationHandler.delete_fip_namespaces_for_ext_net-620951'] for network (d277646e-547b-4ee3-ac4a-7fecdf606cbb), after_delete {{(pid=107109) _notify_loop /usr/local/lib/python3.8/dist-packages/neutron_lib/callbacks/manager.py:176}}
Sep 11 07:23:00.349080 dv-neutron-856926-1-hyperv neutron-server[107108]: DEBUG neutron.pecan_wsgi.hooks.policy_enforcement [None req-c4870473-b810-4cde-9d94-d261970c6ac9 tempest-ExtraDHCPOptionsTestJSON-217024574 tempest-ExtraDHCPOptionsTestJSON-217024574-project] Attributes excluded by policy engine: ['standard_attr_id', 'binding:profile', 'binding:host_id', 'binding:vif_type', 'binding:vif_details'] {{(pid=107108) _exclude_attributes_by_policy /opt/stack/neutron/neutron/pecan_wsgi/hooks/policy_enforcement.py:259}}
Sep 11 07:23:00.355567 dv-neutron-856926-1-hyperv neutron-server[107108]: DEBUG neutron.pecan_wsgi.hooks.policy_enforcement [None req-c4870473-b810-4cde-9d94-d261970c6ac9 tempest-ExtraDHCPOptionsTestJSON-217024574 tempest-ExtraDHCPOptionsTestJSON-217024574-project] Attributes excluded by policy engine: ['standard_attr_id', 'binding:profile', 'binding:host_id', 'binding:vif_type', 'binding:vif_details'] {{(pid=107108) _exclude_attributes_by_policy /opt/stack/neutron/neutron/pecan_wsgi/hooks/policy_enforcement.py:259}}
Sep 11 07:23:00.355738 dv-neutron-856926-1-hyperv neutron-server[107109]: DEBUG neutron.pecan_wsgi.hooks.policy_enforcement [req-ea0a33e0-ae5b-4cdc-a022-0500976f15be req-7e2d5f39-14b4-4222-9577-2e27eb36ddac service neutron] Attributes excluded by policy engine: ['standard_attr_id'] {{(pid=107109) _exclude_attributes_by_policy /opt/stack/neutron/neutron/pecan_wsgi/hooks/policy_enforcement.py:259}}
Sep 11 07:23:00.356361 dv-neutron-856926-1-hyperv neutron-server[107109]: DEBUG neutron_lib.callbacks.manager [req-ea0a33e0-ae5b-4cdc-a022-0500976f15be req-7e2d5f39-14b4-4222-9577-2e27eb36ddac service neutron] Publish callbacks ['neutron.notifiers.nova.Notifier._send_nova_notification-886965'] for port (None), before_response {{(pid=107109) _notify_loop /usr/local/lib/python3.8/dist-packages/neutron_lib/callbacks/manager.py:176}}
Sep 11 07:23:00.360046 dv-neutron-856926-1-hyperv neutron-server[107108]: INFO neutron.wsgi [None req-c4870473-b810-4cde-9d94-d261970c6ac9 tempest-ExtraDHCPOptionsTestJSON-217024574 tempest-ExtraDHCPOptionsTestJSON-217024574-project] 10.222.0.15 "GET /networking/v2.0/ports HTTP/1.1" status: 200 len: 2619 time: 0.1420832
Sep 11 07:23:00.360204 dv-neutron-856926-1-hyperv neutron-server[107109]: INFO neutron.wsgi [req-ea0a33e0-ae5b-4cdc-a022-0500976f15be req-7e2d5f39-14b4-4222-9577-2e27eb36ddac service neutron] 10.222.0.17 "PUT /networking/v2.0/ports/31cdcdee-c87a-4ab6-a2ea-e3bed333c644 HTTP/1.1" status: 200 len: 1093 time: 6.5533628
Sep 11 07:23:00.367402 dv-neutron-856926-1-hyperv neutron-server[107108]: DEBUG neutron.wsgi [-] (107108) accepted ('10.222.0.15', 36634) {{(pid=107108) server /usr/local/lib/python3.8/dist-packages/eventlet/wsgi.py:1004}}
Sep 11 07:23:00.376546 dv-neutron-856926-1-hyperv neutron-server[107110]: DEBUG neutron.plugins.ml2.plugin [None req-018b1314-28e7-418f-a0cd-4d656553dba6 None None] Port b6e17b26-9cd1-48fe-af16-907a18d22e09 cannot update to ACTIVE because it is not bound. {{(pid=107110) _port_provisioned /opt/stack/neutron/neutron/plugins/ml2/plugin.py:348}}
Sep 11 07:23:00.388645 dv-neutron-856926-1-hyperv neutron-server[107109]: INFO neutron.wsgi [req-1a7da789-a832-470f-9518-5ae80a323bdf req-de2fd50b-baf6-4ee0-975e-94378e66bb3f tempest-ServersTestManualDisk-2087682100 tempest-ServersTestManualDisk-2087682100-project] 10.222.0.15 "GET /networking/v2.0/security-groups?id=59cfa4a0-74aa-43f4-9a83-b2e443c2b88b&fields=id&fields=name HTTP/1.1" status: 200 len: 312 time: 0.3951313
Sep 11 07:23:00.388645 dv-neutron-856926-1-hyperv neutron-server[107109]: DEBUG neutron.notifiers.nova [-] Sending events: [{'name': 'network-changed', 'server_uuid': '49151d95-4252-4b1d-8fbb-703476e77fbd', 'tag': '31cdcdee-c87a-4ab6-a2ea-e3bed333c644'}] {{(pid=107109) send_events /opt/stack/neutron/neutron/notifiers/nova.py:279}}
Sep 11 07:23:00.389453 dv-neutron-856926-1-hyperv neutron-server[107108]: INFO neutron.wsgi [req-b107a57b-d01f-4396-8cb5-033e4aa581e0 req-7ea50a67-b74e-4c22-bd23-cf9090bd17b7 tempest-ServerActionsTestJSON-1675912460 tempest-ServerActionsTestJSON-1675912460-project] 10.222.0.15 "GET /networking/v2.0/security-groups?id=fea363b1-d5b8-4f1b-87b7-d7c06bd61319&fields=id&fields=name HTTP/1.1" status: 200 len: 313 time: 0.2106223
Sep 11 07:23:00.407997 dv-neutron-856926-1-hyperv neutron-server[107109]: DEBUG neutron.plugins.ml2.drivers.mech_agent [req-11132daf-924a-4d70-ae88-fa3bc9adbde3 req-2e1dd549-eb23-43a0-8171-795ef8d20cfa service neutron] Port 1db96890-425f-472e-8b48-39c71adaadba on network 1ed2b75e-aa57-4d32-baf9-8890fee71d39 not bound, no agent of type Open vSwitch agent registered on host hv-neutron-8569 {{(pid=107109) bind_port /opt/stack/neutron/neutron/plugins/ml2/drivers/mech_agent.py:120}}
Sep 11 07:23:00.408889 dv-neutron-856926-1-hyperv neutron-server[107109]: DEBUG neutron.plugins.ml2.drivers.mech_agent [req-11132daf-924a-4d70-ae88-fa3bc9adbde3 req-2e1dd549-eb23-43a0-8171-795ef8d20cfa service neutron] Attempting to bind port 1db96890-425f-472e-8b48-39c71adaadba on network 1ed2b75e-aa57-4d32-baf9-8890fee71d39 {{(pid=107109) bind_port /opt/stack/neutron/neutron/plugins/ml2/drivers/mech_agent.py:91}}
Sep 11 07:23:00.449968 dv-neutron-856926-1-hyperv neutron-server[107108]: DEBUG neutron.notifiers.nova [None req-c7a99085-5724-40f0-a54f-5a3d9e4dc09f tempest-PortsAdminExtendedAttrsTestJSON-542703936 tempest-PortsAdminExtendedAttrsTestJSON-542703936-project-admin] device_id is not set on port b0931bc1-e2ec-443d-b389-912ba4b80df6 yet. {{(pid=107108) _can_notify /opt/stack/neutron/neutron/notifiers/nova.py:201}}
Sep 11 07:23:00.453079 dv-neutron-856926-1-hyperv neutron-server[107109]: DEBUG neutron_lib.callbacks.manager [None req-d40fe67d-e231-4c12-9f7d-5eaf2fc509aa tempest-PortsAdminExtendedAttrsIpV6TestJSON-1652214752 tempest-PortsAdminExtendedAttrsIpV6TestJSON-1652214752-project] Publish callbacks ['neutron.api.rpc.agentnotifiers.dhcp_rpc_agent_api.DhcpAgentNotifyAPI._send_dhcp_notification-578100'] for network (None), before_response {{(pid=107109) _notify_loop /usr/local/lib/python3.8/dist-packages/neutron_lib/callbacks/manager.py:176}}
Sep 11 07:23:00.456199 dv-neutron-856926-1-hyperv neutron-server[107109]: INFO neutron.wsgi [None req-d40fe67d-e231-4c12-9f7d-5eaf2fc509aa tempest-PortsAdminExtendedAttrsIpV6TestJSON-1652214752 tempest-PortsAdminExtendedAttrsIpV6TestJSON-1652214752-project] 10.222.0.15 "DELETE /networking/v2.0/networks/d277646e-547b-4ee3-ac4a-7fecdf606cbb HTTP/1.1" status: 204 len: 168 time: 2.2841425
Sep 11 07:23:00.484967 dv-neutron-856926-1-hyperv neutron-server[107108]: DEBUG neutron_lib.callbacks.manager [None req-c7a99085-5724-40f0-a54f-5a3d9e4dc09f tempest-PortsAdminExtendedAttrsTestJSON-542703936 tempest-PortsAdminExtendedAttrsTestJSON-542703936-project-admin] Publish callbacks [] for port (b0931bc1-e2ec-443d-b389-912ba4b80df6), precommit_update {{(pid=107108) _notify_loop /usr/local/lib/python3.8/dist-packages/neutron_lib/callbacks/manager.py:176}}
Sep 11 07:23:00.486585 dv-neutron-856926-1-hyperv neutron-server[107108]: DEBUG dbcounter [-] [107108] Writing DB stats neutron:SELECT=98,neutron:INSERT=1,neutron:UPDATE=1 {{(pid=107108) stat_writer /usr/local/lib/python3.8/dist-packages/dbcounter.py:114}}
Sep 11 07:23:00.489862 dv-neutron-856926-1-hyperv neutron-server[107109]: DEBUG neutron.api.rpc.handlers.resources_rpc [None req-d40fe67d-e231-4c12-9f7d-5eaf2fc509aa tempest-PortsAdminExtendedAttrsIpV6TestJSON-1652214752 tempest-PortsAdminExtendedAttrsIpV6TestJSON-1652214752-project] Pushing event deleted for resources: {'Network': ['ID=d277646e-547b-4ee3-ac4a-7fecdf606cbb,revision_number=None']} {{(pid=107109) push /opt/stack/neutron/neutron/api/rpc/handlers/resources_rpc.py:237}}
Sep 11 07:23:00.498967 dv-neutron-856926-1-hyperv neutron-server[107108]: DEBUG neutron_lib.callbacks.manager [None req-c7a99085-5724-40f0-a54f-5a3d9e4dc09f tempest-PortsAdminExtendedAttrsTestJSON-542703936 tempest-PortsAdminExtendedAttrsTestJSON-542703936-project-admin] Publish callbacks ['neutron.plugins.ml2.plugin.SecurityGroupServerNotifierRpcMixin._notify_sg_on_port_change-3914867', 'neutron.plugins.ml2.ovo_rpc._ObjectChangeHandler.handle_event-120118', 'neutron.api.rpc.agentnotifiers.dhcp_rpc_agent_api.DhcpAgentNotifyAPI._native_event_send_dhcp_notification-578086', 'neutron.db.l3_db.L3RpcNotifierMixin._notify_gateway_port_ip_changed-8761705503874', 'neutron.db.l3_dvrscheduler_db._notify_l3_agent_port_update-8761705027503', 'neutron.db.l3_hascheduler_db._notify_l3_agent_ha_port_update-8761705027521', 'neutron.services.segments.plugin.NovaSegmentNotifier._notify_port_updated-6597579'] for port (b0931bc1-e2ec-443d-b389-912ba4b80df6), after_update {{(pid=107108) _notify_loop /usr/local/lib/python3.8/dist-packages/neutron_lib/callbacks/manager.py:176}}
Sep 11 07:23:00.509293 dv-neutron-856926-1-hyperv neutron-server[107109]: DEBUG neutron_lib.callbacks.manager [None req-1f7f00c5-82e4-413a-8205-102e211b71aa tempest-FloatingIPNegativeTestJSON-635303711 tempest-FloatingIPNegativeTestJSON-635303711-project] Publish callbacks [] for floatingip (None), before_create {{(pid=107109) _notify_loop /usr/local/lib/python3.8/dist-packages/neutron_lib/callbacks/manager.py:176}}
Sep 11 07:23:00.535788 dv-neutron-856926-1-hyperv neutron-server[107109]: DEBUG dbcounter [-] [107109] Writing DB stats neutron:SELECT=90,neutron:DELETE=5,neutron:UPDATE=2,neutron:INSERT=3 {{(pid=107109) stat_writer /usr/local/lib/python3.8/dist-packages/dbcounter.py:114}}
Sep 11 07:23:00.551511 dv-neutron-856926-1-hyperv neutron-server[107108]: DEBUG neutron.plugins.ml2.plugin [None req-e70dec17-9c63-4505-a07b-d44c1d7d8701 tempest-ExtraDHCPOptionsTestJSON-217024574 tempest-ExtraDHCPOptionsTestJSON-217024574-project] Deleting port b6e17b26-9cd1-48fe-af16-907a18d22e09 {{(pid=107108) _pre_delete_port /opt/stack/neutron/neutron/plugins/ml2/plugin.py:2047}}
Sep 11 07:23:00.551669 dv-neutron-856926-1-hyperv neutron-server[107108]: DEBUG neutron_lib.callbacks.manager [None req-e70dec17-9c63-4505-a07b-d44c1d7d8701 tempest-ExtraDHCPOptionsTestJSON-217024574 tempest-ExtraDHCPOptionsTestJSON-217024574-project] Publish callbacks ['neutron.db.l3_db.L3_NAT_dbonly_mixin._prevent_l3_port_delete_callback-8761705500389'] for port (b6e17b26-9cd1-48fe-af16-907a18d22e09), before_delete {{(pid=107108) _notify_loop /usr/local/lib/python3.8/dist-packages/neutron_lib/callbacks/manager.py:176}}
Sep 11 07:23:00.577877 dv-neutron-856926-1-hyperv neutron-server[107109]: DEBUG novaclient.v2.client [-] REQ: curl -g -i --cacert "/opt/stack/data/ca-bundle.pem" -X POST http://10.222.0.15/compute/v2.1/os-server-external-events -H "Accept: application/json" -H "Content-Type: application/json" -H "User-Agent: python-novaclient" -H "X-Auth-Token: {SHA256}10d05b8613b494d2676af0dc246ae62dac24c986a10e9c21c83987aba3d2a70e" -H "X-OpenStack-Nova-API-Version: 2.1" -H "X-OpenStack-Request-ID: req-469216dd-4547-40aa-bcb5-d0d3c7db9e45" -d '{"events": [{"name": "network-changed", "server_uuid": "49151d95-4252-4b1d-8fbb-703476e77fbd", "tag": "31cdcdee-c87a-4ab6-a2ea-e3bed333c644"}]}' {{(pid=107109) _http_log_request /usr/local/lib/python3.8/dist-packages/keystoneauth1/session.py:519}}
Sep 11 07:23:00.621641 dv-neutron-856926-1-hyperv neutron-server[107108]: DEBUG neutron.api.rpc.handlers.resources_rpc [None req-c7a99085-5724-40f0-a54f-5a3d9e4dc09f tempest-PortsAdminExtendedAttrsTestJSON-542703936 tempest-PortsAdminExtendedAttrsTestJSON-542703936-project-admin] Pushing event updated for resources: {'Port': ['ID=b0931bc1-e2ec-443d-b389-912ba4b80df6,revision_number=2']} {{(pid=107108) push /opt/stack/neutron/neutron/api/rpc/handlers/resources_rpc.py:237}}
Sep 11 07:23:00.632928 dv-neutron-856926-1-hyperv neutron-server[107109]: DEBUG neutron.api.rpc.handlers.resources_rpc [None req-7e2d5f39-14b4-4222-9577-2e27eb36ddac service neutron] Pushing event updated for resources: {'Port': ['ID=31cdcdee-c87a-4ab6-a2ea-e3bed333c644,revision_number=3']} {{(pid=107109) push /opt/stack/neutron/neutron/api/rpc/handlers/resources_rpc.py:237}}
Sep 11 07:23:00.644449 dv-neutron-856926-1-hyperv neutron-server[107108]: DEBUG neutron.plugins.ml2.managers [None req-c7a99085-5724-40f0-a54f-5a3d9e4dc09f tempest-PortsAdminExtendedAttrsTestJSON-542703936 tempest-PortsAdminExtendedAttrsTestJSON-542703936-project-admin] Attempting to bind port b0931bc1-e2ec-443d-b389-912ba4b80df6 on host hv-neutron-8569 for vnic_type normal with profile {{(pid=107108) bind_port /opt/stack/neutron/neutron/plugins/ml2/managers.py:810}}
Sep 11 07:23:00.644910 dv-neutron-856926-1-hyperv neutron-server[107108]: DEBUG neutron.plugins.ml2.managers [None req-c7a99085-5724-40f0-a54f-5a3d9e4dc09f tempest-PortsAdminExtendedAttrsTestJSON-542703936 tempest-PortsAdminExtendedAttrsTestJSON-542703936-project-admin] Attempting to bind port b0931bc1-e2ec-443d-b389-912ba4b80df6 by drivers openvswitch,hyperv on host hv-neutron-8569 at level 0 using segments [{'id': 'be226eb5-0a75-40b5-a928-cd996e67d87c', 'network_type': 'vlan', 'physical_network': 'physnet1', 'segmentation_id': 87, 'network_id': '0ca24191-0741-4b80-a9c5-0e4d5056e7e2'}] {{(pid=107108) _bind_port_level /opt/stack/neutron/neutron/plugins/ml2/managers.py:835}}
Sep 11 07:23:00.645749 dv-neutron-856926-1-hyperv neutron-server[107108]: DEBUG neutron.plugins.ml2.drivers.mech_agent [None req-c7a99085-5724-40f0-a54f-5a3d9e4dc09f tempest-PortsAdminExtendedAttrsTestJSON-542703936 tempest-PortsAdminExtendedAttrsTestJSON-542703936-project-admin] Attempting to bind port b0931bc1-e2ec-443d-b389-912ba4b80df6 on network 0ca24191-0741-4b80-a9c5-0e4d5056e7e2 {{(pid=107108) bind_port /opt/stack/neutron/neutron/plugins/ml2/drivers/mech_agent.py:91}}
Sep 11 07:23:00.653716 dv-neutron-856926-1-hyperv neutron-server[107109]: DEBUG neutron.pecan_wsgi.hooks.policy_enforcement [req-fa570488-1a43-4549-90b2-b4e40755f09f req-52a12689-71bb-4cbf-adb3-96b2629e3b65 tempest-ServersTestJSON-552597828 tempest-ServersTestJSON-552597828-project] Attributes excluded by policy engine: ['standard_attr_id', 'binding:profile', 'binding:host_id', 'binding:vif_type', 'binding:vif_details'] {{(pid=107109) _exclude_attributes_by_policy /opt/stack/neutron/neutron/pecan_wsgi/hooks/policy_enforcement.py:259}}
Sep 11 07:23:00.655270 dv-neutron-856926-1-hyperv neutron-server[107109]: INFO neutron.wsgi [req-fa570488-1a43-4549-90b2-b4e40755f09f req-52a12689-71bb-4cbf-adb3-96b2629e3b65 tempest-ServersTestJSON-552597828 tempest-ServersTestJSON-552597828-project] 10.222.0.15 "GET /networking/v2.0/ports?device_id=49151d95-4252-4b1d-8fbb-703476e77fbd HTTP/1.1" status: 200 len: 943 time: 0.1751058
Sep 11 07:23:00.667199 dv-neutron-856926-1-hyperv neutron-server[107108]: DEBUG neutron.plugins.ml2.drivers.mech_agent [None req-c7a99085-5724-40f0-a54f-5a3d9e4dc09f tempest-PortsAdminExtendedAttrsTestJSON-542703936 tempest-PortsAdminExtendedAttrsTestJSON-542703936-project-admin] Port b0931bc1-e2ec-443d-b389-912ba4b80df6 on network 0ca24191-0741-4b80-a9c5-0e4d5056e7e2 not bound, no agent of type Open vSwitch agent registered on host hv-neutron-8569 {{(pid=107108) bind_port /opt/stack/neutron/neutron/plugins/ml2/drivers/mech_agent.py:120}}
Sep 11 07:23:00.667666 dv-neutron-856926-1-hyperv neutron-server[107108]: ERROR neutron.plugins.ml2.managers [None req-c7a99085-5724-40f0-a54f-5a3d9e4dc09f tempest-PortsAdminExtendedAttrsTestJSON-542703936 tempest-PortsAdminExtendedAttrsTestJSON-542703936-project-admin] Failed to bind port b0931bc1-e2ec-443d-b389-912ba4b80df6 on host hv-neutron-8569 for vnic_type normal using segments [{'id': 'be226eb5-0a75-40b5-a928-cd996e67d87c', 'network_type': 'vlan', 'physical_network': 'physnet1', 'segmentation_id': 87, 'network_id': '0ca24191-0741-4b80-a9c5-0e4d5056e7e2'}]
Sep 11 07:23:00.671919 dv-neutron-856926-1-hyperv neutron-server[107108]: INFO neutron.plugins.ml2.plugin [None req-c7a99085-5724-40f0-a54f-5a3d9e4dc09f tempest-PortsAdminExtendedAttrsTestJSON-542703936 tempest-PortsAdminExtendedAttrsTestJSON-542703936-project-admin] Attempt 2 to bind port b0931bc1-e2ec-443d-b389-912ba4b80df6
Sep 11 07:23:00.675245 dv-neutron-856926-1-hyperv neutron-server[107108]: DEBUG dbcounter [-] [107108] Writing DB stats neutron:SELECT=97,neutron:DELETE=2,neutron:UPDATE=1 {{(pid=107108) stat_writer /usr/local/lib/python3.8/dist-packages/dbcounter.py:114}}
Sep 11 07:23:00.681591 dv-neutron-856926-1-hyperv neutron-server[107109]: DEBUG neutron.plugins.ml2.drivers.mech_agent [req-11132daf-924a-4d70-ae88-fa3bc9adbde3 req-2e1dd549-eb23-43a0-8171-795ef8d20cfa service neutron] Checking agent: {'id': '4cb3c556-d299-457f-a339-2983a2921102', 'agent_type': 'HyperV agent', 'binary': 'neutron-hyperv-agent', 'topic': 'N/A', 'host': 'hv-neutron-8569', 'admin_state_up': True, 'created_at': datetime.datetime(2022, 9, 11, 7, 20, 50), 'started_at': datetime.datetime(2022, 9, 11, 7, 20, 50), 'heartbeat_timestamp': datetime.datetime(2022, 9, 11, 7, 22, 50), 'description': None, 'resources_synced': None, 'availability_zone': None, 'alive': True, 'configurations': {'vswitch_mappings': {'physnet1$': 'br-data'}}, 'resource_versions': {}} {{(pid=107109) bind_port /opt/stack/neutron/neutron/plugins/ml2/drivers/mech_agent.py:127}}
Sep 11 07:23:00.681935 dv-neutron-856926-1-hyperv neutron-server[107109]: DEBUG neutron.plugins.ml2.drivers.mech_agent [req-11132daf-924a-4d70-ae88-fa3bc9adbde3 req-2e1dd549-eb23-43a0-8171-795ef8d20cfa service neutron] Checking segment: {'id': 'fa026aaf-b0b0-4008-8c12-9efbd6b2392f', 'network_type': 'vlan', 'physical_network': 'physnet1', 'segmentation_id': 79, 'network_id': '1ed2b75e-aa57-4d32-baf9-8890fee71d39'} for mappings: {'physnet1$': 'br-data'} with network types: ['local', 'flat', 'vlan'] {{(pid=107109) check_segment_for_agent /opt/stack/neutron/neutron/plugins/ml2/drivers/mech_agent.py:399}}
Sep 11 07:23:00.682321 dv-neutron-856926-1-hyperv neutron-server[107109]: DEBUG neutron.plugins.ml2.drivers.mech_agent [req-11132daf-924a-4d70-ae88-fa3bc9adbde3 req-2e1dd549-eb23-43a0-8171-795ef8d20cfa service neutron] Bound using segment: {'id': 'fa026aaf-b0b0-4008-8c12-9efbd6b2392f', 'network_type': 'vlan', 'physical_network': 'physnet1', 'segmentation_id': 79, 'network_id': '1ed2b75e-aa57-4d32-baf9-8890fee71d39'} {{(pid=107109) bind_port /opt/stack/neutron/neutron/plugins/ml2/drivers/mech_agent.py:137}}
Sep 11 07:23:00.682774 dv-neutron-856926-1-hyperv neutron-server[107109]: DEBUG neutron.plugins.ml2.managers [req-11132daf-924a-4d70-ae88-fa3bc9adbde3 req-2e1dd549-eb23-43a0-8171-795ef8d20cfa service neutron] Bound port: 1db96890-425f-472e-8b48-39c71adaadba, host: hv-neutron-8569, vif_type: hyperv, vif_details: {"connectivity": "legacy", "port_filter": false}, binding_levels: [{'bound_driver': 'hyperv', 'bound_segment': {'id': 'fa026aaf-b0b0-4008-8c12-9efbd6b2392f', 'network_type': 'vlan', 'physical_network': 'physnet1', 'segmentation_id': 79, 'network_id': '1ed2b75e-aa57-4d32-baf9-8890fee71d39'}}] {{(pid=107109) _bind_port_level /opt/stack/neutron/neutron/plugins/ml2/managers.py:947}}
Sep 11 07:23:00.683130 dv-neutron-856926-1-hyperv neutron-server[107109]: DEBUG neutron_lib.callbacks.manager [req-11132daf-924a-4d70-ae88-fa3bc9adbde3 req-2e1dd549-eb23-43a0-8171-795ef8d20cfa service neutron] Publish callbacks ['neutron.plugins.ml2.plugin.SecurityGroupDbMixin._ensure_default_security_group_handler-3914802'] for port (1db96890-425f-472e-8b48-39c71adaadba), before_update {{(pid=107109) _notify_loop /usr/local/lib/python3.8/dist-packages/neutron_lib/callbacks/manager.py:176}}
Sep 11 07:23:00.709698 dv-neutron-856926-1-hyperv neutron-server[107108]: DEBUG neutron.plugins.ml2.managers [None req-c7a99085-5724-40f0-a54f-5a3d9e4dc09f tempest-PortsAdminExtendedAttrsTestJSON-542703936 tempest-PortsAdminExtendedAttrsTestJSON-542703936-project-admin] Attempting to bind port b0931bc1-e2ec-443d-b389-912ba4b80df6 on host hv-neutron-8569 for vnic_type normal with profile {{(pid=107108) bind_port /opt/stack/neutron/neutron/plugins/ml2/managers.py:810}}
Sep 11 07:23:00.710860 dv-neutron-856926-1-hyperv neutron-server[107108]: DEBUG neutron.plugins.ml2.managers [None req-c7a99085-5724-40f0-a54f-5a3d9e4dc09f tempest-PortsAdminExtendedAttrsTestJSON-542703936 tempest-PortsAdminExtendedAttrsTestJSON-542703936-project-admin] Attempting to bind port b0931bc1-e2ec-443d-b389-912ba4b80df6 by drivers openvswitch,hyperv on host hv-neutron-8569 at level 0 using segments [{'id': 'be226eb5-0a75-40b5-a928-cd996e67d87c', 'network_type': 'vlan', 'physical_network': 'physnet1', 'segmentation_id': 87, 'network_id': '0ca24191-0741-4b80-a9c5-0e4d5056e7e2'}] {{(pid=107108) _bind_port_level /opt/stack/neutron/neutron/plugins/ml2/managers.py:835}}
Sep 11 07:23:00.711293 dv-neutron-856926-1-hyperv neutron-server[107108]: DEBUG neutron.plugins.ml2.drivers.mech_agent [None req-c7a99085-5724-40f0-a54f-5a3d9e4dc09f tempest-PortsAdminExtendedAttrsTestJSON-542703936 tempest-PortsAdminExtendedAttrsTestJSON-542703936-project-admin] Attempting to bind port b0931bc1-e2ec-443d-b389-912ba4b80df6 on network 0ca24191-0741-4b80-a9c5-0e4d5056e7e2 {{(pid=107108) bind_port /opt/stack/neutron/neutron/plugins/ml2/drivers/mech_agent.py:91}}
Sep 11 07:23:00.730465 dv-neutron-856926-1-hyperv neutron-server[107108]: DEBUG neutron.plugins.ml2.drivers.mech_agent [None req-c7a99085-5724-40f0-a54f-5a3d9e4dc09f tempest-PortsAdminExtendedAttrsTestJSON-542703936 tempest-PortsAdminExtendedAttrsTestJSON-542703936-project-admin] Port b0931bc1-e2ec-443d-b389-912ba4b80df6 on network 0ca24191-0741-4b80-a9c5-0e4d5056e7e2 not bound, no agent of type Open vSwitch agent registered on host hv-neutron-8569 {{(pid=107108) bind_port /opt/stack/neutron/neutron/plugins/ml2/drivers/mech_agent.py:120}}
Sep 11 07:23:00.730990 dv-neutron-856926-1-hyperv neutron-server[107108]: ERROR neutron.plugins.ml2.managers [None req-c7a99085-5724-40f0-a54f-5a3d9e4dc09f tempest-PortsAdminExtendedAttrsTestJSON-542703936 tempest-PortsAdminExtendedAttrsTestJSON-542703936-project-admin] Failed to bind port b0931bc1-e2ec-443d-b389-912ba4b80df6 on host hv-neutron-8569 for vnic_type normal using segments [{'id': 'be226eb5-0a75-40b5-a928-cd996e67d87c', 'network_type': 'vlan', 'physical_network': 'physnet1', 'segmentation_id': 87, 'network_id': '0ca24191-0741-4b80-a9c5-0e4d5056e7e2'}]
Sep 11 07:23:00.736621 dv-neutron-856926-1-hyperv neutron-server[107108]: INFO neutron.plugins.ml2.plugin [None req-c7a99085-5724-40f0-a54f-5a3d9e4dc09f tempest-PortsAdminExtendedAttrsTestJSON-542703936 tempest-PortsAdminExtendedAttrsTestJSON-542703936-project-admin] Attempt 3 to bind port b0931bc1-e2ec-443d-b389-912ba4b80df6
Sep 11 07:23:00.753103 dv-neutron-856926-1-hyperv neutron-server[107108]: DEBUG neutron.plugins.ml2.managers [None req-c7a99085-5724-40f0-a54f-5a3d9e4dc09f tempest-PortsAdminExtendedAttrsTestJSON-542703936 tempest-PortsAdminExtendedAttrsTestJSON-542703936-project-admin] Attempting to bind port b0931bc1-e2ec-443d-b389-912ba4b80df6 on host hv-neutron-8569 for vnic_type normal with profile {{(pid=107108) bind_port /opt/stack/neutron/neutron/plugins/ml2/managers.py:810}}
Sep 11 07:23:00.753503 dv-neutron-856926-1-hyperv neutron-server[107108]: DEBUG neutron.plugins.ml2.managers [None req-c7a99085-5724-40f0-a54f-5a3d9e4dc09f tempest-PortsAdminExtendedAttrsTestJSON-542703936 tempest-PortsAdminExtendedAttrsTestJSON-542703936-project-admin] Attempting to bind port b0931bc1-e2ec-443d-b389-912ba4b80df6 by drivers openvswitch,hyperv on host hv-neutron-8569 at level 0 using segments [{'id': 'be226eb5-0a75-40b5-a928-cd996e67d87c', 'network_type': 'vlan', 'physical_network': 'physnet1', 'segmentation_id': 87, 'network_id': '0ca24191-0741-4b80-a9c5-0e4d5056e7e2'}] {{(pid=107108) _bind_port_level /opt/stack/neutron/neutron/plugins/ml2/managers.py:835}}
Sep 11 07:23:00.754093 dv-neutron-856926-1-hyperv neutron-server[107108]: DEBUG neutron.plugins.ml2.drivers.mech_agent [None req-c7a99085-5724-40f0-a54f-5a3d9e4dc09f tempest-PortsAdminExtendedAttrsTestJSON-542703936 tempest-PortsAdminExtendedAttrsTestJSON-542703936-project-admin] Attempting to bind port b0931bc1-e2ec-443d-b389-912ba4b80df6 on network 0ca24191-0741-4b80-a9c5-0e4d5056e7e2 {{(pid=107108) bind_port /opt/stack/neutron/neutron/plugins/ml2/drivers/mech_agent.py:91}}
Sep 11 07:23:00.759202 dv-neutron-856926-1-hyperv neutron-server[107108]: DEBUG neutron_lib.callbacks.manager [None req-e70dec17-9c63-4505-a07b-d44c1d7d8701 tempest-ExtraDHCPOptionsTestJSON-217024574 tempest-ExtraDHCPOptionsTestJSON-217024574-project] Publish callbacks ['neutron.services.l3_router.l3_router_plugin.L3_NAT_dbonly_mixin._precommit_delete_port_callback-609734'] for port (b6e17b26-9cd1-48fe-af16-907a18d22e09), precommit_delete {{(pid=107108) _notify_loop /usr/local/lib/python3.8/dist-packages/neutron_lib/callbacks/manager.py:176}}
Sep 11 07:23:00.768504 dv-neutron-856926-1-hyperv neutron-server[107108]: DEBUG neutron.plugins.ml2.drivers.mech_agent [None req-c7a99085-5724-40f0-a54f-5a3d9e4dc09f tempest-PortsAdminExtendedAttrsTestJSON-542703936 tempest-PortsAdminExtendedAttrsTestJSON-542703936-project-admin] Port b0931bc1-e2ec-443d-b389-912ba4b80df6 on network 0ca24191-0741-4b80-a9c5-0e4d5056e7e2 not bound, no agent of type Open vSwitch agent registered on host hv-neutron-8569 {{(pid=107108) bind_port /opt/stack/neutron/neutron/plugins/ml2/drivers/mech_agent.py:120}}
Sep 11 07:23:00.768912 dv-neutron-856926-1-hyperv neutron-server[107108]: ERROR neutron.plugins.ml2.managers [None req-c7a99085-5724-40f0-a54f-5a3d9e4dc09f tempest-PortsAdminExtendedAttrsTestJSON-542703936 tempest-PortsAdminExtendedAttrsTestJSON-542703936-project-admin] Failed to bind port b0931bc1-e2ec-443d-b389-912ba4b80df6 on host hv-neutron-8569 for vnic_type normal using segments [{'id': 'be226eb5-0a75-40b5-a928-cd996e67d87c', 'network_type': 'vlan', 'physical_network': 'physnet1', 'segmentation_id': 87, 'network_id': '0ca24191-0741-4b80-a9c5-0e4d5056e7e2'}]
Sep 11 07:23:00.771028 dv-neutron-856926-1-hyperv neutron-server[107108]: INFO neutron.plugins.ml2.plugin [None req-c7a99085-5724-40f0-a54f-5a3d9e4dc09f tempest-PortsAdminExtendedAttrsTestJSON-542703936 tempest-PortsAdminExtendedAttrsTestJSON-542703936-project-admin] Attempt 4 to bind port b0931bc1-e2ec-443d-b389-912ba4b80df6
Sep 11 07:23:00.784994 dv-neutron-856926-1-hyperv neutron-server[107109]: DEBUG novaclient.v2.client [-] RESP: [200] Connection: close Content-Length: 179 Content-Type: application/json Date: Sun, 11 Sep 2022 07:23:00 GMT OpenStack-API-Version: compute 2.1 Server: Apache/2.4.41 (Ubuntu) Vary: OpenStack-API-Version,X-OpenStack-Nova-API-Version X-OpenStack-Nova-API-Version: 2.1 x-compute-request-id: req-bdac72fb-507b-4a9c-afb8-55bc9d4e47d0 x-openstack-request-id: req-bdac72fb-507b-4a9c-afb8-55bc9d4e47d0 {{(pid=107109) _http_log_response /usr/local/lib/python3.8/dist-packages/keystoneauth1/session.py:550}}
Sep 11 07:23:00.785288 dv-neutron-856926-1-hyperv neutron-server[107109]: DEBUG novaclient.v2.client [-] RESP BODY: {"events": [{"name": "network-changed", "server_uuid": "49151d95-4252-4b1d-8fbb-703476e77fbd", "tag": "31cdcdee-c87a-4ab6-a2ea-e3bed333c644", "status": "completed", "code": 200}]} {{(pid=107109) _http_log_response /usr/local/lib/python3.8/dist-packages/keystoneauth1/session.py:582}}
Sep 11 07:23:00.785546 dv-neutron-856926-1-hyperv neutron-server[107109]: DEBUG novaclient.v2.client [-] POST call to compute for http://10.222.0.15/compute/v2.1/os-server-external-events used request id req-bdac72fb-507b-4a9c-afb8-55bc9d4e47d0 {{(pid=107109) request /usr/local/lib/python3.8/dist-packages/keystoneauth1/session.py:954}}
Sep 11 07:23:00.785999 dv-neutron-856926-1-hyperv neutron-server[107109]: INFO neutron.notifiers.nova [-] Nova event matching ['req-bdac72fb-507b-4a9c-afb8-55bc9d4e47d0'] response: {'name': 'network-changed', 'server_uuid': '49151d95-4252-4b1d-8fbb-703476e77fbd', 'tag': '31cdcdee-c87a-4ab6-a2ea-e3bed333c644', 'status': 'completed', 'code': 200}
Sep 11 07:23:00.792163 dv-neutron-856926-1-hyperv neutron-server[107108]: DEBUG neutron.plugins.ml2.managers [None req-c7a99085-5724-40f0-a54f-5a3d9e4dc09f tempest-PortsAdminExtendedAttrsTestJSON-542703936 tempest-PortsAdminExtendedAttrsTestJSON-542703936-project-admin] Attempting to bind port b0931bc1-e2ec-443d-b389-912ba4b80df6 on host hv-neutron-8569 for vnic_type normal with profile {{(pid=107108) bind_port /opt/stack/neutron/neutron/plugins/ml2/managers.py:810}}
Sep 11 07:23:00.793232 dv-neutron-856926-1-hyperv neutron-server[107108]: DEBUG neutron.plugins.ml2.managers [None req-c7a99085-5724-40f0-a54f-5a3d9e4dc09f tempest-PortsAdminExtendedAttrsTestJSON-542703936 tempest-PortsAdminExtendedAttrsTestJSON-542703936-project-admin] Attempting to bind port b0931bc1-e2ec-443d-b389-912ba4b80df6 by drivers openvswitch,hyperv on host hv-neutron-8569 at level 0 using segments [{'id': 'be226eb5-0a75-40b5-a928-cd996e67d87c', 'network_type': 'vlan', 'physical_network': 'physnet1', 'segmentation_id': 87, 'network_id': '0ca24191-0741-4b80-a9c5-0e4d5056e7e2'}] {{(pid=107108) _bind_port_level /opt/stack/neutron/neutron/plugins/ml2/managers.py:835}}
Sep 11 07:23:00.793232 dv-neutron-856926-1-hyperv neutron-server[107108]: DEBUG neutron.plugins.ml2.drivers.mech_agent [None req-c7a99085-5724-40f0-a54f-5a3d9e4dc09f tempest-PortsAdminExtendedAttrsTestJSON-542703936 tempest-PortsAdminExtendedAttrsTestJSON-542703936-project-admin] Attempting to bind port b0931bc1-e2ec-443d-b389-912ba4b80df6 on network 0ca24191-0741-4b80-a9c5-0e4d5056e7e2 {{(pid=107108) bind_port /opt/stack/neutron/neutron/plugins/ml2/drivers/mech_agent.py:91}}
Sep 11 07:23:00.795533 dv-neutron-856926-1-hyperv neutron-server[107108]: DEBUG neutron.plugins.ml2.plugin [None req-e70dec17-9c63-4505-a07b-d44c1d7d8701 tempest-ExtraDHCPOptionsTestJSON-217024574 tempest-ExtraDHCPOptionsTestJSON-217024574-project] Calling delete_port for b6e17b26-9cd1-48fe-af16-907a18d22e09 owned by {{(pid=107108) delete_port /opt/stack/neutron/neutron/plugins/ml2/plugin.py:2126}}
Sep 11 07:23:00.805617 dv-neutron-856926-1-hyperv neutron-server[107108]: DEBUG neutron.plugins.ml2.drivers.mech_agent [None req-c7a99085-5724-40f0-a54f-5a3d9e4dc09f tempest-PortsAdminExtendedAttrsTestJSON-542703936 tempest-PortsAdminExtendedAttrsTestJSON-542703936-project-admin] Port b0931bc1-e2ec-443d-b389-912ba4b80df6 on network 0ca24191-0741-4b80-a9c5-0e4d5056e7e2 not bound, no agent of type Open vSwitch agent registered on host hv-neutron-8569 {{(pid=107108) bind_port /opt/stack/neutron/neutron/plugins/ml2/drivers/mech_agent.py:120}}
Sep 11 07:23:00.805942 dv-neutron-856926-1-hyperv neutron-server[107108]: ERROR neutron.plugins.ml2.managers [None req-c7a99085-5724-40f0-a54f-5a3d9e4dc09f tempest-PortsAdminExtendedAttrsTestJSON-542703936 tempest-PortsAdminExtendedAttrsTestJSON-542703936-project-admin] Failed to bind port b0931bc1-e2ec-443d-b389-912ba4b80df6 on host hv-neutron-8569 for vnic_type normal using segments [{'id': 'be226eb5-0a75-40b5-a928-cd996e67d87c', 'network_type': 'vlan', 'physical_network': 'physnet1', 'segmentation_id': 87, 'network_id': '0ca24191-0741-4b80-a9c5-0e4d5056e7e2'}]
Sep 11 07:23:00.807720 dv-neutron-856926-1-hyperv neutron-server[107108]: INFO neutron.plugins.ml2.plugin [None req-c7a99085-5724-40f0-a54f-5a3d9e4dc09f tempest-PortsAdminExtendedAttrsTestJSON-542703936 tempest-PortsAdminExtendedAttrsTestJSON-542703936-project-admin] Attempt 5 to bind port b0931bc1-e2ec-443d-b389-912ba4b80df6
Sep 11 07:23:00.814261 dv-neutron-856926-1-hyperv neutron-server[107109]: DEBUG neutron_lib.callbacks.manager [None req-e32cd3d6-7bd0-4ebc-ae5d-bfed88ac34c7 tempest-AllowedAddressPairTestJSON-1108532236 tempest-AllowedAddressPairTestJSON-1108532236-project] Publish callbacks ['neutron.plugins.ml2.plugin.SecurityGroupServerNotifierRpcMixin._notify_sg_on_port_change-3914867', 'neutron.plugins.ml2.ovo_rpc._ObjectChangeHandler.handle_event-120118', 'neutron.api.rpc.agentnotifiers.dhcp_rpc_agent_api.DhcpAgentNotifyAPI._native_event_send_dhcp_notification-578086', 'neutron.db.l3_db.L3RpcNotifierMixin._notify_routers_callback-8761705503892', 'neutron.db.l3_dvrscheduler_db._notify_port_delete-8761705027494', 'neutron.services.segments.plugin.NovaSegmentNotifier._notify_port_created_or_deleted-61497816'] for port (1bab3dee-03ee-4690-9590-69b48c73e79f), after_delete {{(pid=107109) _notify_loop /usr/local/lib/python3.8/dist-packages/neutron_lib/callbacks/manager.py:176}}
Sep 11 07:23:00.846187 dv-neutron-856926-1-hyperv neutron-server[107109]: DEBUG neutron.wsgi [-] (107109) accepted ('10.222.0.15', 36652) {{(pid=107109) server /usr/local/lib/python3.8/dist-packages/eventlet/wsgi.py:1004}}
Sep 11 07:23:00.852639 dv-neutron-856926-1-hyperv neutron-server[107108]: DEBUG neutron.plugins.ml2.managers [None req-c7a99085-5724-40f0-a54f-5a3d9e4dc09f tempest-PortsAdminExtendedAttrsTestJSON-542703936 tempest-PortsAdminExtendedAttrsTestJSON-542703936-project-admin] Attempting to bind port b0931bc1-e2ec-443d-b389-912ba4b80df6 on host hv-neutron-8569 for vnic_type normal with profile {{(pid=107108) bind_port /opt/stack/neutron/neutron/plugins/ml2/managers.py:810}}
Sep 11 07:23:00.852990 dv-neutron-856926-1-hyperv neutron-server[107108]: DEBUG neutron.plugins.ml2.managers [None req-c7a99085-5724-40f0-a54f-5a3d9e4dc09f tempest-PortsAdminExtendedAttrsTestJSON-542703936 tempest-PortsAdminExtendedAttrsTestJSON-542703936-project-admin] Attempting to bind port b0931bc1-e2ec-443d-b389-912ba4b80df6 by drivers openvswitch,hyperv on host hv-neutron-8569 at level 0 using segments [{'id': 'be226eb5-0a75-40b5-a928-cd996e67d87c', 'network_type': 'vlan', 'physical_network': 'physnet1', 'segmentation_id': 87, 'network_id': '0ca24191-0741-4b80-a9c5-0e4d5056e7e2'}] {{(pid=107108) _bind_port_level /opt/stack/neutron/neutron/plugins/ml2/managers.py:835}}
Sep 11 07:23:00.853359 dv-neutron-856926-1-hyperv neutron-server[107108]: DEBUG neutron.plugins.ml2.drivers.mech_agent [None req-c7a99085-5724-40f0-a54f-5a3d9e4dc09f tempest-PortsAdminExtendedAttrsTestJSON-542703936 tempest-PortsAdminExtendedAttrsTestJSON-542703936-project-admin] Attempting to bind port b0931bc1-e2ec-443d-b389-912ba4b80df6 on network 0ca24191-0741-4b80-a9c5-0e4d5056e7e2 {{(pid=107108) bind_port /opt/stack/neutron/neutron/plugins/ml2/drivers/mech_agent.py:91}}
Sep 11 07:23:00.861315 dv-neutron-856926-1-hyperv neutron-server[107108]: DEBUG neutron.plugins.ml2.drivers.mech_agent [None req-c7a99085-5724-40f0-a54f-5a3d9e4dc09f tempest-PortsAdminExtendedAttrsTestJSON-542703936 tempest-PortsAdminExtendedAttrsTestJSON-542703936-project-admin] Port b0931bc1-e2ec-443d-b389-912ba4b80df6 on network 0ca24191-0741-4b80-a9c5-0e4d5056e7e2 not bound, no agent of type Open vSwitch agent registered on host hv-neutron-8569 {{(pid=107108) bind_port /opt/stack/neutron/neutron/plugins/ml2/drivers/mech_agent.py:120}}
Sep 11 07:23:00.861626 dv-neutron-856926-1-hyperv neutron-server[107108]: ERROR neutron.plugins.ml2.managers [None req-c7a99085-5724-40f0-a54f-5a3d9e4dc09f tempest-PortsAdminExtendedAttrsTestJSON-542703936 tempest-PortsAdminExtendedAttrsTestJSON-542703936-project-admin] Failed to bind port b0931bc1-e2ec-443d-b389-912ba4b80df6 on host hv-neutron-8569 for vnic_type normal using segments [{'id': 'be226eb5-0a75-40b5-a928-cd996e67d87c', 'network_type': 'vlan', 'physical_network': 'physnet1', 'segmentation_id': 87, 'network_id': '0ca24191-0741-4b80-a9c5-0e4d5056e7e2'}]
Sep 11 07:23:00.863962 dv-neutron-856926-1-hyperv neutron-server[107108]: INFO neutron.plugins.ml2.plugin [None req-c7a99085-5724-40f0-a54f-5a3d9e4dc09f tempest-PortsAdminExtendedAttrsTestJSON-542703936 tempest-PortsAdminExtendedAttrsTestJSON-542703936-project-admin] Attempt 6 to bind port b0931bc1-e2ec-443d-b389-912ba4b80df6
Sep 11 07:23:00.879451 dv-neutron-856926-1-hyperv neutron-server[107109]: DEBUG neutron.api.rpc.handlers.resources_rpc [None req-e32cd3d6-7bd0-4ebc-ae5d-bfed88ac34c7 tempest-AllowedAddressPairTestJSON-1108532236 tempest-AllowedAddressPairTestJSON-1108532236-project] Pushing event deleted for resources: {'Port': ['ID=1bab3dee-03ee-4690-9590-69b48c73e79f,revision_number=None']} {{(pid=107109) push /opt/stack/neutron/neutron/api/rpc/handlers/resources_rpc.py:237}}
Sep 11 07:23:00.881476 dv-neutron-856926-1-hyperv neutron-server[107109]: INFO neutron.api.v2.resource [None req-1f7f00c5-82e4-413a-8205-102e211b71aa tempest-FloatingIPNegativeTestJSON-635303711 tempest-FloatingIPNegativeTestJSON-635303711-project] create failed (client error): The server could not comply with the request since it is either malformed or otherwise incorrect.
Sep 11 07:23:00.882587 dv-neutron-856926-1-hyperv neutron-server[107109]: INFO neutron.wsgi [None req-1f7f00c5-82e4-413a-8205-102e211b71aa tempest-FloatingIPNegativeTestJSON-635303711 tempest-FloatingIPNegativeTestJSON-635303711-project] 10.222.0.15 "POST /networking/v2.0/floatingips HTTP/1.1" status: 400 len: 373 time: 0.5741489
Sep 11 07:23:00.885938 dv-neutron-856926-1-hyperv neutron-server[107109]: INFO neutron.wsgi [req-fa570488-1a43-4549-90b2-b4e40755f09f req-44d00307-e16f-44a8-a4ab-bf8bb56c2924 tempest-ServersTestJSON-552597828 tempest-ServersTestJSON-552597828-project] 10.222.0.15 "GET /networking/v2.0/security-groups?id=59914305-28a6-45e0-ae22-ef5403debb81&fields=id&fields=name HTTP/1.1" status: 200 len: 312 time: 0.2001300
Sep 11 07:23:00.887558 dv-neutron-856926-1-hyperv neutron-server[107109]: DEBUG neutron.plugins.ml2.db [req-11132daf-924a-4d70-ae88-fa3bc9adbde3 req-2e1dd549-eb23-43a0-8171-795ef8d20cfa service neutron] For port 1db96890-425f-472e-8b48-39c71adaadba, host hv-neutron-8569, cleared binding levels {{(pid=107109) clear_binding_levels /opt/stack/neutron/neutron/plugins/ml2/db.py:87}}
Sep 11 07:23:00.889590 dv-neutron-856926-1-hyperv neutron-server[107109]: DEBUG neutron.wsgi [-] (107109) accepted ('10.222.0.15', 36656) {{(pid=107109) server /usr/local/lib/python3.8/dist-packages/eventlet/wsgi.py:1004}}
Sep 11 07:23:00.896118 dv-neutron-856926-1-hyperv neutron-server[107109]: DEBUG neutron.api.v2.base [None req-9281c551-6016-41d3-95e5-a683fd132d77 tempest-FloatingIPNegativeTestJSON-635303711 tempest-FloatingIPNegativeTestJSON-635303711-project] Request body: {'floatingip': {'floating_network_id': 'f6c02ac9-5da7-4887-be30-96f21fa00f73', 'port_id': 'b3d0ddf2-70eb-48d4-926d-826d9ec0b4f1', 'fixed_ip_address': '172.20.0.9'}} {{(pid=107109) prepare_request_body /opt/stack/neutron/neutron/api/v2/base.py:730}}
Sep 11 07:23:00.900980 dv-neutron-856926-1-hyperv neutron-server[107108]: DEBUG neutron.plugins.ml2.managers [None req-c7a99085-5724-40f0-a54f-5a3d9e4dc09f tempest-PortsAdminExtendedAttrsTestJSON-542703936 tempest-PortsAdminExtendedAttrsTestJSON-542703936-project-admin] Attempting to bind port b0931bc1-e2ec-443d-b389-912ba4b80df6 on host hv-neutron-8569 for vnic_type normal with profile {{(pid=107108) bind_port /opt/stack/neutron/neutron/plugins/ml2/managers.py:810}}
Sep 11 07:23:00.901850 dv-neutron-856926-1-hyperv neutron-server[107108]: DEBUG neutron.plugins.ml2.managers [None req-c7a99085-5724-40f0-a54f-5a3d9e4dc09f tempest-PortsAdminExtendedAttrsTestJSON-542703936 tempest-PortsAdminExtendedAttrsTestJSON-542703936-project-admin] Attempting to bind port b0931bc1-e2ec-443d-b389-912ba4b80df6 by drivers openvswitch,hyperv on host hv-neutron-8569 at level 0 using segments [{'id': 'be226eb5-0a75-40b5-a928-cd996e67d87c', 'network_type': 'vlan', 'physical_network': 'physnet1', 'segmentation_id': 87, 'network_id': '0ca24191-0741-4b80-a9c5-0e4d5056e7e2'}] {{(pid=107108) _bind_port_level /opt/stack/neutron/neutron/plugins/ml2/managers.py:835}}
Sep 11 07:23:00.902191 dv-neutron-856926-1-hyperv neutron-server[107108]: DEBUG neutron.plugins.ml2.drivers.mech_agent [None req-c7a99085-5724-40f0-a54f-5a3d9e4dc09f tempest-PortsAdminExtendedAttrsTestJSON-542703936 tempest-PortsAdminExtendedAttrsTestJSON-542703936-project-admin] Attempting to bind port b0931bc1-e2ec-443d-b389-912ba4b80df6 on network 0ca24191-0741-4b80-a9c5-0e4d5056e7e2 {{(pid=107108) bind_port /opt/stack/neutron/neutron/plugins/ml2/drivers/mech_agent.py:91}}
Sep 11 07:23:00.906675 dv-neutron-856926-1-hyperv neutron-server[107108]: DEBUG neutron.plugins.ml2.drivers.mech_agent [None req-c7a99085-5724-40f0-a54f-5a3d9e4dc09f tempest-PortsAdminExtendedAttrsTestJSON-542703936 tempest-PortsAdminExtendedAttrsTestJSON-542703936-project-admin] Port b0931bc1-e2ec-443d-b389-912ba4b80df6 on network 0ca24191-0741-4b80-a9c5-0e4d5056e7e2 not bound, no agent of type Open vSwitch agent registered on host hv-neutron-8569 {{(pid=107108) bind_port /opt/stack/neutron/neutron/plugins/ml2/drivers/mech_agent.py:120}}
Sep 11 07:23:00.906994 dv-neutron-856926-1-hyperv neutron-server[107108]: ERROR neutron.plugins.ml2.managers [None req-c7a99085-5724-40f0-a54f-5a3d9e4dc09f tempest-PortsAdminExtendedAttrsTestJSON-542703936 tempest-PortsAdminExtendedAttrsTestJSON-542703936-project-admin] Failed to bind port b0931bc1-e2ec-443d-b389-912ba4b80df6 on host hv-neutron-8569 for vnic_type normal using segments [{'id': 'be226eb5-0a75-40b5-a928-cd996e67d87c', 'network_type': 'vlan', 'physical_network': 'physnet1', 'segmentation_id': 87, 'network_id': '0ca24191-0741-4b80-a9c5-0e4d5056e7e2'}]
Sep 11 07:23:00.907370 dv-neutron-856926-1-hyperv neutron-server[107108]: INFO neutron.plugins.ml2.plugin [None req-c7a99085-5724-40f0-a54f-5a3d9e4dc09f tempest-PortsAdminExtendedAttrsTestJSON-542703936 tempest-PortsAdminExtendedAttrsTestJSON-542703936-project-admin] Attempt 7 to bind port b0931bc1-e2ec-443d-b389-912ba4b80df6
Sep 11 07:23:00.918885 dv-neutron-856926-1-hyperv neutron-server[107109]: DEBUG neutron.plugins.ml2.db [req-11132daf-924a-4d70-ae88-fa3bc9adbde3 req-2e1dd549-eb23-43a0-8171-795ef8d20cfa service neutron] For port 1db96890-425f-472e-8b48-39c71adaadba, host hv-neutron-8569, set binding levels [PortBindingLevel(driver='hyperv',host='hv-neutron-8569',level=0,port_id=1db96890-425f-472e-8b48-39c71adaadba,segment=NetworkSegment(fa026aaf-b0b0-4008-8c12-9efbd6b2392f),segment_id=fa026aaf-b0b0-4008-8c12-9efbd6b2392f)] {{(pid=107109) set_binding_levels /opt/stack/neutron/neutron/plugins/ml2/db.py:59}}
Sep 11 07:23:00.928818 dv-neutron-856926-1-hyperv neutron-server[107108]: DEBUG neutron.plugins.ml2.managers [None req-c7a99085-5724-40f0-a54f-5a3d9e4dc09f tempest-PortsAdminExtendedAttrsTestJSON-542703936 tempest-PortsAdminExtendedAttrsTestJSON-542703936-project-admin] Attempting to bind port b0931bc1-e2ec-443d-b389-912ba4b80df6 on host hv-neutron-8569 for vnic_type normal with profile {{(pid=107108) bind_port /opt/stack/neutron/neutron/plugins/ml2/managers.py:810}}
Sep 11 07:23:00.929191 dv-neutron-856926-1-hyperv neutron-server[107108]: DEBUG neutron.plugins.ml2.managers [None req-c7a99085-5724-40f0-a54f-5a3d9e4dc09f tempest-PortsAdminExtendedAttrsTestJSON-542703936 tempest-PortsAdminExtendedAttrsTestJSON-542703936-project-admin] Attempting to bind port b0931bc1-e2ec-443d-b389-912ba4b80df6 by drivers openvswitch,hyperv on host hv-neutron-8569 at level 0 using segments [{'id': 'be226eb5-0a75-40b5-a928-cd996e67d87c', 'network_type': 'vlan', 'physical_network': 'physnet1', 'segmentation_id': 87, 'network_id': '0ca24191-0741-4b80-a9c5-0e4d5056e7e2'}] {{(pid=107108) _bind_port_level /opt/stack/neutron/neutron/plugins/ml2/managers.py:835}}
Sep 11 07:23:00.929527 dv-neutron-856926-1-hyperv neutron-server[107108]: DEBUG neutron.plugins.ml2.drivers.mech_agent [None req-c7a99085-5724-40f0-a54f-5a3d9e4dc09f tempest-PortsAdminExtendedAttrsTestJSON-542703936 tempest-PortsAdminExtendedAttrsTestJSON-542703936-project-admin] Attempting to bind port b0931bc1-e2ec-443d-b389-912ba4b80df6 on network 0ca24191-0741-4b80-a9c5-0e4d5056e7e2 {{(pid=107108) bind_port /opt/stack/neutron/neutron/plugins/ml2/drivers/mech_agent.py:91}}
Sep 11 07:23:00.942132 dv-neutron-856926-1-hyperv neutron-server[107108]: DEBUG neutron.plugins.ml2.drivers.mech_agent [None req-c7a99085-5724-40f0-a54f-5a3d9e4dc09f tempest-PortsAdminExtendedAttrsTestJSON-542703936 tempest-PortsAdminExtendedAttrsTestJSON-542703936-project-admin] Port b0931bc1-e2ec-443d-b389-912ba4b80df6 on network 0ca24191-0741-4b80-a9c5-0e4d5056e7e2 not bound, no agent of type Open vSwitch agent registered on host hv-neutron-8569 {{(pid=107108) bind_port /opt/stack/neutron/neutron/plugins/ml2/drivers/mech_agent.py:120}}
Sep 11 07:23:00.942619 dv-neutron-856926-1-hyperv neutron-server[107108]: ERROR neutron.plugins.ml2.managers [None req-c7a99085-5724-40f0-a54f-5a3d9e4dc09f tempest-PortsAdminExtendedAttrsTestJSON-542703936 tempest-PortsAdminExtendedAttrsTestJSON-542703936-project-admin] Failed to bind port b0931bc1-e2ec-443d-b389-912ba4b80df6 on host hv-neutron-8569 for vnic_type normal using segments [{'id': 'be226eb5-0a75-40b5-a928-cd996e67d87c', 'network_type': 'vlan', 'physical_network': 'physnet1', 'segmentation_id': 87, 'network_id': '0ca24191-0741-4b80-a9c5-0e4d5056e7e2'}]
Sep 11 07:23:00.944195 dv-neutron-856926-1-hyperv neutron-server[107108]: INFO neutron.plugins.ml2.plugin [None req-c7a99085-5724-40f0-a54f-5a3d9e4dc09f tempest-PortsAdminExtendedAttrsTestJSON-542703936 tempest-PortsAdminExtendedAttrsTestJSON-542703936-project-admin] Attempt 8 to bind port b0931bc1-e2ec-443d-b389-912ba4b80df6
Sep 11 07:23:00.958102 dv-neutron-856926-1-hyperv neutron-server[107109]: DEBUG neutron_lib.callbacks.manager [req-11132daf-924a-4d70-ae88-fa3bc9adbde3 req-2e1dd549-eb23-43a0-8171-795ef8d20cfa service neutron] Publish callbacks ['neutron.plugins.ml2.plugin.SecurityGroupServerNotifierRpcMixin._notify_sg_on_port_change-3914867', 'neutron.plugins.ml2.ovo_rpc._ObjectChangeHandler.handle_event-120118', 'neutron.api.rpc.agentnotifiers.dhcp_rpc_agent_api.DhcpAgentNotifyAPI._native_event_send_dhcp_notification-578086', 'neutron.db.l3_db.L3RpcNotifierMixin._notify_gateway_port_ip_changed-8761705503874', 'neutron.db.l3_dvrscheduler_db._notify_l3_agent_port_update-8761705027503', 'neutron.db.l3_hascheduler_db._notify_l3_agent_ha_port_update-8761705027521', 'neutron.services.segments.plugin.NovaSegmentNotifier._notify_port_updated-61497761'] for port (1db96890-425f-472e-8b48-39c71adaadba), after_update {{(pid=107109) _notify_loop /usr/local/lib/python3.8/dist-packages/neutron_lib/callbacks/manager.py:176}}
