Sep 11 07:22:48.953848 dv-neutron-856926-1-hyperv neutron-server[107109]: DEBUG neutron.api.v2.base [None req-a420fb0e-4438-4c04-8b19-ab97c180be40 tempest-ExtraDHCPOptionsTestJSON-217024574 tempest-ExtraDHCPOptionsTestJSON-217024574-project] Request body: {'subnet': {'network_id': '5b1be8ed-6088-428d-b87a-6d83e8c3c54f', 'cidr': '172.20.0.0/28', 'ip_version': 4, 'gateway_ip': '172.20.0.1'}} {{(pid=107109) prepare_request_body /opt/stack/neutron/neutron/api/v2/base.py:730}}
Sep 11 07:22:48.967643 dv-neutron-856926-1-hyperv neutron-server[107110]: DEBUG neutron.plugins.ml2.rpc [None req-65d42af7-ce62-45ed-abc1-399fd4ea2cbe None None] Network 5b1be8ed-6088-428d-b87a-6d83e8c3c54f details requested by agent ovs-agent-dv-neutron-856926-1-hyperv with host dv-neutron-856926-1-hyperv {{(pid=107110) get_network_details /opt/stack/neutron/neutron/plugins/ml2/rpc.py:248}}
Sep 11 07:22:49.099458 dv-neutron-856926-1-hyperv neutron-server[107108]: DEBUG neutron_lib.callbacks.manager [None req-2998d211-7546-4dc1-a5c7-124537a43b55 tempest-PortsAdminExtendedAttrsTestJSON-1674614992 tempest-PortsAdminExtendedAttrsTestJSON-1674614992-project] Publish callbacks ['neutron.plugins.ml2.plugin.Ml2Plugin._handle_segment_change-3436338'] for segment (be226eb5-0a75-40b5-a928-cd996e67d87c), precommit_create {{(pid=107108) _notify_loop /usr/local/lib/python3.8/dist-packages/neutron_lib/callbacks/manager.py:176}}
Sep 11 07:22:49.110035 dv-neutron-856926-1-hyperv neutron-server[107108]: INFO neutron.db.segments_db [None req-2998d211-7546-4dc1-a5c7-124537a43b55 tempest-PortsAdminExtendedAttrsTestJSON-1674614992 tempest-PortsAdminExtendedAttrsTestJSON-1674614992-project] Added segment be226eb5-0a75-40b5-a928-cd996e67d87c of type vlan for network 0ca24191-0741-4b80-a9c5-0e4d5056e7e2
Sep 11 07:22:49.114879 dv-neutron-856926-1-hyperv neutron-server[107110]: DEBUG neutron.api.rpc.handlers.resources_rpc [None req-fb1153a0-45d6-4a1a-92cf-071826dadae4 None None] Pushing event updated for resources: {'Port': ['ID=dcefe270-086e-4686-866e-ca681f39be91,revision_number=1']} {{(pid=107110) push /opt/stack/neutron/neutron/api/rpc/handlers/resources_rpc.py:237}}
Sep 11 07:22:49.127386 dv-neutron-856926-1-hyperv neutron-server[107110]: DEBUG neutron.plugins.ml2.managers [None req-fb1153a0-45d6-4a1a-92cf-071826dadae4 None None] Attempting to bind port dcefe270-086e-4686-866e-ca681f39be91 on host dv-neutron-856926-1-hyperv for vnic_type normal with profile {{(pid=107110) bind_port /opt/stack/neutron/neutron/plugins/ml2/managers.py:810}}
Sep 11 07:22:49.127787 dv-neutron-856926-1-hyperv neutron-server[107110]: DEBUG neutron.plugins.ml2.managers [None req-fb1153a0-45d6-4a1a-92cf-071826dadae4 None None] Attempting to bind port dcefe270-086e-4686-866e-ca681f39be91 by drivers openvswitch,hyperv on host dv-neutron-856926-1-hyperv at level 0 using segments [{'id': '1ea92b6d-c907-45c4-a525-021ecddb0b01', 'network_type': 'vlan', 'physical_network': 'physnet1', 'segmentation_id': 84, 'network_id': '08dbec8e-2a0a-4fb5-baae-421b9636bb3d'}] {{(pid=107110) _bind_port_level /opt/stack/neutron/neutron/plugins/ml2/managers.py:835}}
Sep 11 07:22:49.128316 dv-neutron-856926-1-hyperv neutron-server[107110]: DEBUG neutron.plugins.ml2.drivers.mech_agent [None req-fb1153a0-45d6-4a1a-92cf-071826dadae4 None None] Attempting to bind port dcefe270-086e-4686-866e-ca681f39be91 on network 08dbec8e-2a0a-4fb5-baae-421b9636bb3d {{(pid=107110) bind_port /opt/stack/neutron/neutron/plugins/ml2/drivers/mech_agent.py:91}}
Sep 11 07:22:49.129552 dv-neutron-856926-1-hyperv neutron-server[107108]: DEBUG neutron.pecan_wsgi.hooks.policy_enforcement [req-ea0a33e0-ae5b-4cdc-a022-0500976f15be req-328a98b2-b66f-4481-acfe-44ff1978d2eb tempest-ServersTestJSON-552597828 tempest-ServersTestJSON-552597828-project] Attributes excluded by policy engine: ['standard_attr_id', 'vlan_transparent', 'provider:network_type', 'provider:physical_network', 'provider:segmentation_id'] {{(pid=107108) _exclude_attributes_by_policy /opt/stack/neutron/neutron/pecan_wsgi/hooks/policy_enforcement.py:259}}
Sep 11 07:22:49.131558 dv-neutron-856926-1-hyperv neutron-server[107108]: INFO neutron.wsgi [req-ea0a33e0-ae5b-4cdc-a022-0500976f15be req-328a98b2-b66f-4481-acfe-44ff1978d2eb tempest-ServersTestJSON-552597828 tempest-ServersTestJSON-552597828-project] 10.222.0.17 "GET /networking/v2.0/networks?id=a18ae732-cb25-4a7b-8a04-b476475902f0 HTTP/1.1" status: 200 len: 804 time: 1.0720537
Sep 11 07:22:49.132405 dv-neutron-856926-1-hyperv neutron-server[107108]: DEBUG neutron.api.rpc.handlers.resources_rpc [None req-2998d211-7546-4dc1-a5c7-124537a43b55 tempest-PortsAdminExtendedAttrsTestJSON-1674614992 tempest-PortsAdminExtendedAttrsTestJSON-1674614992-project] Pushing event updated for resources: {'SecurityGroup': ['ID=723e3890-0cda-4b4a-a512-f2034ec2be9e,revision_number=1']} {{(pid=107108) push /opt/stack/neutron/neutron/api/rpc/handlers/resources_rpc.py:237}}
Sep 11 07:22:49.215654 dv-neutron-856926-1-hyperv neutron-server[107110]: DEBUG neutron.plugins.ml2.drivers.mech_agent [None req-fb1153a0-45d6-4a1a-92cf-071826dadae4 None None] Checking agent: {'id': 'bce68585-c057-456d-939a-ed36a6f89866', 'agent_type': 'Open vSwitch agent', 'binary': 'neutron-openvswitch-agent', 'topic': 'N/A', 'host': 'dv-neutron-856926-1-hyperv', 'admin_state_up': True, 'created_at': datetime.datetime(2022, 9, 11, 7, 14, 55), 'started_at': datetime.datetime(2022, 9, 11, 7, 15, 25), 'heartbeat_timestamp': datetime.datetime(2022, 9, 11, 7, 22, 25), 'description': None, 'resources_synced': None, 'availability_zone': None, 'alive': True, 'configurations': {'arp_responder_enabled': False, 'baremetal_smartnic': False, 'bridge_mappings': {'physnet1': 'br-data'}, 'datapath_type': 'system', 'devices': 0, 'enable_distributed_routing': False, 'extensions': [], 'in_distributed_mode': False, 'integration_bridge': 'br-int', 'l2_population': False, 'log_agent_heartbeats': False, 'ovs_capabilities': {'datapath_types': ['netdev', 'system'], 'iface_types': ['erspan', 'geneve', 'gre', 'internal', 'ip6erspan', 'ip6gre', 'lisp', 'patch', 'stt', 'system', 'tap', 'vxlan']}, 'ovs_hybrid_plug': False, 'resource_provider_bandwidths': {}, 'resource_provider_hypervisors': {'br-data': 'dv-neutron-856926-1-hyperv'}, 'resource_provider_inventory_defaults': {'allocation_ratio': 1.0, 'min_unit': 1, 'step_size': 1, 'reserved': 0}, 'resource_provider_packet_processing_inventory_defaults': {'allocation_ratio': 1.0, 'min_unit': 1, 'step_size': 1, 'reserved': 0}, 'resource_provider_packet_processing_with_direction': {}, 'resource_provider_packet_processing_without_direction': {}, 'tunnel_types': [], 'tunneling_ip': None, 'vhostuser_socket_dir': '/var/run/openvswitch'}, 'resource_versions': {'AddressGroup': '1.2', 'Agent': '1.1', 'ConntrackHelper': '1.0', 'LocalIPAssociation': '1.0', 'Log': '1.0', 'NDPProxy': '1.0', 'Network': '1.1', 'Port': '1.7', 'PortForwarding': '1.3', 'QosPolicy': '1.10', 'SecurityGroup': '1.5', 'SecurityGroupRule': '1.2', 'SubPort': '1.0', 'Subnet': '1.1', 'Trunk': '1.1'}} {{(pid=107110) bind_port /opt/stack/neutron/neutron/plugins/ml2/drivers/mech_agent.py:127}}
Sep 11 07:22:49.216435 dv-neutron-856926-1-hyperv neutron-server[107110]: DEBUG neutron.plugins.ml2.drivers.mech_agent [None req-fb1153a0-45d6-4a1a-92cf-071826dadae4 None None] Checking segment: {'id': '1ea92b6d-c907-45c4-a525-021ecddb0b01', 'network_type': 'vlan', 'physical_network': 'physnet1', 'segmentation_id': 84, 'network_id': '08dbec8e-2a0a-4fb5-baae-421b9636bb3d'} for mappings: {'physnet1': 'br-data'} with network types: ['local', 'flat', 'vlan'] {{(pid=107110) check_segment_for_agent /opt/stack/neutron/neutron/plugins/ml2/drivers/mech_agent.py:399}}
Sep 11 07:22:49.217483 dv-neutron-856926-1-hyperv neutron-server[107110]: DEBUG neutron_lib.callbacks.manager [None req-fb1153a0-45d6-4a1a-92cf-071826dadae4 None None] Publish callbacks [] for ovs_bridge_name (None), before_read {{(pid=107110) _notify_loop /usr/local/lib/python3.8/dist-packages/neutron_lib/callbacks/manager.py:176}}
Sep 11 07:22:49.218129 dv-neutron-856926-1-hyperv neutron-server[107110]: DEBUG neutron.plugins.ml2.drivers.mech_agent [None req-fb1153a0-45d6-4a1a-92cf-071826dadae4 None None] Bound using segment: {'id': '1ea92b6d-c907-45c4-a525-021ecddb0b01', 'network_type': 'vlan', 'physical_network': 'physnet1', 'segmentation_id': 84, 'network_id': '08dbec8e-2a0a-4fb5-baae-421b9636bb3d'} {{(pid=107110) bind_port /opt/stack/neutron/neutron/plugins/ml2/drivers/mech_agent.py:137}}
Sep 11 07:22:49.218868 dv-neutron-856926-1-hyperv neutron-server[107110]: DEBUG neutron.plugins.ml2.managers [None req-fb1153a0-45d6-4a1a-92cf-071826dadae4 None None] Bound port: dcefe270-086e-4686-866e-ca681f39be91, host: dv-neutron-856926-1-hyperv, vif_type: ovs, vif_details: {"connectivity": "l2", "port_filter": true, "ovs_hybrid_plug": false, "datapath_type": "system", "bridge_name": "br-int"}, binding_levels: [{'bound_driver': 'openvswitch', 'bound_segment': {'id': '1ea92b6d-c907-45c4-a525-021ecddb0b01', 'network_type': 'vlan', 'physical_network': 'physnet1', 'segmentation_id': 84, 'network_id': '08dbec8e-2a0a-4fb5-baae-421b9636bb3d'}}] {{(pid=107110) _bind_port_level /opt/stack/neutron/neutron/plugins/ml2/managers.py:947}}
Sep 11 07:22:49.219385 dv-neutron-856926-1-hyperv neutron-server[107110]: DEBUG neutron_lib.callbacks.manager [None req-fb1153a0-45d6-4a1a-92cf-071826dadae4 None None] Publish callbacks ['neutron.plugins.ml2.plugin.SecurityGroupDbMixin._ensure_default_security_group_handler-3914802'] for port (dcefe270-086e-4686-866e-ca681f39be91), before_update {{(pid=107110) _notify_loop /usr/local/lib/python3.8/dist-packages/neutron_lib/callbacks/manager.py:176}}
Sep 11 07:22:49.222229 dv-neutron-856926-1-hyperv neutron-server[107108]: DEBUG neutron_lib.callbacks.manager [None req-2998d211-7546-4dc1-a5c7-124537a43b55 tempest-PortsAdminExtendedAttrsTestJSON-1674614992 tempest-PortsAdminExtendedAttrsTestJSON-1674614992-project] Publish callbacks ['neutron.services.auto_allocate.db._ensure_external_network_default_value_callback-8761704982411'] for network (0ca24191-0741-4b80-a9c5-0e4d5056e7e2), precommit_create {{(pid=107108) _notify_loop /usr/local/lib/python3.8/dist-packages/neutron_lib/callbacks/manager.py:176}}
Sep 11 07:22:49.249507 dv-neutron-856926-1-hyperv neutron-server[107111]: DEBUG neutron.db.agents_db [None req-c53abe43-7acf-4908-98c8-fbd1de78bc61 None None] Agent healthcheck: found 6 active agents {{(pid=107111) agent_health_check /opt/stack/neutron/neutron/db/agents_db.py:317}}
Sep 11 07:22:49.254189 dv-neutron-856926-1-hyperv neutron-server[107108]: DEBUG neutron.pecan_wsgi.hooks.quota_enforcement [None req-0cc01530-01df-4dee-b052-f2ceac455dc2 tempest-AllowedAddressPairTestJSON-1108532236 tempest-AllowedAddressPairTestJSON-1108532236-project] Made reservation on behalf of b4ef341a1d1e48eb80196debee519ce5 for: {'port': 1} {{(pid=107108) before /opt/stack/neutron/neutron/pecan_wsgi/hooks/quota_enforcement.py:53}}
Sep 11 07:22:49.263131 dv-neutron-856926-1-hyperv neutron-server[107108]: DEBUG neutron_lib.callbacks.manager [None req-0cc01530-01df-4dee-b052-f2ceac455dc2 tempest-AllowedAddressPairTestJSON-1108532236 tempest-AllowedAddressPairTestJSON-1108532236-project] Publish callbacks ['neutron.plugins.ml2.plugin.SecurityGroupDbMixin._ensure_default_security_group_handler-3914802'] for port (None), before_create {{(pid=107108) _notify_loop /usr/local/lib/python3.8/dist-packages/neutron_lib/callbacks/manager.py:176}}
Sep 11 07:22:49.283806 dv-neutron-856926-1-hyperv neutron-server[107108]: DEBUG dbcounter [-] [107108] Writing DB stats neutron:SELECT=85,neutron:INSERT=11,neutron:UPDATE=3,neutron:DELETE=1 {{(pid=107108) stat_writer /usr/local/lib/python3.8/dist-packages/dbcounter.py:114}}
Sep 11 07:22:49.321915 dv-neutron-856926-1-hyperv neutron-server[107108]: DEBUG neutron_lib.callbacks.manager [None req-2998d211-7546-4dc1-a5c7-124537a43b55 tempest-PortsAdminExtendedAttrsTestJSON-1674614992 tempest-PortsAdminExtendedAttrsTestJSON-1674614992-project] Publish callbacks ['neutron.plugins.ml2.ovo_rpc._ObjectChangeHandler.handle_event-452730', 'neutron.api.rpc.agentnotifiers.dhcp_rpc_agent_api.DhcpAgentNotifyAPI._native_event_send_dhcp_notification-578086'] for network (0ca24191-0741-4b80-a9c5-0e4d5056e7e2), after_create {{(pid=107108) _notify_loop /usr/local/lib/python3.8/dist-packages/neutron_lib/callbacks/manager.py:176}}
Sep 11 07:22:49.327069 dv-neutron-856926-1-hyperv neutron-server[107108]: DEBUG neutron.pecan_wsgi.hooks.policy_enforcement [None req-2998d211-7546-4dc1-a5c7-124537a43b55 tempest-PortsAdminExtendedAttrsTestJSON-1674614992 tempest-PortsAdminExtendedAttrsTestJSON-1674614992-project] Attributes excluded by policy engine: ['standard_attr_id', 'provider:network_type', 'provider:physical_network', 'provider:segmentation_id', 'vlan_transparent'] {{(pid=107108) _exclude_attributes_by_policy /opt/stack/neutron/neutron/pecan_wsgi/hooks/policy_enforcement.py:259}}
Sep 11 07:22:49.327725 dv-neutron-856926-1-hyperv neutron-server[107108]: DEBUG neutron_lib.callbacks.manager [None req-2998d211-7546-4dc1-a5c7-124537a43b55 tempest-PortsAdminExtendedAttrsTestJSON-1674614992 tempest-PortsAdminExtendedAttrsTestJSON-1674614992-project] Publish callbacks ['neutron.api.rpc.agentnotifiers.dhcp_rpc_agent_api.DhcpAgentNotifyAPI._send_dhcp_notification-578100'] for network (None), before_response {{(pid=107108) _notify_loop /usr/local/lib/python3.8/dist-packages/neutron_lib/callbacks/manager.py:176}}
Sep 11 07:22:49.339271 dv-neutron-856926-1-hyperv neutron-server[107110]: DEBUG neutron.plugins.ml2.db [None req-fb1153a0-45d6-4a1a-92cf-071826dadae4 None None] For port dcefe270-086e-4686-866e-ca681f39be91, host dv-neutron-856926-1-hyperv, cleared binding levels {{(pid=107110) clear_binding_levels /opt/stack/neutron/neutron/plugins/ml2/db.py:87}}
Sep 11 07:22:49.339518 dv-neutron-856926-1-hyperv neutron-server[107108]: DEBUG neutron.notifiers.nova [None req-0cc01530-01df-4dee-b052-f2ceac455dc2 tempest-AllowedAddressPairTestJSON-1108532236 tempest-AllowedAddressPairTestJSON-1108532236-project] device_id is not set on port 3d66194d-31b6-4335-b1ad-2207e99d40b9 yet. {{(pid=107108) _can_notify /opt/stack/neutron/neutron/notifiers/nova.py:201}}
Sep 11 07:22:49.345323 dv-neutron-856926-1-hyperv neutron-server[107110]: DEBUG neutron.plugins.ml2.db [None req-fb1153a0-45d6-4a1a-92cf-071826dadae4 None None] For port dcefe270-086e-4686-866e-ca681f39be91, host dv-neutron-856926-1-hyperv, set binding levels [PortBindingLevel(driver='openvswitch',host='dv-neutron-856926-1-hyperv',level=0,port_id=dcefe270-086e-4686-866e-ca681f39be91,segment=NetworkSegment(1ea92b6d-c907-45c4-a525-021ecddb0b01),segment_id=1ea92b6d-c907-45c4-a525-021ecddb0b01)] {{(pid=107110) set_binding_levels /opt/stack/neutron/neutron/plugins/ml2/db.py:59}}
Sep 11 07:22:49.355320 dv-neutron-856926-1-hyperv neutron-server[107110]: DEBUG neutron_lib.callbacks.manager [None req-fb1153a0-45d6-4a1a-92cf-071826dadae4 None None] Publish callbacks ['neutron.plugins.ml2.plugin.SecurityGroupServerNotifierRpcMixin._notify_sg_on_port_change-3914867', 'neutron.plugins.ml2.ovo_rpc._ObjectChangeHandler.handle_event-120118', 'neutron.api.rpc.agentnotifiers.dhcp_rpc_agent_api.DhcpAgentNotifyAPI._native_event_send_dhcp_notification-578086', 'neutron.db.l3_db.L3RpcNotifierMixin._notify_gateway_port_ip_changed-8761705503874', 'neutron.db.l3_dvrscheduler_db._notify_l3_agent_port_update-8761705027503', 'neutron.db.l3_hascheduler_db._notify_l3_agent_ha_port_update-8761705027521'] for port (dcefe270-086e-4686-866e-ca681f39be91), after_update {{(pid=107110) _notify_loop /usr/local/lib/python3.8/dist-packages/neutron_lib/callbacks/manager.py:176}}
Sep 11 07:22:49.363350 dv-neutron-856926-1-hyperv neutron-server[107108]: INFO neutron.wsgi [req-ea0a33e0-ae5b-4cdc-a022-0500976f15be req-46b475c9-38c7-4199-a014-3f2826f04ddc tempest-ServersTestJSON-552597828 tempest-ServersTestJSON-552597828-project] 10.222.0.17 "GET /networking/v2.0/security-groups?fields=id&fields=name&tenant_id=9b71fa07db65495781ea9b1f95293f90 HTTP/1.1" status: 200 len: 379 time: 0.1609933
Sep 11 07:22:49.399046 dv-neutron-856926-1-hyperv neutron-server[107108]: DEBUG neutron.api.v2.base [req-ea0a33e0-ae5b-4cdc-a022-0500976f15be req-9980258e-b3a9-476a-ad37-2870a773d32e tempest-ServersTestJSON-552597828 tempest-ServersTestJSON-552597828-project] Request body: {'port': {'device_id': '49151d95-4252-4b1d-8fbb-703476e77fbd', 'network_id': 'a18ae732-cb25-4a7b-8a04-b476475902f0', 'admin_state_up': True, 'tenant_id': '9b71fa07db65495781ea9b1f95293f90', 'security_groups': ['59914305-28a6-45e0-ae22-ef5403debb81']}} {{(pid=107108) prepare_request_body /opt/stack/neutron/neutron/api/v2/base.py:730}}
Sep 11 07:22:49.448178 dv-neutron-856926-1-hyperv neutron-server[107109]: DEBUG neutron.wsgi [-] (107109) accepted ('10.222.0.17', 61501) {{(pid=107109) server /usr/local/lib/python3.8/dist-packages/eventlet/wsgi.py:1004}}
Sep 11 07:22:49.462550 dv-neutron-856926-1-hyperv neutron-server[107109]: DEBUG neutron_lib.callbacks.manager [None req-d4a76368-a02d-4d6f-acd9-d6248a13fc7e tempest-FloatingIPNegativeTestJSON-635303711 tempest-FloatingIPNegativeTestJSON-635303711-project] Publish callbacks [] for floatingip (None), before_create {{(pid=107109) _notify_loop /usr/local/lib/python3.8/dist-packages/neutron_lib/callbacks/manager.py:176}}
Sep 11 07:22:49.472887 dv-neutron-856926-1-hyperv neutron-server[107110]: DEBUG neutron.api.rpc.handlers.resources_rpc [None req-fb1153a0-45d6-4a1a-92cf-071826dadae4 None None] Pushing event updated for resources: {'Port': ['ID=dcefe270-086e-4686-866e-ca681f39be91,revision_number=2']} {{(pid=107110) push /opt/stack/neutron/neutron/api/rpc/handlers/resources_rpc.py:237}}
Sep 11 07:22:49.517906 dv-neutron-856926-1-hyperv neutron-server[107108]: INFO neutron.wsgi [None req-2998d211-7546-4dc1-a5c7-124537a43b55 tempest-PortsAdminExtendedAttrsTestJSON-1674614992 tempest-PortsAdminExtendedAttrsTestJSON-1674614992-project] 10.222.0.15 "POST /networking/v2.0/networks HTTP/1.1" status: 201 len: 799 time: 2.2837546
Sep 11 07:22:49.569711 dv-neutron-856926-1-hyperv neutron-server[107109]: DEBUG neutron.db.db_base_plugin_common [req-8ca5db4d-3681-4fc0-a113-3021f0999ffd req-fa282785-56c4-4104-9bef-806aa2f2b6c0 tempest-ServerActionsTestJSON-1675912460 tempest-ServerActionsTestJSON-1675912460-project] Allocated IP 172.20.0.8 (87e642de-2e6b-4bc1-9e28-4ac36f935a6b/f2ba77a9-fc57-4616-a746-51430e9dc5e7/f5e2b31e-9f7c-431a-96c4-a5697dec1fba) {{(pid=107109) _store_ip_allocation /opt/stack/neutron/neutron/db/db_base_plugin_common.py:131}}
Sep 11 07:22:49.796954 dv-neutron-856926-1-hyperv neutron-server[107109]: DEBUG neutron.pecan_wsgi.hooks.quota_enforcement [None req-a420fb0e-4438-4c04-8b19-ab97c180be40 tempest-ExtraDHCPOptionsTestJSON-217024574 tempest-ExtraDHCPOptionsTestJSON-217024574-project] Made reservation on behalf of 78bf7a4c31374bba832f1615d6a9206b for: {'subnet': 1} {{(pid=107109) before /opt/stack/neutron/neutron/pecan_wsgi/hooks/quota_enforcement.py:53}}
Sep 11 07:22:49.800923 dv-neutron-856926-1-hyperv neutron-server[107109]: DEBUG neutron_lib.callbacks.manager [None req-a420fb0e-4438-4c04-8b19-ab97c180be40 tempest-ExtraDHCPOptionsTestJSON-217024574 tempest-ExtraDHCPOptionsTestJSON-217024574-project] Publish callbacks ['neutron.services.segments.plugin.SegmentHostRoutes.host_routes_before_create-62770263'] for subnet (None), before_create {{(pid=107109) _notify_loop /usr/local/lib/python3.8/dist-packages/neutron_lib/callbacks/manager.py:176}}
Sep 11 07:22:49.877854 dv-neutron-856926-1-hyperv neutron-server[107109]: DEBUG neutron_lib.callbacks.manager [None req-d166f7ee-f100-4140-a8a0-8ae1a10a3632 tempest-PortsAdminExtendedAttrsIpV6TestJSON-263622736 tempest-PortsAdminExtendedAttrsIpV6TestJSON-263622736-project-admin] Publish callbacks ['neutron.plugins.ml2.plugin.SecurityGroupDbMixin._ensure_default_security_group_handler-3914802'] for port (a060880a-ae2e-47ad-a41c-ec9120407478), before_update {{(pid=107109) _notify_loop /usr/local/lib/python3.8/dist-packages/neutron_lib/callbacks/manager.py:176}}
Sep 11 07:22:49.915456 dv-neutron-856926-1-hyperv neutron-server[107108]: INFO neutron.wsgi [req-59841817-71f9-48da-bc5d-9d0cf7281b66 req-5148c570-e79b-4447-9115-eada3b18f90d tempest-ServersTestJSON-552597828 tempest-ServersTestJSON-552597828-project] 10.222.0.15 "GET /networking/v2.0/ports?device_id=49151d95-4252-4b1d-8fbb-703476e77fbd HTTP/1.1" status: 200 len: 210 time: 0.2594562
Sep 11 07:22:49.917770 dv-neutron-856926-1-hyperv neutron-server[107108]: DEBUG dbcounter [-] [107108] Writing DB stats neutron:INSERT=9,neutron:SELECT=83,neutron:DELETE=5,neutron:UPDATE=3 {{(pid=107108) stat_writer /usr/local/lib/python3.8/dist-packages/dbcounter.py:114}}
Sep 11 07:22:49.940358 dv-neutron-856926-1-hyperv neutron-server[107108]: DEBUG neutron.api.rpc.handlers.resources_rpc [None req-2998d211-7546-4dc1-a5c7-124537a43b55 tempest-PortsAdminExtendedAttrsTestJSON-1674614992 tempest-PortsAdminExtendedAttrsTestJSON-1674614992-project] Pushing event updated for resources: {'Network': ['ID=0ca24191-0741-4b80-a9c5-0e4d5056e7e2,revision_number=1']} {{(pid=107108) push /opt/stack/neutron/neutron/api/rpc/handlers/resources_rpc.py:237}}
Sep 11 07:22:49.964973 dv-neutron-856926-1-hyperv neutron-server[107110]: DEBUG neutron.plugins.ml2.rpc [None req-65d42af7-ce62-45ed-abc1-399fd4ea2cbe None None] Network 0ca24191-0741-4b80-a9c5-0e4d5056e7e2 details requested by agent ovs-agent-dv-neutron-856926-1-hyperv with host dv-neutron-856926-1-hyperv {{(pid=107110) get_network_details /opt/stack/neutron/neutron/plugins/ml2/rpc.py:248}}
Sep 11 07:22:50.022372 dv-neutron-856926-1-hyperv neutron-server[107108]: DEBUG neutron.wsgi [-] (107108) accepted ('10.222.0.15', 36526) {{(pid=107108) server /usr/local/lib/python3.8/dist-packages/eventlet/wsgi.py:1004}}
Sep 11 07:22:50.042810 dv-neutron-856926-1-hyperv neutron-server[107108]: DEBUG neutron.api.v2.base [None req-4d1b1254-74ad-45f6-af6e-f320e8511cb9 tempest-PortsAdminExtendedAttrsTestJSON-542703936 tempest-PortsAdminExtendedAttrsTestJSON-542703936-project-admin] Request body: {'port': {'network_id': '0ca24191-0741-4b80-a9c5-0e4d5056e7e2', 'binding:host_id': 'hv-neutron-8569', 'name': 'tempest-PortsAdminExtendedAttrsTestJSON-1761293075'}} {{(pid=107108) prepare_request_body /opt/stack/neutron/neutron/api/v2/base.py:730}}
Sep 11 07:22:50.125018 dv-neutron-856926-1-hyperv neutron-server[107110]: DEBUG neutron_lib.callbacks.manager [None req-2b56251c-6336-44da-973f-c73053a69538 None None] Publish callbacks ['neutron.services.segments.db._update_segment_host_mapping_for_agent-8761705480075', 'neutron.plugins.ml2.plugin.Ml2Plugin._retry_binding_revived_agents-3513316'] for agent (d1fbf012-6173-4a49-880b-97885443c21d), after_update {{(pid=107110) _notify_loop /usr/local/lib/python3.8/dist-packages/neutron_lib/callbacks/manager.py:176}}
Sep 11 07:22:50.153862 dv-neutron-856926-1-hyperv neutron-server[107109]: DEBUG dbcounter [-] [107109] Writing DB stats neutron:SELECT=85,neutron:INSERT=9,neutron:DELETE=2,neutron:UPDATE=4 {{(pid=107109) stat_writer /usr/local/lib/python3.8/dist-packages/dbcounter.py:114}}
Sep 11 07:22:50.229595 dv-neutron-856926-1-hyperv neutron-server[107108]: INFO neutron.wsgi [req-a98d0768-f723-4021-81f2-2144a4180dff req-e796275b-f5ba-4e3a-a92b-47798f6f097a tempest-ServerActionsTestJSON-1675912460 tempest-ServerActionsTestJSON-1675912460-project] 10.222.0.15 "GET /networking/v2.0/ports?device_id=6def452a-3d14-415a-b104-ce468fec7ce6 HTTP/1.1" status: 200 len: 210 time: 0.0719535
Sep 11 07:22:50.277369 dv-neutron-856926-1-hyperv neutron-server[107108]: DEBUG neutron.pecan_wsgi.hooks.quota_enforcement [None req-4d1b1254-74ad-45f6-af6e-f320e8511cb9 tempest-PortsAdminExtendedAttrsTestJSON-542703936 tempest-PortsAdminExtendedAttrsTestJSON-542703936-project-admin] Made reservation on behalf of 6291380ea1044c56a3b464050bc4dfd8 for: {'port': 1} {{(pid=107108) before /opt/stack/neutron/neutron/pecan_wsgi/hooks/quota_enforcement.py:53}}
Sep 11 07:22:50.278905 dv-neutron-856926-1-hyperv neutron-server[107108]: DEBUG neutron_lib.callbacks.manager [None req-4d1b1254-74ad-45f6-af6e-f320e8511cb9 tempest-PortsAdminExtendedAttrsTestJSON-542703936 tempest-PortsAdminExtendedAttrsTestJSON-542703936-project-admin] Publish callbacks ['neutron.plugins.ml2.plugin.SecurityGroupDbMixin._ensure_default_security_group_handler-3914802'] for port (None), before_create {{(pid=107108) _notify_loop /usr/local/lib/python3.8/dist-packages/neutron_lib/callbacks/manager.py:176}}
Sep 11 07:22:50.293111 dv-neutron-856926-1-hyperv neutron-server[107108]: DEBUG neutron.pecan_wsgi.hooks.quota_enforcement [req-ea0a33e0-ae5b-4cdc-a022-0500976f15be req-9980258e-b3a9-476a-ad37-2870a773d32e tempest-ServersTestJSON-552597828 tempest-ServersTestJSON-552597828-project] Made reservation on behalf of 9b71fa07db65495781ea9b1f95293f90 for: {'port': 1} {{(pid=107108) before /opt/stack/neutron/neutron/pecan_wsgi/hooks/quota_enforcement.py:53}}
Sep 11 07:22:50.297396 dv-neutron-856926-1-hyperv neutron-server[107108]: DEBUG neutron_lib.callbacks.manager [req-ea0a33e0-ae5b-4cdc-a022-0500976f15be req-9980258e-b3a9-476a-ad37-2870a773d32e tempest-ServersTestJSON-552597828 tempest-ServersTestJSON-552597828-project] Publish callbacks ['neutron.plugins.ml2.plugin.SecurityGroupDbMixin._ensure_default_security_group_handler-3914802'] for port (None), before_create {{(pid=107108) _notify_loop /usr/local/lib/python3.8/dist-packages/neutron_lib/callbacks/manager.py:176}}
Sep 11 07:22:50.306540 dv-neutron-856926-1-hyperv neutron-server[107109]: INFO neutron.wsgi [req-551ce159-7dc8-4262-bfe1-78b7c7b542b5 req-29b7acc7-5886-449b-bd35-de71f886a709 tempest-ServersTestManualDisk-2087682100 tempest-ServersTestManualDisk-2087682100-project] 10.222.0.15 "GET /networking/v2.0/ports?device_id=52af4c34-4f16-44ce-9301-446ca103a766 HTTP/1.1" status: 200 len: 210 time: 0.0786545
Sep 11 07:22:50.314207 dv-neutron-856926-1-hyperv neutron-server[107108]: DEBUG neutron_lib.callbacks.manager [None req-4d1b1254-74ad-45f6-af6e-f320e8511cb9 tempest-PortsAdminExtendedAttrsTestJSON-542703936 tempest-PortsAdminExtendedAttrsTestJSON-542703936-project-admin] Publish callbacks [] for security_group (None), before_create {{(pid=107108) _notify_loop /usr/local/lib/python3.8/dist-packages/neutron_lib/callbacks/manager.py:176}}
Sep 11 07:22:50.323021 dv-neutron-856926-1-hyperv neutron-server[107109]: DEBUG dbcounter [-] [107109] Writing DB stats neutron:SELECT=96,neutron:DELETE=2,neutron:INSERT=2 {{(pid=107109) stat_writer /usr/local/lib/python3.8/dist-packages/dbcounter.py:114}}
Sep 11 07:22:50.331099 dv-neutron-856926-1-hyperv neutron-server[107108]: DEBUG neutron.db.db_base_plugin_common [None req-0cc01530-01df-4dee-b052-f2ceac455dc2 tempest-AllowedAddressPairTestJSON-1108532236 tempest-AllowedAddressPairTestJSON-1108532236-project] Allocated IP 172.20.0.9 (08dbec8e-2a0a-4fb5-baae-421b9636bb3d/5a325a7d-e963-40a3-9337-88e0586681a1/3d66194d-31b6-4335-b1ad-2207e99d40b9) {{(pid=107108) _store_ip_allocation /opt/stack/neutron/neutron/db/db_base_plugin_common.py:131}}
Sep 11 07:22:50.363780 dv-neutron-856926-1-hyperv neutron-server[107110]: DEBUG neutron_lib.callbacks.manager [None req-f3387e88-7c3b-46b2-814d-8487ade738c6 None None] Publish callbacks ['neutron.services.segments.db._update_segment_host_mapping_for_agent-8761705480075', 'neutron.plugins.ml2.plugin.Ml2Plugin._retry_binding_revived_agents-3513316'] for agent (4cb3c556-d299-457f-a339-2983a2921102), after_update {{(pid=107110) _notify_loop /usr/local/lib/python3.8/dist-packages/neutron_lib/callbacks/manager.py:176}}
Sep 11 07:22:50.412744 dv-neutron-856926-1-hyperv neutron-server[107109]: DEBUG neutron_lib.callbacks.manager [None req-d4a76368-a02d-4d6f-acd9-d6248a13fc7e tempest-FloatingIPNegativeTestJSON-635303711 tempest-FloatingIPNegativeTestJSON-635303711-project] Publish callbacks ['neutron.plugins.ml2.plugin.SecurityGroupDbMixin._ensure_default_security_group_handler-3914802'] for port (None), before_create {{(pid=107109) _notify_loop /usr/local/lib/python3.8/dist-packages/neutron_lib/callbacks/manager.py:176}}
Sep 11 07:22:50.588339 dv-neutron-856926-1-hyperv neutron-server[107109]: DEBUG neutron.pecan_wsgi.hooks.policy_enforcement [req-11132daf-924a-4d70-ae88-fa3bc9adbde3 req-aeaf6512-0bb1-4538-a9c4-f2a09165d325 tempest-ServersTestManualDisk-2087682100 tempest-ServersTestManualDisk-2087682100-project] Attributes excluded by policy engine: ['standard_attr_id', 'vlan_transparent', 'provider:network_type', 'provider:physical_network', 'provider:segmentation_id'] {{(pid=107109) _exclude_attributes_by_policy /opt/stack/neutron/neutron/pecan_wsgi/hooks/policy_enforcement.py:259}}
Sep 11 07:22:50.589917 dv-neutron-856926-1-hyperv neutron-server[107109]: INFO neutron.wsgi [req-11132daf-924a-4d70-ae88-fa3bc9adbde3 req-aeaf6512-0bb1-4538-a9c4-f2a09165d325 tempest-ServersTestManualDisk-2087682100 tempest-ServersTestManualDisk-2087682100-project] 10.222.0.17 "GET /networking/v2.0/networks?id=1ed2b75e-aa57-4d32-baf9-8890fee71d39 HTTP/1.1" status: 200 len: 812 time: 1.0873644
Sep 11 07:22:50.651913 dv-neutron-856926-1-hyperv neutron-server[107109]: DEBUG neutron_lib.callbacks.manager [req-8ca5db4d-3681-4fc0-a113-3021f0999ffd req-fa282785-56c4-4104-9bef-806aa2f2b6c0 tempest-ServerActionsTestJSON-1675912460 tempest-ServerActionsTestJSON-1675912460-project] Publish callbacks [] for port (f5e2b31e-9f7c-431a-96c4-a5697dec1fba), precommit_create {{(pid=107109) _notify_loop /usr/local/lib/python3.8/dist-packages/neutron_lib/callbacks/manager.py:176}}
Sep 11 07:22:50.657518 dv-neutron-856926-1-hyperv neutron-server[107108]: DEBUG neutron_lib.callbacks.manager [None req-4d1b1254-74ad-45f6-af6e-f320e8511cb9 tempest-PortsAdminExtendedAttrsTestJSON-542703936 tempest-PortsAdminExtendedAttrsTestJSON-542703936-project-admin] Publish callbacks [] for security_group (9931c76a-511a-4f71-bce8-8b711cad4239), precommit_create {{(pid=107108) _notify_loop /usr/local/lib/python3.8/dist-packages/neutron_lib/callbacks/manager.py:176}}
Sep 11 07:22:50.689717 dv-neutron-856926-1-hyperv neutron-server[107108]: DEBUG neutron_lib.callbacks.manager [None req-4d1b1254-74ad-45f6-af6e-f320e8511cb9 tempest-PortsAdminExtendedAttrsTestJSON-542703936 tempest-PortsAdminExtendedAttrsTestJSON-542703936-project-admin] Publish callbacks ['neutron.plugins.ml2.ovo_rpc._ObjectChangeHandler.handle_event-434123'] for security_group (9931c76a-511a-4f71-bce8-8b711cad4239), after_create {{(pid=107108) _notify_loop /usr/local/lib/python3.8/dist-packages/neutron_lib/callbacks/manager.py:176}}
Sep 11 07:22:50.699599 dv-neutron-856926-1-hyperv neutron-server[107108]: DEBUG neutron.notifiers.nova [None req-4d1b1254-74ad-45f6-af6e-f320e8511cb9 tempest-PortsAdminExtendedAttrsTestJSON-542703936 tempest-PortsAdminExtendedAttrsTestJSON-542703936-project-admin] device_id is not set on port 7c8f1e17-014f-45ec-9b6e-6cf580943c44 yet. {{(pid=107108) _can_notify /opt/stack/neutron/neutron/notifiers/nova.py:201}}
Sep 11 07:22:50.758864 dv-neutron-856926-1-hyperv neutron-server[107108]: DEBUG dbcounter [-] [107108] Writing DB stats neutron:SELECT=82,neutron:INSERT=14,neutron:UPDATE=4 {{(pid=107108) stat_writer /usr/local/lib/python3.8/dist-packages/dbcounter.py:114}}
Sep 11 07:22:50.760406 dv-neutron-856926-1-hyperv neutron-server[107108]: DEBUG neutron.api.rpc.handlers.resources_rpc [None req-4d1b1254-74ad-45f6-af6e-f320e8511cb9 tempest-PortsAdminExtendedAttrsTestJSON-542703936 tempest-PortsAdminExtendedAttrsTestJSON-542703936-project-admin] Pushing event updated for resources: {'SecurityGroup': ['ID=9931c76a-511a-4f71-bce8-8b711cad4239,revision_number=1']} {{(pid=107108) push /opt/stack/neutron/neutron/api/rpc/handlers/resources_rpc.py:237}}
Sep 11 07:22:50.881047 dv-neutron-856926-1-hyperv neutron-server[107109]: DEBUG neutron.db.db_base_plugin_common [None req-d4a76368-a02d-4d6f-acd9-d6248a13fc7e tempest-FloatingIPNegativeTestJSON-635303711 tempest-FloatingIPNegativeTestJSON-635303711-project] Allocated IP 172.26.5.154 (f6c02ac9-5da7-4887-be30-96f21fa00f73/efe6442a-38ee-4efa-8d17-2b24a8aaab63/3340a724-88cd-474e-b584-47f6db2c2180) {{(pid=107109) _store_ip_allocation /opt/stack/neutron/neutron/db/db_base_plugin_common.py:131}}
Sep 11 07:22:51.031595 dv-neutron-856926-1-hyperv neutron-server[107108]: DEBUG neutron.notifiers.nova [None req-4d1b1254-74ad-45f6-af6e-f320e8511cb9 tempest-PortsAdminExtendedAttrsTestJSON-542703936 tempest-PortsAdminExtendedAttrsTestJSON-542703936-project-admin] device_id is not set on port 7c8f1e17-014f-45ec-9b6e-6cf580943c44 yet. {{(pid=107108) _can_notify /opt/stack/neutron/neutron/notifiers/nova.py:201}}
Sep 11 07:22:51.032626 dv-neutron-856926-1-hyperv neutron-server[107109]: DEBUG neutron_lib.callbacks.manager [None req-d4a76368-a02d-4d6f-acd9-d6248a13fc7e tempest-FloatingIPNegativeTestJSON-635303711 tempest-FloatingIPNegativeTestJSON-635303711-project] Publish callbacks [] for port (3340a724-88cd-474e-b584-47f6db2c2180), precommit_create {{(pid=107109) _notify_loop /usr/local/lib/python3.8/dist-packages/neutron_lib/callbacks/manager.py:176}}
Sep 11 07:22:51.045873 dv-neutron-856926-1-hyperv neutron-server[107108]: DEBUG neutron_lib.callbacks.manager [None req-4d1b1254-74ad-45f6-af6e-f320e8511cb9 tempest-PortsAdminExtendedAttrsTestJSON-542703936 tempest-PortsAdminExtendedAttrsTestJSON-542703936-project-admin] Publish callbacks [] for port (7c8f1e17-014f-45ec-9b6e-6cf580943c44), precommit_create {{(pid=107108) _notify_loop /usr/local/lib/python3.8/dist-packages/neutron_lib/callbacks/manager.py:176}}
Sep 11 07:22:51.064778 dv-neutron-856926-1-hyperv neutron-server[107108]: DEBUG dbcounter [-] [107108] Writing DB stats neutron:SELECT=83,neutron:INSERT=12,neutron:UPDATE=5 {{(pid=107108) stat_writer /usr/local/lib/python3.8/dist-packages/dbcounter.py:114}}
Sep 11 07:22:51.079111 dv-neutron-856926-1-hyperv neutron-server[107108]: DEBUG neutron_lib.callbacks.manager [None req-4d1b1254-74ad-45f6-af6e-f320e8511cb9 tempest-PortsAdminExtendedAttrsTestJSON-542703936 tempest-PortsAdminExtendedAttrsTestJSON-542703936-project-admin] Publish callbacks ['neutron.plugins.ml2.plugin.SecurityGroupServerNotifierRpcMixin._notify_sg_on_port_change-3914867', 'neutron.plugins.ml2.ovo_rpc._ObjectChangeHandler.handle_event-120118', 'neutron.api.rpc.agentnotifiers.dhcp_rpc_agent_api.DhcpAgentNotifyAPI._native_event_send_dhcp_notification-578086', 'neutron.db.l3_dvrscheduler_db._notify_l3_agent_new_port-8761705027485', 'neutron.services.segments.plugin.NovaSegmentNotifier._notify_port_created_or_deleted-6597554'] for port (7c8f1e17-014f-45ec-9b6e-6cf580943c44), after_create {{(pid=107108) _notify_loop /usr/local/lib/python3.8/dist-packages/neutron_lib/callbacks/manager.py:176}}
Sep 11 07:22:51.082890 dv-neutron-856926-1-hyperv neutron-server[107110]: DEBUG neutron.api.rpc.handlers.dhcp_rpc [None req-e46fc967-7880-43ce-bf0f-91a5c4b41fac None None] Network 08dbec8e-2a0a-4fb5-baae-421b9636bb3d requested from dv-neutron-856926-1-hyperv {{(pid=107110) get_network_info /opt/stack/neutron/neutron/api/rpc/handlers/dhcp_rpc.py:193}}
Sep 11 07:22:51.094678 dv-neutron-856926-1-hyperv neutron-server[107108]: DEBUG neutron.db.db_base_plugin_common [req-ea0a33e0-ae5b-4cdc-a022-0500976f15be req-9980258e-b3a9-476a-ad37-2870a773d32e tempest-ServersTestJSON-552597828 tempest-ServersTestJSON-552597828-project] Allocated IP 172.20.0.7 (a18ae732-cb25-4a7b-8a04-b476475902f0/c13976aa-a724-4ba7-a234-952b49ace21e/31cdcdee-c87a-4ab6-a2ea-e3bed333c644) {{(pid=107108) _store_ip_allocation /opt/stack/neutron/neutron/db/db_base_plugin_common.py:131}}
Sep 11 07:22:51.164592 dv-neutron-856926-1-hyperv neutron-server[107108]: DEBUG neutron.api.rpc.handlers.resources_rpc [None req-4d1b1254-74ad-45f6-af6e-f320e8511cb9 tempest-PortsAdminExtendedAttrsTestJSON-542703936 tempest-PortsAdminExtendedAttrsTestJSON-542703936-project-admin] Pushing event updated for resources: {'Port': ['ID=7c8f1e17-014f-45ec-9b6e-6cf580943c44,revision_number=1']} {{(pid=107108) push /opt/stack/neutron/neutron/api/rpc/handlers/resources_rpc.py:237}}
Sep 11 07:22:51.228464 dv-neutron-856926-1-hyperv neutron-server[107108]: INFO neutron.wsgi [req-ea438015-8123-435d-bbd3-9ad0a174b62b req-5bffb7fc-8180-49c5-8786-c0baa9515c0c tempest-ServersTestJSON-552597828 tempest-ServersTestJSON-552597828-project] 10.222.0.15 "GET /networking/v2.0/ports?device_id=49151d95-4252-4b1d-8fbb-703476e77fbd HTTP/1.1" status: 200 len: 210 time: 0.0817170
Sep 11 07:22:51.244482 dv-neutron-856926-1-hyperv neutron-server[107109]: DEBUG dbcounter [-] [107109] Writing DB stats neutron:SELECT=89,neutron:INSERT=7,neutron:UPDATE=4 {{(pid=107109) stat_writer /usr/local/lib/python3.8/dist-packages/dbcounter.py:114}}
Sep 11 07:22:51.276383 dv-neutron-856926-1-hyperv neutron-server[107109]: DEBUG neutron_lib.callbacks.manager [None req-a420fb0e-4438-4c04-8b19-ab97c180be40 tempest-ExtraDHCPOptionsTestJSON-217024574 tempest-ExtraDHCPOptionsTestJSON-217024574-project] Publish callbacks ['neutron.plugins.ml2.ovo_rpc._ObjectChangeHandler.handle_event-452768', 'neutron.api.rpc.agentnotifiers.dhcp_rpc_agent_api.DhcpAgentNotifyAPI._native_event_send_dhcp_notification-578086', 'neutron.services.segments.plugin.NovaSegmentNotifier._notify_subnet_created-61497896', 'neutron.services.segments.plugin.SegmentHostRoutes.host_routes_after_create-62770249'] for subnet (d6854f03-21b3-41d9-973d-b69d2e6b331e), after_create {{(pid=107109) _notify_loop /usr/local/lib/python3.8/dist-packages/neutron_lib/callbacks/manager.py:176}}
Sep 11 07:22:51.293982 dv-neutron-856926-1-hyperv neutron-server[107110]: DEBUG neutron.db.provisioning_blocks [None req-b1b8384f-2a5f-406a-bd43-e03410b7dd63 None None] Provisioning complete for port dcefe270-086e-4686-866e-ca681f39be91 triggered by entity DHCP. {{(pid=107110) provisioning_complete /opt/stack/neutron/neutron/db/provisioning_blocks.py:144}}
Sep 11 07:22:51.294562 dv-neutron-856926-1-hyperv neutron-server[107110]: DEBUG neutron_lib.callbacks.manager [None req-b1b8384f-2a5f-406a-bd43-e03410b7dd63 None None] Publish callbacks ['neutron.plugins.ml2.plugin.Ml2Plugin._port_provisioned-3513218'] for port (dcefe270-086e-4686-866e-ca681f39be91), provisioning_complete {{(pid=107110) _notify_loop /usr/local/lib/python3.8/dist-packages/neutron_lib/callbacks/manager.py:176}}
Sep 11 07:22:51.300884 dv-neutron-856926-1-hyperv neutron-server[107108]: DEBUG neutron_lib.callbacks.manager [None req-0cc01530-01df-4dee-b052-f2ceac455dc2 tempest-AllowedAddressPairTestJSON-1108532236 tempest-AllowedAddressPairTestJSON-1108532236-project] Publish callbacks [] for port (3d66194d-31b6-4335-b1ad-2207e99d40b9), precommit_create {{(pid=107108) _notify_loop /usr/local/lib/python3.8/dist-packages/neutron_lib/callbacks/manager.py:176}}
Sep 11 07:22:51.344674 dv-neutron-856926-1-hyperv neutron-server[107110]: DEBUG dbcounter [-] [107110] Writing DB stats neutron:INSERT=2,neutron:SELECT=96,neutron:UPDATE=2 {{(pid=107110) stat_writer /usr/local/lib/python3.8/dist-packages/dbcounter.py:114}}
Sep 11 07:22:51.356661 dv-neutron-856926-1-hyperv neutron-server[107108]: DEBUG neutron.plugins.ml2.drivers.mech_agent [None req-4d1b1254-74ad-45f6-af6e-f320e8511cb9 tempest-PortsAdminExtendedAttrsTestJSON-542703936 tempest-PortsAdminExtendedAttrsTestJSON-542703936-project-admin] Checking segment: {'id': 'be226eb5-0a75-40b5-a928-cd996e67d87c', 'network_type': 'vlan', 'physical_network': 'physnet1', 'segmentation_id': 87, 'network_id': '0ca24191-0741-4b80-a9c5-0e4d5056e7e2'} for mappings: {'physnet1': 'br-data'} with network types: ['local', 'flat', 'vlan'] {{(pid=107108) check_segment_for_agent /opt/stack/neutron/neutron/plugins/ml2/drivers/mech_agent.py:399}}
Sep 11 07:22:51.357020 dv-neutron-856926-1-hyperv neutron-server[107108]: DEBUG neutron.scheduler.dhcp_agent_scheduler [None req-4d1b1254-74ad-45f6-af6e-f320e8511cb9 tempest-PortsAdminExtendedAttrsTestJSON-542703936 tempest-PortsAdminExtendedAttrsTestJSON-542703936-project-admin] Network hostable DHCP agents. Network: 0ca24191-0741-4b80-a9c5-0e4d5056e7e2, hostable agents: ['d1fbf012-6173-4a49-880b-97885443c21d'], hosted agents: [] {{(pid=107108) _get_network_hostable_dhcp_agents /opt/stack/neutron/neutron/scheduler/dhcp_agent_scheduler.py:329}}
Sep 11 07:22:51.424314 dv-neutron-856926-1-hyperv neutron-server[107110]: DEBUG neutron.plugins.ml2.plugin [None req-b1b8384f-2a5f-406a-bd43-e03410b7dd63 None None] Current status of the port dcefe270-086e-4686-866e-ca681f39be91 is: DOWN; New status is: ACTIVE {{(pid=107110) _update_individual_port_db_status /opt/stack/neutron/neutron/plugins/ml2/plugin.py:2302}}
Sep 11 07:22:51.424765 dv-neutron-856926-1-hyperv neutron-server[107110]: DEBUG neutron_lib.callbacks.manager [None req-b1b8384f-2a5f-406a-bd43-e03410b7dd63 None None] Publish callbacks ['neutron.plugins.ml2.plugin.SecurityGroupDbMixin._ensure_default_security_group_handler-3914802'] for port (dcefe270-086e-4686-866e-ca681f39be91), before_update {{(pid=107110) _notify_loop /usr/local/lib/python3.8/dist-packages/neutron_lib/callbacks/manager.py:176}}
Sep 11 07:22:51.460459 dv-neutron-856926-1-hyperv neutron-server[107109]: DEBUG neutron_lib.callbacks.manager [None req-d4a76368-a02d-4d6f-acd9-d6248a13fc7e tempest-FloatingIPNegativeTestJSON-635303711 tempest-FloatingIPNegativeTestJSON-635303711-project] Publish callbacks ['neutron.plugins.ml2.plugin.SecurityGroupServerNotifierRpcMixin._notify_sg_on_port_change-3914867', 'neutron.plugins.ml2.ovo_rpc._ObjectChangeHandler.handle_event-120118', 'neutron.api.rpc.agentnotifiers.dhcp_rpc_agent_api.DhcpAgentNotifyAPI._native_event_send_dhcp_notification-578086', 'neutron.db.l3_dvrscheduler_db._notify_l3_agent_new_port-8761705027485', 'neutron.services.segments.plugin.NovaSegmentNotifier._notify_port_created_or_deleted-61497816'] for port (3340a724-88cd-474e-b584-47f6db2c2180), after_create {{(pid=107109) _notify_loop /usr/local/lib/python3.8/dist-packages/neutron_lib/callbacks/manager.py:176}}
Sep 11 07:22:51.478292 dv-neutron-856926-1-hyperv neutron-server[107110]: DEBUG neutron.plugins.ml2.db [None req-b1b8384f-2a5f-406a-bd43-e03410b7dd63 None None] For port dcefe270-086e-4686-866e-ca681f39be91, host dv-neutron-856926-1-hyperv, got binding levels [PortBindingLevel(driver='openvswitch',host='dv-neutron-856926-1-hyperv',level=0,port_id=dcefe270-086e-4686-866e-ca681f39be91,segment=NetworkSegment(1ea92b6d-c907-45c4-a525-021ecddb0b01),segment_id=1ea92b6d-c907-45c4-a525-021ecddb0b01)] {{(pid=107110) get_binding_level_objs /opt/stack/neutron/neutron/plugins/ml2/db.py:74}}
Sep 11 07:22:51.484944 dv-neutron-856926-1-hyperv neutron-server[107110]: DEBUG neutron_lib.callbacks.manager [None req-b1b8384f-2a5f-406a-bd43-e03410b7dd63 None None] Publish callbacks ['neutron.plugins.ml2.plugin.SecurityGroupServerNotifierRpcMixin._notify_sg_on_port_change-3914867', 'neutron.plugins.ml2.ovo_rpc._ObjectChangeHandler.handle_event-120118', 'neutron.api.rpc.agentnotifiers.dhcp_rpc_agent_api.DhcpAgentNotifyAPI._native_event_send_dhcp_notification-578086', 'neutron.db.l3_db.L3RpcNotifierMixin._notify_gateway_port_ip_changed-8761705503874', 'neutron.db.l3_dvrscheduler_db._notify_l3_agent_port_update-8761705027503', 'neutron.db.l3_hascheduler_db._notify_l3_agent_ha_port_update-8761705027521'] for port (dcefe270-086e-4686-866e-ca681f39be91), after_update {{(pid=107110) _notify_loop /usr/local/lib/python3.8/dist-packages/neutron_lib/callbacks/manager.py:176}}
Sep 11 07:22:51.502439 dv-neutron-856926-1-hyperv neutron-server[107109]: DEBUG neutron.api.rpc.handlers.resources_rpc [None req-a420fb0e-4438-4c04-8b19-ab97c180be40 tempest-ExtraDHCPOptionsTestJSON-217024574 tempest-ExtraDHCPOptionsTestJSON-217024574-project] Pushing event updated for resources: {'Subnet': ['ID=d6854f03-21b3-41d9-973d-b69d2e6b331e,revision_number=0']} {{(pid=107109) push /opt/stack/neutron/neutron/api/rpc/handlers/resources_rpc.py:237}}
Sep 11 07:22:51.559385 dv-neutron-856926-1-hyperv neutron-server[107110]: DEBUG neutron.api.rpc.handlers.resources_rpc [None req-b1b8384f-2a5f-406a-bd43-e03410b7dd63 None None] Pushing event updated for resources: {'Port': ['ID=dcefe270-086e-4686-866e-ca681f39be91,revision_number=3']} {{(pid=107110) push /opt/stack/neutron/neutron/api/rpc/handlers/resources_rpc.py:237}}
Sep 11 07:22:51.628061 dv-neutron-856926-1-hyperv neutron-server[107108]: DEBUG neutron.scheduler.dhcp_agent_scheduler [None req-4d1b1254-74ad-45f6-af6e-f320e8511cb9 tempest-PortsAdminExtendedAttrsTestJSON-542703936 tempest-PortsAdminExtendedAttrsTestJSON-542703936-project-admin] Network 0ca24191-0741-4b80-a9c5-0e4d5056e7e2 is scheduled to be hosted by DHCP agent d1fbf012-6173-4a49-880b-97885443c21d with binding_index 1 {{(pid=107108) bind /opt/stack/neutron/neutron/scheduler/dhcp_agent_scheduler.py:227}}
Sep 11 07:22:51.635262 dv-neutron-856926-1-hyperv neutron-server[107109]: DEBUG dbcounter [-] [107109] Writing DB stats neutron:SELECT=94,neutron:INSERT=5,neutron:UPDATE=1 {{(pid=107109) stat_writer /usr/local/lib/python3.8/dist-packages/dbcounter.py:114}}
Sep 11 07:22:51.636405 dv-neutron-856926-1-hyperv neutron-server[107109]: DEBUG neutron.api.rpc.handlers.resources_rpc [None req-d4a76368-a02d-4d6f-acd9-d6248a13fc7e tempest-FloatingIPNegativeTestJSON-635303711 tempest-FloatingIPNegativeTestJSON-635303711-project] Pushing event updated for resources: {'Port': ['ID=3340a724-88cd-474e-b584-47f6db2c2180,revision_number=1']} {{(pid=107109) push /opt/stack/neutron/neutron/api/rpc/handlers/resources_rpc.py:237}}
Sep 11 07:22:51.652240 dv-neutron-856926-1-hyperv neutron-server[107108]: DEBUG neutron_lib.callbacks.manager [None req-0cc01530-01df-4dee-b052-f2ceac455dc2 tempest-AllowedAddressPairTestJSON-1108532236 tempest-AllowedAddressPairTestJSON-1108532236-project] Publish callbacks ['neutron.plugins.ml2.plugin.SecurityGroupServerNotifierRpcMixin._notify_sg_on_port_change-3914867', 'neutron.plugins.ml2.ovo_rpc._ObjectChangeHandler.handle_event-120118', 'neutron.api.rpc.agentnotifiers.dhcp_rpc_agent_api.DhcpAgentNotifyAPI._native_event_send_dhcp_notification-578086', 'neutron.db.l3_dvrscheduler_db._notify_l3_agent_new_port-8761705027485', 'neutron.services.segments.plugin.NovaSegmentNotifier._notify_port_created_or_deleted-6597554'] for port (3d66194d-31b6-4335-b1ad-2207e99d40b9), after_create {{(pid=107108) _notify_loop /usr/local/lib/python3.8/dist-packages/neutron_lib/callbacks/manager.py:176}}
Sep 11 07:22:51.658211 dv-neutron-856926-1-hyperv neutron-server[107109]: DEBUG neutron.notifiers.nova [None req-d166f7ee-f100-4140-a8a0-8ae1a10a3632 tempest-PortsAdminExtendedAttrsIpV6TestJSON-263622736 tempest-PortsAdminExtendedAttrsIpV6TestJSON-263622736-project-admin] device_id is not set on port a060880a-ae2e-47ad-a41c-ec9120407478 yet. {{(pid=107109) _can_notify /opt/stack/neutron/neutron/notifiers/nova.py:201}}
Sep 11 07:22:51.667628 dv-neutron-856926-1-hyperv neutron-server[107109]: DEBUG neutron.scheduler.dhcp_agent_scheduler [None req-d4a76368-a02d-4d6f-acd9-d6248a13fc7e tempest-FloatingIPNegativeTestJSON-635303711 tempest-FloatingIPNegativeTestJSON-635303711-project] Network f6c02ac9-5da7-4887-be30-96f21fa00f73 is already hosted by enough agents. {{(pid=107109) _get_dhcp_agents_hosting_network /opt/stack/neutron/neutron/scheduler/dhcp_agent_scheduler.py:275}}
Sep 11 07:22:51.690656 dv-neutron-856926-1-hyperv neutron-server[107109]: DEBUG neutron_lib.callbacks.manager [None req-d166f7ee-f100-4140-a8a0-8ae1a10a3632 tempest-PortsAdminExtendedAttrsIpV6TestJSON-263622736 tempest-PortsAdminExtendedAttrsIpV6TestJSON-263622736-project-admin] Publish callbacks [] for port (a060880a-ae2e-47ad-a41c-ec9120407478), precommit_update {{(pid=107109) _notify_loop /usr/local/lib/python3.8/dist-packages/neutron_lib/callbacks/manager.py:176}}
Sep 11 07:22:51.693267 dv-neutron-856926-1-hyperv neutron-server[107109]: DEBUG neutron.scheduler.base_scheduler [None req-d4a76368-a02d-4d6f-acd9-d6248a13fc7e tempest-FloatingIPNegativeTestJSON-635303711 tempest-FloatingIPNegativeTestJSON-635303711-project] Resources bound (agent type, host, resource id): {{(pid=107109) schedule /opt/stack/neutron/neutron/scheduler/base_scheduler.py:57}}
Sep 11 07:22:51.705731 dv-neutron-856926-1-hyperv neutron-server[107109]: DEBUG neutron.db.l3_dvrscheduler_db [None req-d4a76368-a02d-4d6f-acd9-d6248a13fc7e tempest-FloatingIPNegativeTestJSON-635303711 tempest-FloatingIPNegativeTestJSON-635303711-project] Received port after_create {{(pid=107109) _notify_l3_agent_new_port /opt/stack/neutron/neutron/db/l3_dvrscheduler_db.py:538}}
Sep 11 07:22:51.776010 dv-neutron-856926-1-hyperv neutron-server[107108]: DEBUG neutron.scheduler.dhcp_agent_scheduler [None req-0cc01530-01df-4dee-b052-f2ceac455dc2 tempest-AllowedAddressPairTestJSON-1108532236 tempest-AllowedAddressPairTestJSON-1108532236-project] Network 08dbec8e-2a0a-4fb5-baae-421b9636bb3d is already hosted by enough agents. {{(pid=107108) _get_dhcp_agents_hosting_network /opt/stack/neutron/neutron/scheduler/dhcp_agent_scheduler.py:275}}
Sep 11 07:22:51.790649 dv-neutron-856926-1-hyperv neutron-server[107109]: DEBUG neutron_lib.callbacks.manager [req-8ca5db4d-3681-4fc0-a113-3021f0999ffd req-fa282785-56c4-4104-9bef-806aa2f2b6c0 tempest-ServerActionsTestJSON-1675912460 tempest-ServerActionsTestJSON-1675912460-project] Publish callbacks ['neutron.plugins.ml2.plugin.SecurityGroupServerNotifierRpcMixin._notify_sg_on_port_change-3914867', 'neutron.plugins.ml2.ovo_rpc._ObjectChangeHandler.handle_event-120118', 'neutron.api.rpc.agentnotifiers.dhcp_rpc_agent_api.DhcpAgentNotifyAPI._native_event_send_dhcp_notification-578086', 'neutron.db.l3_dvrscheduler_db._notify_l3_agent_new_port-8761705027485', 'neutron.services.segments.plugin.NovaSegmentNotifier._notify_port_created_or_deleted-61497816'] for port (f5e2b31e-9f7c-431a-96c4-a5697dec1fba), after_create {{(pid=107109) _notify_loop /usr/local/lib/python3.8/dist-packages/neutron_lib/callbacks/manager.py:176}}
