Sep 08 18:16:18.039400 dv-neutron-856461-3-hyperv devstack@keystone.service[81831]: DEBUG keystone.server.flask.request_processing.req_logging [None req-19124942-cb36-4a86-9507-59303b0c1639 None admin] REQUEST_METHOD: `GET` {{(pid=81831) log_request_info /opt/stack/keystone/keystone/server/flask/request_processing/req_logging.py:27}}
Sep 08 18:16:18.039687 dv-neutron-856461-3-hyperv devstack@keystone.service[81831]: DEBUG keystone.server.flask.request_processing.req_logging [None req-19124942-cb36-4a86-9507-59303b0c1639 None admin] SCRIPT_NAME: `/identity` {{(pid=81831) log_request_info /opt/stack/keystone/keystone/server/flask/request_processing/req_logging.py:28}}
Sep 08 18:16:18.039973 dv-neutron-856461-3-hyperv devstack@keystone.service[81831]: DEBUG keystone.server.flask.request_processing.req_logging [None req-19124942-cb36-4a86-9507-59303b0c1639 None admin] PATH_INFO: `/v3/auth/tokens` {{(pid=81831) log_request_info /opt/stack/keystone/keystone/server/flask/request_processing/req_logging.py:29}}
Sep 08 18:16:18.104325 dv-neutron-856461-3-hyperv devstack@keystone.service[81832]: DEBUG keystone.server.flask.request_processing.middleware.auth_context [None req-7e59bdff-1876-4c58-b338-967986141c47 None admin] RBAC: auth_context: {'token': , 'domain_id': None, 'trust_id': None, 'trustor_id': None, 'trustee_id': None, 'domain_name': None, 'group_ids': [], 'user_id': '247bd0c2421b43ed99781122cedb0bff', 'user_domain_id': 'default', 'system_scope': 'all', 'project_id': None, 'project_domain_id': None, 'roles': ['admin', 'member', 'reader'], 'is_admin_project': True, 'service_user_id': None, 'service_user_domain_id': None, 'service_project_id': None, 'service_project_domain_id': None, 'service_roles': []} {{(pid=81832) fill_context /opt/stack/keystone/keystone/server/flask/request_processing/middleware/auth_context.py:478}}
Sep 08 18:16:18.104989 dv-neutron-856461-3-hyperv devstack@keystone.service[81832]: DEBUG keystone.server.flask.request_processing.req_logging [None req-7e59bdff-1876-4c58-b338-967986141c47 None admin] REQUEST_METHOD: `GET` {{(pid=81832) log_request_info /opt/stack/keystone/keystone/server/flask/request_processing/req_logging.py:27}}
Sep 08 18:16:18.105239 dv-neutron-856461-3-hyperv devstack@keystone.service[81832]: DEBUG keystone.server.flask.request_processing.req_logging [None req-7e59bdff-1876-4c58-b338-967986141c47 None admin] SCRIPT_NAME: `/identity` {{(pid=81832) log_request_info /opt/stack/keystone/keystone/server/flask/request_processing/req_logging.py:28}}
Sep 08 18:16:18.105504 dv-neutron-856461-3-hyperv devstack@keystone.service[81832]: DEBUG keystone.server.flask.request_processing.req_logging [None req-7e59bdff-1876-4c58-b338-967986141c47 None admin] PATH_INFO: `/v3/roles` {{(pid=81832) log_request_info /opt/stack/keystone/keystone/server/flask/request_processing/req_logging.py:29}}
Sep 08 18:16:18.106250 dv-neutron-856461-3-hyperv devstack@keystone.service[81832]: DEBUG keystone.common.rbac_enforcer.enforcer [None req-7e59bdff-1876-4c58-b338-967986141c47 None admin] RBAC: Adding query filter params (name=anotherrole) {{(pid=81832) _extract_filter_values /opt/stack/keystone/keystone/common/rbac_enforcer/enforcer.py:167}}
Sep 08 18:16:18.106550 dv-neutron-856461-3-hyperv devstack@keystone.service[81832]: DEBUG keystone.common.rbac_enforcer.enforcer [None req-7e59bdff-1876-4c58-b338-967986141c47 None admin] RBAC: Authorizing `identity:list_roles()` {{(pid=81832) enforce_call /opt/stack/keystone/keystone/common/rbac_enforcer/enforcer.py:449}}
Sep 08 18:16:18.107935 dv-neutron-856461-3-hyperv devstack@keystone.service[81832]: DEBUG keystone.common.rbac_enforcer.enforcer [None req-7e59bdff-1876-4c58-b338-967986141c47 None admin] RBAC: Authorization granted {{(pid=81832) enforce_call /opt/stack/keystone/keystone/common/rbac_enforcer/enforcer.py:457}}
Sep 08 18:16:18.124954 dv-neutron-856461-3-hyperv devstack@keystone.service[81831]: DEBUG keystone.common.rbac_enforcer.enforcer [None req-19124942-cb36-4a86-9507-59303b0c1639 None admin] RBAC: Authorizing `identity:validate_token()` {{(pid=81831) enforce_call /opt/stack/keystone/keystone/common/rbac_enforcer/enforcer.py:449}}
Sep 08 18:16:18.127194 dv-neutron-856461-3-hyperv devstack@keystone.service[81831]: DEBUG keystone.common.rbac_enforcer.enforcer [None req-19124942-cb36-4a86-9507-59303b0c1639 None admin] RBAC: Authorization granted {{(pid=81831) enforce_call /opt/stack/keystone/keystone/common/rbac_enforcer/enforcer.py:457}}
Sep 08 18:16:18.130387 dv-neutron-856461-3-hyperv devstack@keystone.service[81832]: [pid: 81832|app: 0|req: 90/173] 10.222.0.39 () {56 vars in 1111 bytes} [Thu Sep 8 18:16:17 2022] GET /identity/v3/roles?name=anotherrole => generated 334 bytes in 388 msecs (HTTP/1.1 200) 5 headers in 177 bytes (1 switches on core 0)
Sep 08 18:16:18.134654 dv-neutron-856461-3-hyperv devstack@keystone.service[81832]: DEBUG keystone.server.flask.request_processing.req_logging [None req-168ba8ce-748a-4e2c-b8d0-cd248da7199e None None] REQUEST_METHOD: `GET` {{(pid=81832) log_request_info /opt/stack/keystone/keystone/server/flask/request_processing/req_logging.py:27}}
Sep 08 18:16:18.135259 dv-neutron-856461-3-hyperv devstack@keystone.service[81832]: DEBUG keystone.server.flask.request_processing.req_logging [None req-168ba8ce-748a-4e2c-b8d0-cd248da7199e None None] SCRIPT_NAME: `/identity` {{(pid=81832) log_request_info /opt/stack/keystone/keystone/server/flask/request_processing/req_logging.py:28}}
Sep 08 18:16:18.135259 dv-neutron-856461-3-hyperv devstack@keystone.service[81832]: DEBUG keystone.server.flask.request_processing.req_logging [None req-168ba8ce-748a-4e2c-b8d0-cd248da7199e None None] PATH_INFO: `/` {{(pid=81832) log_request_info /opt/stack/keystone/keystone/server/flask/request_processing/req_logging.py:29}}
Sep 08 18:16:18.136642 dv-neutron-856461-3-hyperv devstack@keystone.service[81832]: [pid: 81832|app: 0|req: 91/174] 10.222.0.39 () {54 vars in 927 bytes} [Thu Sep 8 18:16:18 2022] GET /identity => generated 270 bytes in 6 msecs (HTTP/1.1 300) 6 headers in 234 bytes (1 switches on core 0)
Sep 08 18:16:18.137561 dv-neutron-856461-3-hyperv devstack@keystone.service[81832]: DEBUG keystone.server.flask.request_processing.middleware.auth_context [None req-168ba8ce-748a-4e2c-b8d0-cd248da7199e None None] Authenticating user token {{(pid=81832) process_request /usr/local/lib/python3.8/dist-packages/keystonemiddleware/auth_token/__init__.py:407}}
Sep 08 18:16:18.283988 dv-neutron-856461-3-hyperv devstack@keystone.service[81832]: DEBUG dbcounter [-] [81832] Writing DB stats keystone:SELECT=100 {{(pid=81832) stat_writer /usr/local/lib/python3.8/dist-packages/dbcounter.py:114}}
Sep 08 18:16:18.304525 dv-neutron-856461-3-hyperv devstack@keystone.service[81831]: [pid: 81831|app: 0|req: 84/175] 10.222.0.39 () {58 vars in 1282 bytes} [Thu Sep 8 18:16:17 2022] GET /identity/v3/auth/tokens => generated 799 bytes in 521 msecs (HTTP/1.1 200) 6 headers in 358 bytes (1 switches on core 0)
Sep 08 18:16:18.307124 dv-neutron-856461-3-hyperv devstack@keystone.service[81831]: DEBUG keystone.server.flask.request_processing.req_logging [None req-e5406ce1-5235-49e0-8102-88c32adf895b None None] REQUEST_METHOD: `POST` {{(pid=81831) log_request_info /opt/stack/keystone/keystone/server/flask/request_processing/req_logging.py:27}}
Sep 08 18:16:18.307720 dv-neutron-856461-3-hyperv devstack@keystone.service[81831]: DEBUG keystone.server.flask.request_processing.req_logging [None req-e5406ce1-5235-49e0-8102-88c32adf895b None None] SCRIPT_NAME: `/identity` {{(pid=81831) log_request_info /opt/stack/keystone/keystone/server/flask/request_processing/req_logging.py:28}}
Sep 08 18:16:18.308351 dv-neutron-856461-3-hyperv devstack@keystone.service[81831]: DEBUG keystone.server.flask.request_processing.req_logging [None req-e5406ce1-5235-49e0-8102-88c32adf895b None None] PATH_INFO: `/v3/auth/tokens` {{(pid=81831) log_request_info /opt/stack/keystone/keystone/server/flask/request_processing/req_logging.py:29}}
Sep 08 18:16:18.309870 dv-neutron-856461-3-hyperv devstack@keystone.service[81832]: DEBUG keystone.server.flask.request_processing.middleware.auth_context [None req-168ba8ce-748a-4e2c-b8d0-cd248da7199e None None] Validating token access rules against request {{(pid=81832) validate_allowed_request /usr/local/lib/python3.8/dist-packages/keystonemiddleware/auth_token/__init__.py:545}}
Sep 08 18:16:18.335732 dv-neutron-856461-3-hyperv devstack@keystone.service[81831]: DEBUG keystone.auth.core [None req-e5406ce1-5235-49e0-8102-88c32adf895b None None] MFA Rules not processed for user `247bd0c2421b43ed99781122cedb0bff`. Rule list: `[]` (Enabled: `True`). {{(pid=81831) check_auth_methods_against_rules /opt/stack/keystone/keystone/auth/core.py:438}}
Sep 08 18:16:18.337928 dv-neutron-856461-3-hyperv devstack@keystone.service[81831]: DEBUG keystone.common.fernet_utils [None req-e5406ce1-5235-49e0-8102-88c32adf895b None None] Loaded 2 Fernet keys from /etc/keystone/fernet-keys/, but `[fernet_tokens] max_active_keys = 3`; perhaps there have not been enough key rotations to reach `max_active_keys` yet? {{(pid=81831) load_keys /opt/stack/keystone/keystone/common/fernet_utils.py:286}}
Sep 08 18:16:18.348075 dv-neutron-856461-3-hyperv devstack@keystone.service[81832]: DEBUG keystone.server.flask.request_processing.middleware.auth_context [None req-94e1240c-47b8-4ac4-9782-55c182182d6d None admin] RBAC: auth_context: {'token': , 'domain_id': None, 'trust_id': None, 'trustor_id': None, 'trustee_id': None, 'domain_name': None, 'group_ids': [], 'user_id': '247bd0c2421b43ed99781122cedb0bff', 'user_domain_id': 'default', 'system_scope': 'all', 'project_id': None, 'project_domain_id': None, 'roles': ['admin', 'member', 'reader'], 'is_admin_project': True, 'service_user_id': None, 'service_user_domain_id': None, 'service_project_id': None, 'service_project_domain_id': None, 'service_roles': []} {{(pid=81832) fill_context /opt/stack/keystone/keystone/server/flask/request_processing/middleware/auth_context.py:478}}
Sep 08 18:16:18.348831 dv-neutron-856461-3-hyperv devstack@keystone.service[81832]: DEBUG keystone.server.flask.request_processing.req_logging [None req-94e1240c-47b8-4ac4-9782-55c182182d6d None admin] REQUEST_METHOD: `GET` {{(pid=81832) log_request_info /opt/stack/keystone/keystone/server/flask/request_processing/req_logging.py:27}}
Sep 08 18:16:18.349102 dv-neutron-856461-3-hyperv devstack@keystone.service[81832]: DEBUG keystone.server.flask.request_processing.req_logging [None req-94e1240c-47b8-4ac4-9782-55c182182d6d None admin] SCRIPT_NAME: `/identity` {{(pid=81832) log_request_info /opt/stack/keystone/keystone/server/flask/request_processing/req_logging.py:28}}
Sep 08 18:16:18.349374 dv-neutron-856461-3-hyperv devstack@keystone.service[81832]: DEBUG keystone.server.flask.request_processing.req_logging [None req-94e1240c-47b8-4ac4-9782-55c182182d6d None admin] PATH_INFO: `/v3/users/d35cf5cf41a8417fafcaef88843b081e` {{(pid=81832) log_request_info /opt/stack/keystone/keystone/server/flask/request_processing/req_logging.py:29}}
Sep 08 18:16:18.350612 dv-neutron-856461-3-hyperv devstack@keystone.service[81832]: DEBUG keystone.common.rbac_enforcer.enforcer [None req-94e1240c-47b8-4ac4-9782-55c182182d6d None admin] RBAC: Authorizing `identity:get_user(user_id=d35cf5cf41a8417fafcaef88843b081e)` {{(pid=81832) enforce_call /opt/stack/keystone/keystone/common/rbac_enforcer/enforcer.py:449}}
Sep 08 18:16:18.352422 dv-neutron-856461-3-hyperv devstack@keystone.service[81832]: DEBUG keystone.common.rbac_enforcer.enforcer [None req-94e1240c-47b8-4ac4-9782-55c182182d6d None admin] RBAC: Authorization granted {{(pid=81832) enforce_call /opt/stack/keystone/keystone/common/rbac_enforcer/enforcer.py:457}}
Sep 08 18:16:18.354353 dv-neutron-856461-3-hyperv devstack@keystone.service[81832]: [pid: 81832|app: 0|req: 92/176] 10.222.0.39 () {56 vars in 1177 bytes} [Thu Sep 8 18:16:18 2022] GET /identity/v3/users/d35cf5cf41a8417fafcaef88843b081e => generated 275 bytes in 217 msecs (HTTP/1.1 200) 5 headers in 177 bytes (1 switches on core 0)
Sep 08 18:16:18.355462 dv-neutron-856461-3-hyperv devstack@keystone.service[81832]: DEBUG keystone.server.flask.request_processing.req_logging [None req-38e07be6-1317-4775-ae98-ca699de1f4fc None None] REQUEST_METHOD: `GET` {{(pid=81832) log_request_info /opt/stack/keystone/keystone/server/flask/request_processing/req_logging.py:27}}
Sep 08 18:16:18.355886 dv-neutron-856461-3-hyperv devstack@keystone.service[81832]: DEBUG keystone.server.flask.request_processing.req_logging [None req-38e07be6-1317-4775-ae98-ca699de1f4fc None None] SCRIPT_NAME: `/identity` {{(pid=81832) log_request_info /opt/stack/keystone/keystone/server/flask/request_processing/req_logging.py:28}}
Sep 08 18:16:18.356216 dv-neutron-856461-3-hyperv devstack@keystone.service[81832]: DEBUG keystone.server.flask.request_processing.req_logging [None req-38e07be6-1317-4775-ae98-ca699de1f4fc None None] PATH_INFO: `/` {{(pid=81832) log_request_info /opt/stack/keystone/keystone/server/flask/request_processing/req_logging.py:29}}
Sep 08 18:16:18.358108 dv-neutron-856461-3-hyperv devstack@keystone.service[81832]: [pid: 81832|app: 0|req: 93/177] 10.222.0.39 () {54 vars in 927 bytes} [Thu Sep 8 18:16:18 2022] GET /identity => generated 270 bytes in 3 msecs (HTTP/1.1 300) 6 headers in 234 bytes (1 switches on core 0)
Sep 08 18:16:18.362037 dv-neutron-856461-3-hyperv devstack@keystone.service[81832]: DEBUG keystone.server.flask.request_processing.middleware.auth_context [None req-38e07be6-1317-4775-ae98-ca699de1f4fc None None] Authenticating user token {{(pid=81832) process_request /usr/local/lib/python3.8/dist-packages/keystonemiddleware/auth_token/__init__.py:407}}
Sep 08 18:16:18.364167 dv-neutron-856461-3-hyperv devstack@keystone.service[81831]: DEBUG dbcounter [-] [81831] Writing DB stats keystone:SELECT=100 {{(pid=81831) stat_writer /usr/local/lib/python3.8/dist-packages/dbcounter.py:114}}
Sep 08 18:16:18.453415 dv-neutron-856461-3-hyperv devstack@keystone.service[81831]: [pid: 81831|app: 0|req: 85/178] 10.222.0.39 () {58 vars in 1024 bytes} [Thu Sep 8 18:16:18 2022] POST /identity/v3/auth/tokens => generated 799 bytes in 148 msecs (HTTP/1.1 201) 6 headers in 363 bytes (1 switches on core 0)
Sep 08 18:16:18.454649 dv-neutron-856461-3-hyperv devstack@keystone.service[81831]: DEBUG keystone.server.flask.request_processing.middleware.auth_context [None req-e5406ce1-5235-49e0-8102-88c32adf895b None None] Authenticating user token {{(pid=81831) process_request /usr/local/lib/python3.8/dist-packages/keystonemiddleware/auth_token/__init__.py:407}}
Sep 08 18:16:18.514736 dv-neutron-856461-3-hyperv devstack@keystone.service[81832]: DEBUG keystone.server.flask.request_processing.middleware.auth_context [None req-38e07be6-1317-4775-ae98-ca699de1f4fc None None] Validating token access rules against request {{(pid=81832) validate_allowed_request /usr/local/lib/python3.8/dist-packages/keystonemiddleware/auth_token/__init__.py:545}}
Sep 08 18:16:18.566468 dv-neutron-856461-3-hyperv devstack@keystone.service[81832]: DEBUG keystone.server.flask.request_processing.middleware.auth_context [None req-7468553b-c642-4a08-a2b3-1a88d7a02866 None admin] RBAC: auth_context: {'token': , 'domain_id': None, 'trust_id': None, 'trustor_id': None, 'trustee_id': None, 'domain_name': None, 'group_ids': [], 'user_id': '247bd0c2421b43ed99781122cedb0bff', 'user_domain_id': 'default', 'system_scope': 'all', 'project_id': None, 'project_domain_id': None, 'roles': ['admin', 'member', 'reader'], 'is_admin_project': True, 'service_user_id': None, 'service_user_domain_id': None, 'service_project_id': None, 'service_project_domain_id': None, 'service_roles': []} {{(pid=81832) fill_context /opt/stack/keystone/keystone/server/flask/request_processing/middleware/auth_context.py:478}}
Sep 08 18:16:18.567666 dv-neutron-856461-3-hyperv devstack@keystone.service[81832]: DEBUG keystone.server.flask.request_processing.req_logging [None req-7468553b-c642-4a08-a2b3-1a88d7a02866 None admin] REQUEST_METHOD: `GET` {{(pid=81832) log_request_info /opt/stack/keystone/keystone/server/flask/request_processing/req_logging.py:27}}
Sep 08 18:16:18.568083 dv-neutron-856461-3-hyperv devstack@keystone.service[81832]: DEBUG keystone.server.flask.request_processing.req_logging [None req-7468553b-c642-4a08-a2b3-1a88d7a02866 None admin] SCRIPT_NAME: `/identity` {{(pid=81832) log_request_info /opt/stack/keystone/keystone/server/flask/request_processing/req_logging.py:28}}
Sep 08 18:16:18.568338 dv-neutron-856461-3-hyperv devstack@keystone.service[81832]: DEBUG keystone.server.flask.request_processing.req_logging [None req-7468553b-c642-4a08-a2b3-1a88d7a02866 None admin] PATH_INFO: `/v3/projects/0da1a4cc84c840e389291235c333874a` {{(pid=81832) log_request_info /opt/stack/keystone/keystone/server/flask/request_processing/req_logging.py:29}}
Sep 08 18:16:18.569790 dv-neutron-856461-3-hyperv devstack@keystone.service[81832]: DEBUG keystone.common.rbac_enforcer.enforcer [None req-7468553b-c642-4a08-a2b3-1a88d7a02866 None admin] RBAC: Authorizing `identity:get_project(project_id=0da1a4cc84c840e389291235c333874a)` {{(pid=81832) enforce_call /opt/stack/keystone/keystone/common/rbac_enforcer/enforcer.py:449}}
Sep 08 18:16:18.571628 dv-neutron-856461-3-hyperv devstack@keystone.service[81832]: DEBUG keystone.common.rbac_enforcer.enforcer [None req-7468553b-c642-4a08-a2b3-1a88d7a02866 None admin] RBAC: Authorization granted {{(pid=81832) enforce_call /opt/stack/keystone/keystone/common/rbac_enforcer/enforcer.py:457}}
Sep 08 18:16:18.573458 dv-neutron-856461-3-hyperv devstack@keystone.service[81832]: [pid: 81832|app: 0|req: 94/179] 10.222.0.39 () {56 vars in 1186 bytes} [Thu Sep 8 18:16:18 2022] GET /identity/v3/projects/0da1a4cc84c840e389291235c333874a => generated 312 bytes in 215 msecs (HTTP/1.1 200) 5 headers in 177 bytes (1 switches on core 0)
Sep 08 18:16:18.575399 dv-neutron-856461-3-hyperv devstack@keystone.service[81832]: DEBUG keystone.server.flask.request_processing.req_logging [None req-7a260931-b961-43fa-8246-31c5300b025a None None] REQUEST_METHOD: `POST` {{(pid=81832) log_request_info /opt/stack/keystone/keystone/server/flask/request_processing/req_logging.py:27}}
Sep 08 18:16:18.575399 dv-neutron-856461-3-hyperv devstack@keystone.service[81832]: DEBUG keystone.server.flask.request_processing.req_logging [None req-7a260931-b961-43fa-8246-31c5300b025a None None] SCRIPT_NAME: `/identity` {{(pid=81832) log_request_info /opt/stack/keystone/keystone/server/flask/request_processing/req_logging.py:28}}
Sep 08 18:16:18.575694 dv-neutron-856461-3-hyperv devstack@keystone.service[81832]: DEBUG keystone.server.flask.request_processing.req_logging [None req-7a260931-b961-43fa-8246-31c5300b025a None None] PATH_INFO: `/v3/auth/tokens` {{(pid=81832) log_request_info /opt/stack/keystone/keystone/server/flask/request_processing/req_logging.py:29}}
Sep 08 18:16:18.581480 dv-neutron-856461-3-hyperv devstack@keystone.service[81831]: DEBUG keystone.server.flask.request_processing.middleware.auth_context [None req-e5406ce1-5235-49e0-8102-88c32adf895b None None] Validating token access rules against request {{(pid=81831) validate_allowed_request /usr/local/lib/python3.8/dist-packages/keystonemiddleware/auth_token/__init__.py:545}}
Sep 08 18:16:18.596640 dv-neutron-856461-3-hyperv devstack@keystone.service[81832]: DEBUG keystone.auth.core [None req-7a260931-b961-43fa-8246-31c5300b025a None None] MFA Rules not processed for user `247bd0c2421b43ed99781122cedb0bff`. Rule list: `[]` (Enabled: `True`). {{(pid=81832) check_auth_methods_against_rules /opt/stack/keystone/keystone/auth/core.py:438}}
Sep 08 18:16:18.598007 dv-neutron-856461-3-hyperv devstack@keystone.service[81832]: DEBUG keystone.common.fernet_utils [None req-7a260931-b961-43fa-8246-31c5300b025a None None] Loaded 2 Fernet keys from /etc/keystone/fernet-keys/, but `[fernet_tokens] max_active_keys = 3`; perhaps there have not been enough key rotations to reach `max_active_keys` yet? {{(pid=81832) load_keys /opt/stack/keystone/keystone/common/fernet_utils.py:286}}
Sep 08 18:16:18.608012 dv-neutron-856461-3-hyperv devstack@keystone.service[81832]: DEBUG dbcounter [-] [81832] Writing DB stats keystone:SELECT=100 {{(pid=81832) stat_writer /usr/local/lib/python3.8/dist-packages/dbcounter.py:114}}
Sep 08 18:16:18.624393 dv-neutron-856461-3-hyperv devstack@keystone.service[81831]: DEBUG keystone.server.flask.request_processing.middleware.auth_context [None req-c678a621-c223-41b1-9545-459865147054 None admin] RBAC: auth_context: {'token': , 'domain_id': None, 'trust_id': None, 'trustor_id': None, 'trustee_id': None, 'domain_name': None, 'group_ids': [], 'user_id': '247bd0c2421b43ed99781122cedb0bff', 'user_domain_id': 'default', 'system_scope': 'all', 'project_id': None, 'project_domain_id': None, 'roles': ['admin', 'member', 'reader'], 'is_admin_project': True, 'service_user_id': None, 'service_user_domain_id': None, 'service_project_id': None, 'service_project_domain_id': None, 'service_roles': []} {{(pid=81831) fill_context /opt/stack/keystone/keystone/server/flask/request_processing/middleware/auth_context.py:478}}
Sep 08 18:16:18.625163 dv-neutron-856461-3-hyperv devstack@keystone.service[81831]: DEBUG keystone.server.flask.request_processing.req_logging [None req-c678a621-c223-41b1-9545-459865147054 None admin] REQUEST_METHOD: `GET` {{(pid=81831) log_request_info /opt/stack/keystone/keystone/server/flask/request_processing/req_logging.py:27}}
Sep 08 18:16:18.625453 dv-neutron-856461-3-hyperv devstack@keystone.service[81831]: DEBUG keystone.server.flask.request_processing.req_logging [None req-c678a621-c223-41b1-9545-459865147054 None admin] SCRIPT_NAME: `/identity` {{(pid=81831) log_request_info /opt/stack/keystone/keystone/server/flask/request_processing/req_logging.py:28}}
Sep 08 18:16:18.625725 dv-neutron-856461-3-hyperv devstack@keystone.service[81831]: DEBUG keystone.server.flask.request_processing.req_logging [None req-c678a621-c223-41b1-9545-459865147054 None admin] PATH_INFO: `/v3/auth/tokens` {{(pid=81831) log_request_info /opt/stack/keystone/keystone/server/flask/request_processing/req_logging.py:29}}
Sep 08 18:16:18.645227 dv-neutron-856461-3-hyperv devstack@keystone.service[81831]: DEBUG dbcounter [-] [81831] Writing DB stats keystone:SELECT=100 {{(pid=81831) stat_writer /usr/local/lib/python3.8/dist-packages/dbcounter.py:114}}
Sep 08 18:16:18.695810 dv-neutron-856461-3-hyperv devstack@keystone.service[81832]: [pid: 81832|app: 0|req: 95/180] 10.222.0.39 () {58 vars in 1024 bytes} [Thu Sep 8 18:16:18 2022] POST /identity/v3/auth/tokens => generated 799 bytes in 121 msecs (HTTP/1.1 201) 6 headers in 363 bytes (1 switches on core 0)
Sep 08 18:16:18.698248 dv-neutron-856461-3-hyperv devstack@keystone.service[81832]: DEBUG keystone.server.flask.request_processing.req_logging [None req-fe27cff0-17de-4ad6-a2d5-7503b1d8e3e7 None None] REQUEST_METHOD: `GET` {{(pid=81832) log_request_info /opt/stack/keystone/keystone/server/flask/request_processing/req_logging.py:27}}
Sep 08 18:16:18.698916 dv-neutron-856461-3-hyperv devstack@keystone.service[81832]: DEBUG keystone.server.flask.request_processing.req_logging [None req-fe27cff0-17de-4ad6-a2d5-7503b1d8e3e7 None None] SCRIPT_NAME: `/identity` {{(pid=81832) log_request_info /opt/stack/keystone/keystone/server/flask/request_processing/req_logging.py:28}}
Sep 08 18:16:18.699589 dv-neutron-856461-3-hyperv devstack@keystone.service[81832]: DEBUG keystone.server.flask.request_processing.req_logging [None req-fe27cff0-17de-4ad6-a2d5-7503b1d8e3e7 None None] PATH_INFO: `/` {{(pid=81832) log_request_info /opt/stack/keystone/keystone/server/flask/request_processing/req_logging.py:29}}
Sep 08 18:16:18.702729 dv-neutron-856461-3-hyperv devstack@keystone.service[81832]: [pid: 81832|app: 0|req: 96/181] 10.222.0.39 () {54 vars in 927 bytes} [Thu Sep 8 18:16:18 2022] GET /identity => generated 270 bytes in 6 msecs (HTTP/1.1 300) 6 headers in 234 bytes (1 switches on core 0)
Sep 08 18:16:18.707215 dv-neutron-856461-3-hyperv devstack@keystone.service[81832]: DEBUG keystone.server.flask.request_processing.middleware.auth_context [None req-fe27cff0-17de-4ad6-a2d5-7503b1d8e3e7 None None] Authenticating user token {{(pid=81832) process_request /usr/local/lib/python3.8/dist-packages/keystonemiddleware/auth_token/__init__.py:407}}
Sep 08 18:16:18.711543 dv-neutron-856461-3-hyperv devstack@keystone.service[81831]: DEBUG keystone.common.rbac_enforcer.enforcer [None req-c678a621-c223-41b1-9545-459865147054 None admin] RBAC: Authorizing `identity:validate_token()` {{(pid=81831) enforce_call /opt/stack/keystone/keystone/common/rbac_enforcer/enforcer.py:449}}
Sep 08 18:16:18.713251 dv-neutron-856461-3-hyperv devstack@keystone.service[81831]: DEBUG keystone.common.rbac_enforcer.enforcer [None req-c678a621-c223-41b1-9545-459865147054 None admin] RBAC: Authorization granted {{(pid=81831) enforce_call /opt/stack/keystone/keystone/common/rbac_enforcer/enforcer.py:457}}
Sep 08 18:16:18.827711 dv-neutron-856461-3-hyperv devstack@keystone.service[81832]: DEBUG keystone.server.flask.request_processing.middleware.auth_context [None req-fe27cff0-17de-4ad6-a2d5-7503b1d8e3e7 None None] Validating token access rules against request {{(pid=81832) validate_allowed_request /usr/local/lib/python3.8/dist-packages/keystonemiddleware/auth_token/__init__.py:545}}
Sep 08 18:16:18.858158 dv-neutron-856461-3-hyperv devstack@keystone.service[81831]: [pid: 81831|app: 0|req: 86/182] 10.222.0.39 () {58 vars in 1282 bytes} [Thu Sep 8 18:16:18 2022] GET /identity/v3/auth/tokens => generated 799 bytes in 404 msecs (HTTP/1.1 200) 6 headers in 358 bytes (1 switches on core 0)
Sep 08 18:16:18.859840 dv-neutron-856461-3-hyperv devstack@keystone.service[81831]: DEBUG keystone.server.flask.request_processing.req_logging [None req-51fd3eec-6070-465b-b022-d755fc19826a None None] REQUEST_METHOD: `POST` {{(pid=81831) log_request_info /opt/stack/keystone/keystone/server/flask/request_processing/req_logging.py:27}}
Sep 08 18:16:18.860361 dv-neutron-856461-3-hyperv devstack@keystone.service[81831]: DEBUG keystone.server.flask.request_processing.req_logging [None req-51fd3eec-6070-465b-b022-d755fc19826a None None] SCRIPT_NAME: `/identity` {{(pid=81831) log_request_info /opt/stack/keystone/keystone/server/flask/request_processing/req_logging.py:28}}
Sep 08 18:16:18.860768 dv-neutron-856461-3-hyperv devstack@keystone.service[81831]: DEBUG keystone.server.flask.request_processing.req_logging [None req-51fd3eec-6070-465b-b022-d755fc19826a None None] PATH_INFO: `/v3/auth/tokens` {{(pid=81831) log_request_info /opt/stack/keystone/keystone/server/flask/request_processing/req_logging.py:29}}
Sep 08 18:16:18.871672 dv-neutron-856461-3-hyperv devstack@keystone.service[81832]: DEBUG keystone.server.flask.request_processing.middleware.auth_context [None req-557ca0e6-74f6-42b0-83d7-3d4a8160de59 None admin] RBAC: auth_context: {'token': , 'domain_id': None, 'trust_id': None, 'trustor_id': None, 'trustee_id': None, 'domain_name': None, 'group_ids': [], 'user_id': '247bd0c2421b43ed99781122cedb0bff', 'user_domain_id': 'default', 'system_scope': 'all', 'project_id': None, 'project_domain_id': None, 'roles': ['admin', 'member', 'reader'], 'is_admin_project': True, 'service_user_id': None, 'service_user_domain_id': None, 'service_project_id': None, 'service_project_domain_id': None, 'service_roles': []} {{(pid=81832) fill_context /opt/stack/keystone/keystone/server/flask/request_processing/middleware/auth_context.py:478}}
Sep 08 18:16:18.872426 dv-neutron-856461-3-hyperv devstack@keystone.service[81832]: DEBUG keystone.server.flask.request_processing.req_logging [None req-557ca0e6-74f6-42b0-83d7-3d4a8160de59 None admin] REQUEST_METHOD: `GET` {{(pid=81832) log_request_info /opt/stack/keystone/keystone/server/flask/request_processing/req_logging.py:27}}
Sep 08 18:16:18.872567 dv-neutron-856461-3-hyperv devstack@keystone.service[81832]: DEBUG keystone.server.flask.request_processing.req_logging [None req-557ca0e6-74f6-42b0-83d7-3d4a8160de59 None admin] SCRIPT_NAME: `/identity` {{(pid=81832) log_request_info /opt/stack/keystone/keystone/server/flask/request_processing/req_logging.py:28}}
Sep 08 18:16:18.872837 dv-neutron-856461-3-hyperv devstack@keystone.service[81832]: DEBUG keystone.server.flask.request_processing.req_logging [None req-557ca0e6-74f6-42b0-83d7-3d4a8160de59 None admin] PATH_INFO: `/v3/role_assignments` {{(pid=81832) log_request_info /opt/stack/keystone/keystone/server/flask/request_processing/req_logging.py:29}}
Sep 08 18:16:18.873595 dv-neutron-856461-3-hyperv devstack@keystone.service[81832]: DEBUG keystone.common.rbac_enforcer.enforcer [None req-557ca0e6-74f6-42b0-83d7-3d4a8160de59 None admin] RBAC: Adding query filter params (role.id=26d9ce328afc4966b37e6b454c39bd64, scope.project.id=0da1a4cc84c840e389291235c333874a, user.id=d35cf5cf41a8417fafcaef88843b081e) {{(pid=81832) _extract_filter_values /opt/stack/keystone/keystone/common/rbac_enforcer/enforcer.py:167}}
Sep 08 18:16:18.874676 dv-neutron-856461-3-hyperv devstack@keystone.service[81832]: DEBUG keystone.common.rbac_enforcer.enforcer [None req-557ca0e6-74f6-42b0-83d7-3d4a8160de59 None admin] RBAC: Authorizing `identity:list_role_assignments()` {{(pid=81832) enforce_call /opt/stack/keystone/keystone/common/rbac_enforcer/enforcer.py:449}}
Sep 08 18:16:18.882381 dv-neutron-856461-3-hyperv devstack@keystone.service[81832]: DEBUG keystone.common.rbac_enforcer.enforcer [None req-557ca0e6-74f6-42b0-83d7-3d4a8160de59 None admin] RBAC: Authorization granted {{(pid=81832) enforce_call /opt/stack/keystone/keystone/common/rbac_enforcer/enforcer.py:457}}
Sep 08 18:16:18.885725 dv-neutron-856461-3-hyperv devstack@keystone.service[81831]: DEBUG keystone.auth.core [None req-51fd3eec-6070-465b-b022-d755fc19826a None None] MFA Rules not processed for user `247bd0c2421b43ed99781122cedb0bff`. Rule list: `[]` (Enabled: `True`). {{(pid=81831) check_auth_methods_against_rules /opt/stack/keystone/keystone/auth/core.py:438}}
Sep 08 18:16:18.887273 dv-neutron-856461-3-hyperv devstack@keystone.service[81831]: DEBUG keystone.common.fernet_utils [None req-51fd3eec-6070-465b-b022-d755fc19826a None None] Loaded 2 Fernet keys from /etc/keystone/fernet-keys/, but `[fernet_tokens] max_active_keys = 3`; perhaps there have not been enough key rotations to reach `max_active_keys` yet? {{(pid=81831) load_keys /opt/stack/keystone/keystone/common/fernet_utils.py:286}}
Sep 08 18:16:18.901155 dv-neutron-856461-3-hyperv devstack@keystone.service[81832]: [pid: 81832|app: 0|req: 97/183] 10.222.0.39 () {56 vars in 1374 bytes} [Thu Sep 8 18:16:18 2022] GET /identity/v3/role_assignments?user.id=d35cf5cf41a8417fafcaef88843b081e&scope.project.id=0da1a4cc84c840e389291235c333874a&role.id=26d9ce328afc4966b37e6b454c39bd64 => generated 608 bytes in 194 msecs (HTTP/1.1 200) 5 headers in 177 bytes (1 switches on core 0)
Sep 08 18:16:18.902061 dv-neutron-856461-3-hyperv devstack@keystone.service[81832]: DEBUG keystone.server.flask.request_processing.middleware.auth_context [None req-557ca0e6-74f6-42b0-83d7-3d4a8160de59 None admin] Authenticating user token {{(pid=81832) process_request /usr/local/lib/python3.8/dist-packages/keystonemiddleware/auth_token/__init__.py:407}}
Sep 08 18:16:18.930656 dv-neutron-856461-3-hyperv devstack@keystone.service[81832]: DEBUG dbcounter [-] [81832] Writing DB stats keystone:SELECT=100 {{(pid=81832) stat_writer /usr/local/lib/python3.8/dist-packages/dbcounter.py:114}}
Sep 08 18:16:18.946685 dv-neutron-856461-3-hyperv devstack@keystone.service[81831]: DEBUG dbcounter [-] [81831] Writing DB stats keystone:SELECT=100 {{(pid=81831) stat_writer /usr/local/lib/python3.8/dist-packages/dbcounter.py:114}}
Sep 08 18:16:19.002874 dv-neutron-856461-3-hyperv devstack@keystone.service[81831]: [pid: 81831|app: 0|req: 87/184] 10.222.0.39 () {58 vars in 1024 bytes} [Thu Sep 8 18:16:18 2022] POST /identity/v3/auth/tokens => generated 799 bytes in 144 msecs (HTTP/1.1 201) 6 headers in 363 bytes (1 switches on core 0)
Sep 08 18:16:19.004430 dv-neutron-856461-3-hyperv devstack@keystone.service[81831]: DEBUG keystone.server.flask.request_processing.middleware.auth_context [None req-51fd3eec-6070-465b-b022-d755fc19826a None None] Authenticating user token {{(pid=81831) process_request /usr/local/lib/python3.8/dist-packages/keystonemiddleware/auth_token/__init__.py:407}}
Sep 08 18:16:19.159219 dv-neutron-856461-3-hyperv devstack@keystone.service[81832]: DEBUG keystone.server.flask.request_processing.middleware.auth_context [None req-557ca0e6-74f6-42b0-83d7-3d4a8160de59 None admin] Validating token access rules against request {{(pid=81832) validate_allowed_request /usr/local/lib/python3.8/dist-packages/keystonemiddleware/auth_token/__init__.py:545}}
Sep 08 18:16:19.194750 dv-neutron-856461-3-hyperv devstack@keystone.service[81832]: DEBUG keystone.server.flask.request_processing.middleware.auth_context [None req-61ec94ee-be48-408d-9cd5-ad9995187e5a None admin] RBAC: auth_context: {'token': , 'domain_id': None, 'trust_id': None, 'trustor_id': None, 'trustee_id': None, 'domain_name': None, 'group_ids': [], 'user_id': '247bd0c2421b43ed99781122cedb0bff', 'user_domain_id': 'default', 'system_scope': 'all', 'project_id': None, 'project_domain_id': None, 'roles': ['admin', 'member', 'reader'], 'is_admin_project': True, 'service_user_id': None, 'service_user_domain_id': None, 'service_project_id': None, 'service_project_domain_id': None, 'service_roles': []} {{(pid=81832) fill_context /opt/stack/keystone/keystone/server/flask/request_processing/middleware/auth_context.py:478}}
Sep 08 18:16:19.195406 dv-neutron-856461-3-hyperv devstack@keystone.service[81832]: DEBUG keystone.server.flask.request_processing.req_logging [None req-61ec94ee-be48-408d-9cd5-ad9995187e5a None admin] REQUEST_METHOD: `GET` {{(pid=81832) log_request_info /opt/stack/keystone/keystone/server/flask/request_processing/req_logging.py:27}}
Sep 08 18:16:19.195690 dv-neutron-856461-3-hyperv devstack@keystone.service[81832]: DEBUG keystone.server.flask.request_processing.req_logging [None req-61ec94ee-be48-408d-9cd5-ad9995187e5a None admin] SCRIPT_NAME: `/identity` {{(pid=81832) log_request_info /opt/stack/keystone/keystone/server/flask/request_processing/req_logging.py:28}}
Sep 08 18:16:19.195967 dv-neutron-856461-3-hyperv devstack@keystone.service[81832]: DEBUG keystone.server.flask.request_processing.req_logging [None req-61ec94ee-be48-408d-9cd5-ad9995187e5a None admin] PATH_INFO: `/v3/projects/2861a911315f4015a5f0acf88e72d895` {{(pid=81832) log_request_info /opt/stack/keystone/keystone/server/flask/request_processing/req_logging.py:29}}
Sep 08 18:16:19.197658 dv-neutron-856461-3-hyperv devstack@keystone.service[81832]: DEBUG keystone.common.rbac_enforcer.enforcer [None req-61ec94ee-be48-408d-9cd5-ad9995187e5a None admin] RBAC: Authorizing `identity:get_project(project_id=2861a911315f4015a5f0acf88e72d895)` {{(pid=81832) enforce_call /opt/stack/keystone/keystone/common/rbac_enforcer/enforcer.py:449}}
Sep 08 18:16:19.199819 dv-neutron-856461-3-hyperv devstack@keystone.service[81832]: DEBUG keystone.common.rbac_enforcer.enforcer [None req-61ec94ee-be48-408d-9cd5-ad9995187e5a None admin] RBAC: Authorization granted {{(pid=81832) enforce_call /opt/stack/keystone/keystone/common/rbac_enforcer/enforcer.py:457}}
Sep 08 18:16:19.201527 dv-neutron-856461-3-hyperv devstack@keystone.service[81832]: [pid: 81832|app: 0|req: 98/185] 10.222.0.39 () {56 vars in 1186 bytes} [Thu Sep 8 18:16:18 2022] GET /identity/v3/projects/2861a911315f4015a5f0acf88e72d895 => generated 298 bytes in 300 msecs (HTTP/1.1 200) 5 headers in 177 bytes (1 switches on core 0)
Sep 08 18:16:19.202529 dv-neutron-856461-3-hyperv devstack@keystone.service[81832]: DEBUG keystone.server.flask.request_processing.middleware.auth_context [None req-61ec94ee-be48-408d-9cd5-ad9995187e5a None admin] Authenticating user token {{(pid=81832) process_request /usr/local/lib/python3.8/dist-packages/keystonemiddleware/auth_token/__init__.py:407}}
Sep 08 18:16:19.222672 dv-neutron-856461-3-hyperv devstack@keystone.service[81831]: DEBUG keystone.server.flask.request_processing.middleware.auth_context [None req-51fd3eec-6070-465b-b022-d755fc19826a None None] Validating token access rules against request {{(pid=81831) validate_allowed_request /usr/local/lib/python3.8/dist-packages/keystonemiddleware/auth_token/__init__.py:545}}
Sep 08 18:16:19.297070 dv-neutron-856461-3-hyperv devstack@keystone.service[81831]: DEBUG keystone.server.flask.request_processing.middleware.auth_context [None req-bbc03552-6eee-40d8-8d2f-ac528c49f6d4 None admin] RBAC: auth_context: {'token': , 'domain_id': None, 'trust_id': None, 'trustor_id': None, 'trustee_id': None, 'domain_name': None, 'group_ids': [], 'user_id': '247bd0c2421b43ed99781122cedb0bff', 'user_domain_id': 'default', 'system_scope': 'all', 'project_id': None, 'project_domain_id': None, 'roles': ['admin', 'member', 'reader'], 'is_admin_project': True, 'service_user_id': None, 'service_user_domain_id': None, 'service_project_id': None, 'service_project_domain_id': None, 'service_roles': []} {{(pid=81831) fill_context /opt/stack/keystone/keystone/server/flask/request_processing/middleware/auth_context.py:478}}
Sep 08 18:16:19.297812 dv-neutron-856461-3-hyperv devstack@keystone.service[81831]: DEBUG keystone.server.flask.request_processing.req_logging [None req-bbc03552-6eee-40d8-8d2f-ac528c49f6d4 None admin] REQUEST_METHOD: `GET` {{(pid=81831) log_request_info /opt/stack/keystone/keystone/server/flask/request_processing/req_logging.py:27}}
Sep 08 18:16:19.298208 dv-neutron-856461-3-hyperv devstack@keystone.service[81831]: DEBUG keystone.server.flask.request_processing.req_logging [None req-bbc03552-6eee-40d8-8d2f-ac528c49f6d4 None admin] SCRIPT_NAME: `/identity` {{(pid=81831) log_request_info /opt/stack/keystone/keystone/server/flask/request_processing/req_logging.py:28}}
Sep 08 18:16:19.298482 dv-neutron-856461-3-hyperv devstack@keystone.service[81831]: DEBUG keystone.server.flask.request_processing.req_logging [None req-bbc03552-6eee-40d8-8d2f-ac528c49f6d4 None admin] PATH_INFO: `/v3/roles/admin` {{(pid=81831) log_request_info /opt/stack/keystone/keystone/server/flask/request_processing/req_logging.py:29}}
Sep 08 18:16:19.309892 dv-neutron-856461-3-hyperv devstack@keystone.service[81831]: DEBUG keystone.common.rbac_enforcer.enforcer [None req-bbc03552-6eee-40d8-8d2f-ac528c49f6d4 None admin] Extracting inferred target data resulted in "NOT FOUND (404)". {{(pid=81831) enforce_call /opt/stack/keystone/keystone/common/rbac_enforcer/enforcer.py:409}}
Sep 08 18:16:19.315309 dv-neutron-856461-3-hyperv devstack@keystone.service[81831]: ERROR keystone.server.flask.application [None req-bbc03552-6eee-40d8-8d2f-ac528c49f6d4 None admin] Could not find role: admin.: keystone.exception.RoleNotFound: Could not find role: admin.
Sep 08 18:16:19.315309 dv-neutron-856461-3-hyperv devstack@keystone.service[81831]: ERROR keystone.server.flask.application
Traceback (most recent call last):
Sep 08 18:16:19.315309 dv-neutron-856461-3-hyperv devstack@keystone.service[81831]: ERROR keystone.server.flask.application
File "/usr/local/lib/python3.8/dist-packages/flask/app.py", line 1820, in full_dispatch_request
Sep 08 18:16:19.315309 dv-neutron-856461-3-hyperv devstack@keystone.service[81831]: ERROR keystone.server.flask.application rv = self.dispatch_request()
Sep 08 18:16:19.315309 dv-neutron-856461-3-hyperv devstack@keystone.service[81831]: ERROR keystone.server.flask.application
File "/usr/local/lib/python3.8/dist-packages/flask/app.py", line 1796, in dispatch_request
Sep 08 18:16:19.315309 dv-neutron-856461-3-hyperv devstack@keystone.service[81831]: ERROR keystone.server.flask.application return self.ensure_sync(self.view_functions[rule.endpoint])(**view_args)
Sep 08 18:16:19.315309 dv-neutron-856461-3-hyperv devstack@keystone.service[81831]: ERROR keystone.server.flask.application
File "/usr/local/lib/python3.8/dist-packages/flask_restful/__init__.py", line 467, in wrapper
Sep 08 18:16:19.315309 dv-neutron-856461-3-hyperv devstack@keystone.service[81831]: ERROR keystone.server.flask.application resp = resource(*args, **kwargs)
Sep 08 18:16:19.315309 dv-neutron-856461-3-hyperv devstack@keystone.service[81831]: ERROR keystone.server.flask.application
File "/usr/local/lib/python3.8/dist-packages/flask/views.py", line 107, in view
Sep 08 18:16:19.315309 dv-neutron-856461-3-hyperv devstack@keystone.service[81831]: ERROR keystone.server.flask.application return current_app.ensure_sync(self.dispatch_request)(**kwargs)
Sep 08 18:16:19.315309 dv-neutron-856461-3-hyperv devstack@keystone.service[81831]: ERROR keystone.server.flask.application
File "/usr/local/lib/python3.8/dist-packages/flask_restful/__init__.py", line 582, in dispatch_request
Sep 08 18:16:19.315309 dv-neutron-856461-3-hyperv devstack@keystone.service[81831]: ERROR keystone.server.flask.application resp = meth(*args, **kwargs)
Sep 08 18:16:19.315309 dv-neutron-856461-3-hyperv devstack@keystone.service[81831]: ERROR keystone.server.flask.application
File "/opt/stack/keystone/keystone/api/roles.py", line 50, in get
Sep 08 18:16:19.315309 dv-neutron-856461-3-hyperv devstack@keystone.service[81831]: ERROR keystone.server.flask.application return self._get_role(role_id)
Sep 08 18:16:19.315309 dv-neutron-856461-3-hyperv devstack@keystone.service[81831]: ERROR keystone.server.flask.application
File "/opt/stack/keystone/keystone/api/roles.py", line 70, in _get_role
Sep 08 18:16:19.315309 dv-neutron-856461-3-hyperv devstack@keystone.service[81831]: ERROR keystone.server.flask.application ENFORCER.enforce_call(action='identity:get_role')
Sep 08 18:16:19.316912 dv-neutron-856461-3-hyperv devstack@keystone.service[81831]: ERROR keystone.server.flask.application
File "/opt/stack/keystone/keystone/common/rbac_enforcer/enforcer.py", line 402, in enforce_call
Sep 08 18:16:19.316912 dv-neutron-856461-3-hyperv devstack@keystone.service[81831]: ERROR keystone.server.flask.application policy_dict.update(cls._extract_member_target_data(
Sep 08 18:16:19.316912 dv-neutron-856461-3-hyperv devstack@keystone.service[81831]: ERROR keystone.server.flask.application
File "/opt/stack/keystone/keystone/common/rbac_enforcer/enforcer.py", line 234, in _extract_member_target_data
Sep 08 18:16:19.316912 dv-neutron-856461-3-hyperv devstack@keystone.service[81831]: ERROR keystone.server.flask.application member_name: func(flask.request.view_args[key])
Sep 08 18:16:19.316912 dv-neutron-856461-3-hyperv devstack@keystone.service[81831]: ERROR keystone.server.flask.application
File "/opt/stack/keystone/keystone/common/manager.py", line 115, in wrapped
Sep 08 18:16:19.316912 dv-neutron-856461-3-hyperv devstack@keystone.service[81831]: ERROR keystone.server.flask.application __ret_val = __f(*args, **kwargs)
Sep 08 18:16:19.316912 dv-neutron-856461-3-hyperv devstack@keystone.service[81831]: ERROR keystone.server.flask.application
File "/usr/local/lib/python3.8/dist-packages/decorator.py", line 232, in fun
Sep 08 18:16:19.316912 dv-neutron-856461-3-hyperv devstack@keystone.service[81831]: ERROR keystone.server.flask.application return caller(func, *(extras + args), **kw)
Sep 08 18:16:19.316912 dv-neutron-856461-3-hyperv devstack@keystone.service[81831]: ERROR keystone.server.flask.application
File "/usr/local/lib/python3.8/dist-packages/dogpile/cache/region.py", line 1577, in get_or_create_for_user_func
Sep 08 18:16:19.316912 dv-neutron-856461-3-hyperv devstack@keystone.service[81831]: ERROR keystone.server.flask.application return self.get_or_create(
Sep 08 18:16:19.316912 dv-neutron-856461-3-hyperv devstack@keystone.service[81831]: ERROR keystone.server.flask.application
File "/usr/local/lib/python3.8/dist-packages/dogpile/cache/region.py", line 1042, in get_or_create
Sep 08 18:16:19.316912 dv-neutron-856461-3-hyperv devstack@keystone.service[81831]: ERROR keystone.server.flask.application with Lock(
Sep 08 18:16:19.316912 dv-neutron-856461-3-hyperv devstack@keystone.service[81831]: ERROR keystone.server.flask.application
File "/usr/local/lib/python3.8/dist-packages/dogpile/lock.py", line 185, in __enter__
Sep 08 18:16:19.316912 dv-neutron-856461-3-hyperv devstack@keystone.service[81831]: ERROR keystone.server.flask.application return self._enter()
Sep 08 18:16:19.316912 dv-neutron-856461-3-hyperv devstack@keystone.service[81831]: ERROR keystone.server.flask.application
File "/usr/local/lib/python3.8/dist-packages/dogpile/lock.py", line 94, in _enter
Sep 08 18:16:19.316912 dv-neutron-856461-3-hyperv devstack@keystone.service[81831]: ERROR keystone.server.flask.application generated = self._enter_create(value, createdtime)
Sep 08 18:16:19.318441 dv-neutron-856461-3-hyperv devstack@keystone.service[81831]: ERROR keystone.server.flask.application
File "/usr/local/lib/python3.8/dist-packages/dogpile/lock.py", line 178, in _enter_create
Sep 08 18:16:19.318441 dv-neutron-856461-3-hyperv devstack@keystone.service[81831]: ERROR keystone.server.flask.application return self.creator()
Sep 08 18:16:19.318441 dv-neutron-856461-3-hyperv devstack@keystone.service[81831]: ERROR keystone.server.flask.application
File "/usr/local/lib/python3.8/dist-packages/dogpile/cache/region.py", line 995, in gen_value
Sep 08 18:16:19.318441 dv-neutron-856461-3-hyperv devstack@keystone.service[81831]: ERROR keystone.server.flask.application created_value = creator(
Sep 08 18:16:19.318441 dv-neutron-856461-3-hyperv devstack@keystone.service[81831]: ERROR keystone.server.flask.application
File "/opt/stack/keystone/keystone/assignment/core.py", line 1276, in get_role
Sep 08 18:16:19.318441 dv-neutron-856461-3-hyperv devstack@keystone.service[81831]: ERROR keystone.server.flask.application return self.driver.get_role(role_id)
Sep 08 18:16:19.318441 dv-neutron-856461-3-hyperv devstack@keystone.service[81831]: ERROR keystone.server.flask.application
File "/opt/stack/keystone/keystone/assignment/role_backends/sql.py", line 70, in get_role
Sep 08 18:16:19.318441 dv-neutron-856461-3-hyperv devstack@keystone.service[81831]: ERROR keystone.server.flask.application return self._get_role(session, role_id).to_dict()
Sep 08 18:16:19.318441 dv-neutron-856461-3-hyperv devstack@keystone.service[81831]: ERROR keystone.server.flask.application
File "/opt/stack/keystone/keystone/assignment/role_backends/sql.py", line 65, in _get_role
Sep 08 18:16:19.318441 dv-neutron-856461-3-hyperv devstack@keystone.service[81831]: ERROR keystone.server.flask.application raise exception.RoleNotFound(role_id=role_id)
Sep 08 18:16:19.318441 dv-neutron-856461-3-hyperv devstack@keystone.service[81831]: ERROR keystone.server.flask.application keystone.exception.RoleNotFound: Could not find role: admin.
Sep 08 18:16:19.318441 dv-neutron-856461-3-hyperv devstack@keystone.service[81831]: ERROR keystone.server.flask.application
Sep 08 18:16:19.319056 dv-neutron-856461-3-hyperv devstack@keystone.service[81832]: DEBUG dbcounter [-] [81832] Writing DB stats keystone:SELECT=100 {{(pid=81832) stat_writer /usr/local/lib/python3.8/dist-packages/dbcounter.py:114}}
Sep 08 18:16:19.319126 dv-neutron-856461-3-hyperv devstack@keystone.service[81831]: [pid: 81831|app: 0|req: 88/186] 10.222.0.39 () {56 vars in 1096 bytes} [Thu Sep 8 18:16:19 2022] GET /identity/v3/roles/admin => generated 83 bytes in 315 msecs (HTTP/1.1 404) 5 headers in 183 bytes (1 switches on core 0)
Sep 08 18:16:19.321346 dv-neutron-856461-3-hyperv devstack@keystone.service[81831]: DEBUG keystone.server.flask.request_processing.middleware.auth_context [None req-bbc03552-6eee-40d8-8d2f-ac528c49f6d4 None admin] Authenticating user token {{(pid=81831) process_request /usr/local/lib/python3.8/dist-packages/keystonemiddleware/auth_token/__init__.py:407}}
Sep 08 18:16:19.349974 dv-neutron-856461-3-hyperv devstack@keystone.service[81832]: DEBUG keystone.server.flask.request_processing.middleware.auth_context [None req-61ec94ee-be48-408d-9cd5-ad9995187e5a None admin] Validating token access rules against request {{(pid=81832) validate_allowed_request /usr/local/lib/python3.8/dist-packages/keystonemiddleware/auth_token/__init__.py:545}}
Sep 08 18:16:19.365673 dv-neutron-856461-3-hyperv devstack@keystone.service[81831]: DEBUG dbcounter [-] [81831] Writing DB stats keystone:SELECT=100 {{(pid=81831) stat_writer /usr/local/lib/python3.8/dist-packages/dbcounter.py:114}}
Sep 08 18:16:19.390018 dv-neutron-856461-3-hyperv devstack@keystone.service[81832]: DEBUG keystone.server.flask.request_processing.middleware.auth_context [None req-51010d9e-a905-4820-be30-5dc81a3243a4 None admin] RBAC: auth_context: {'token': , 'domain_id': None, 'trust_id': None, 'trustor_id': None, 'trustee_id': None, 'domain_name': None, 'group_ids': [], 'user_id': '247bd0c2421b43ed99781122cedb0bff', 'user_domain_id': 'default', 'system_scope': 'all', 'project_id': None, 'project_domain_id': None, 'roles': ['admin', 'member', 'reader'], 'is_admin_project': True, 'service_user_id': None, 'service_user_domain_id': None, 'service_project_id': None, 'service_project_domain_id': None, 'service_roles': []} {{(pid=81832) fill_context /opt/stack/keystone/keystone/server/flask/request_processing/middleware/auth_context.py:478}}
Sep 08 18:16:19.390705 dv-neutron-856461-3-hyperv devstack@keystone.service[81832]: DEBUG keystone.server.flask.request_processing.req_logging [None req-51010d9e-a905-4820-be30-5dc81a3243a4 None admin] REQUEST_METHOD: `GET` {{(pid=81832) log_request_info /opt/stack/keystone/keystone/server/flask/request_processing/req_logging.py:27}}
Sep 08 18:16:19.390997 dv-neutron-856461-3-hyperv devstack@keystone.service[81832]: DEBUG keystone.server.flask.request_processing.req_logging [None req-51010d9e-a905-4820-be30-5dc81a3243a4 None admin] SCRIPT_NAME: `/identity` {{(pid=81832) log_request_info /opt/stack/keystone/keystone/server/flask/request_processing/req_logging.py:28}}
