Sep 09 07:58:16.801562 dv-neutron-856411-3-hyperv devstack@placement-api.service[119361]: DEBUG dbcounter [-] [119361] Writing DB stats placement:SELECT=51,placement:INSERT=4,placement:DELETE=4,placement:UPDATE=2 {{(pid=119361) stat_writer /usr/local/lib/python3.8/dist-packages/dbcounter.py:114}}
Sep 09 07:58:16.809264 dv-neutron-856411-3-hyperv devstack@placement-api.service[119361]: INFO placement.requestlog [req-0ab7dea2-b259-4aaa-a8fc-f638274156dd req-20dc6620-6ebb-41e3-9aaf-44f797e759ac service placement] 10.222.0.33 "GET /placement/allocations/9ad225ac-9836-4aa2-a26d-210fcc649d16" status: 200 len: 19 microversion: 1.28
Sep 09 07:58:16.809626 dv-neutron-856411-3-hyperv devstack@placement-api.service[119361]: [pid: 119361|app: 0|req: 217/431] 10.222.0.33 () {60 vars in 1380 bytes} [Fri Sep 9 07:58:16 2022] GET /placement/allocations/9ad225ac-9836-4aa2-a26d-210fcc649d16 => generated 19 bytes in 16 msecs (HTTP/1.1 200) 8 headers in 295 bytes (1 switches on core 0)
Sep 09 07:58:16.817839 dv-neutron-856411-3-hyperv devstack@placement-api.service[119360]: DEBUG placement.requestlog [req-0ab7dea2-b259-4aaa-a8fc-f638274156dd req-0f6b7914-f074-46f0-acd7-9b10213563d9 None None] Starting request: 10.222.0.33 "PUT /placement/allocations/9ad225ac-9836-4aa2-a26d-210fcc649d16" {{(pid=119360) __call__ /opt/stack/placement/placement/requestlog.py:55}}
Sep 09 07:58:16.883905 dv-neutron-856411-3-hyperv devstack@placement-api.service[119360]: DEBUG placement.handlers.allocation [req-0ab7dea2-b259-4aaa-a8fc-f638274156dd req-0f6b7914-f074-46f0-acd7-9b10213563d9 service placement] Successfully wrote allocations [, , ] {{(pid=119360) _update_consumers_and_create_allocations /opt/stack/placement/placement/handlers/allocation.py:462}}
Sep 09 07:58:16.888118 dv-neutron-856411-3-hyperv devstack@placement-api.service[119360]: INFO placement.requestlog [req-0ab7dea2-b259-4aaa-a8fc-f638274156dd req-0f6b7914-f074-46f0-acd7-9b10213563d9 service placement] 10.222.0.33 "PUT /placement/allocations/9ad225ac-9836-4aa2-a26d-210fcc649d16" status: 204 len: 0 microversion: 1.36
Sep 09 07:58:16.888600 dv-neutron-856411-3-hyperv devstack@placement-api.service[119360]: [pid: 119360|app: 0|req: 215/432] 10.222.0.33 () {64 vars in 1433 bytes} [Fri Sep 9 07:58:16 2022] PUT /placement/allocations/9ad225ac-9836-4aa2-a26d-210fcc649d16 => generated 0 bytes in 72 msecs (HTTP/1.1 204) 5 headers in 199 bytes (2 switches on core 0)
Sep 09 07:58:17.172180 dv-neutron-856411-3-hyperv devstack@placement-api.service[119361]: DEBUG placement.requestlog [req-0ab7dea2-b259-4aaa-a8fc-f638274156dd req-16c8ade0-a6b5-4f4d-a564-c6b473f67d8c None None] Starting request: 10.222.0.18 "GET /placement/allocations/9ad225ac-9836-4aa2-a26d-210fcc649d16" {{(pid=119361) __call__ /opt/stack/placement/placement/requestlog.py:55}}
Sep 09 07:58:17.188263 dv-neutron-856411-3-hyperv devstack@placement-api.service[119361]: INFO placement.requestlog [req-0ab7dea2-b259-4aaa-a8fc-f638274156dd req-16c8ade0-a6b5-4f4d-a564-c6b473f67d8c service placement] 10.222.0.18 "GET /placement/allocations/9ad225ac-9836-4aa2-a26d-210fcc649d16" status: 200 len: 259 microversion: 1.28
Sep 09 07:58:17.188629 dv-neutron-856411-3-hyperv devstack@placement-api.service[119361]: [pid: 119361|app: 0|req: 218/433] 10.222.0.18 () {60 vars in 1377 bytes} [Fri Sep 9 07:58:17 2022] GET /placement/allocations/9ad225ac-9836-4aa2-a26d-210fcc649d16 => generated 259 bytes in 17 msecs (HTTP/1.1 200) 8 headers in 296 bytes (1 switches on core 0)
Sep 09 07:58:17.336592 dv-neutron-856411-3-hyperv devstack@placement-api.service[119360]: DEBUG placement.requestlog [req-0ab7dea2-b259-4aaa-a8fc-f638274156dd req-eb85b7bc-0d16-4ed3-bcc7-67b8c7b39c1a None None] Starting request: 10.222.0.18 "GET /placement/resource_providers/d3a21aa9-0fcb-4561-bffe-a145baf30e7f/allocations" {{(pid=119360) __call__ /opt/stack/placement/placement/requestlog.py:55}}
Sep 09 07:58:17.360667 dv-neutron-856411-3-hyperv devstack@placement-api.service[119360]: INFO placement.requestlog [req-0ab7dea2-b259-4aaa-a8fc-f638274156dd req-eb85b7bc-0d16-4ed3-bcc7-67b8c7b39c1a service placement] 10.222.0.18 "GET /placement/resource_providers/d3a21aa9-0fcb-4561-bffe-a145baf30e7f/allocations" status: 200 len: 154 microversion: 1.0
Sep 09 07:58:17.361032 dv-neutron-856411-3-hyperv devstack@placement-api.service[119360]: [pid: 119360|app: 0|req: 216/434] 10.222.0.18 () {58 vars in 1390 bytes} [Fri Sep 9 07:58:17 2022] GET /placement/resource_providers/d3a21aa9-0fcb-4561-bffe-a145baf30e7f/allocations => generated 154 bytes in 25 msecs (HTTP/1.1 200) 6 headers in 224 bytes (1 switches on core 0)
Sep 09 07:58:17.368027 dv-neutron-856411-3-hyperv devstack@placement-api.service[119361]: DEBUG placement.requestlog [req-0ab7dea2-b259-4aaa-a8fc-f638274156dd req-abd1b6c7-a03c-4147-ab6b-649474685e3f None None] Starting request: 10.222.0.18 "GET /placement/allocations/9ad225ac-9836-4aa2-a26d-210fcc649d16" {{(pid=119361) __call__ /opt/stack/placement/placement/requestlog.py:55}}
Sep 09 07:58:17.383055 dv-neutron-856411-3-hyperv devstack@placement-api.service[119361]: INFO placement.requestlog [req-0ab7dea2-b259-4aaa-a8fc-f638274156dd req-abd1b6c7-a03c-4147-ab6b-649474685e3f service placement] 10.222.0.18 "GET /placement/allocations/9ad225ac-9836-4aa2-a26d-210fcc649d16" status: 200 len: 259 microversion: 1.28
Sep 09 07:58:17.383486 dv-neutron-856411-3-hyperv devstack@placement-api.service[119361]: [pid: 119361|app: 0|req: 219/435] 10.222.0.18 () {60 vars in 1377 bytes} [Fri Sep 9 07:58:17 2022] GET /placement/allocations/9ad225ac-9836-4aa2-a26d-210fcc649d16 => generated 259 bytes in 16 msecs (HTTP/1.1 200) 8 headers in 296 bytes (2 switches on core 0)
Sep 09 07:58:27.358561 dv-neutron-856411-3-hyperv devstack@placement-api.service[119360]: DEBUG dbcounter [-] [119360] Writing DB stats placement:SELECT=30,placement:INSERT=4,placement:DELETE=2,placement:UPDATE=2 {{(pid=119360) stat_writer /usr/local/lib/python3.8/dist-packages/dbcounter.py:114}}
Sep 09 07:58:27.380588 dv-neutron-856411-3-hyperv devstack@placement-api.service[119361]: DEBUG dbcounter [-] [119361] Writing DB stats placement:SELECT=9 {{(pid=119361) stat_writer /usr/local/lib/python3.8/dist-packages/dbcounter.py:114}}
Sep 09 07:58:36.955265 dv-neutron-856411-3-hyperv devstack@placement-api.service[119360]: DEBUG placement.requestlog [req-ea89604f-9dcf-4265-b950-9958fa225846 req-1dbdbe14-2acb-40c4-9a57-2dd59b0be40b None None] Starting request: 10.222.0.18 "GET /placement/resource_providers/d3a21aa9-0fcb-4561-bffe-a145baf30e7f/allocations" {{(pid=119360) __call__ /opt/stack/placement/placement/requestlog.py:55}}
Sep 09 07:58:36.974478 dv-neutron-856411-3-hyperv devstack@placement-api.service[119360]: INFO placement.requestlog [req-ea89604f-9dcf-4265-b950-9958fa225846 req-1dbdbe14-2acb-40c4-9a57-2dd59b0be40b service placement] 10.222.0.18 "GET /placement/resource_providers/d3a21aa9-0fcb-4561-bffe-a145baf30e7f/allocations" status: 200 len: 154 microversion: 1.0
Sep 09 07:58:36.974833 dv-neutron-856411-3-hyperv devstack@placement-api.service[119360]: [pid: 119360|app: 0|req: 217/436] 10.222.0.18 () {58 vars in 1390 bytes} [Fri Sep 9 07:58:36 2022] GET /placement/resource_providers/d3a21aa9-0fcb-4561-bffe-a145baf30e7f/allocations => generated 154 bytes in 20 msecs (HTTP/1.1 200) 6 headers in 224 bytes (1 switches on core 0)
Sep 09 07:58:37.011847 dv-neutron-856411-3-hyperv devstack@placement-api.service[119361]: DEBUG placement.requestlog [req-ea89604f-9dcf-4265-b950-9958fa225846 req-d15db99e-c24c-4993-b7bb-25a5ebfb25a7 None None] Starting request: 10.222.0.18 "GET /placement/resource_providers/d3a21aa9-0fcb-4561-bffe-a145baf30e7f/allocations" {{(pid=119361) __call__ /opt/stack/placement/placement/requestlog.py:55}}
Sep 09 07:58:37.031702 dv-neutron-856411-3-hyperv devstack@placement-api.service[119361]: INFO placement.requestlog [req-ea89604f-9dcf-4265-b950-9958fa225846 req-d15db99e-c24c-4993-b7bb-25a5ebfb25a7 service placement] 10.222.0.18 "GET /placement/resource_providers/d3a21aa9-0fcb-4561-bffe-a145baf30e7f/allocations" status: 200 len: 154 microversion: 1.0
Sep 09 07:58:37.032200 dv-neutron-856411-3-hyperv devstack@placement-api.service[119361]: [pid: 119361|app: 0|req: 220/437] 10.222.0.18 () {58 vars in 1390 bytes} [Fri Sep 9 07:58:37 2022] GET /placement/resource_providers/d3a21aa9-0fcb-4561-bffe-a145baf30e7f/allocations => generated 154 bytes in 21 msecs (HTTP/1.1 200) 6 headers in 224 bytes (1 switches on core 0)
Sep 09 07:58:37.039344 dv-neutron-856411-3-hyperv devstack@placement-api.service[119360]: DEBUG placement.requestlog [req-ea89604f-9dcf-4265-b950-9958fa225846 req-347cebc1-2829-43b9-9d5f-9689b5637497 None None] Starting request: 10.222.0.18 "GET /placement/allocations/9ad225ac-9836-4aa2-a26d-210fcc649d16" {{(pid=119360) __call__ /opt/stack/placement/placement/requestlog.py:55}}
Sep 09 07:58:37.055775 dv-neutron-856411-3-hyperv devstack@placement-api.service[119360]: INFO placement.requestlog [req-ea89604f-9dcf-4265-b950-9958fa225846 req-347cebc1-2829-43b9-9d5f-9689b5637497 service placement] 10.222.0.18 "GET /placement/allocations/9ad225ac-9836-4aa2-a26d-210fcc649d16" status: 200 len: 259 microversion: 1.28
Sep 09 07:58:37.056150 dv-neutron-856411-3-hyperv devstack@placement-api.service[119360]: [pid: 119360|app: 0|req: 218/438] 10.222.0.18 () {60 vars in 1377 bytes} [Fri Sep 9 07:58:37 2022] GET /placement/allocations/9ad225ac-9836-4aa2-a26d-210fcc649d16 => generated 259 bytes in 17 msecs (HTTP/1.1 200) 8 headers in 296 bytes (1 switches on core 0)
Sep 09 07:58:47.029106 dv-neutron-856411-3-hyperv devstack@placement-api.service[119361]: DEBUG dbcounter [-] [119361] Writing DB stats placement:SELECT=6 {{(pid=119361) stat_writer /usr/local/lib/python3.8/dist-packages/dbcounter.py:114}}
Sep 09 07:58:47.052794 dv-neutron-856411-3-hyperv devstack@placement-api.service[119360]: DEBUG dbcounter [-] [119360] Writing DB stats placement:SELECT=10 {{(pid=119360) stat_writer /usr/local/lib/python3.8/dist-packages/dbcounter.py:114}}
Sep 09 07:59:06.221905 dv-neutron-856411-3-hyperv devstack@placement-api.service[119361]: DEBUG placement.requestlog [req-3c60326c-04c1-4ac4-b9ff-0455de109a2c req-92b96f17-37f0-4caf-bb45-bbdf0eeaf14e None None] Starting request: 10.222.0.18 "GET /placement/resource_providers/d3a21aa9-0fcb-4561-bffe-a145baf30e7f/allocations" {{(pid=119361) __call__ /opt/stack/placement/placement/requestlog.py:55}}
Sep 09 07:59:06.242022 dv-neutron-856411-3-hyperv devstack@placement-api.service[119361]: INFO placement.requestlog [req-3c60326c-04c1-4ac4-b9ff-0455de109a2c req-92b96f17-37f0-4caf-bb45-bbdf0eeaf14e service placement] 10.222.0.18 "GET /placement/resource_providers/d3a21aa9-0fcb-4561-bffe-a145baf30e7f/allocations" status: 200 len: 154 microversion: 1.0
Sep 09 07:59:06.242365 dv-neutron-856411-3-hyperv devstack@placement-api.service[119361]: [pid: 119361|app: 0|req: 221/439] 10.222.0.18 () {58 vars in 1390 bytes} [Fri Sep 9 07:59:06 2022] GET /placement/resource_providers/d3a21aa9-0fcb-4561-bffe-a145baf30e7f/allocations => generated 154 bytes in 21 msecs (HTTP/1.1 200) 6 headers in 224 bytes (1 switches on core 0)
Sep 09 07:59:06.249190 dv-neutron-856411-3-hyperv devstack@placement-api.service[119360]: DEBUG placement.requestlog [req-3c60326c-04c1-4ac4-b9ff-0455de109a2c req-21b2c587-56a0-47c3-beb7-08d1d54f94c1 None None] Starting request: 10.222.0.18 "GET /placement/allocations/9ad225ac-9836-4aa2-a26d-210fcc649d16" {{(pid=119360) __call__ /opt/stack/placement/placement/requestlog.py:55}}
Sep 09 07:59:06.266456 dv-neutron-856411-3-hyperv devstack@placement-api.service[119360]: INFO placement.requestlog [req-3c60326c-04c1-4ac4-b9ff-0455de109a2c req-21b2c587-56a0-47c3-beb7-08d1d54f94c1 service placement] 10.222.0.18 "GET /placement/allocations/9ad225ac-9836-4aa2-a26d-210fcc649d16" status: 200 len: 259 microversion: 1.28
Sep 09 07:59:06.266750 dv-neutron-856411-3-hyperv devstack@placement-api.service[119360]: [pid: 119360|app: 0|req: 219/440] 10.222.0.18 () {60 vars in 1377 bytes} [Fri Sep 9 07:59:06 2022] GET /placement/allocations/9ad225ac-9836-4aa2-a26d-210fcc649d16 => generated 259 bytes in 18 msecs (HTTP/1.1 200) 8 headers in 296 bytes (1 switches on core 0)
Sep 09 07:59:06.472865 dv-neutron-856411-3-hyperv devstack@placement-api.service[119361]: DEBUG placement.requestlog [req-3c60326c-04c1-4ac4-b9ff-0455de109a2c req-28501974-a483-4fd6-a701-9f2346860f1c None None] Starting request: 10.222.0.18 "DELETE /placement/allocations/9ad225ac-9836-4aa2-a26d-210fcc649d16" {{(pid=119361) __call__ /opt/stack/placement/placement/requestlog.py:55}}
Sep 09 07:59:06.501794 dv-neutron-856411-3-hyperv devstack@placement-api.service[119361]: DEBUG placement.handlers.allocation [req-3c60326c-04c1-4ac4-b9ff-0455de109a2c req-28501974-a483-4fd6-a701-9f2346860f1c service placement] Successfully deleted allocations [, , ] {{(pid=119361) delete_allocations /opt/stack/placement/placement/handlers/allocation.py:627}}
Sep 09 07:59:06.502338 dv-neutron-856411-3-hyperv devstack@placement-api.service[119361]: INFO placement.requestlog [req-3c60326c-04c1-4ac4-b9ff-0455de109a2c req-28501974-a483-4fd6-a701-9f2346860f1c service placement] 10.222.0.18 "DELETE /placement/allocations/9ad225ac-9836-4aa2-a26d-210fcc649d16" status: 204 len: 0 microversion: 1.0
Sep 09 07:59:06.502715 dv-neutron-856411-3-hyperv devstack@placement-api.service[119361]: [pid: 119361|app: 0|req: 222/441] 10.222.0.18 () {60 vars in 1355 bytes} [Fri Sep 9 07:59:06 2022] DELETE /placement/allocations/9ad225ac-9836-4aa2-a26d-210fcc649d16 => generated 0 bytes in 30 msecs (HTTP/1.1 204) 5 headers in 198 bytes (2 switches on core 0)
Sep 09 07:59:09.851545 dv-neutron-856411-3-hyperv devstack@placement-api.service[119360]: DEBUG placement.requestlog [None req-46d7cfcc-0355-4b75-b74e-76ccbb72afe5 None None] Starting request: 10.222.0.33 "GET /placement/resource_providers/cb7ee1b5-c7d9-4c33-a64b-339139b9bbbf/aggregates" {{(pid=119360) __call__ /opt/stack/placement/placement/requestlog.py:55}}
Sep 09 07:59:09.912532 dv-neutron-856411-3-hyperv devstack@placement-api.service[119360]: INFO placement.requestlog [None req-46d7cfcc-0355-4b75-b74e-76ccbb72afe5 service placement] 10.222.0.33 "GET /placement/resource_providers/cb7ee1b5-c7d9-4c33-a64b-339139b9bbbf/aggregates" status: 404 len: 235 microversion: 1.1
Sep 09 07:59:09.913813 dv-neutron-856411-3-hyperv devstack@placement-api.service[119360]: [pid: 119360|app: 0|req: 220/442] 10.222.0.33 () {58 vars in 1362 bytes} [Fri Sep 9 07:59:09 2022] GET /placement/resource_providers/cb7ee1b5-c7d9-4c33-a64b-339139b9bbbf/aggregates => generated 235 bytes in 62 msecs (HTTP/1.1 404) 5 headers in 202 bytes (1 switches on core 0)
Sep 09 07:59:09.936057 dv-neutron-856411-3-hyperv devstack@placement-api.service[119361]: DEBUG placement.requestlog [None req-8cdd01ac-9357-4514-8f82-c262fd3243bc None None] Starting request: 10.222.0.33 "DELETE /placement/resource_providers/cb7ee1b5-c7d9-4c33-a64b-339139b9bbbf" {{(pid=119361) __call__ /opt/stack/placement/placement/requestlog.py:55}}
Sep 09 07:59:09.949826 dv-neutron-856411-3-hyperv devstack@placement-api.service[119361]: DEBUG placement.wsgi_wrapper [None req-8cdd01ac-9357-4514-8f82-c262fd3243bc service placement] Placement API returning an error response: No resource provider with uuid cb7ee1b5-c7d9-4c33-a64b-339139b9bbbf found for delete {{(pid=119361) call_func /opt/stack/placement/placement/wsgi_wrapper.py:31}}
Sep 09 07:59:09.950654 dv-neutron-856411-3-hyperv devstack@placement-api.service[119361]: INFO placement.requestlog [None req-8cdd01ac-9357-4514-8f82-c262fd3243bc service placement] 10.222.0.33 "DELETE /placement/resource_providers/cb7ee1b5-c7d9-4c33-a64b-339139b9bbbf" status: 404 len: 246 microversion: 1.1
Sep 09 07:59:09.951002 dv-neutron-856411-3-hyperv devstack@placement-api.service[119361]: [pid: 119361|app: 0|req: 223/443] 10.222.0.33 () {60 vars in 1351 bytes} [Fri Sep 9 07:59:09 2022] DELETE /placement/resource_providers/cb7ee1b5-c7d9-4c33-a64b-339139b9bbbf => generated 246 bytes in 17 msecs (HTTP/1.1 404) 6 headers in 231 bytes (1 switches on core 0)
Sep 09 07:59:16.764332 dv-neutron-856411-3-hyperv devstack@placement-api.service[119360]: DEBUG placement.requestlog [req-1e0685c9-09af-48f9-a20d-1cf5d944c0c4 req-0ebcba63-ccea-42f4-ac2a-ef9ddfd85a25 None None] Starting request: 10.222.0.33 "GET /placement/allocation_candidates?limit=1000&resources=DISK_GB%3A1%2CMEMORY_MB%3A1024%2CVCPU%3A1&root_required=%21COMPUTE_STATUS_DISABLED" {{(pid=119360) __call__ /opt/stack/placement/placement/requestlog.py:55}}
Sep 09 07:59:16.818345 dv-neutron-856411-3-hyperv devstack@placement-api.service[119360]: DEBUG placement.objects.research_context [req-1e0685c9-09af-48f9-a20d-1cf5d944c0c4 req-0ebcba63-ccea-42f4-ac2a-ef9ddfd85a25 service placement] getting providers with 1 DISK_GB {{(pid=119360) __init__ /opt/stack/placement/placement/objects/research_context.py:136}}
Sep 09 07:59:16.825730 dv-neutron-856411-3-hyperv devstack@placement-api.service[119360]: DEBUG placement.objects.research_context [req-1e0685c9-09af-48f9-a20d-1cf5d944c0c4 req-0ebcba63-ccea-42f4-ac2a-ef9ddfd85a25 service placement] getting providers with 1024 MEMORY_MB {{(pid=119360) __init__ /opt/stack/placement/placement/objects/research_context.py:136}}
Sep 09 07:59:16.831176 dv-neutron-856411-3-hyperv devstack@placement-api.service[119360]: DEBUG placement.objects.research_context [req-1e0685c9-09af-48f9-a20d-1cf5d944c0c4 req-0ebcba63-ccea-42f4-ac2a-ef9ddfd85a25 service placement] getting providers with 1 VCPU {{(pid=119360) __init__ /opt/stack/placement/placement/objects/research_context.py:136}}
Sep 09 07:59:16.837481 dv-neutron-856411-3-hyperv devstack@placement-api.service[119360]: DEBUG placement.objects.research_context [req-1e0685c9-09af-48f9-a20d-1cf5d944c0c4 req-0ebcba63-ccea-42f4-ac2a-ef9ddfd85a25 service placement] found 1 providers with available 1 DISK_GB {{(pid=119360) get_provider_ids_matching /opt/stack/placement/placement/objects/research_context.py:563}}
Sep 09 07:59:16.837754 dv-neutron-856411-3-hyperv devstack@placement-api.service[119360]: DEBUG placement.objects.research_context [req-1e0685c9-09af-48f9-a20d-1cf5d944c0c4 req-0ebcba63-ccea-42f4-ac2a-ef9ddfd85a25 service placement] found 1 providers with available 1024 MEMORY_MB {{(pid=119360) get_provider_ids_matching /opt/stack/placement/placement/objects/research_context.py:563}}
Sep 09 07:59:16.838028 dv-neutron-856411-3-hyperv devstack@placement-api.service[119360]: DEBUG placement.objects.research_context [req-1e0685c9-09af-48f9-a20d-1cf5d944c0c4 req-0ebcba63-ccea-42f4-ac2a-ef9ddfd85a25 service placement] found 1 providers after filtering by previous result {{(pid=119360) get_provider_ids_matching /opt/stack/placement/placement/objects/research_context.py:594}}
Sep 09 07:59:16.838284 dv-neutron-856411-3-hyperv devstack@placement-api.service[119360]: DEBUG placement.objects.research_context [req-1e0685c9-09af-48f9-a20d-1cf5d944c0c4 req-0ebcba63-ccea-42f4-ac2a-ef9ddfd85a25 service placement] found 1 providers with available 1 VCPU {{(pid=119360) get_provider_ids_matching /opt/stack/placement/placement/objects/research_context.py:563}}
Sep 09 07:59:16.838732 dv-neutron-856411-3-hyperv devstack@placement-api.service[119360]: DEBUG placement.objects.research_context [req-1e0685c9-09af-48f9-a20d-1cf5d944c0c4 req-0ebcba63-ccea-42f4-ac2a-ef9ddfd85a25 service placement] found 1 providers after filtering by previous result {{(pid=119360) get_provider_ids_matching /opt/stack/placement/placement/objects/research_context.py:594}}
Sep 09 07:59:16.849227 dv-neutron-856411-3-hyperv devstack@placement-api.service[119360]: DEBUG placement.objects.allocation_candidate [req-1e0685c9-09af-48f9-a20d-1cf5d944c0c4 req-0ebcba63-ccea-42f4-ac2a-ef9ddfd85a25 service placement] RequestGroup(use_same_provider=False, resources={DISK_GB:1, MEMORY_MB:1024, VCPU:1}, traits=(), aggregates=[]) (suffix '') returned 1 matches {{(pid=119360) _get_by_requests /opt/stack/placement/placement/objects/allocation_candidate.py:156}}
Sep 09 07:59:16.849572 dv-neutron-856411-3-hyperv devstack@placement-api.service[119360]: DEBUG placement.objects.allocation_candidate [req-1e0685c9-09af-48f9-a20d-1cf5d944c0c4 req-0ebcba63-ccea-42f4-ac2a-ef9ddfd85a25 service placement] Merging candidates yields 1 allocation requests and 1 provider summaries {{(pid=119360) _merge_candidates /opt/stack/placement/placement/objects/allocation_candidate.py:809}}
Sep 09 07:59:16.851041 dv-neutron-856411-3-hyperv devstack@placement-api.service[119360]: INFO placement.requestlog [req-1e0685c9-09af-48f9-a20d-1cf5d944c0c4 req-0ebcba63-ccea-42f4-ac2a-ef9ddfd85a25 service placement] 10.222.0.33 "GET /placement/allocation_candidates?limit=1000&resources=DISK_GB%3A1%2CMEMORY_MB%3A1024%2CVCPU%3A1&root_required=%21COMPUTE_STATUS_DISABLED" status: 200 len: 764 microversion: 1.36
Sep 09 07:59:16.851411 dv-neutron-856411-3-hyperv devstack@placement-api.service[119360]: [pid: 119360|app: 0|req: 221/444] 10.222.0.33 () {60 vars in 1506 bytes} [Fri Sep 9 07:59:16 2022] GET /placement/allocation_candidates?limit=1000&resources=DISK_GB%3A1%2CMEMORY_MB%3A1024%2CVCPU%3A1&root_required=%21COMPUTE_STATUS_DISABLED => generated 764 bytes in 87 msecs (HTTP/1.1 200) 8 headers in 296 bytes (1 switches on core 0)
Sep 09 07:59:16.887980 dv-neutron-856411-3-hyperv devstack@placement-api.service[119361]: DEBUG placement.requestlog [req-1e0685c9-09af-48f9-a20d-1cf5d944c0c4 req-f82e3e2e-f004-412e-8eb1-08c4aa437cc1 None None] Starting request: 10.222.0.33 "GET /placement/allocations/3f234f26-8654-4f20-b0bf-dcf5b663d234" {{(pid=119361) __call__ /opt/stack/placement/placement/requestlog.py:55}}
Sep 09 07:59:16.899440 dv-neutron-856411-3-hyperv devstack@placement-api.service[119361]: INFO placement.requestlog [req-1e0685c9-09af-48f9-a20d-1cf5d944c0c4 req-f82e3e2e-f004-412e-8eb1-08c4aa437cc1 service placement] 10.222.0.33 "GET /placement/allocations/3f234f26-8654-4f20-b0bf-dcf5b663d234" status: 200 len: 19 microversion: 1.28
Sep 09 07:59:16.899806 dv-neutron-856411-3-hyperv devstack@placement-api.service[119361]: [pid: 119361|app: 0|req: 224/445] 10.222.0.33 () {60 vars in 1380 bytes} [Fri Sep 9 07:59:16 2022] GET /placement/allocations/3f234f26-8654-4f20-b0bf-dcf5b663d234 => generated 19 bytes in 12 msecs (HTTP/1.1 200) 8 headers in 295 bytes (1 switches on core 0)
Sep 09 07:59:16.905627 dv-neutron-856411-3-hyperv devstack@placement-api.service[119360]: DEBUG placement.requestlog [req-1e0685c9-09af-48f9-a20d-1cf5d944c0c4 req-040320f7-242a-4acf-b162-274663160714 None None] Starting request: 10.222.0.33 "PUT /placement/allocations/3f234f26-8654-4f20-b0bf-dcf5b663d234" {{(pid=119360) __call__ /opt/stack/placement/placement/requestlog.py:55}}
Sep 09 07:59:16.968728 dv-neutron-856411-3-hyperv devstack@placement-api.service[119360]: DEBUG placement.handlers.allocation [req-1e0685c9-09af-48f9-a20d-1cf5d944c0c4 req-040320f7-242a-4acf-b162-274663160714 service placement] Successfully wrote allocations [, , ] {{(pid=119360) _update_consumers_and_create_allocations /opt/stack/placement/placement/handlers/allocation.py:462}}
Sep 09 07:59:16.972320 dv-neutron-856411-3-hyperv devstack@placement-api.service[119360]: INFO placement.requestlog [req-1e0685c9-09af-48f9-a20d-1cf5d944c0c4 req-040320f7-242a-4acf-b162-274663160714 service placement] 10.222.0.33 "PUT /placement/allocations/3f234f26-8654-4f20-b0bf-dcf5b663d234" status: 204 len: 0 microversion: 1.36
Sep 09 07:59:16.973142 dv-neutron-856411-3-hyperv devstack@placement-api.service[119360]: [pid: 119360|app: 0|req: 222/446] 10.222.0.33 () {64 vars in 1433 bytes} [Fri Sep 9 07:59:16 2022] PUT /placement/allocations/3f234f26-8654-4f20-b0bf-dcf5b663d234 => generated 0 bytes in 68 msecs (HTTP/1.1 204) 5 headers in 199 bytes (1 switches on core 0)
Sep 09 07:59:17.280819 dv-neutron-856411-3-hyperv devstack@placement-api.service[119361]: DEBUG placement.requestlog [req-1e0685c9-09af-48f9-a20d-1cf5d944c0c4 req-cb31f8e7-363a-4e88-9ad6-928966b62b48 None None] Starting request: 10.222.0.18 "GET /placement/allocations/3f234f26-8654-4f20-b0bf-dcf5b663d234" {{(pid=119361) __call__ /opt/stack/placement/placement/requestlog.py:55}}
Sep 09 07:59:17.298253 dv-neutron-856411-3-hyperv devstack@placement-api.service[119361]: INFO placement.requestlog [req-1e0685c9-09af-48f9-a20d-1cf5d944c0c4 req-cb31f8e7-363a-4e88-9ad6-928966b62b48 service placement] 10.222.0.18 "GET /placement/allocations/3f234f26-8654-4f20-b0bf-dcf5b663d234" status: 200 len: 259 microversion: 1.28
Sep 09 07:59:17.298630 dv-neutron-856411-3-hyperv devstack@placement-api.service[119361]: [pid: 119361|app: 0|req: 225/447] 10.222.0.18 () {60 vars in 1377 bytes} [Fri Sep 9 07:59:17 2022] GET /placement/allocations/3f234f26-8654-4f20-b0bf-dcf5b663d234 => generated 259 bytes in 18 msecs (HTTP/1.1 200) 8 headers in 296 bytes (2 switches on core 0)
Sep 09 07:59:17.435473 dv-neutron-856411-3-hyperv devstack@placement-api.service[119360]: DEBUG placement.requestlog [req-1e0685c9-09af-48f9-a20d-1cf5d944c0c4 req-62157c75-e321-40f7-a6dc-fa095302ae19 None None] Starting request: 10.222.0.18 "GET /placement/resource_providers/d3a21aa9-0fcb-4561-bffe-a145baf30e7f/allocations" {{(pid=119360) __call__ /opt/stack/placement/placement/requestlog.py:55}}
Sep 09 07:59:17.459142 dv-neutron-856411-3-hyperv devstack@placement-api.service[119360]: INFO placement.requestlog [req-1e0685c9-09af-48f9-a20d-1cf5d944c0c4 req-62157c75-e321-40f7-a6dc-fa095302ae19 service placement] 10.222.0.18 "GET /placement/resource_providers/d3a21aa9-0fcb-4561-bffe-a145baf30e7f/allocations" status: 200 len: 154 microversion: 1.0
Sep 09 07:59:17.459727 dv-neutron-856411-3-hyperv devstack@placement-api.service[119360]: [pid: 119360|app: 0|req: 223/448] 10.222.0.18 () {58 vars in 1390 bytes} [Fri Sep 9 07:59:17 2022] GET /placement/resource_providers/d3a21aa9-0fcb-4561-bffe-a145baf30e7f/allocations => generated 154 bytes in 25 msecs (HTTP/1.1 200) 6 headers in 224 bytes (1 switches on core 0)
Sep 09 07:59:17.466365 dv-neutron-856411-3-hyperv devstack@placement-api.service[119361]: DEBUG placement.requestlog [req-1e0685c9-09af-48f9-a20d-1cf5d944c0c4 req-4dbdba87-67eb-498b-911c-f1a4aa27c30d None None] Starting request: 10.222.0.18 "GET /placement/allocations/3f234f26-8654-4f20-b0bf-dcf5b663d234" {{(pid=119361) __call__ /opt/stack/placement/placement/requestlog.py:55}}
Sep 09 07:59:17.482218 dv-neutron-856411-3-hyperv devstack@placement-api.service[119361]: INFO placement.requestlog [req-1e0685c9-09af-48f9-a20d-1cf5d944c0c4 req-4dbdba87-67eb-498b-911c-f1a4aa27c30d service placement] 10.222.0.18 "GET /placement/allocations/3f234f26-8654-4f20-b0bf-dcf5b663d234" status: 200 len: 259 microversion: 1.28
Sep 09 07:59:17.482785 dv-neutron-856411-3-hyperv devstack@placement-api.service[119361]: [pid: 119361|app: 0|req: 226/449] 10.222.0.18 () {60 vars in 1377 bytes} [Fri Sep 9 07:59:17 2022] GET /placement/allocations/3f234f26-8654-4f20-b0bf-dcf5b663d234 => generated 259 bytes in 17 msecs (HTTP/1.1 200) 8 headers in 296 bytes (1 switches on core 0)
Sep 09 07:59:27.456681 dv-neutron-856411-3-hyperv devstack@placement-api.service[119360]: DEBUG dbcounter [-] [119360] Writing DB stats placement:SELECT=37,placement:INSERT=4,placement:DELETE=2,placement:UPDATE=2 {{(pid=119360) stat_writer /usr/local/lib/python3.8/dist-packages/dbcounter.py:114}}
Sep 09 07:59:27.479804 dv-neutron-856411-3-hyperv devstack@placement-api.service[119361]: DEBUG dbcounter [-] [119361] Writing DB stats placement:SELECT=25,placement:DELETE=2 {{(pid=119361) stat_writer /usr/local/lib/python3.8/dist-packages/dbcounter.py:114}}
Sep 09 07:59:37.944475 dv-neutron-856411-3-hyperv devstack@placement-api.service[119360]: DEBUG placement.requestlog [req-ea73092a-84a3-447a-981b-5081017e2b13 req-df6f14de-3b69-492d-9ca5-08b666b20df1 None None] Starting request: 10.222.0.18 "GET /placement/resource_providers/d3a21aa9-0fcb-4561-bffe-a145baf30e7f/allocations" {{(pid=119360) __call__ /opt/stack/placement/placement/requestlog.py:55}}
Sep 09 07:59:37.963835 dv-neutron-856411-3-hyperv devstack@placement-api.service[119360]: INFO placement.requestlog [req-ea73092a-84a3-447a-981b-5081017e2b13 req-df6f14de-3b69-492d-9ca5-08b666b20df1 service placement] 10.222.0.18 "GET /placement/resource_providers/d3a21aa9-0fcb-4561-bffe-a145baf30e7f/allocations" status: 200 len: 154 microversion: 1.0
Sep 09 07:59:37.964157 dv-neutron-856411-3-hyperv devstack@placement-api.service[119360]: [pid: 119360|app: 0|req: 224/450] 10.222.0.18 () {58 vars in 1390 bytes} [Fri Sep 9 07:59:37 2022] GET /placement/resource_providers/d3a21aa9-0fcb-4561-bffe-a145baf30e7f/allocations => generated 154 bytes in 21 msecs (HTTP/1.1 200) 6 headers in 224 bytes (1 switches on core 0)
Sep 09 07:59:37.996824 dv-neutron-856411-3-hyperv devstack@placement-api.service[119361]: DEBUG placement.requestlog [req-ea73092a-84a3-447a-981b-5081017e2b13 req-09262a16-fd39-4c30-b75e-38c17af7966b None None] Starting request: 10.222.0.18 "GET /placement/resource_providers/d3a21aa9-0fcb-4561-bffe-a145baf30e7f/allocations" {{(pid=119361) __call__ /opt/stack/placement/placement/requestlog.py:55}}
Sep 09 07:59:38.016578 dv-neutron-856411-3-hyperv devstack@placement-api.service[119361]: INFO placement.requestlog [req-ea73092a-84a3-447a-981b-5081017e2b13 req-09262a16-fd39-4c30-b75e-38c17af7966b service placement] 10.222.0.18 "GET /placement/resource_providers/d3a21aa9-0fcb-4561-bffe-a145baf30e7f/allocations" status: 200 len: 154 microversion: 1.0
Sep 09 07:59:38.016895 dv-neutron-856411-3-hyperv devstack@placement-api.service[119361]: [pid: 119361|app: 0|req: 227/451] 10.222.0.18 () {58 vars in 1390 bytes} [Fri Sep 9 07:59:37 2022] GET /placement/resource_providers/d3a21aa9-0fcb-4561-bffe-a145baf30e7f/allocations => generated 154 bytes in 20 msecs (HTTP/1.1 200) 6 headers in 224 bytes (1 switches on core 0)
Sep 09 07:59:38.024687 dv-neutron-856411-3-hyperv devstack@placement-api.service[119360]: DEBUG placement.requestlog [req-ea73092a-84a3-447a-981b-5081017e2b13 req-82cff056-e034-4669-90b3-54f110147567 None None] Starting request: 10.222.0.18 "GET /placement/allocations/3f234f26-8654-4f20-b0bf-dcf5b663d234" {{(pid=119360) __call__ /opt/stack/placement/placement/requestlog.py:55}}
Sep 09 07:59:38.039276 dv-neutron-856411-3-hyperv devstack@placement-api.service[119360]: INFO placement.requestlog [req-ea73092a-84a3-447a-981b-5081017e2b13 req-82cff056-e034-4669-90b3-54f110147567 service placement] 10.222.0.18 "GET /placement/allocations/3f234f26-8654-4f20-b0bf-dcf5b663d234" status: 200 len: 259 microversion: 1.28
Sep 09 07:59:38.039787 dv-neutron-856411-3-hyperv devstack@placement-api.service[119360]: [pid: 119360|app: 0|req: 225/452] 10.222.0.18 () {60 vars in 1377 bytes} [Fri Sep 9 07:59:38 2022] GET /placement/allocations/3f234f26-8654-4f20-b0bf-dcf5b663d234 => generated 259 bytes in 15 msecs (HTTP/1.1 200) 8 headers in 296 bytes (2 switches on core 0)
Sep 09 07:59:48.014287 dv-neutron-856411-3-hyperv devstack@placement-api.service[119361]: DEBUG dbcounter [-] [119361] Writing DB stats placement:SELECT=6 {{(pid=119361) stat_writer /usr/local/lib/python3.8/dist-packages/dbcounter.py:114}}
Sep 09 07:59:48.037078 dv-neutron-856411-3-hyperv devstack@placement-api.service[119360]: DEBUG dbcounter [-] [119360] Writing DB stats placement:SELECT=10 {{(pid=119360) stat_writer /usr/local/lib/python3.8/dist-packages/dbcounter.py:114}}
Sep 09 08:00:38.950296 dv-neutron-856411-3-hyperv devstack@placement-api.service[119361]: DEBUG placement.requestlog [req-4f6d1d45-9ec5-4b70-8679-c07d53f6d37c req-2ecebfe8-3d98-449a-bb69-1204b86a92db None None] Starting request: 10.222.0.18 "GET /placement/resource_providers/d3a21aa9-0fcb-4561-bffe-a145baf30e7f/allocations" {{(pid=119361) __call__ /opt/stack/placement/placement/requestlog.py:55}}
Sep 09 08:00:38.969576 dv-neutron-856411-3-hyperv devstack@placement-api.service[119361]: INFO placement.requestlog [req-4f6d1d45-9ec5-4b70-8679-c07d53f6d37c req-2ecebfe8-3d98-449a-bb69-1204b86a92db service placement] 10.222.0.18 "GET /placement/resource_providers/d3a21aa9-0fcb-4561-bffe-a145baf30e7f/allocations" status: 200 len: 154 microversion: 1.0
Sep 09 08:00:38.969887 dv-neutron-856411-3-hyperv devstack@placement-api.service[119361]: [pid: 119361|app: 0|req: 228/453] 10.222.0.18 () {58 vars in 1390 bytes} [Fri Sep 9 08:00:38 2022] GET /placement/resource_providers/d3a21aa9-0fcb-4561-bffe-a145baf30e7f/allocations => generated 154 bytes in 20 msecs (HTTP/1.1 200) 6 headers in 224 bytes (1 switches on core 0)
Sep 09 08:00:39.003553 dv-neutron-856411-3-hyperv devstack@placement-api.service[119360]: DEBUG placement.requestlog [req-4f6d1d45-9ec5-4b70-8679-c07d53f6d37c req-416495e8-f4a8-4cbb-bd02-b0ef771dc383 None None] Starting request: 10.222.0.18 "GET /placement/resource_providers/d3a21aa9-0fcb-4561-bffe-a145baf30e7f/allocations" {{(pid=119360) __call__ /opt/stack/placement/placement/requestlog.py:55}}
Sep 09 08:00:39.023363 dv-neutron-856411-3-hyperv devstack@placement-api.service[119360]: INFO placement.requestlog [req-4f6d1d45-9ec5-4b70-8679-c07d53f6d37c req-416495e8-f4a8-4cbb-bd02-b0ef771dc383 service placement] 10.222.0.18 "GET /placement/resource_providers/d3a21aa9-0fcb-4561-bffe-a145baf30e7f/allocations" status: 200 len: 154 microversion: 1.0
Sep 09 08:00:39.023729 dv-neutron-856411-3-hyperv devstack@placement-api.service[119360]: [pid: 119360|app: 0|req: 226/454] 10.222.0.18 () {58 vars in 1390 bytes} [Fri Sep 9 08:00:39 2022] GET /placement/resource_providers/d3a21aa9-0fcb-4561-bffe-a145baf30e7f/allocations => generated 154 bytes in 20 msecs (HTTP/1.1 200) 6 headers in 224 bytes (1 switches on core 0)
Sep 09 08:00:39.031787 dv-neutron-856411-3-hyperv devstack@placement-api.service[119361]: DEBUG placement.requestlog [req-4f6d1d45-9ec5-4b70-8679-c07d53f6d37c req-656132da-ec58-4a1a-adc5-62d347fd4fb7 None None] Starting request: 10.222.0.18 "GET /placement/allocations/3f234f26-8654-4f20-b0bf-dcf5b663d234" {{(pid=119361) __call__ /opt/stack/placement/placement/requestlog.py:55}}
Sep 09 08:00:39.046122 dv-neutron-856411-3-hyperv devstack@placement-api.service[119361]: INFO placement.requestlog [req-4f6d1d45-9ec5-4b70-8679-c07d53f6d37c req-656132da-ec58-4a1a-adc5-62d347fd4fb7 service placement] 10.222.0.18 "GET /placement/allocations/3f234f26-8654-4f20-b0bf-dcf5b663d234" status: 200 len: 259 microversion: 1.28
Sep 09 08:00:39.046441 dv-neutron-856411-3-hyperv devstack@placement-api.service[119361]: [pid: 119361|app: 0|req: 229/455] 10.222.0.18 () {60 vars in 1377 bytes} [Fri Sep 9 08:00:39 2022] GET /placement/allocations/3f234f26-8654-4f20-b0bf-dcf5b663d234 => generated 259 bytes in 15 msecs (HTTP/1.1 200) 8 headers in 296 bytes (1 switches on core 0)
Sep 09 08:00:49.021802 dv-neutron-856411-3-hyperv devstack@placement-api.service[119360]: DEBUG dbcounter [-] [119360] Writing DB stats placement:SELECT=6 {{(pid=119360) stat_writer /usr/local/lib/python3.8/dist-packages/dbcounter.py:114}}
Sep 09 08:00:49.043920 dv-neutron-856411-3-hyperv devstack@placement-api.service[119361]: DEBUG dbcounter [-] [119361] Writing DB stats placement:SELECT=10 {{(pid=119361) stat_writer /usr/local/lib/python3.8/dist-packages/dbcounter.py:114}}
Sep 09 08:01:39.937868 dv-neutron-856411-3-hyperv devstack@placement-api.service[119360]: DEBUG placement.requestlog [req-f9aded12-5282-43c5-892f-4a51a25d776f req-81ce8200-0c88-4136-b467-efbe393860db None None] Starting request: 10.222.0.18 "GET /placement/resource_providers/d3a21aa9-0fcb-4561-bffe-a145baf30e7f/allocations" {{(pid=119360) __call__ /opt/stack/placement/placement/requestlog.py:55}}
Sep 09 08:01:40.002831 dv-neutron-856411-3-hyperv devstack@placement-api.service[119360]: INFO placement.requestlog [req-f9aded12-5282-43c5-892f-4a51a25d776f req-81ce8200-0c88-4136-b467-efbe393860db service placement] 10.222.0.18 "GET /placement/resource_providers/d3a21aa9-0fcb-4561-bffe-a145baf30e7f/allocations" status: 200 len: 154 microversion: 1.0
Sep 09 08:01:40.003145 dv-neutron-856411-3-hyperv devstack@placement-api.service[119360]: [pid: 119360|app: 0|req: 227/456] 10.222.0.18 () {58 vars in 1390 bytes} [Fri Sep 9 08:01:39 2022] GET /placement/resource_providers/d3a21aa9-0fcb-4561-bffe-a145baf30e7f/allocations => generated 154 bytes in 66 msecs (HTTP/1.1 200) 6 headers in 224 bytes (1 switches on core 0)
Sep 09 08:01:40.038201 dv-neutron-856411-3-hyperv devstack@placement-api.service[119361]: DEBUG placement.requestlog [req-f9aded12-5282-43c5-892f-4a51a25d776f req-0ce7000b-0ed2-4497-a1b8-7d544ca81de8 None None] Starting request: 10.222.0.18 "GET /placement/resource_providers?in_tree=d3a21aa9-0fcb-4561-bffe-a145baf30e7f" {{(pid=119361) __call__ /opt/stack/placement/placement/requestlog.py:55}}
Sep 09 08:01:40.059998 dv-neutron-856411-3-hyperv devstack@placement-api.service[119361]: INFO placement.requestlog [req-f9aded12-5282-43c5-892f-4a51a25d776f req-0ce7000b-0ed2-4497-a1b8-7d544ca81de8 service placement] 10.222.0.18 "GET /placement/resource_providers?in_tree=d3a21aa9-0fcb-4561-bffe-a145baf30e7f" status: 200 len: 865 microversion: 1.14
Sep 09 08:01:40.060323 dv-neutron-856411-3-hyperv devstack@placement-api.service[119361]: [pid: 119361|app: 0|req: 230/457] 10.222.0.18 () {60 vars in 1376 bytes} [Fri Sep 9 08:01:40 2022] GET /placement/resource_providers?in_tree=d3a21aa9-0fcb-4561-bffe-a145baf30e7f => generated 865 bytes in 22 msecs (HTTP/1.1 200) 6 headers in 225 bytes (1 switches on core 0)
Sep 09 08:01:40.067889 dv-neutron-856411-3-hyperv devstack@placement-api.service[119360]: DEBUG placement.requestlog [req-f9aded12-5282-43c5-892f-4a51a25d776f req-654a5b99-469d-4548-9d1a-a570d743e640 None None] Starting request: 10.222.0.18 "GET /placement/resource_providers/d3a21aa9-0fcb-4561-bffe-a145baf30e7f/inventories" {{(pid=119360) __call__ /opt/stack/placement/placement/requestlog.py:55}}
Sep 09 08:01:40.085365 dv-neutron-856411-3-hyperv devstack@placement-api.service[119360]: INFO placement.requestlog [req-f9aded12-5282-43c5-892f-4a51a25d776f req-654a5b99-469d-4548-9d1a-a570d743e640 service placement] 10.222.0.18 "GET /placement/resource_providers/d3a21aa9-0fcb-4561-bffe-a145baf30e7f/inventories" status: 200 len: 398 microversion: 1.0
Sep 09 08:01:40.085711 dv-neutron-856411-3-hyperv devstack@placement-api.service[119360]: [pid: 119360|app: 0|req: 228/458] 10.222.0.18 () {58 vars in 1390 bytes} [Fri Sep 9 08:01:40 2022] GET /placement/resource_providers/d3a21aa9-0fcb-4561-bffe-a145baf30e7f/inventories => generated 398 bytes in 18 msecs (HTTP/1.1 200) 6 headers in 224 bytes (2 switches on core 0)
Sep 09 08:01:40.093808 dv-neutron-856411-3-hyperv devstack@placement-api.service[119361]: DEBUG placement.requestlog [req-f9aded12-5282-43c5-892f-4a51a25d776f req-8f357259-db94-4019-a310-9cae98b175a5 None None] Starting request: 10.222.0.18 "GET /placement/resource_providers/d3a21aa9-0fcb-4561-bffe-a145baf30e7f/aggregates" {{(pid=119361) __call__ /opt/stack/placement/placement/requestlog.py:55}}
Sep 09 08:01:40.106353 dv-neutron-856411-3-hyperv devstack@placement-api.service[119361]: INFO placement.requestlog [req-f9aded12-5282-43c5-892f-4a51a25d776f req-8f357259-db94-4019-a310-9cae98b175a5 service placement] 10.222.0.18 "GET /placement/resource_providers/d3a21aa9-0fcb-4561-bffe-a145baf30e7f/aggregates" status: 200 len: 54 microversion: 1.19
Sep 09 08:01:40.106675 dv-neutron-856411-3-hyperv devstack@placement-api.service[119361]: [pid: 119361|app: 0|req: 231/459] 10.222.0.18 () {60 vars in 1431 bytes} [Fri Sep 9 08:01:40 2022] GET /placement/resource_providers/d3a21aa9-0fcb-4561-bffe-a145baf30e7f/aggregates => generated 54 bytes in 13 msecs (HTTP/1.1 200) 8 headers in 295 bytes (1 switches on core 0)
Sep 09 08:01:40.114363 dv-neutron-856411-3-hyperv devstack@placement-api.service[119360]: DEBUG placement.requestlog [req-f9aded12-5282-43c5-892f-4a51a25d776f req-98dba41a-788a-46c3-8227-cb6f8ac44800 None None] Starting request: 10.222.0.18 "GET /placement/resource_providers/d3a21aa9-0fcb-4561-bffe-a145baf30e7f/traits" {{(pid=119360) __call__ /opt/stack/placement/placement/requestlog.py:55}}
Sep 09 08:01:40.142758 dv-neutron-856411-3-hyperv devstack@placement-api.service[119360]: INFO placement.requestlog [req-f9aded12-5282-43c5-892f-4a51a25d776f req-98dba41a-788a-46c3-8227-cb6f8ac44800 service placement] 10.222.0.18 "GET /placement/resource_providers/d3a21aa9-0fcb-4561-bffe-a145baf30e7f/traits" status: 200 len: 300 microversion: 1.6
Sep 09 08:01:40.143056 dv-neutron-856411-3-hyperv devstack@placement-api.service[119360]: [pid: 119360|app: 0|req: 229/460] 10.222.0.18 () {60 vars in 1418 bytes} [Fri Sep 9 08:01:40 2022] GET /placement/resource_providers/d3a21aa9-0fcb-4561-bffe-a145baf30e7f/traits => generated 300 bytes in 29 msecs (HTTP/1.1 200) 6 headers in 224 bytes (1 switches on core 0)
Sep 09 08:01:40.150546 dv-neutron-856411-3-hyperv devstack@placement-api.service[119361]: DEBUG placement.requestlog [req-f9aded12-5282-43c5-892f-4a51a25d776f req-6a9425f8-2b13-4d4c-8b8e-303866dc4e8f None None] Starting request: 10.222.0.18 "GET /placement/resource_providers/d3a21aa9-0fcb-4561-bffe-a145baf30e7f/allocations" {{(pid=119361) __call__ /opt/stack/placement/placement/requestlog.py:55}}
Sep 09 08:01:40.170799 dv-neutron-856411-3-hyperv devstack@placement-api.service[119361]: INFO placement.requestlog [req-f9aded12-5282-43c5-892f-4a51a25d776f req-6a9425f8-2b13-4d4c-8b8e-303866dc4e8f service placement] 10.222.0.18 "GET /placement/resource_providers/d3a21aa9-0fcb-4561-bffe-a145baf30e7f/allocations" status: 200 len: 154 microversion: 1.0
Sep 09 08:01:40.171316 dv-neutron-856411-3-hyperv devstack@placement-api.service[119361]: [pid: 119361|app: 0|req: 232/461] 10.222.0.18 () {58 vars in 1390 bytes} [Fri Sep 9 08:01:40 2022] GET /placement/resource_providers/d3a21aa9-0fcb-4561-bffe-a145baf30e7f/allocations => generated 154 bytes in 21 msecs (HTTP/1.1 200) 6 headers in 224 bytes (2 switches on core 0)
Sep 09 08:01:40.178184 dv-neutron-856411-3-hyperv devstack@placement-api.service[119360]: DEBUG placement.requestlog [req-f9aded12-5282-43c5-892f-4a51a25d776f req-f1b171c5-ff0f-425c-ae09-b04e0d7e7618 None None] Starting request: 10.222.0.18 "GET /placement/allocations/3f234f26-8654-4f20-b0bf-dcf5b663d234" {{(pid=119360) __call__ /opt/stack/placement/placement/requestlog.py:55}}
Sep 09 08:01:40.195766 dv-neutron-856411-3-hyperv devstack@placement-api.service[119360]: INFO placement.requestlog [req-f9aded12-5282-43c5-892f-4a51a25d776f req-f1b171c5-ff0f-425c-ae09-b04e0d7e7618 service placement] 10.222.0.18 "GET /placement/allocations/3f234f26-8654-4f20-b0bf-dcf5b663d234" status: 200 len: 259 microversion: 1.28
Sep 09 08:01:40.196141 dv-neutron-856411-3-hyperv devstack@placement-api.service[119360]: [pid: 119360|app: 0|req: 230/462] 10.222.0.18 () {60 vars in 1377 bytes} [Fri Sep 9 08:01:40 2022] GET /placement/allocations/3f234f26-8654-4f20-b0bf-dcf5b663d234 => generated 259 bytes in 19 msecs (HTTP/1.1 200) 8 headers in 296 bytes (2 switches on core 0)
Sep 09 08:01:50.168373 dv-neutron-856411-3-hyperv devstack@placement-api.service[119361]: DEBUG dbcounter [-] [119361] Writing DB stats placement:SELECT=13 {{(pid=119361) stat_writer /usr/local/lib/python3.8/dist-packages/dbcounter.py:114}}
Sep 09 08:01:50.193439 dv-neutron-856411-3-hyperv devstack@placement-api.service[119360]: DEBUG dbcounter [-] [119360] Writing DB stats placement:SELECT=21 {{(pid=119360) stat_writer /usr/local/lib/python3.8/dist-packages/dbcounter.py:114}}
Sep 09 08:02:08.690389 dv-neutron-856411-3-hyperv devstack@placement-api.service[119361]: DEBUG placement.requestlog [req-4b9c9fcd-be69-47f9-afdf-7f36af44c73c req-b044989c-c28e-450a-aa0f-0a07a14ccee3 None None] Starting request: 10.222.0.18 "GET /placement/resource_providers/d3a21aa9-0fcb-4561-bffe-a145baf30e7f/allocations" {{(pid=119361) __call__ /opt/stack/placement/placement/requestlog.py:55}}
Sep 09 08:02:08.709684 dv-neutron-856411-3-hyperv devstack@placement-api.service[119361]: INFO placement.requestlog [req-4b9c9fcd-be69-47f9-afdf-7f36af44c73c req-b044989c-c28e-450a-aa0f-0a07a14ccee3 service placement] 10.222.0.18 "GET /placement/resource_providers/d3a21aa9-0fcb-4561-bffe-a145baf30e7f/allocations" status: 200 len: 154 microversion: 1.0
Sep 09 08:02:08.710004 dv-neutron-856411-3-hyperv devstack@placement-api.service[119361]: [pid: 119361|app: 0|req: 233/463] 10.222.0.18 () {58 vars in 1390 bytes} [Fri Sep 9 08:02:08 2022] GET /placement/resource_providers/d3a21aa9-0fcb-4561-bffe-a145baf30e7f/allocations => generated 154 bytes in 20 msecs (HTTP/1.1 200) 6 headers in 224 bytes (1 switches on core 0)
Sep 09 08:02:08.717649 dv-neutron-856411-3-hyperv devstack@placement-api.service[119360]: DEBUG placement.requestlog [req-4b9c9fcd-be69-47f9-afdf-7f36af44c73c req-bf17f43c-b863-420d-9daa-edc5a570a6a0 None None] Starting request: 10.222.0.18 "GET /placement/allocations/3f234f26-8654-4f20-b0bf-dcf5b663d234" {{(pid=119360) __call__ /opt/stack/placement/placement/requestlog.py:55}}
Sep 09 08:02:08.732372 dv-neutron-856411-3-hyperv devstack@placement-api.service[119360]: INFO placement.requestlog [req-4b9c9fcd-be69-47f9-afdf-7f36af44c73c req-bf17f43c-b863-420d-9daa-edc5a570a6a0 service placement] 10.222.0.18 "GET /placement/allocations/3f234f26-8654-4f20-b0bf-dcf5b663d234" status: 200 len: 259 microversion: 1.28
Sep 09 08:02:08.732694 dv-neutron-856411-3-hyperv devstack@placement-api.service[119360]: [pid: 119360|app: 0|req: 231/464] 10.222.0.18 () {60 vars in 1377 bytes} [Fri Sep 9 08:02:08 2022] GET /placement/allocations/3f234f26-8654-4f20-b0bf-dcf5b663d234 => generated 259 bytes in 15 msecs (HTTP/1.1 200) 8 headers in 296 bytes (1 switches on core 0)
Sep 09 08:02:08.940474 dv-neutron-856411-3-hyperv devstack@placement-api.service[119361]: DEBUG placement.requestlog [req-4b9c9fcd-be69-47f9-afdf-7f36af44c73c req-2b3719a0-af4d-4a85-9523-a9a914c80b1f None None] Starting request: 10.222.0.18 "DELETE /placement/allocations/3f234f26-8654-4f20-b0bf-dcf5b663d234" {{(pid=119361) __call__ /opt/stack/placement/placement/requestlog.py:55}}
Sep 09 08:02:08.969496 dv-neutron-856411-3-hyperv devstack@placement-api.service[119361]: DEBUG placement.handlers.allocation [req-4b9c9fcd-be69-47f9-afdf-7f36af44c73c req-2b3719a0-af4d-4a85-9523-a9a914c80b1f service placement] Successfully deleted allocations [, , ] {{(pid=119361) delete_allocations /opt/stack/placement/placement/handlers/allocation.py:627}}
Sep 09 08:02:08.969635 dv-neutron-856411-3-hyperv devstack@placement-api.service[119361]: INFO placement.requestlog [req-4b9c9fcd-be69-47f9-afdf-7f36af44c73c req-2b3719a0-af4d-4a85-9523-a9a914c80b1f service placement] 10.222.0.18 "DELETE /placement/allocations/3f234f26-8654-4f20-b0bf-dcf5b663d234" status: 204 len: 0 microversion: 1.0
Sep 09 08:02:08.970080 dv-neutron-856411-3-hyperv devstack@placement-api.service[119361]: [pid: 119361|app: 0|req: 234/465] 10.222.0.18 () {60 vars in 1355 bytes} [Fri Sep 9 08:02:08 2022] DELETE /placement/allocations/3f234f26-8654-4f20-b0bf-dcf5b663d234 => generated 0 bytes in 30 msecs (HTTP/1.1 204) 5 headers in 198 bytes (1 switches on core 0)
Sep 09 08:02:12.348316 dv-neutron-856411-3-hyperv devstack@placement-api.service[119360]: DEBUG placement.requestlog [None req-ea48696e-fd5e-4094-950a-54437b39a11d None None] Starting request: 10.222.0.33 "GET /placement/resource_providers/b218ad4e-63a2-4955-b5c8-cdba4884f850/aggregates" {{(pid=119360) __call__ /opt/stack/placement/placement/requestlog.py:55}}
Sep 09 08:02:12.361824 dv-neutron-856411-3-hyperv devstack@placement-api.service[119360]: INFO placement.requestlog [None req-ea48696e-fd5e-4094-950a-54437b39a11d service placement] 10.222.0.33 "GET /placement/resource_providers/b218ad4e-63a2-4955-b5c8-cdba4884f850/aggregates" status: 404 len: 235 microversion: 1.1
Sep 09 08:02:12.362612 dv-neutron-856411-3-hyperv devstack@placement-api.service[119360]: [pid: 119360|app: 0|req: 232/466] 10.222.0.33 () {58 vars in 1362 bytes} [Fri Sep 9 08:02:12 2022] GET /placement/resource_providers/b218ad4e-63a2-4955-b5c8-cdba4884f850/aggregates => generated 235 bytes in 15 msecs (HTTP/1.1 404) 5 headers in 202 bytes (1 switches on core 0)
Sep 09 08:02:12.371487 dv-neutron-856411-3-hyperv devstack@placement-api.service[119361]: DEBUG placement.requestlog [None req-63578126-265f-40f3-8725-6b9ebaa14ed4 None None] Starting request: 10.222.0.33 "DELETE /placement/resource_providers/b218ad4e-63a2-4955-b5c8-cdba4884f850" {{(pid=119361) __call__ /opt/stack/placement/placement/requestlog.py:55}}
Sep 09 08:02:12.387601 dv-neutron-856411-3-hyperv devstack@placement-api.service[119361]: DEBUG placement.wsgi_wrapper [None req-63578126-265f-40f3-8725-6b9ebaa14ed4 service placement] Placement API returning an error response: No resource provider with uuid b218ad4e-63a2-4955-b5c8-cdba4884f850 found for delete {{(pid=119361) call_func /opt/stack/placement/placement/wsgi_wrapper.py:31}}
Sep 09 08:02:12.389154 dv-neutron-856411-3-hyperv devstack@placement-api.service[119361]: INFO placement.requestlog [None req-63578126-265f-40f3-8725-6b9ebaa14ed4 service placement] 10.222.0.33 "DELETE /placement/resource_providers/b218ad4e-63a2-4955-b5c8-cdba4884f850" status: 404 len: 246 microversion: 1.1
Sep 09 08:02:12.389622 dv-neutron-856411-3-hyperv devstack@placement-api.service[119361]: [pid: 119361|app: 0|req: 235/467] 10.222.0.33 () {60 vars in 1351 bytes} [Fri Sep 9 08:02:12 2022] DELETE /placement/resource_providers/b218ad4e-63a2-4955-b5c8-cdba4884f850 => generated 246 bytes in 18 msecs (HTTP/1.1 404) 6 headers in 231 bytes (1 switches on core 0)
Sep 09 08:02:19.109459 dv-neutron-856411-3-hyperv devstack@placement-api.service[119360]: DEBUG placement.requestlog [req-f48c02cc-4a4a-499e-ac7a-f09f4ea401c8 req-30c762b3-21ef-41e4-8b81-f277caab16cd None None] Starting request: 10.222.0.33 "GET /placement/allocation_candidates?limit=1000&resources=DISK_GB%3A1%2CMEMORY_MB%3A1024%2CVCPU%3A1&root_required=%21COMPUTE_STATUS_DISABLED" {{(pid=119360) __call__ /opt/stack/placement/placement/requestlog.py:55}}
