Sep 08 13:35:09.239194 dv-neutron-856274-3-hyperv neutron-server[107350]: DEBUG neutron.pecan_wsgi.hooks.policy_enforcement [None req-558cc9f2-508c-4a6e-aed6-06d4d034564e tempest-PortsAdminExtendedAttrsIpV6TestJSON-1305409609 tempest-PortsAdminExtendedAttrsIpV6TestJSON-1305409609-project-admin] Attributes excluded by policy engine: ['standard_attr_id'] {{(pid=107350) _exclude_attributes_by_policy /opt/stack/neutron/neutron/pecan_wsgi/hooks/policy_enforcement.py:259}}
Sep 08 13:35:09.239919 dv-neutron-856274-3-hyperv neutron-server[107350]: DEBUG neutron.pecan_wsgi.hooks.policy_enforcement [None req-558cc9f2-508c-4a6e-aed6-06d4d034564e tempest-PortsAdminExtendedAttrsIpV6TestJSON-1305409609 tempest-PortsAdminExtendedAttrsIpV6TestJSON-1305409609-project-admin] Attributes excluded by policy engine: ['standard_attr_id'] {{(pid=107350) _exclude_attributes_by_policy /opt/stack/neutron/neutron/pecan_wsgi/hooks/policy_enforcement.py:259}}
Sep 08 13:35:09.240621 dv-neutron-856274-3-hyperv neutron-server[107350]: DEBUG neutron.pecan_wsgi.hooks.policy_enforcement [None req-558cc9f2-508c-4a6e-aed6-06d4d034564e tempest-PortsAdminExtendedAttrsIpV6TestJSON-1305409609 tempest-PortsAdminExtendedAttrsIpV6TestJSON-1305409609-project-admin] Attributes excluded by policy engine: ['standard_attr_id'] {{(pid=107350) _exclude_attributes_by_policy /opt/stack/neutron/neutron/pecan_wsgi/hooks/policy_enforcement.py:259}}
Sep 08 13:35:09.241122 dv-neutron-856274-3-hyperv neutron-server[107350]: DEBUG neutron.pecan_wsgi.hooks.policy_enforcement [None req-558cc9f2-508c-4a6e-aed6-06d4d034564e tempest-PortsAdminExtendedAttrsIpV6TestJSON-1305409609 tempest-PortsAdminExtendedAttrsIpV6TestJSON-1305409609-project-admin] Attributes excluded by policy engine: ['standard_attr_id'] {{(pid=107350) _exclude_attributes_by_policy /opt/stack/neutron/neutron/pecan_wsgi/hooks/policy_enforcement.py:259}}
Sep 08 13:35:09.241744 dv-neutron-856274-3-hyperv neutron-server[107350]: DEBUG neutron.pecan_wsgi.hooks.policy_enforcement [None req-558cc9f2-508c-4a6e-aed6-06d4d034564e tempest-PortsAdminExtendedAttrsIpV6TestJSON-1305409609 tempest-PortsAdminExtendedAttrsIpV6TestJSON-1305409609-project-admin] Attributes excluded by policy engine: ['standard_attr_id'] {{(pid=107350) _exclude_attributes_by_policy /opt/stack/neutron/neutron/pecan_wsgi/hooks/policy_enforcement.py:259}}
Sep 08 13:35:09.242228 dv-neutron-856274-3-hyperv neutron-server[107350]: DEBUG neutron.pecan_wsgi.hooks.policy_enforcement [None req-558cc9f2-508c-4a6e-aed6-06d4d034564e tempest-PortsAdminExtendedAttrsIpV6TestJSON-1305409609 tempest-PortsAdminExtendedAttrsIpV6TestJSON-1305409609-project-admin] Attributes excluded by policy engine: ['standard_attr_id'] {{(pid=107350) _exclude_attributes_by_policy /opt/stack/neutron/neutron/pecan_wsgi/hooks/policy_enforcement.py:259}}
Sep 08 13:35:09.247833 dv-neutron-856274-3-hyperv neutron-server[107350]: INFO neutron.wsgi [None req-558cc9f2-508c-4a6e-aed6-06d4d034564e tempest-PortsAdminExtendedAttrsIpV6TestJSON-1305409609 tempest-PortsAdminExtendedAttrsIpV6TestJSON-1305409609-project-admin] 10.222.0.39 "GET /networking/v2.0/ports HTTP/1.1" status: 200 len: 21627 time: 0.7395487
Sep 08 13:35:09.265983 dv-neutron-856274-3-hyperv neutron-server[107350]: DEBUG neutron.wsgi [-] (107350) accepted ('10.222.0.39', 41066) {{(pid=107350) server /usr/local/lib/python3.8/dist-packages/eventlet/wsgi.py:1004}}
Sep 08 13:35:09.270682 dv-neutron-856274-3-hyperv neutron-server[107350]: DEBUG neutron.plugins.ml2.plugin [None req-7c2c7347-fa55-44fc-ac7b-c299e5dbf13f tempest-PortsAdminExtendedAttrsTestJSON-490779156 tempest-PortsAdminExtendedAttrsTestJSON-490779156-project-admin] Calling delete_port for e596c710-fabc-412e-977d-998d77d526b5 owned by {{(pid=107350) delete_port /opt/stack/neutron/neutron/plugins/ml2/plugin.py:2126}}
Sep 08 13:35:09.339291 dv-neutron-856274-3-hyperv neutron-server[107349]: DEBUG neutron_lib.callbacks.manager [None req-ce187d34-78d5-4aea-bdcc-06a62313b0ac tempest-ExternalNetworksTestJSON-1206726549 tempest-ExternalNetworksTestJSON-1206726549-project-admin] Publish callbacks ['neutron.plugins.ml2.ovo_rpc._ObjectChangeHandler.handle_event-1999738', 'neutron.api.rpc.agentnotifiers.dhcp_rpc_agent_api.DhcpAgentNotifyAPI._native_event_send_dhcp_notification-1595174'] for network (2d0fe0de-a130-4b43-9c80-3e8403a19e2a), after_create {{(pid=107349) _notify_loop /usr/local/lib/python3.8/dist-packages/neutron_lib/callbacks/manager.py:176}}
Sep 08 13:35:09.339833 dv-neutron-856274-3-hyperv neutron-server[107349]: DEBUG neutron.pecan_wsgi.hooks.policy_enforcement [None req-ce187d34-78d5-4aea-bdcc-06a62313b0ac tempest-ExternalNetworksTestJSON-1206726549 tempest-ExternalNetworksTestJSON-1206726549-project-admin] Attributes excluded by policy engine: ['standard_attr_id', 'vlan_transparent'] {{(pid=107349) _exclude_attributes_by_policy /opt/stack/neutron/neutron/pecan_wsgi/hooks/policy_enforcement.py:259}}
Sep 08 13:35:09.340436 dv-neutron-856274-3-hyperv neutron-server[107349]: DEBUG neutron_lib.callbacks.manager [None req-ce187d34-78d5-4aea-bdcc-06a62313b0ac tempest-ExternalNetworksTestJSON-1206726549 tempest-ExternalNetworksTestJSON-1206726549-project-admin] Publish callbacks ['neutron.api.rpc.agentnotifiers.dhcp_rpc_agent_api.DhcpAgentNotifyAPI._send_dhcp_notification-1595188'] for network (None), before_response {{(pid=107349) _notify_loop /usr/local/lib/python3.8/dist-packages/neutron_lib/callbacks/manager.py:176}}
Sep 08 13:35:09.390808 dv-neutron-856274-3-hyperv neutron-server[107350]: DEBUG neutron.pecan_wsgi.hooks.quota_enforcement [None req-f07a8f61-e6d8-467f-bafc-a420c18be0c5 tempest-FloatingIPAdminTestJSON-1187793111 tempest-FloatingIPAdminTestJSON-1187793111-project] Made reservation on behalf of 21de059b830a4ec691568902c501ea63 for: {'port': 1} {{(pid=107350) before /opt/stack/neutron/neutron/pecan_wsgi/hooks/quota_enforcement.py:53}}
Sep 08 13:35:09.394864 dv-neutron-856274-3-hyperv neutron-server[107350]: DEBUG neutron_lib.callbacks.manager [None req-f07a8f61-e6d8-467f-bafc-a420c18be0c5 tempest-FloatingIPAdminTestJSON-1187793111 tempest-FloatingIPAdminTestJSON-1187793111-project] Publish callbacks ['neutron.plugins.ml2.plugin.SecurityGroupDbMixin._ensure_default_security_group_handler-690134'] for port (None), before_create {{(pid=107350) _notify_loop /usr/local/lib/python3.8/dist-packages/neutron_lib/callbacks/manager.py:176}}
Sep 08 13:35:09.408149 dv-neutron-856274-3-hyperv neutron-server[107349]: DEBUG dbcounter [-] [107349] Writing DB stats neutron:SELECT=87,neutron:INSERT=8,neutron:UPDATE=3,neutron:DELETE=2 {{(pid=107349) stat_writer /usr/local/lib/python3.8/dist-packages/dbcounter.py:114}}
Sep 08 13:35:09.421881 dv-neutron-856274-3-hyperv neutron-server[107350]: INFO neutron.wsgi [req-17a5c291-b4fb-4ec3-9d0f-0beb3b431cb4 req-c289eec3-838c-4630-99dc-a0498ed4aa0b tempest-ServersTestManualDisk-90623687 tempest-ServersTestManualDisk-90623687-project] 10.222.0.39 "GET /networking/v2.0/ports?device_id=dfa72fa7-c04a-42a3-9c54-fb8dbab9629f HTTP/1.1" status: 200 len: 210 time: 0.2940719
Sep 08 13:35:09.445656 dv-neutron-856274-3-hyperv neutron-server[107349]: INFO neutron.wsgi [None req-ce187d34-78d5-4aea-bdcc-06a62313b0ac tempest-ExternalNetworksTestJSON-1206726549 tempest-ExternalNetworksTestJSON-1206726549-project-admin] 10.222.0.39 "POST /networking/v2.0/networks HTTP/1.1" status: 201 len: 864 time: 1.4272151
Sep 08 13:35:09.445912 dv-neutron-856274-3-hyperv neutron-server[107350]: DEBUG neutron.wsgi [-] (107350) accepted ('10.222.0.39', 41070) {{(pid=107350) server /usr/local/lib/python3.8/dist-packages/eventlet/wsgi.py:1004}}
Sep 08 13:35:09.455083 dv-neutron-856274-3-hyperv neutron-server[107350]: DEBUG neutron.api.v2.base [None req-17d69c26-539e-41b4-9459-e7402db8f2e9 tempest-ExternalNetworksTestJSON-1206726549 tempest-ExternalNetworksTestJSON-1206726549-project-admin] Request body: {'network': {'router:external': True}} {{(pid=107350) prepare_request_body /opt/stack/neutron/neutron/api/v2/base.py:730}}
Sep 08 13:35:09.459356 dv-neutron-856274-3-hyperv neutron-server[107349]: DEBUG neutron.api.rpc.handlers.resources_rpc [None req-ce187d34-78d5-4aea-bdcc-06a62313b0ac tempest-ExternalNetworksTestJSON-1206726549 tempest-ExternalNetworksTestJSON-1206726549-project-admin] Pushing event updated for resources: {'Network': ['ID=2d0fe0de-a130-4b43-9c80-3e8403a19e2a,revision_number=1']} {{(pid=107349) push /opt/stack/neutron/neutron/api/rpc/handlers/resources_rpc.py:237}}
Sep 08 13:35:09.474729 dv-neutron-856274-3-hyperv neutron-server[107351]: DEBUG neutron.plugins.ml2.rpc [None req-f14ab858-66a1-4457-a90f-f1305414dde7 None None] Network 2d0fe0de-a130-4b43-9c80-3e8403a19e2a details requested by agent ovs-agent-dv-neutron-856274-3-hyperv with host dv-neutron-856274-3-hyperv {{(pid=107351) get_network_details /opt/stack/neutron/neutron/plugins/ml2/rpc.py:248}}
Sep 08 13:35:09.475746 dv-neutron-856274-3-hyperv neutron-server[107350]: DEBUG dbcounter [-] [107350] Writing DB stats neutron:SELECT=97,neutron:INSERT=3 {{(pid=107350) stat_writer /usr/local/lib/python3.8/dist-packages/dbcounter.py:114}}
Sep 08 13:35:09.559404 dv-neutron-856274-3-hyperv neutron-server[107349]: DEBUG neutron.db.db_base_plugin_common [req-53acaa82-be3f-4c6d-b51f-d8ffc9df527d req-36effa66-a062-4623-a8a7-0976caeb3f4d tempest-ServersTestJSON-1904880480 tempest-ServersTestJSON-1904880480-project] Allocated IP 172.20.0.13 (46af2b48-4dce-401c-9cdf-4fbd26def835/373fac6e-131c-4bc2-ac22-a38aa82091eb/2a8d41fb-8e58-4a8a-967f-6a6bb5549c82) {{(pid=107349) _store_ip_allocation /opt/stack/neutron/neutron/db/db_base_plugin_common.py:131}}
Sep 08 13:35:09.648608 dv-neutron-856274-3-hyperv neutron-server[107350]: DEBUG neutron.notifiers.nova [None req-f07a8f61-e6d8-467f-bafc-a420c18be0c5 tempest-FloatingIPAdminTestJSON-1187793111 tempest-FloatingIPAdminTestJSON-1187793111-project] device_id is not set on port c92ee04b-af9f-4ee5-8d00-768e2e2ccec0 yet. {{(pid=107350) _can_notify /opt/stack/neutron/neutron/notifiers/nova.py:201}}
Sep 08 13:35:09.670301 dv-neutron-856274-3-hyperv neutron-server[107350]: INFO neutron.wsgi [req-1623088c-321c-4283-a57e-f9d026d51ba1 req-5e4919a2-d30b-4fb7-8dfc-dd6fa1f6f8b9 tempest-ServerActionsTestJSON-1149597449 tempest-ServerActionsTestJSON-1149597449-project] 10.222.0.39 "GET /networking/v2.0/ports?device_id=fb501815-4666-43c8-8b57-2754762088d7 HTTP/1.1" status: 200 len: 210 time: 0.1888819
Sep 08 13:35:09.742072 dv-neutron-856274-3-hyperv neutron-server[107350]: DEBUG neutron_lib.callbacks.manager [req-58340ace-56c6-4985-bc34-50b7e9dc62e6 req-e9b1ec27-c413-4906-aed2-adc96ecb601c tempest-ServersTestManualDisk-90623687 tempest-ServersTestManualDisk-90623687-project] Publish callbacks ['neutron.plugins.ml2.plugin.SecurityGroupServerNotifierRpcMixin._notify_sg_on_port_change-690071', 'neutron.plugins.ml2.ovo_rpc._ObjectChangeHandler.handle_event-50741', 'neutron.api.rpc.agentnotifiers.dhcp_rpc_agent_api.DhcpAgentNotifyAPI._native_event_send_dhcp_notification-1595174', 'neutron.db.l3_dvrscheduler_db._notify_l3_agent_new_port-8737612662191', 'neutron.services.segments.plugin.NovaSegmentNotifier._notify_port_created_or_deleted-8015509'] for port (f1806b6a-445d-42b5-8ef4-b9b151211ca0), after_create {{(pid=107350) _notify_loop /usr/local/lib/python3.8/dist-packages/neutron_lib/callbacks/manager.py:176}}
Sep 08 13:35:09.907556 dv-neutron-856274-3-hyperv neutron-server[107349]: DEBUG neutron_lib.callbacks.manager [req-53acaa82-be3f-4c6d-b51f-d8ffc9df527d req-36effa66-a062-4623-a8a7-0976caeb3f4d tempest-ServersTestJSON-1904880480 tempest-ServersTestJSON-1904880480-project] Publish callbacks [] for port (2a8d41fb-8e58-4a8a-967f-6a6bb5549c82), precommit_create {{(pid=107349) _notify_loop /usr/local/lib/python3.8/dist-packages/neutron_lib/callbacks/manager.py:176}}
Sep 08 13:35:09.978702 dv-neutron-856274-3-hyperv neutron-server[107349]: DEBUG neutron_lib.callbacks.manager [req-53acaa82-be3f-4c6d-b51f-d8ffc9df527d req-36effa66-a062-4623-a8a7-0976caeb3f4d tempest-ServersTestJSON-1904880480 tempest-ServersTestJSON-1904880480-project] Publish callbacks ['neutron.plugins.ml2.plugin.SecurityGroupServerNotifierRpcMixin._notify_sg_on_port_change-690071', 'neutron.plugins.ml2.ovo_rpc._ObjectChangeHandler.handle_event-50741', 'neutron.api.rpc.agentnotifiers.dhcp_rpc_agent_api.DhcpAgentNotifyAPI._native_event_send_dhcp_notification-1595174', 'neutron.db.l3_dvrscheduler_db._notify_l3_agent_new_port-8737612662191', 'neutron.services.segments.plugin.NovaSegmentNotifier._notify_port_created_or_deleted-6484279'] for port (2a8d41fb-8e58-4a8a-967f-6a6bb5549c82), after_create {{(pid=107349) _notify_loop /usr/local/lib/python3.8/dist-packages/neutron_lib/callbacks/manager.py:176}}
Sep 08 13:35:10.097897 dv-neutron-856274-3-hyperv neutron-server[107349]: DEBUG neutron.scheduler.dhcp_agent_scheduler [req-53acaa82-be3f-4c6d-b51f-d8ffc9df527d req-36effa66-a062-4623-a8a7-0976caeb3f4d tempest-ServersTestJSON-1904880480 tempest-ServersTestJSON-1904880480-project] Network 46af2b48-4dce-401c-9cdf-4fbd26def835 is already hosted by enough agents. {{(pid=107349) _get_dhcp_agents_hosting_network /opt/stack/neutron/neutron/scheduler/dhcp_agent_scheduler.py:275}}
Sep 08 13:35:10.102749 dv-neutron-856274-3-hyperv neutron-server[107349]: DEBUG neutron.scheduler.base_scheduler [req-53acaa82-be3f-4c6d-b51f-d8ffc9df527d req-36effa66-a062-4623-a8a7-0976caeb3f4d tempest-ServersTestJSON-1904880480 tempest-ServersTestJSON-1904880480-project] Resources bound (agent type, host, resource id): {{(pid=107349) schedule /opt/stack/neutron/neutron/scheduler/base_scheduler.py:57}}
Sep 08 13:35:10.116294 dv-neutron-856274-3-hyperv neutron-server[107350]: DEBUG neutron.wsgi [-] (107350) accepted ('10.222.0.23', 61612) {{(pid=107350) server /usr/local/lib/python3.8/dist-packages/eventlet/wsgi.py:1004}}
Sep 08 13:35:10.125299 dv-neutron-856274-3-hyperv neutron-server[107350]: DEBUG neutron.plugins.ml2.plugin [None req-5b868c59-81dd-4aad-b765-0cfb5057beaf tempest-PortsAdminExtendedAttrsIpV6TestJSON-1305409609 tempest-PortsAdminExtendedAttrsIpV6TestJSON-1305409609-project-admin] Deleting port bf5c5d1d-0345-42d3-ad71-19b4b3b7ab25 {{(pid=107350) _pre_delete_port /opt/stack/neutron/neutron/plugins/ml2/plugin.py:2047}}
Sep 08 13:35:10.125705 dv-neutron-856274-3-hyperv neutron-server[107350]: DEBUG neutron_lib.callbacks.manager [None req-5b868c59-81dd-4aad-b765-0cfb5057beaf tempest-PortsAdminExtendedAttrsIpV6TestJSON-1305409609 tempest-PortsAdminExtendedAttrsIpV6TestJSON-1305409609-project-admin] Publish callbacks ['neutron.db.l3_db.L3_NAT_dbonly_mixin._prevent_l3_port_delete_callback-8737613118437'] for port (bf5c5d1d-0345-42d3-ad71-19b4b3b7ab25), before_delete {{(pid=107350) _notify_loop /usr/local/lib/python3.8/dist-packages/neutron_lib/callbacks/manager.py:176}}
Sep 08 13:35:10.126749 dv-neutron-856274-3-hyperv neutron-server[107349]: DEBUG neutron.db.l3_dvrscheduler_db [req-53acaa82-be3f-4c6d-b51f-d8ffc9df527d req-36effa66-a062-4623-a8a7-0976caeb3f4d tempest-ServersTestJSON-1904880480 tempest-ServersTestJSON-1904880480-project] Received port after_create {{(pid=107349) _notify_l3_agent_new_port /opt/stack/neutron/neutron/db/l3_dvrscheduler_db.py:538}}
Sep 08 13:35:10.136639 dv-neutron-856274-3-hyperv neutron-server[107349]: DEBUG dbcounter [-] [107349] Writing DB stats neutron:SELECT=91,neutron:UPDATE=4,neutron:INSERT=5 {{(pid=107349) stat_writer /usr/local/lib/python3.8/dist-packages/dbcounter.py:114}}
Sep 08 13:35:10.264479 dv-neutron-856274-3-hyperv neutron-server[107349]: DEBUG neutron.api.rpc.handlers.resources_rpc [None req-36effa66-a062-4623-a8a7-0976caeb3f4d tempest-ServersTestJSON-1904880480 tempest-ServersTestJSON-1904880480-project] Pushing event updated for resources: {'Port': ['ID=2a8d41fb-8e58-4a8a-967f-6a6bb5549c82,revision_number=1']} {{(pid=107349) push /opt/stack/neutron/neutron/api/rpc/handlers/resources_rpc.py:237}}
Sep 08 13:35:10.336946 dv-neutron-856274-3-hyperv neutron-server[107350]: DEBUG neutron.scheduler.dhcp_agent_scheduler [req-58340ace-56c6-4985-bc34-50b7e9dc62e6 req-e9b1ec27-c413-4906-aed2-adc96ecb601c tempest-ServersTestManualDisk-90623687 tempest-ServersTestManualDisk-90623687-project] Network e0632099-141e-4fc3-9f4d-007bd0a84c5e is already hosted by enough agents. {{(pid=107350) _get_dhcp_agents_hosting_network /opt/stack/neutron/neutron/scheduler/dhcp_agent_scheduler.py:275}}
Sep 08 13:35:10.361237 dv-neutron-856274-3-hyperv neutron-server[107349]: DEBUG neutron.pecan_wsgi.hooks.policy_enforcement [req-53acaa82-be3f-4c6d-b51f-d8ffc9df527d req-36effa66-a062-4623-a8a7-0976caeb3f4d tempest-ServersTestJSON-1904880480 tempest-ServersTestJSON-1904880480-project] Attributes excluded by policy engine: ['standard_attr_id', 'binding:profile', 'binding:host_id', 'binding:vif_type', 'binding:vif_details', 'network'] {{(pid=107349) _exclude_attributes_by_policy /opt/stack/neutron/neutron/pecan_wsgi/hooks/policy_enforcement.py:259}}
Sep 08 13:35:10.362582 dv-neutron-856274-3-hyperv neutron-server[107349]: DEBUG neutron_lib.callbacks.manager [req-53acaa82-be3f-4c6d-b51f-d8ffc9df527d req-36effa66-a062-4623-a8a7-0976caeb3f4d tempest-ServersTestJSON-1904880480 tempest-ServersTestJSON-1904880480-project] Publish callbacks ['neutron.notifiers.nova.Notifier._send_nova_notification-424796'] for port (None), before_response {{(pid=107349) _notify_loop /usr/local/lib/python3.8/dist-packages/neutron_lib/callbacks/manager.py:176}}
Sep 08 13:35:10.413763 dv-neutron-856274-3-hyperv neutron-server[107349]: INFO neutron.wsgi [req-53acaa82-be3f-4c6d-b51f-d8ffc9df527d req-36effa66-a062-4623-a8a7-0976caeb3f4d tempest-ServersTestJSON-1904880480 tempest-ServersTestJSON-1904880480-project] 10.222.0.23 "POST /networking/v2.0/ports HTTP/1.1" status: 201 len: 934 time: 2.1700795
Sep 08 13:35:10.444550 dv-neutron-856274-3-hyperv neutron-server[107349]: DEBUG neutron.wsgi [req-53acaa82-be3f-4c6d-b51f-d8ffc9df527d req-f6cf35ec-ebba-4cf1-b7e1-88a67025d65a tempest-ServersTestJSON-1904880480 tempest-ServersTestJSON-1904880480-project] http://10.222.0.39:9696/networking/v2.0/extensions returned with HTTP 200 {{(pid=107349) __call__ /opt/stack/neutron/neutron/wsgi.py:730}}
Sep 08 13:35:10.446011 dv-neutron-856274-3-hyperv neutron-server[107349]: INFO neutron.wsgi [req-53acaa82-be3f-4c6d-b51f-d8ffc9df527d req-f6cf35ec-ebba-4cf1-b7e1-88a67025d65a tempest-ServersTestJSON-1904880480 tempest-ServersTestJSON-1904880480-project] 10.222.0.23 "GET /networking/v2.0/extensions HTTP/1.1" status: 200 len: 14578 time: 0.0106945
Sep 08 13:35:10.463127 dv-neutron-856274-3-hyperv neutron-server[107350]: DEBUG neutron.pecan_wsgi.hooks.quota_enforcement [None req-d3bf6957-5610-407a-af07-fa2a91ad312e tempest-AllowedAddressPairTestJSON-751098385 tempest-AllowedAddressPairTestJSON-751098385-project] Made reservation on behalf of 40aa0c304f7a481992c5e688a4076156 for: {'port': 1} {{(pid=107350) before /opt/stack/neutron/neutron/pecan_wsgi/hooks/quota_enforcement.py:53}}
Sep 08 13:35:10.478119 dv-neutron-856274-3-hyperv neutron-server[107352]: DEBUG neutron.db.agents_db [None req-dfc984d0-57c7-450d-96bc-50be0830aeb4 None None] Agent healthcheck: found 6 active agents {{(pid=107352) agent_health_check /opt/stack/neutron/neutron/db/agents_db.py:317}}
Sep 08 13:35:10.518036 dv-neutron-856274-3-hyperv neutron-server[107350]: DEBUG neutron_lib.callbacks.manager [None req-d3bf6957-5610-407a-af07-fa2a91ad312e tempest-AllowedAddressPairTestJSON-751098385 tempest-AllowedAddressPairTestJSON-751098385-project] Publish callbacks ['neutron.plugins.ml2.plugin.SecurityGroupDbMixin._ensure_default_security_group_handler-690134'] for port (None), before_create {{(pid=107350) _notify_loop /usr/local/lib/python3.8/dist-packages/neutron_lib/callbacks/manager.py:176}}
Sep 08 13:35:10.687090 dv-neutron-856274-3-hyperv neutron-server[107350]: DEBUG neutron.scheduler.base_scheduler [req-58340ace-56c6-4985-bc34-50b7e9dc62e6 req-e9b1ec27-c413-4906-aed2-adc96ecb601c tempest-ServersTestManualDisk-90623687 tempest-ServersTestManualDisk-90623687-project] Resources bound (agent type, host, resource id): {{(pid=107350) schedule /opt/stack/neutron/neutron/scheduler/base_scheduler.py:57}}
Sep 08 13:35:10.734721 dv-neutron-856274-3-hyperv neutron-server[107350]: DEBUG neutron.pecan_wsgi.hooks.policy_enforcement [req-7ae0208e-193e-4741-8b0f-73bb07d9e42a req-9e73ec1f-385b-4069-9712-ad43c9ae40c8 tempest-ServersTestJSON-1904880480 tempest-ServersTestJSON-1904880480-project] Attributes excluded by policy engine: ['standard_attr_id', 'binding:profile', 'binding:host_id', 'binding:vif_type', 'binding:vif_details'] {{(pid=107350) _exclude_attributes_by_policy /opt/stack/neutron/neutron/pecan_wsgi/hooks/policy_enforcement.py:259}}
Sep 08 13:35:10.742956 dv-neutron-856274-3-hyperv neutron-server[107350]: INFO neutron.wsgi [req-7ae0208e-193e-4741-8b0f-73bb07d9e42a req-9e73ec1f-385b-4069-9712-ad43c9ae40c8 tempest-ServersTestJSON-1904880480 tempest-ServersTestJSON-1904880480-project] 10.222.0.39 "GET /networking/v2.0/ports?device_id=eb5af1c5-2994-423b-abea-d7f00435a912 HTTP/1.1" status: 200 len: 932 time: 0.2050529
Sep 08 13:35:10.759996 dv-neutron-856274-3-hyperv neutron-server[107351]: DEBUG neutron.db.provisioning_blocks [None req-cea01410-52a9-4d64-815a-2fee5902f531 None None] Provisioning complete for port 2a8d41fb-8e58-4a8a-967f-6a6bb5549c82 triggered by entity DHCP. {{(pid=107351) provisioning_complete /opt/stack/neutron/neutron/db/provisioning_blocks.py:144}}
Sep 08 13:35:10.760653 dv-neutron-856274-3-hyperv neutron-server[107350]: DEBUG neutron.db.l3_dvrscheduler_db [req-58340ace-56c6-4985-bc34-50b7e9dc62e6 req-e9b1ec27-c413-4906-aed2-adc96ecb601c tempest-ServersTestManualDisk-90623687 tempest-ServersTestManualDisk-90623687-project] Received port after_create {{(pid=107350) _notify_l3_agent_new_port /opt/stack/neutron/neutron/db/l3_dvrscheduler_db.py:538}}
Sep 08 13:35:10.761833 dv-neutron-856274-3-hyperv neutron-server[107351]: DEBUG neutron_lib.callbacks.manager [None req-cea01410-52a9-4d64-815a-2fee5902f531 None None] Publish callbacks ['neutron.plugins.ml2.plugin.Ml2Plugin._port_provisioned-831078'] for port (2a8d41fb-8e58-4a8a-967f-6a6bb5549c82), provisioning_complete {{(pid=107351) _notify_loop /usr/local/lib/python3.8/dist-packages/neutron_lib/callbacks/manager.py:176}}
Sep 08 13:35:10.772195 dv-neutron-856274-3-hyperv neutron-server[107350]: DEBUG dbcounter [-] [107350] Writing DB stats neutron:SELECT=97,neutron:INSERT=1,neutron:DELETE=2 {{(pid=107350) stat_writer /usr/local/lib/python3.8/dist-packages/dbcounter.py:114}}
Sep 08 13:35:10.773621 dv-neutron-856274-3-hyperv neutron-server[107350]: DEBUG neutron.api.rpc.handlers.resources_rpc [None req-e9b1ec27-c413-4906-aed2-adc96ecb601c tempest-ServersTestManualDisk-90623687 tempest-ServersTestManualDisk-90623687-project] Pushing event updated for resources: {'Port': ['ID=f1806b6a-445d-42b5-8ef4-b9b151211ca0,revision_number=1']} {{(pid=107350) push /opt/stack/neutron/neutron/api/rpc/handlers/resources_rpc.py:237}}
Sep 08 13:35:10.850686 dv-neutron-856274-3-hyperv neutron-server[107351]: DEBUG neutron.plugins.ml2.plugin [None req-cea01410-52a9-4d64-815a-2fee5902f531 None None] Port 2a8d41fb-8e58-4a8a-967f-6a6bb5549c82 cannot update to ACTIVE because it is not bound. {{(pid=107351) _port_provisioned /opt/stack/neutron/neutron/plugins/ml2/plugin.py:348}}
Sep 08 13:35:10.892048 dv-neutron-856274-3-hyperv neutron-server[107350]: DEBUG neutron_lib.callbacks.manager [None req-7c2c7347-fa55-44fc-ac7b-c299e5dbf13f tempest-PortsAdminExtendedAttrsTestJSON-490779156 tempest-PortsAdminExtendedAttrsTestJSON-490779156-project-admin] Publish callbacks ['neutron.plugins.ml2.plugin.SecurityGroupServerNotifierRpcMixin._notify_sg_on_port_change-690071', 'neutron.plugins.ml2.ovo_rpc._ObjectChangeHandler.handle_event-50741', 'neutron.api.rpc.agentnotifiers.dhcp_rpc_agent_api.DhcpAgentNotifyAPI._native_event_send_dhcp_notification-1595174', 'neutron.db.l3_db.L3RpcNotifierMixin._notify_routers_callback-8737613120916', 'neutron.db.l3_dvrscheduler_db._notify_port_delete-8737612662200', 'neutron.services.segments.plugin.NovaSegmentNotifier._notify_port_created_or_deleted-8015509'] for port (e596c710-fabc-412e-977d-998d77d526b5), after_delete {{(pid=107350) _notify_loop /usr/local/lib/python3.8/dist-packages/neutron_lib/callbacks/manager.py:176}}
Sep 08 13:35:10.995343 dv-neutron-856274-3-hyperv neutron-server[107350]: DEBUG dbcounter [-] [107350] Writing DB stats neutron:SELECT=92,neutron:INSERT=4,neutron:UPDATE=1,neutron:DELETE=3 {{(pid=107350) stat_writer /usr/local/lib/python3.8/dist-packages/dbcounter.py:114}}
Sep 08 13:35:11.033730 dv-neutron-856274-3-hyperv neutron-server[107350]: INFO neutron.wsgi [req-7ae0208e-193e-4741-8b0f-73bb07d9e42a req-00ea87a6-c833-40e4-8f63-f6586685cbe6 tempest-ServersTestJSON-1904880480 tempest-ServersTestJSON-1904880480-project] 10.222.0.39 "GET /networking/v2.0/security-groups?id=e4eeea7d-b681-46db-ad90-e163528008be&fields=id&fields=name HTTP/1.1" status: 200 len: 313 time: 0.2895322
Sep 08 13:35:11.086445 dv-neutron-856274-3-hyperv neutron-server[107350]: DEBUG neutron.notifiers.nova [None req-d3bf6957-5610-407a-af07-fa2a91ad312e tempest-AllowedAddressPairTestJSON-751098385 tempest-AllowedAddressPairTestJSON-751098385-project] device_id is not set on port 546b80d8-40de-4feb-af99-edc727814fbe yet. {{(pid=107350) _can_notify /opt/stack/neutron/neutron/notifiers/nova.py:201}}
Sep 08 13:35:11.144796 dv-neutron-856274-3-hyperv neutron-server[107350]: DEBUG neutron.plugins.ml2.db [None req-5b868c59-81dd-4aad-b765-0cfb5057beaf tempest-PortsAdminExtendedAttrsIpV6TestJSON-1305409609 tempest-PortsAdminExtendedAttrsIpV6TestJSON-1305409609-project-admin] For port bf5c5d1d-0345-42d3-ad71-19b4b3b7ab25, host hv-neutron-8562, got binding levels [] {{(pid=107350) get_binding_level_objs /opt/stack/neutron/neutron/plugins/ml2/db.py:74}}
Sep 08 13:35:11.145592 dv-neutron-856274-3-hyperv neutron-server[107350]: DEBUG neutron_lib.callbacks.manager [None req-5b868c59-81dd-4aad-b765-0cfb5057beaf tempest-PortsAdminExtendedAttrsIpV6TestJSON-1305409609 tempest-PortsAdminExtendedAttrsIpV6TestJSON-1305409609-project-admin] Publish callbacks ['neutron.services.l3_router.l3_router_plugin.L3_NAT_dbonly_mixin._precommit_delete_port_callback-2044614'] for port (bf5c5d1d-0345-42d3-ad71-19b4b3b7ab25), precommit_delete {{(pid=107350) _notify_loop /usr/local/lib/python3.8/dist-packages/neutron_lib/callbacks/manager.py:176}}
Sep 08 13:35:11.160322 dv-neutron-856274-3-hyperv neutron-server[107350]: DEBUG neutron.api.rpc.handlers.resources_rpc [None req-7c2c7347-fa55-44fc-ac7b-c299e5dbf13f tempest-PortsAdminExtendedAttrsTestJSON-490779156 tempest-PortsAdminExtendedAttrsTestJSON-490779156-project-admin] Pushing event deleted for resources: {'Port': ['ID=e596c710-fabc-412e-977d-998d77d526b5,revision_number=None']} {{(pid=107350) push /opt/stack/neutron/neutron/api/rpc/handlers/resources_rpc.py:237}}
Sep 08 13:35:11.192233 dv-neutron-856274-3-hyperv neutron-server[107350]: DEBUG neutron_lib.callbacks.manager [None req-7c2c7347-fa55-44fc-ac7b-c299e5dbf13f tempest-PortsAdminExtendedAttrsTestJSON-490779156 tempest-PortsAdminExtendedAttrsTestJSON-490779156-project-admin] Publish callbacks ['neutron.notifiers.nova.Notifier._send_nova_notification-424796'] for port (None), before_response {{(pid=107350) _notify_loop /usr/local/lib/python3.8/dist-packages/neutron_lib/callbacks/manager.py:176}}
Sep 08 13:35:11.198677 dv-neutron-856274-3-hyperv neutron-server[107349]: DEBUG neutron.wsgi [-] (107349) accepted ('10.222.0.39', 41088) {{(pid=107349) server /usr/local/lib/python3.8/dist-packages/eventlet/wsgi.py:1004}}
Sep 08 13:35:11.202132 dv-neutron-856274-3-hyperv neutron-server[107351]: DEBUG neutron.db.provisioning_blocks [None req-c233125d-6467-473f-b80a-4f25e16aa47a None None] Provisioning complete for port f1806b6a-445d-42b5-8ef4-b9b151211ca0 triggered by entity DHCP. {{(pid=107351) provisioning_complete /opt/stack/neutron/neutron/db/provisioning_blocks.py:144}}
Sep 08 13:35:11.206146 dv-neutron-856274-3-hyperv neutron-server[107351]: DEBUG neutron_lib.callbacks.manager [None req-c233125d-6467-473f-b80a-4f25e16aa47a None None] Publish callbacks ['neutron.plugins.ml2.plugin.Ml2Plugin._port_provisioned-831078'] for port (f1806b6a-445d-42b5-8ef4-b9b151211ca0), provisioning_complete {{(pid=107351) _notify_loop /usr/local/lib/python3.8/dist-packages/neutron_lib/callbacks/manager.py:176}}
Sep 08 13:35:11.208327 dv-neutron-856274-3-hyperv neutron-server[107350]: INFO neutron.wsgi [None req-7c2c7347-fa55-44fc-ac7b-c299e5dbf13f tempest-PortsAdminExtendedAttrsTestJSON-490779156 tempest-PortsAdminExtendedAttrsTestJSON-490779156-project-admin] 10.222.0.39 "DELETE /networking/v2.0/ports/e596c710-fabc-412e-977d-998d77d526b5 HTTP/1.1" status: 204 len: 168 time: 4.3376067
Sep 08 13:35:11.215248 dv-neutron-856274-3-hyperv neutron-server[107350]: DEBUG neutron.db.db_base_plugin_common [None req-f07a8f61-e6d8-467f-bafc-a420c18be0c5 tempest-FloatingIPAdminTestJSON-1187793111 tempest-FloatingIPAdminTestJSON-1187793111-project] Allocated IP 172.20.0.7 (aff57953-5887-42a5-8161-0eca9c0292fe/287a3c61-9cba-4f7a-930b-84740e8186ae/c92ee04b-af9f-4ee5-8d00-768e2e2ccec0) {{(pid=107350) _store_ip_allocation /opt/stack/neutron/neutron/db/db_base_plugin_common.py:131}}
Sep 08 13:35:11.249554 dv-neutron-856274-3-hyperv neutron-server[107350]: DEBUG neutron.pecan_wsgi.hooks.policy_enforcement [req-57a16c57-9e35-44d4-9ff1-eb4677459893 req-a601a767-a956-402b-b255-0af52ae0f42c tempest-ServersTestManualDisk-90623687 tempest-ServersTestManualDisk-90623687-project] Attributes excluded by policy engine: ['standard_attr_id', 'binding:profile', 'binding:host_id', 'binding:vif_type', 'binding:vif_details'] {{(pid=107350) _exclude_attributes_by_policy /opt/stack/neutron/neutron/pecan_wsgi/hooks/policy_enforcement.py:259}}
Sep 08 13:35:11.251414 dv-neutron-856274-3-hyperv neutron-server[107350]: INFO neutron.wsgi [req-57a16c57-9e35-44d4-9ff1-eb4677459893 req-a601a767-a956-402b-b255-0af52ae0f42c tempest-ServersTestManualDisk-90623687 tempest-ServersTestManualDisk-90623687-project] 10.222.0.39 "GET /networking/v2.0/ports?device_id=dfa72fa7-c04a-42a3-9c54-fb8dbab9629f HTTP/1.1" status: 200 len: 931 time: 0.6193275
Sep 08 13:35:11.265876 dv-neutron-856274-3-hyperv neutron-server[107349]: INFO neutron.pecan_wsgi.hooks.translation [None req-9d9d9fb6-1a7f-442a-a729-cccdf5dc0485 tempest-PortsAdminExtendedAttrsTestJSON-490779156 tempest-PortsAdminExtendedAttrsTestJSON-490779156-project-admin] GET failed (client error): The resource could not be found.
Sep 08 13:35:11.271032 dv-neutron-856274-3-hyperv neutron-server[107349]: INFO neutron.wsgi [None req-9d9d9fb6-1a7f-442a-a729-cccdf5dc0485 tempest-PortsAdminExtendedAttrsTestJSON-490779156 tempest-PortsAdminExtendedAttrsTestJSON-490779156-project-admin] 10.222.0.39 "GET /networking/v2.0/ports/e596c710-fabc-412e-977d-998d77d526b5 HTTP/1.1" status: 404 len: 333 time: 0.0711656
Sep 08 13:35:11.271673 dv-neutron-856274-3-hyperv neutron-server[107349]: DEBUG neutron.wsgi [-] (107349) accepted ('10.222.0.39', 41092) {{(pid=107349) server /usr/local/lib/python3.8/dist-packages/eventlet/wsgi.py:1004}}
Sep 08 13:35:11.274328 dv-neutron-856274-3-hyperv neutron-server[107351]: DEBUG neutron.plugins.ml2.plugin [None req-c233125d-6467-473f-b80a-4f25e16aa47a None None] Port f1806b6a-445d-42b5-8ef4-b9b151211ca0 cannot update to ACTIVE because it is not bound. {{(pid=107351) _port_provisioned /opt/stack/neutron/neutron/plugins/ml2/plugin.py:348}}
Sep 08 13:35:11.407986 dv-neutron-856274-3-hyperv neutron-server[107349]: DEBUG neutron.api.v2.base [req-53acaa82-be3f-4c6d-b51f-d8ffc9df527d req-fa96aba7-76aa-46ea-923f-a0727a635c1a service neutron] Request body: {'port': {'device_id': 'eb5af1c5-2994-423b-abea-d7f00435a912', 'device_owner': 'compute:nova', 'binding:host_id': 'hv-neutron-8562'}} {{(pid=107349) prepare_request_body /opt/stack/neutron/neutron/api/v2/base.py:730}}
Sep 08 13:35:11.429167 dv-neutron-856274-3-hyperv neutron-server[107349]: DEBUG neutron_lib.callbacks.manager [None req-12ff1c0b-1db8-4faf-a402-50275fa9b789 tempest-PortsAdminExtendedAttrsTestJSON-991324556 tempest-PortsAdminExtendedAttrsTestJSON-991324556-project] Publish callbacks ['neutron.plugins.ml2.plugin.External_net_db_mixin._before_network_delete_handler-704009'] for network (437ebd3b-653d-4c24-a9d0-94df12b3e7f0), before_delete {{(pid=107349) _notify_loop /usr/local/lib/python3.8/dist-packages/neutron_lib/callbacks/manager.py:176}}
Sep 08 13:35:11.495840 dv-neutron-856274-3-hyperv neutron-server[107350]: INFO neutron.wsgi [req-41aaaa5e-ef83-44b0-be23-6a0d08a6e985 req-b888cadf-e4cf-49c2-bf5e-10c01835ae5e tempest-ServerActionsTestJSON-1149597449 tempest-ServerActionsTestJSON-1149597449-project] 10.222.0.39 "GET /networking/v2.0/ports?device_id=fb501815-4666-43c8-8b57-2754762088d7 HTTP/1.1" status: 200 len: 210 time: 0.2080545
Sep 08 13:35:11.536180 dv-neutron-856274-3-hyperv neutron-server[107350]: DEBUG neutron_lib.db.resource_extend [None req-17d69c26-539e-41b4-9459-e7402db8f2e9 tempest-ExternalNetworksTestJSON-1206726549 tempest-ExternalNetworksTestJSON-1206726549-project-admin] It took 0.28 seconds to run function 'neutron_lib.db.resource_extend.apply_funcs' {{(pid=107350) wrapper /usr/local/lib/python3.8/dist-packages/oslo_utils/timeutils.py:322}}
Sep 08 13:35:11.550819 dv-neutron-856274-3-hyperv neutron-server[107350]: DEBUG neutron_lib.callbacks.manager [None req-17d69c26-539e-41b4-9459-e7402db8f2e9 tempest-ExternalNetworksTestJSON-1206726549 tempest-ExternalNetworksTestJSON-1206726549-project-admin] Publish callbacks ['neutron.services.auto_allocate.db._ensure_external_network_default_value_callback-8737612633492'] for network (2d0fe0de-a130-4b43-9c80-3e8403a19e2a), precommit_update {{(pid=107350) _notify_loop /usr/local/lib/python3.8/dist-packages/neutron_lib/callbacks/manager.py:176}}
Sep 08 13:35:11.568671 dv-neutron-856274-3-hyperv neutron-server[107350]: DEBUG neutron.plugins.ml2.plugin [None req-5b868c59-81dd-4aad-b765-0cfb5057beaf tempest-PortsAdminExtendedAttrsIpV6TestJSON-1305409609 tempest-PortsAdminExtendedAttrsIpV6TestJSON-1305409609-project-admin] Calling delete_port for bf5c5d1d-0345-42d3-ad71-19b4b3b7ab25 owned by {{(pid=107350) delete_port /opt/stack/neutron/neutron/plugins/ml2/plugin.py:2126}}
Sep 08 13:35:11.598379 dv-neutron-856274-3-hyperv neutron-server[107350]: DEBUG neutron.pecan_wsgi.hooks.policy_enforcement [req-4a93c3f7-e0c9-4a8f-a770-bfa428743baf req-d09f3552-8e11-440c-8f80-6a74f9a81e45 tempest-ServerActionsTestJSON-1149597449 tempest-ServerActionsTestJSON-1149597449-project] Attributes excluded by policy engine: ['standard_attr_id', 'vlan_transparent', 'provider:network_type', 'provider:physical_network', 'provider:segmentation_id'] {{(pid=107350) _exclude_attributes_by_policy /opt/stack/neutron/neutron/pecan_wsgi/hooks/policy_enforcement.py:259}}
Sep 08 13:35:11.600419 dv-neutron-856274-3-hyperv neutron-server[107350]: INFO neutron.wsgi [req-4a93c3f7-e0c9-4a8f-a770-bfa428743baf req-d09f3552-8e11-440c-8f80-6a74f9a81e45 tempest-ServerActionsTestJSON-1149597449 tempest-ServerActionsTestJSON-1149597449-project] 10.222.0.23 "GET /networking/v2.0/networks?id=40fbe4f3-93a5-450f-abad-9b2c5890f56d HTTP/1.1" status: 200 len: 811 time: 1.4707255
Sep 08 13:35:11.650454 dv-neutron-856274-3-hyperv neutron-server[107350]: INFO neutron.wsgi [req-57a16c57-9e35-44d4-9ff1-eb4677459893 req-d69f1855-ad6b-4a85-be40-9a5151baa54f tempest-ServersTestManualDisk-90623687 tempest-ServersTestManualDisk-90623687-project] 10.222.0.39 "GET /networking/v2.0/security-groups?id=14a32035-59fd-48ac-a65e-d6aa804af87a&fields=id&fields=name HTTP/1.1" status: 200 len: 312 time: 0.0783086
Sep 08 13:35:11.654861 dv-neutron-856274-3-hyperv neutron-server[107350]: DEBUG neutron_lib.callbacks.manager [None req-17d69c26-539e-41b4-9459-e7402db8f2e9 tempest-ExternalNetworksTestJSON-1206726549 tempest-ExternalNetworksTestJSON-1206726549-project-admin] Publish callbacks ['neutron.plugins.ml2.ovo_rpc._ObjectChangeHandler.handle_event-1999738', 'neutron.api.rpc.agentnotifiers.dhcp_rpc_agent_api.DhcpAgentNotifyAPI._native_event_send_dhcp_notification-1595174'] for network (2d0fe0de-a130-4b43-9c80-3e8403a19e2a), after_update {{(pid=107350) _notify_loop /usr/local/lib/python3.8/dist-packages/neutron_lib/callbacks/manager.py:176}}
Sep 08 13:35:11.686933 dv-neutron-856274-3-hyperv neutron-server[107350]: DEBUG neutron.api.rpc.agentnotifiers.dhcp_rpc_agent_api [None req-17d69c26-539e-41b4-9459-e7402db8f2e9 tempest-ExternalNetworksTestJSON-1206726549 tempest-ExternalNetworksTestJSON-1206726549-project-admin] Network 2d0fe0de-a130-4b43-9c80-3e8403a19e2a is not hosted by any dhcp agent {{(pid=107350) _notify_agents /opt/stack/neutron/neutron/api/rpc/agentnotifiers/dhcp_rpc_agent_api.py:225}}
Sep 08 13:35:11.688174 dv-neutron-856274-3-hyperv neutron-server[107350]: DEBUG neutron.pecan_wsgi.hooks.policy_enforcement [None req-17d69c26-539e-41b4-9459-e7402db8f2e9 tempest-ExternalNetworksTestJSON-1206726549 tempest-ExternalNetworksTestJSON-1206726549-project-admin] Attributes excluded by policy engine: ['standard_attr_id', 'vlan_transparent'] {{(pid=107350) _exclude_attributes_by_policy /opt/stack/neutron/neutron/pecan_wsgi/hooks/policy_enforcement.py:259}}
Sep 08 13:35:11.689566 dv-neutron-856274-3-hyperv neutron-server[107350]: DEBUG neutron_lib.callbacks.manager [None req-17d69c26-539e-41b4-9459-e7402db8f2e9 tempest-ExternalNetworksTestJSON-1206726549 tempest-ExternalNetworksTestJSON-1206726549-project-admin] Publish callbacks [] for network (None), before_response {{(pid=107350) _notify_loop /usr/local/lib/python3.8/dist-packages/neutron_lib/callbacks/manager.py:176}}
Sep 08 13:35:11.694606 dv-neutron-856274-3-hyperv neutron-server[107350]: INFO neutron.wsgi [None req-17d69c26-539e-41b4-9459-e7402db8f2e9 tempest-ExternalNetworksTestJSON-1206726549 tempest-ExternalNetworksTestJSON-1206726549-project-admin] 10.222.0.39 "PUT /networking/v2.0/networks/2d0fe0de-a130-4b43-9c80-3e8403a19e2a HTTP/1.1" status: 200 len: 858 time: 2.2436433
Sep 08 13:35:11.700231 dv-neutron-856274-3-hyperv neutron-server[107350]: DEBUG neutron.pecan_wsgi.hooks.policy_enforcement [req-58340ace-56c6-4985-bc34-50b7e9dc62e6 req-e9b1ec27-c413-4906-aed2-adc96ecb601c tempest-ServersTestManualDisk-90623687 tempest-ServersTestManualDisk-90623687-project] Attributes excluded by policy engine: ['standard_attr_id', 'binding:profile', 'binding:host_id', 'binding:vif_type', 'binding:vif_details', 'network'] {{(pid=107350) _exclude_attributes_by_policy /opt/stack/neutron/neutron/pecan_wsgi/hooks/policy_enforcement.py:259}}
Sep 08 13:35:11.701205 dv-neutron-856274-3-hyperv neutron-server[107350]: DEBUG neutron_lib.callbacks.manager [req-58340ace-56c6-4985-bc34-50b7e9dc62e6 req-e9b1ec27-c413-4906-aed2-adc96ecb601c tempest-ServersTestManualDisk-90623687 tempest-ServersTestManualDisk-90623687-project] Publish callbacks ['neutron.notifiers.nova.Notifier._send_nova_notification-424796'] for port (None), before_response {{(pid=107350) _notify_loop /usr/local/lib/python3.8/dist-packages/neutron_lib/callbacks/manager.py:176}}
Sep 08 13:35:11.722235 dv-neutron-856274-3-hyperv neutron-server[107350]: DEBUG neutron.wsgi [-] (107350) accepted ('10.222.0.39', 41094) {{(pid=107350) server /usr/local/lib/python3.8/dist-packages/eventlet/wsgi.py:1004}}
Sep 08 13:35:11.732244 dv-neutron-856274-3-hyperv neutron-server[107349]: DEBUG neutron_lib.callbacks.manager [None req-12ff1c0b-1db8-4faf-a402-50275fa9b789 tempest-PortsAdminExtendedAttrsTestJSON-991324556 tempest-PortsAdminExtendedAttrsTestJSON-991324556-project] Publish callbacks ['neutron.plugins.ml2.plugin.Ml2Plugin._network_delete_precommit_handler-827585', 'neutron.services.segments.db._delete_segments_for_network-8737613097629'] for network (437ebd3b-653d-4c24-a9d0-94df12b3e7f0), precommit_delete {{(pid=107349) _notify_loop /usr/local/lib/python3.8/dist-packages/neutron_lib/callbacks/manager.py:176}}
Sep 08 13:35:11.780526 dv-neutron-856274-3-hyperv neutron-server[107349]: DEBUG neutron.services.segments.db [None req-12ff1c0b-1db8-4faf-a402-50275fa9b789 tempest-PortsAdminExtendedAttrsTestJSON-991324556 tempest-PortsAdminExtendedAttrsTestJSON-991324556-project] neutron.services.segments.plugin.Plugin method get_segments called with arguments (,) {'filters': {'network_id': ['437ebd3b-653d-4c24-a9d0-94df12b3e7f0']}} {{(pid=107349) wrapper /usr/local/lib/python3.8/dist-packages/oslo_log/helpers.py:65}}
Sep 08 13:35:11.802655 dv-neutron-856274-3-hyperv neutron-server[107349]: DEBUG neutron.services.segments.db [None req-12ff1c0b-1db8-4faf-a402-50275fa9b789 tempest-PortsAdminExtendedAttrsTestJSON-991324556 tempest-PortsAdminExtendedAttrsTestJSON-991324556-project] neutron.services.segments.plugin.Plugin method delete_segment called with arguments (, '0e66db72-5d8c-4ddc-ae49-a1b687eea9f5') {'for_net_delete': True} {{(pid=107349) wrapper /usr/local/lib/python3.8/dist-packages/oslo_log/helpers.py:65}}
Sep 08 13:35:11.803192 dv-neutron-856274-3-hyperv neutron-server[107349]: DEBUG neutron.services.segments.db [None req-12ff1c0b-1db8-4faf-a402-50275fa9b789 tempest-PortsAdminExtendedAttrsTestJSON-991324556 tempest-PortsAdminExtendedAttrsTestJSON-991324556-project] neutron.services.segments.plugin.Plugin method get_segment called with arguments (, '0e66db72-5d8c-4ddc-ae49-a1b687eea9f5') {} {{(pid=107349) wrapper /usr/local/lib/python3.8/dist-packages/oslo_log/helpers.py:65}}
Sep 08 13:35:11.824490 dv-neutron-856274-3-hyperv neutron-server[107349]: DEBUG neutron_lib.callbacks.manager [None req-12ff1c0b-1db8-4faf-a402-50275fa9b789 tempest-PortsAdminExtendedAttrsTestJSON-991324556 tempest-PortsAdminExtendedAttrsTestJSON-991324556-project] Publish callbacks ['neutron.plugins.ml2.db._prevent_segment_delete_with_port_bound-8737613097674', 'neutron.services.segments.plugin.Plugin._prevent_segment_delete_with_subnet_associated-6474897'] for segment (0e66db72-5d8c-4ddc-ae49-a1b687eea9f5), before_delete {{(pid=107349) _notify_loop /usr/local/lib/python3.8/dist-packages/neutron_lib/callbacks/manager.py:176}}
Sep 08 13:35:11.855028 dv-neutron-856274-3-hyperv neutron-server[107349]: DEBUG neutron_lib.callbacks.manager [None req-12ff1c0b-1db8-4faf-a402-50275fa9b789 tempest-PortsAdminExtendedAttrsTestJSON-991324556 tempest-PortsAdminExtendedAttrsTestJSON-991324556-project] Publish callbacks ['neutron.plugins.ml2.plugin.Ml2Plugin._handle_segment_change-834262'] for segment (0e66db72-5d8c-4ddc-ae49-a1b687eea9f5), precommit_delete {{(pid=107349) _notify_loop /usr/local/lib/python3.8/dist-packages/neutron_lib/callbacks/manager.py:176}}
Sep 08 13:35:11.872276 dv-neutron-856274-3-hyperv neutron-server[107349]: DEBUG neutron.plugins.ml2.drivers.type_vlan [None req-12ff1c0b-1db8-4faf-a402-50275fa9b789 tempest-PortsAdminExtendedAttrsTestJSON-991324556 tempest-PortsAdminExtendedAttrsTestJSON-991324556-project] Releasing vlan 167 on physical network physnet1 to pool {{(pid=107349) release_segment /opt/stack/neutron/neutron/plugins/ml2/drivers/type_vlan.py:304}}
Sep 08 13:35:11.873166 dv-neutron-856274-3-hyperv neutron-server[107349]: DEBUG neutron_lib.callbacks.manager [None req-12ff1c0b-1db8-4faf-a402-50275fa9b789 tempest-PortsAdminExtendedAttrsTestJSON-991324556 tempest-PortsAdminExtendedAttrsTestJSON-991324556-project] Publish callbacks ['neutron.plugins.ml2.plugin.Ml2Plugin._handle_segment_change-834262', 'neutron.services.segments.plugin.NovaSegmentNotifier._notify_segment_deleted-6484330'] for segment (0e66db72-5d8c-4ddc-ae49-a1b687eea9f5), after_delete {{(pid=107349) _notify_loop /usr/local/lib/python3.8/dist-packages/neutron_lib/callbacks/manager.py:176}}
Sep 08 13:35:11.879637 dv-neutron-856274-3-hyperv neutron-server[107350]: DEBUG neutron_lib.callbacks.manager [None req-df4c69d4-0493-45a8-9341-60a9087410e3 tempest-ExternalNetworksTestJSON-1206726549 tempest-ExternalNetworksTestJSON-1206726549-project-admin] Publish callbacks ['neutron.plugins.ml2.plugin.External_net_db_mixin._before_network_delete_handler-704009'] for network (2d0fe0de-a130-4b43-9c80-3e8403a19e2a), before_delete {{(pid=107350) _notify_loop /usr/local/lib/python3.8/dist-packages/neutron_lib/callbacks/manager.py:176}}
Sep 08 13:35:11.938005 dv-neutron-856274-3-hyperv neutron-server[107350]: INFO neutron.wsgi [req-4a93c3f7-e0c9-4a8f-a770-bfa428743baf req-a4088773-6157-4831-b2ff-8288daa71aaa tempest-ServerActionsTestJSON-1149597449 tempest-ServerActionsTestJSON-1149597449-project] 10.222.0.23 "GET /networking/v2.0/security-groups?fields=id&fields=name&tenant_id=d56efaee680c4ad59b1707963d4ef6dd HTTP/1.1" status: 200 len: 380 time: 0.0839865
Sep 08 13:35:11.976434 dv-neutron-856274-3-hyperv neutron-server[107350]: INFO neutron.wsgi [req-58340ace-56c6-4985-bc34-50b7e9dc62e6 req-e9b1ec27-c413-4906-aed2-adc96ecb601c tempest-ServersTestManualDisk-90623687 tempest-ServersTestManualDisk-90623687-project] 10.222.0.23 "POST /networking/v2.0/ports HTTP/1.1" status: 201 len: 933 time: 8.1204009
Sep 08 13:35:12.019412 dv-neutron-856274-3-hyperv neutron-server[107350]: DEBUG neutron.api.v2.base [req-4a93c3f7-e0c9-4a8f-a770-bfa428743baf req-f79a0999-8614-4b87-8d19-1879c5cb7632 tempest-ServerActionsTestJSON-1149597449 tempest-ServerActionsTestJSON-1149597449-project] Request body: {'port': {'device_id': 'fb501815-4666-43c8-8b57-2754762088d7', 'network_id': '40fbe4f3-93a5-450f-abad-9b2c5890f56d', 'admin_state_up': True, 'tenant_id': 'd56efaee680c4ad59b1707963d4ef6dd', 'security_groups': ['92b9233d-53f5-4305-8563-012d08e92f63']}} {{(pid=107350) prepare_request_body /opt/stack/neutron/neutron/api/v2/base.py:730}}
Sep 08 13:35:12.074466 dv-neutron-856274-3-hyperv neutron-server[107349]: DEBUG neutron_lib.callbacks.manager [None req-12ff1c0b-1db8-4faf-a402-50275fa9b789 tempest-PortsAdminExtendedAttrsTestJSON-991324556 tempest-PortsAdminExtendedAttrsTestJSON-991324556-project] Publish callbacks ['neutron.plugins.ml2.plugin.Ml2Plugin._network_delete_after_delete_handler-827576', 'neutron.plugins.ml2.ovo_rpc._ObjectChangeHandler.handle_event-1999738', 'neutron.api.rpc.agentnotifiers.dhcp_rpc_agent_api.DhcpAgentNotifyAPI._native_event_send_dhcp_notification-1595174', 'neutron.services.l3_router.l3_router_plugin.DVRResourceOperationHandler.delete_fip_namespaces_for_ext_net-2042007'] for network (437ebd3b-653d-4c24-a9d0-94df12b3e7f0), after_delete {{(pid=107349) _notify_loop /usr/local/lib/python3.8/dist-packages/neutron_lib/callbacks/manager.py:176}}
Sep 08 13:35:12.085730 dv-neutron-856274-3-hyperv neutron-server[107349]: DEBUG neutron_lib.callbacks.manager [None req-12ff1c0b-1db8-4faf-a402-50275fa9b789 tempest-PortsAdminExtendedAttrsTestJSON-991324556 tempest-PortsAdminExtendedAttrsTestJSON-991324556-project] Publish callbacks ['neutron.api.rpc.agentnotifiers.dhcp_rpc_agent_api.DhcpAgentNotifyAPI._send_dhcp_notification-1595188'] for network (None), before_response {{(pid=107349) _notify_loop /usr/local/lib/python3.8/dist-packages/neutron_lib/callbacks/manager.py:176}}
Sep 08 13:35:12.101442 dv-neutron-856274-3-hyperv neutron-server[107349]: INFO neutron.wsgi [None req-12ff1c0b-1db8-4faf-a402-50275fa9b789 tempest-PortsAdminExtendedAttrsTestJSON-991324556 tempest-PortsAdminExtendedAttrsTestJSON-991324556-project] 10.222.0.39 "DELETE /networking/v2.0/networks/437ebd3b-653d-4c24-a9d0-94df12b3e7f0 HTTP/1.1" status: 204 len: 168 time: 0.8284056
Sep 08 13:35:12.104733 dv-neutron-856274-3-hyperv neutron-server[107349]: INFO neutron.services.segments.plugin [-] Segment 0e66db72-5d8c-4ddc-ae49-a1b687eea9f5 resource provider aggregate not found
Sep 08 13:35:12.136327 dv-neutron-856274-3-hyperv neutron-server[107349]: DEBUG neutron_lib.callbacks.manager [req-53acaa82-be3f-4c6d-b51f-d8ffc9df527d req-fa96aba7-76aa-46ea-923f-a0727a635c1a service neutron] Publish callbacks ['neutron.plugins.ml2.plugin.SecurityGroupDbMixin._ensure_default_security_group_handler-690134'] for port (2a8d41fb-8e58-4a8a-967f-6a6bb5549c82), before_update {{(pid=107349) _notify_loop /usr/local/lib/python3.8/dist-packages/neutron_lib/callbacks/manager.py:176}}
Sep 08 13:35:12.178195 dv-neutron-856274-3-hyperv neutron-server[107350]: DEBUG neutron.api.rpc.handlers.resources_rpc [None req-17d69c26-539e-41b4-9459-e7402db8f2e9 tempest-ExternalNetworksTestJSON-1206726549 tempest-ExternalNetworksTestJSON-1206726549-project-admin] Pushing event updated for resources: {'Network': ['ID=2d0fe0de-a130-4b43-9c80-3e8403a19e2a,revision_number=2']} {{(pid=107350) push /opt/stack/neutron/neutron/api/rpc/handlers/resources_rpc.py:237}}
Sep 08 13:35:12.185158 dv-neutron-856274-3-hyperv neutron-server[107349]: INFO neutron.services.segments.plugin [-] Segment 0e66db72-5d8c-4ddc-ae49-a1b687eea9f5 resource provider not found; error: Placement Client Error (4xx): {"errors": [{"status": 404, "title": "Not Found", "detail": "The resource could not be found.\n\n No resource provider with uuid 0e66db72-5d8c-4ddc-ae49-a1b687eea9f5 found for delete ", "request_id": "req-ef9adade-5111-4b30-9ade-e192fa1bb319"}]}
Sep 08 13:35:12.191320 dv-neutron-856274-3-hyperv neutron-server[107349]: DEBUG neutron.api.rpc.handlers.resources_rpc [None req-12ff1c0b-1db8-4faf-a402-50275fa9b789 tempest-PortsAdminExtendedAttrsTestJSON-991324556 tempest-PortsAdminExtendedAttrsTestJSON-991324556-project] Pushing event deleted for resources: {'Network': ['ID=437ebd3b-653d-4c24-a9d0-94df12b3e7f0,revision_number=None']} {{(pid=107349) push /opt/stack/neutron/neutron/api/rpc/handlers/resources_rpc.py:237}}
Sep 08 13:35:12.267928 dv-neutron-856274-3-hyperv neutron-server[107350]: DEBUG neutron.api.v2.base [req-58340ace-56c6-4985-bc34-50b7e9dc62e6 req-f2bdc2e8-a1a9-452d-8d04-7f1648335fa7 service neutron] Request body: {'port': {'device_id': 'dfa72fa7-c04a-42a3-9c54-fb8dbab9629f', 'device_owner': 'compute:nova', 'binding:host_id': 'hv-neutron-8562'}} {{(pid=107350) prepare_request_body /opt/stack/neutron/neutron/api/v2/base.py:730}}
