Sep 09 03:13:18.839030 dv-neutron-855995-3-hyperv devstack@keystone.service[81841]: DEBUG keystone.common.rbac_enforcer.enforcer [None req-78a87927-cc1a-401c-b7b7-10b760188f18 None admin] RBAC: Authorization granted {{(pid=81841) enforce_call /opt/stack/keystone/keystone/common/rbac_enforcer/enforcer.py:457}}
Sep 09 03:13:18.839391 dv-neutron-855995-3-hyperv devstack@keystone.service[81840]: DEBUG keystone.server.flask.request_processing.req_logging [None req-355e7f26-47fb-4055-965e-f88d7e2446a7 None admin] REQUEST_METHOD: `GET` {{(pid=81840) log_request_info /opt/stack/keystone/keystone/server/flask/request_processing/req_logging.py:27}}
Sep 09 03:13:18.839869 dv-neutron-855995-3-hyperv devstack@keystone.service[81840]: DEBUG keystone.server.flask.request_processing.req_logging [None req-355e7f26-47fb-4055-965e-f88d7e2446a7 None admin] SCRIPT_NAME: `/identity` {{(pid=81840) log_request_info /opt/stack/keystone/keystone/server/flask/request_processing/req_logging.py:28}}
Sep 09 03:13:18.840261 dv-neutron-855995-3-hyperv devstack@keystone.service[81840]: DEBUG keystone.server.flask.request_processing.req_logging [None req-355e7f26-47fb-4055-965e-f88d7e2446a7 None admin] PATH_INFO: `/v3/auth/tokens` {{(pid=81840) log_request_info /opt/stack/keystone/keystone/server/flask/request_processing/req_logging.py:29}}
Sep 09 03:13:18.841401 dv-neutron-855995-3-hyperv devstack@keystone.service[81841]: [pid: 81841|app: 0|req: 46/90] 10.222.0.15 () {56 vars in 1186 bytes} [Fri Sep 9 03:13:18 2022] GET /identity/v3/projects/d26b82cb18b742e49928c169ee0611e3 => generated 298 bytes in 185 msecs (HTTP/1.1 200) 5 headers in 177 bytes (1 switches on core 0)
Sep 09 03:13:18.842360 dv-neutron-855995-3-hyperv devstack@keystone.service[81841]: DEBUG keystone.server.flask.request_processing.middleware.auth_context [None req-78a87927-cc1a-401c-b7b7-10b760188f18 None admin] Authenticating user token {{(pid=81841) process_request /usr/local/lib/python3.8/dist-packages/keystonemiddleware/auth_token/__init__.py:407}}
Sep 09 03:13:18.889865 dv-neutron-855995-3-hyperv devstack@keystone.service[81840]: DEBUG dbcounter [-] [81840] Writing DB stats keystone:SELECT=100 {{(pid=81840) stat_writer /usr/local/lib/python3.8/dist-packages/dbcounter.py:114}}
Sep 09 03:13:18.917472 dv-neutron-855995-3-hyperv devstack@keystone.service[81840]: DEBUG keystone.common.rbac_enforcer.enforcer [None req-355e7f26-47fb-4055-965e-f88d7e2446a7 None admin] RBAC: Authorizing `identity:validate_token()` {{(pid=81840) enforce_call /opt/stack/keystone/keystone/common/rbac_enforcer/enforcer.py:449}}
Sep 09 03:13:18.919103 dv-neutron-855995-3-hyperv devstack@keystone.service[81840]: DEBUG keystone.common.rbac_enforcer.enforcer [None req-355e7f26-47fb-4055-965e-f88d7e2446a7 None admin] RBAC: Authorization granted {{(pid=81840) enforce_call /opt/stack/keystone/keystone/common/rbac_enforcer/enforcer.py:457}}
Sep 09 03:13:18.971993 dv-neutron-855995-3-hyperv devstack@keystone.service[81841]: DEBUG keystone.server.flask.request_processing.middleware.auth_context [None req-78a87927-cc1a-401c-b7b7-10b760188f18 None admin] Validating token access rules against request {{(pid=81841) validate_allowed_request /usr/local/lib/python3.8/dist-packages/keystonemiddleware/auth_token/__init__.py:545}}
Sep 09 03:13:19.011857 dv-neutron-855995-3-hyperv devstack@keystone.service[81841]: DEBUG keystone.server.flask.request_processing.middleware.auth_context [None req-3136f7cb-c323-4d1c-bfa9-e40045434146 None admin] RBAC: auth_context: {'token': , 'domain_id': None, 'trust_id': None, 'trustor_id': None, 'trustee_id': None, 'domain_name': None, 'group_ids': [], 'user_id': '313ac9ae5c0d42879d4b64f85acc022c', 'user_domain_id': 'default', 'system_scope': 'all', 'project_id': None, 'project_domain_id': None, 'roles': ['admin', 'member', 'reader'], 'is_admin_project': True, 'service_user_id': None, 'service_user_domain_id': None, 'service_project_id': None, 'service_project_domain_id': None, 'service_roles': []} {{(pid=81841) fill_context /opt/stack/keystone/keystone/server/flask/request_processing/middleware/auth_context.py:478}}
Sep 09 03:13:19.012708 dv-neutron-855995-3-hyperv devstack@keystone.service[81841]: DEBUG keystone.server.flask.request_processing.req_logging [None req-3136f7cb-c323-4d1c-bfa9-e40045434146 None admin] REQUEST_METHOD: `GET` {{(pid=81841) log_request_info /opt/stack/keystone/keystone/server/flask/request_processing/req_logging.py:27}}
Sep 09 03:13:19.013125 dv-neutron-855995-3-hyperv devstack@keystone.service[81841]: DEBUG keystone.server.flask.request_processing.req_logging [None req-3136f7cb-c323-4d1c-bfa9-e40045434146 None admin] SCRIPT_NAME: `/identity` {{(pid=81841) log_request_info /opt/stack/keystone/keystone/server/flask/request_processing/req_logging.py:28}}
Sep 09 03:13:19.013559 dv-neutron-855995-3-hyperv devstack@keystone.service[81841]: DEBUG keystone.server.flask.request_processing.req_logging [None req-3136f7cb-c323-4d1c-bfa9-e40045434146 None admin] PATH_INFO: `/v3/role_assignments` {{(pid=81841) log_request_info /opt/stack/keystone/keystone/server/flask/request_processing/req_logging.py:29}}
Sep 09 03:13:19.014499 dv-neutron-855995-3-hyperv devstack@keystone.service[81841]: DEBUG keystone.common.rbac_enforcer.enforcer [None req-3136f7cb-c323-4d1c-bfa9-e40045434146 None admin] RBAC: Adding query filter params (role.id=6c8573dd9c924d868fadc00c43ea9f69, scope.project.id=d26b82cb18b742e49928c169ee0611e3, user.id=edd9765c1c884463ac47606f4c6c9dc6) {{(pid=81841) _extract_filter_values /opt/stack/keystone/keystone/common/rbac_enforcer/enforcer.py:167}}
Sep 09 03:13:19.015048 dv-neutron-855995-3-hyperv devstack@keystone.service[81841]: DEBUG keystone.common.rbac_enforcer.enforcer [None req-3136f7cb-c323-4d1c-bfa9-e40045434146 None admin] RBAC: Authorizing `identity:list_role_assignments()` {{(pid=81841) enforce_call /opt/stack/keystone/keystone/common/rbac_enforcer/enforcer.py:449}}
Sep 09 03:13:19.016730 dv-neutron-855995-3-hyperv devstack@keystone.service[81841]: DEBUG keystone.common.rbac_enforcer.enforcer [None req-3136f7cb-c323-4d1c-bfa9-e40045434146 None admin] RBAC: Authorization granted {{(pid=81841) enforce_call /opt/stack/keystone/keystone/common/rbac_enforcer/enforcer.py:457}}
Sep 09 03:13:19.022875 dv-neutron-855995-3-hyperv devstack@keystone.service[81841]: [pid: 81841|app: 0|req: 47/91] 10.222.0.15 () {56 vars in 1374 bytes} [Fri Sep 9 03:13:18 2022] GET /identity/v3/role_assignments?user.id=edd9765c1c884463ac47606f4c6c9dc6&scope.project.id=d26b82cb18b742e49928c169ee0611e3&role.id=6c8573dd9c924d868fadc00c43ea9f69 => generated 259 bytes in 181 msecs (HTTP/1.1 200) 5 headers in 177 bytes (1 switches on core 0)
Sep 09 03:13:19.024144 dv-neutron-855995-3-hyperv devstack@keystone.service[81841]: DEBUG keystone.server.flask.request_processing.middleware.auth_context [None req-3136f7cb-c323-4d1c-bfa9-e40045434146 None admin] Authenticating user token {{(pid=81841) process_request /usr/local/lib/python3.8/dist-packages/keystonemiddleware/auth_token/__init__.py:407}}
Sep 09 03:13:19.028915 dv-neutron-855995-3-hyperv devstack@keystone.service[81840]: [pid: 81840|app: 0|req: 45/92] 10.222.0.15 () {58 vars in 1282 bytes} [Fri Sep 9 03:13:18 2022] GET /identity/v3/auth/tokens => generated 799 bytes in 357 msecs (HTTP/1.1 200) 6 headers in 358 bytes (1 switches on core 0)
Sep 09 03:13:19.028915 dv-neutron-855995-3-hyperv devstack@keystone.service[81840]: DEBUG keystone.server.flask.request_processing.middleware.auth_context [None req-355e7f26-47fb-4055-965e-f88d7e2446a7 None admin] Authenticating user token {{(pid=81840) process_request /usr/local/lib/python3.8/dist-packages/keystonemiddleware/auth_token/__init__.py:407}}
Sep 09 03:13:19.057950 dv-neutron-855995-3-hyperv devstack@keystone.service[81841]: DEBUG dbcounter [-] [81841] Writing DB stats keystone:SELECT=100 {{(pid=81841) stat_writer /usr/local/lib/python3.8/dist-packages/dbcounter.py:114}}
Sep 09 03:13:19.111481 dv-neutron-855995-3-hyperv devstack@keystone.service[81840]: DEBUG dbcounter [-] [81840] Writing DB stats keystone:SELECT=100 {{(pid=81840) stat_writer /usr/local/lib/python3.8/dist-packages/dbcounter.py:114}}
Sep 09 03:13:19.139000 dv-neutron-855995-3-hyperv devstack@keystone.service[81840]: DEBUG keystone.server.flask.request_processing.middleware.auth_context [None req-355e7f26-47fb-4055-965e-f88d7e2446a7 None admin] Validating token access rules against request {{(pid=81840) validate_allowed_request /usr/local/lib/python3.8/dist-packages/keystonemiddleware/auth_token/__init__.py:545}}
Sep 09 03:13:19.143232 dv-neutron-855995-3-hyperv devstack@keystone.service[81841]: DEBUG keystone.server.flask.request_processing.middleware.auth_context [None req-3136f7cb-c323-4d1c-bfa9-e40045434146 None admin] Validating token access rules against request {{(pid=81841) validate_allowed_request /usr/local/lib/python3.8/dist-packages/keystonemiddleware/auth_token/__init__.py:545}}
Sep 09 03:13:19.177137 dv-neutron-855995-3-hyperv devstack@keystone.service[81840]: DEBUG keystone.server.flask.request_processing.middleware.auth_context [None req-5cd2f42b-fa6d-49b9-bf26-424512e36bca None admin] RBAC: auth_context: {'token': , 'domain_id': None, 'trust_id': None, 'trustor_id': None, 'trustee_id': None, 'domain_name': None, 'group_ids': [], 'user_id': '313ac9ae5c0d42879d4b64f85acc022c', 'user_domain_id': 'default', 'system_scope': 'all', 'project_id': None, 'project_domain_id': None, 'roles': ['admin', 'member', 'reader'], 'is_admin_project': True, 'service_user_id': None, 'service_user_domain_id': None, 'service_project_id': None, 'service_project_domain_id': None, 'service_roles': []} {{(pid=81840) fill_context /opt/stack/keystone/keystone/server/flask/request_processing/middleware/auth_context.py:478}}
Sep 09 03:13:19.177773 dv-neutron-855995-3-hyperv devstack@keystone.service[81840]: DEBUG keystone.server.flask.request_processing.req_logging [None req-5cd2f42b-fa6d-49b9-bf26-424512e36bca None admin] REQUEST_METHOD: `GET` {{(pid=81840) log_request_info /opt/stack/keystone/keystone/server/flask/request_processing/req_logging.py:27}}
Sep 09 03:13:19.178063 dv-neutron-855995-3-hyperv devstack@keystone.service[81840]: DEBUG keystone.server.flask.request_processing.req_logging [None req-5cd2f42b-fa6d-49b9-bf26-424512e36bca None admin] SCRIPT_NAME: `/identity` {{(pid=81840) log_request_info /opt/stack/keystone/keystone/server/flask/request_processing/req_logging.py:28}}
Sep 09 03:13:19.178346 dv-neutron-855995-3-hyperv devstack@keystone.service[81840]: DEBUG keystone.server.flask.request_processing.req_logging [None req-5cd2f42b-fa6d-49b9-bf26-424512e36bca None admin] PATH_INFO: `/v3/role_assignments` {{(pid=81840) log_request_info /opt/stack/keystone/keystone/server/flask/request_processing/req_logging.py:29}}
Sep 09 03:13:19.179093 dv-neutron-855995-3-hyperv devstack@keystone.service[81840]: DEBUG keystone.common.rbac_enforcer.enforcer [None req-5cd2f42b-fa6d-49b9-bf26-424512e36bca None admin] RBAC: Adding query filter params (role.id=843a6272d4f247249f34bb2a8622b932, scope.project.id=d26b82cb18b742e49928c169ee0611e3, user.id=313ac9ae5c0d42879d4b64f85acc022c) {{(pid=81840) _extract_filter_values /opt/stack/keystone/keystone/common/rbac_enforcer/enforcer.py:167}}
Sep 09 03:13:19.179441 dv-neutron-855995-3-hyperv devstack@keystone.service[81840]: DEBUG keystone.common.rbac_enforcer.enforcer [None req-5cd2f42b-fa6d-49b9-bf26-424512e36bca None admin] RBAC: Authorizing `identity:list_role_assignments()` {{(pid=81840) enforce_call /opt/stack/keystone/keystone/common/rbac_enforcer/enforcer.py:449}}
Sep 09 03:13:19.180918 dv-neutron-855995-3-hyperv devstack@keystone.service[81840]: DEBUG keystone.common.rbac_enforcer.enforcer [None req-5cd2f42b-fa6d-49b9-bf26-424512e36bca None admin] RBAC: Authorization granted {{(pid=81840) enforce_call /opt/stack/keystone/keystone/common/rbac_enforcer/enforcer.py:457}}
Sep 09 03:13:19.184319 dv-neutron-855995-3-hyperv devstack@keystone.service[81841]: DEBUG keystone.server.flask.request_processing.middleware.auth_context [None req-d7b6a966-5341-46d0-ae77-cfdc5a399326 None admin] RBAC: auth_context: {'token': , 'domain_id': None, 'trust_id': None, 'trustor_id': None, 'trustee_id': None, 'domain_name': None, 'group_ids': [], 'user_id': '313ac9ae5c0d42879d4b64f85acc022c', 'user_domain_id': 'default', 'system_scope': 'all', 'project_id': None, 'project_domain_id': None, 'roles': ['admin', 'member', 'reader'], 'is_admin_project': True, 'service_user_id': None, 'service_user_domain_id': None, 'service_project_id': None, 'service_project_domain_id': None, 'service_roles': []} {{(pid=81841) fill_context /opt/stack/keystone/keystone/server/flask/request_processing/middleware/auth_context.py:478}}
Sep 09 03:13:19.185214 dv-neutron-855995-3-hyperv devstack@keystone.service[81841]: DEBUG keystone.server.flask.request_processing.req_logging [None req-d7b6a966-5341-46d0-ae77-cfdc5a399326 None admin] REQUEST_METHOD: `GET` {{(pid=81841) log_request_info /opt/stack/keystone/keystone/server/flask/request_processing/req_logging.py:27}}
Sep 09 03:13:19.185749 dv-neutron-855995-3-hyperv devstack@keystone.service[81841]: DEBUG keystone.server.flask.request_processing.req_logging [None req-d7b6a966-5341-46d0-ae77-cfdc5a399326 None admin] SCRIPT_NAME: `/identity` {{(pid=81841) log_request_info /opt/stack/keystone/keystone/server/flask/request_processing/req_logging.py:28}}
Sep 09 03:13:19.186435 dv-neutron-855995-3-hyperv devstack@keystone.service[81841]: DEBUG keystone.server.flask.request_processing.req_logging [None req-d7b6a966-5341-46d0-ae77-cfdc5a399326 None admin] PATH_INFO: `/v3/projects/d26b82cb18b742e49928c169ee0611e3` {{(pid=81841) log_request_info /opt/stack/keystone/keystone/server/flask/request_processing/req_logging.py:29}}
Sep 09 03:13:19.188022 dv-neutron-855995-3-hyperv devstack@keystone.service[81841]: DEBUG keystone.common.rbac_enforcer.enforcer [None req-d7b6a966-5341-46d0-ae77-cfdc5a399326 None admin] RBAC: Authorizing `identity:get_project(project_id=d26b82cb18b742e49928c169ee0611e3)` {{(pid=81841) enforce_call /opt/stack/keystone/keystone/common/rbac_enforcer/enforcer.py:449}}
Sep 09 03:13:19.189791 dv-neutron-855995-3-hyperv devstack@keystone.service[81841]: DEBUG keystone.common.rbac_enforcer.enforcer [None req-d7b6a966-5341-46d0-ae77-cfdc5a399326 None admin] RBAC: Authorization granted {{(pid=81841) enforce_call /opt/stack/keystone/keystone/common/rbac_enforcer/enforcer.py:457}}
Sep 09 03:13:19.189993 dv-neutron-855995-3-hyperv devstack@keystone.service[81840]: [pid: 81840|app: 0|req: 46/93] 10.222.0.15 () {56 vars in 1374 bytes} [Fri Sep 9 03:13:19 2022] GET /identity/v3/role_assignments?user.id=313ac9ae5c0d42879d4b64f85acc022c&scope.project.id=d26b82cb18b742e49928c169ee0611e3&role.id=843a6272d4f247249f34bb2a8622b932 => generated 259 bytes in 161 msecs (HTTP/1.1 200) 5 headers in 177 bytes (1 switches on core 0)
Sep 09 03:13:19.190834 dv-neutron-855995-3-hyperv devstack@keystone.service[81840]: DEBUG keystone.server.flask.request_processing.middleware.auth_context [None req-5cd2f42b-fa6d-49b9-bf26-424512e36bca None admin] Authenticating user token {{(pid=81840) process_request /usr/local/lib/python3.8/dist-packages/keystonemiddleware/auth_token/__init__.py:407}}
Sep 09 03:13:19.192122 dv-neutron-855995-3-hyperv devstack@keystone.service[81841]: [pid: 81841|app: 0|req: 48/94] 10.222.0.15 () {56 vars in 1186 bytes} [Fri Sep 9 03:13:19 2022] GET /identity/v3/projects/d26b82cb18b742e49928c169ee0611e3 => generated 298 bytes in 168 msecs (HTTP/1.1 200) 5 headers in 177 bytes (1 switches on core 0)
Sep 09 03:13:19.204496 dv-neutron-855995-3-hyperv devstack@keystone.service[81841]: DEBUG keystone.server.flask.request_processing.middleware.auth_context [None req-d7b6a966-5341-46d0-ae77-cfdc5a399326 None admin] Authenticating user token {{(pid=81841) process_request /usr/local/lib/python3.8/dist-packages/keystonemiddleware/auth_token/__init__.py:407}}
Sep 09 03:13:19.329240 dv-neutron-855995-3-hyperv devstack@keystone.service[81841]: DEBUG dbcounter [-] [81841] Writing DB stats keystone:SELECT=100 {{(pid=81841) stat_writer /usr/local/lib/python3.8/dist-packages/dbcounter.py:114}}
Sep 09 03:13:19.336752 dv-neutron-855995-3-hyperv devstack@keystone.service[81841]: DEBUG keystone.server.flask.request_processing.middleware.auth_context [None req-d7b6a966-5341-46d0-ae77-cfdc5a399326 None admin] Validating token access rules against request {{(pid=81841) validate_allowed_request /usr/local/lib/python3.8/dist-packages/keystonemiddleware/auth_token/__init__.py:545}}
Sep 09 03:13:19.377652 dv-neutron-855995-3-hyperv devstack@keystone.service[81841]: DEBUG keystone.server.flask.request_processing.middleware.auth_context [None req-1b848395-e1e1-4f22-9a68-134e5db92dda None admin] RBAC: auth_context: {'token': , 'domain_id': None, 'trust_id': None, 'trustor_id': None, 'trustee_id': None, 'domain_name': None, 'group_ids': [], 'user_id': '313ac9ae5c0d42879d4b64f85acc022c', 'user_domain_id': 'default', 'system_scope': 'all', 'project_id': None, 'project_domain_id': None, 'roles': ['admin', 'member', 'reader'], 'is_admin_project': True, 'service_user_id': None, 'service_user_domain_id': None, 'service_project_id': None, 'service_project_domain_id': None, 'service_roles': []} {{(pid=81841) fill_context /opt/stack/keystone/keystone/server/flask/request_processing/middleware/auth_context.py:478}}
Sep 09 03:13:19.379280 dv-neutron-855995-3-hyperv devstack@keystone.service[81841]: DEBUG keystone.server.flask.request_processing.req_logging [None req-1b848395-e1e1-4f22-9a68-134e5db92dda None admin] REQUEST_METHOD: `GET` {{(pid=81841) log_request_info /opt/stack/keystone/keystone/server/flask/request_processing/req_logging.py:27}}
Sep 09 03:13:19.379795 dv-neutron-855995-3-hyperv devstack@keystone.service[81841]: DEBUG keystone.server.flask.request_processing.req_logging [None req-1b848395-e1e1-4f22-9a68-134e5db92dda None admin] SCRIPT_NAME: `/identity` {{(pid=81841) log_request_info /opt/stack/keystone/keystone/server/flask/request_processing/req_logging.py:28}}
Sep 09 03:13:19.380286 dv-neutron-855995-3-hyperv devstack@keystone.service[81841]: DEBUG keystone.server.flask.request_processing.req_logging [None req-1b848395-e1e1-4f22-9a68-134e5db92dda None admin] PATH_INFO: `/v3/role_assignments` {{(pid=81841) log_request_info /opt/stack/keystone/keystone/server/flask/request_processing/req_logging.py:29}}
Sep 09 03:13:19.381277 dv-neutron-855995-3-hyperv devstack@keystone.service[81841]: DEBUG keystone.common.rbac_enforcer.enforcer [None req-1b848395-e1e1-4f22-9a68-134e5db92dda None admin] RBAC: Adding query filter params (role.id=7ec635da6bc34437a86e55708a051eba, scope.project.id=d26b82cb18b742e49928c169ee0611e3, user.id=edd9765c1c884463ac47606f4c6c9dc6) {{(pid=81841) _extract_filter_values /opt/stack/keystone/keystone/common/rbac_enforcer/enforcer.py:167}}
Sep 09 03:13:19.381799 dv-neutron-855995-3-hyperv devstack@keystone.service[81841]: DEBUG keystone.common.rbac_enforcer.enforcer [None req-1b848395-e1e1-4f22-9a68-134e5db92dda None admin] RBAC: Authorizing `identity:list_role_assignments()` {{(pid=81841) enforce_call /opt/stack/keystone/keystone/common/rbac_enforcer/enforcer.py:449}}
Sep 09 03:13:19.383785 dv-neutron-855995-3-hyperv devstack@keystone.service[81841]: DEBUG keystone.common.rbac_enforcer.enforcer [None req-1b848395-e1e1-4f22-9a68-134e5db92dda None admin] RBAC: Authorization granted {{(pid=81841) enforce_call /opt/stack/keystone/keystone/common/rbac_enforcer/enforcer.py:457}}
Sep 09 03:13:19.391006 dv-neutron-855995-3-hyperv devstack@keystone.service[81841]: [pid: 81841|app: 0|req: 49/95] 10.222.0.15 () {56 vars in 1374 bytes} [Fri Sep 9 03:13:19 2022] GET /identity/v3/role_assignments?user.id=edd9765c1c884463ac47606f4c6c9dc6&scope.project.id=d26b82cb18b742e49928c169ee0611e3&role.id=7ec635da6bc34437a86e55708a051eba => generated 259 bytes in 187 msecs (HTTP/1.1 200) 5 headers in 177 bytes (1 switches on core 0)
Sep 09 03:13:19.415234 dv-neutron-855995-3-hyperv devstack@keystone.service[81840]: DEBUG keystone.server.flask.request_processing.middleware.auth_context [None req-5cd2f42b-fa6d-49b9-bf26-424512e36bca None admin] Validating token access rules against request {{(pid=81840) validate_allowed_request /usr/local/lib/python3.8/dist-packages/keystonemiddleware/auth_token/__init__.py:545}}
Sep 09 03:13:19.466138 dv-neutron-855995-3-hyperv devstack@keystone.service[81840]: DEBUG keystone.server.flask.request_processing.middleware.auth_context [None req-10ff28ec-ab2d-4f09-b914-edcb8e3a4061 None admin] RBAC: auth_context: {'token': , 'domain_id': None, 'trust_id': None, 'trustor_id': None, 'trustee_id': None, 'domain_name': None, 'group_ids': [], 'user_id': '313ac9ae5c0d42879d4b64f85acc022c', 'user_domain_id': 'default', 'system_scope': 'all', 'project_id': None, 'project_domain_id': None, 'roles': ['admin', 'member', 'reader'], 'is_admin_project': True, 'service_user_id': None, 'service_user_domain_id': None, 'service_project_id': None, 'service_project_domain_id': None, 'service_roles': []} {{(pid=81840) fill_context /opt/stack/keystone/keystone/server/flask/request_processing/middleware/auth_context.py:478}}
Sep 09 03:13:19.466819 dv-neutron-855995-3-hyperv devstack@keystone.service[81840]: DEBUG keystone.server.flask.request_processing.req_logging [None req-10ff28ec-ab2d-4f09-b914-edcb8e3a4061 None admin] REQUEST_METHOD: `GET` {{(pid=81840) log_request_info /opt/stack/keystone/keystone/server/flask/request_processing/req_logging.py:27}}
Sep 09 03:13:19.467109 dv-neutron-855995-3-hyperv devstack@keystone.service[81840]: DEBUG keystone.server.flask.request_processing.req_logging [None req-10ff28ec-ab2d-4f09-b914-edcb8e3a4061 None admin] SCRIPT_NAME: `/identity` {{(pid=81840) log_request_info /opt/stack/keystone/keystone/server/flask/request_processing/req_logging.py:28}}
Sep 09 03:13:19.467450 dv-neutron-855995-3-hyperv devstack@keystone.service[81840]: DEBUG keystone.server.flask.request_processing.req_logging [None req-10ff28ec-ab2d-4f09-b914-edcb8e3a4061 None admin] PATH_INFO: `/v3/projects/5ca3ea0b9293461ab59d27b307dfd8fb` {{(pid=81840) log_request_info /opt/stack/keystone/keystone/server/flask/request_processing/req_logging.py:29}}
Sep 09 03:13:19.470770 dv-neutron-855995-3-hyperv devstack@keystone.service[81840]: DEBUG keystone.common.rbac_enforcer.enforcer [None req-10ff28ec-ab2d-4f09-b914-edcb8e3a4061 None admin] RBAC: Authorizing `identity:get_project(project_id=5ca3ea0b9293461ab59d27b307dfd8fb)` {{(pid=81840) enforce_call /opt/stack/keystone/keystone/common/rbac_enforcer/enforcer.py:449}}
Sep 09 03:13:19.470770 dv-neutron-855995-3-hyperv devstack@keystone.service[81840]: DEBUG keystone.common.rbac_enforcer.enforcer [None req-10ff28ec-ab2d-4f09-b914-edcb8e3a4061 None admin] RBAC: Authorization granted {{(pid=81840) enforce_call /opt/stack/keystone/keystone/common/rbac_enforcer/enforcer.py:457}}
Sep 09 03:13:19.478569 dv-neutron-855995-3-hyperv devstack@keystone.service[81840]: [pid: 81840|app: 0|req: 47/96] 10.222.0.15 () {56 vars in 1186 bytes} [Fri Sep 9 03:13:19 2022] GET /identity/v3/projects/5ca3ea0b9293461ab59d27b307dfd8fb => generated 312 bytes in 282 msecs (HTTP/1.1 200) 5 headers in 177 bytes (1 switches on core 0)
Sep 09 03:13:19.478863 dv-neutron-855995-3-hyperv devstack@keystone.service[81841]: DEBUG keystone.server.flask.request_processing.middleware.auth_context [None req-1b848395-e1e1-4f22-9a68-134e5db92dda None admin] Authenticating user token {{(pid=81841) process_request /usr/local/lib/python3.8/dist-packages/keystonemiddleware/auth_token/__init__.py:407}}
Sep 09 03:13:19.610757 dv-neutron-855995-3-hyperv devstack@keystone.service[81841]: DEBUG keystone.server.flask.request_processing.middleware.auth_context [None req-1b848395-e1e1-4f22-9a68-134e5db92dda None admin] Validating token access rules against request {{(pid=81841) validate_allowed_request /usr/local/lib/python3.8/dist-packages/keystonemiddleware/auth_token/__init__.py:545}}
Sep 09 03:13:19.645889 dv-neutron-855995-3-hyperv devstack@keystone.service[81841]: DEBUG keystone.server.flask.request_processing.middleware.auth_context [None req-d4698c8e-a2f4-4a55-8a19-79f7b77f2cf4 None admin] RBAC: auth_context: {'token': , 'domain_id': None, 'trust_id': None, 'trustor_id': None, 'trustee_id': None, 'domain_name': None, 'group_ids': [], 'user_id': '313ac9ae5c0d42879d4b64f85acc022c', 'user_domain_id': 'default', 'system_scope': 'all', 'project_id': None, 'project_domain_id': None, 'roles': ['admin', 'member', 'reader'], 'is_admin_project': True, 'service_user_id': None, 'service_user_domain_id': None, 'service_project_id': None, 'service_project_domain_id': None, 'service_roles': []} {{(pid=81841) fill_context /opt/stack/keystone/keystone/server/flask/request_processing/middleware/auth_context.py:478}}
Sep 09 03:13:19.646513 dv-neutron-855995-3-hyperv devstack@keystone.service[81841]: DEBUG keystone.server.flask.request_processing.req_logging [None req-d4698c8e-a2f4-4a55-8a19-79f7b77f2cf4 None admin] REQUEST_METHOD: `GET` {{(pid=81841) log_request_info /opt/stack/keystone/keystone/server/flask/request_processing/req_logging.py:27}}
Sep 09 03:13:19.646796 dv-neutron-855995-3-hyperv devstack@keystone.service[81841]: DEBUG keystone.server.flask.request_processing.req_logging [None req-d4698c8e-a2f4-4a55-8a19-79f7b77f2cf4 None admin] SCRIPT_NAME: `/identity` {{(pid=81841) log_request_info /opt/stack/keystone/keystone/server/flask/request_processing/req_logging.py:28}}
Sep 09 03:13:19.647073 dv-neutron-855995-3-hyperv devstack@keystone.service[81841]: DEBUG keystone.server.flask.request_processing.req_logging [None req-d4698c8e-a2f4-4a55-8a19-79f7b77f2cf4 None admin] PATH_INFO: `/v3/role_assignments` {{(pid=81841) log_request_info /opt/stack/keystone/keystone/server/flask/request_processing/req_logging.py:29}}
Sep 09 03:13:19.647890 dv-neutron-855995-3-hyperv devstack@keystone.service[81841]: DEBUG keystone.common.rbac_enforcer.enforcer [None req-d4698c8e-a2f4-4a55-8a19-79f7b77f2cf4 None admin] RBAC: Adding query filter params (role.id=7ec635da6bc34437a86e55708a051eba, scope.project.id=5ca3ea0b9293461ab59d27b307dfd8fb, user.id=edd9765c1c884463ac47606f4c6c9dc6) {{(pid=81841) _extract_filter_values /opt/stack/keystone/keystone/common/rbac_enforcer/enforcer.py:167}}
Sep 09 03:13:19.648206 dv-neutron-855995-3-hyperv devstack@keystone.service[81841]: DEBUG keystone.common.rbac_enforcer.enforcer [None req-d4698c8e-a2f4-4a55-8a19-79f7b77f2cf4 None admin] RBAC: Authorizing `identity:list_role_assignments()` {{(pid=81841) enforce_call /opt/stack/keystone/keystone/common/rbac_enforcer/enforcer.py:449}}
Sep 09 03:13:19.649661 dv-neutron-855995-3-hyperv devstack@keystone.service[81841]: DEBUG keystone.common.rbac_enforcer.enforcer [None req-d4698c8e-a2f4-4a55-8a19-79f7b77f2cf4 None admin] RBAC: Authorization granted {{(pid=81841) enforce_call /opt/stack/keystone/keystone/common/rbac_enforcer/enforcer.py:457}}
Sep 09 03:13:19.655613 dv-neutron-855995-3-hyperv devstack@keystone.service[81841]: [pid: 81841|app: 0|req: 50/97] 10.222.0.15 () {56 vars in 1374 bytes} [Fri Sep 9 03:13:19 2022] GET /identity/v3/role_assignments?user.id=edd9765c1c884463ac47606f4c6c9dc6&scope.project.id=5ca3ea0b9293461ab59d27b307dfd8fb&role.id=7ec635da6bc34437a86e55708a051eba => generated 259 bytes in 177 msecs (HTTP/1.1 200) 5 headers in 177 bytes (1 switches on core 0)
Sep 09 03:13:20.406041 dv-neutron-855995-3-hyperv devstack@keystone.service[81840]: DEBUG keystone.server.flask.request_processing.req_logging [None req-c3e4dd26-20fe-4a0f-b93d-4b2c7780380b None None] REQUEST_METHOD: `GET` {{(pid=81840) log_request_info /opt/stack/keystone/keystone/server/flask/request_processing/req_logging.py:27}}
Sep 09 03:13:20.406359 dv-neutron-855995-3-hyperv devstack@keystone.service[81840]: DEBUG keystone.server.flask.request_processing.req_logging [None req-c3e4dd26-20fe-4a0f-b93d-4b2c7780380b None None] SCRIPT_NAME: `/identity` {{(pid=81840) log_request_info /opt/stack/keystone/keystone/server/flask/request_processing/req_logging.py:28}}
Sep 09 03:13:20.406581 dv-neutron-855995-3-hyperv devstack@keystone.service[81840]: DEBUG keystone.server.flask.request_processing.req_logging [None req-c3e4dd26-20fe-4a0f-b93d-4b2c7780380b None None] PATH_INFO: `/` {{(pid=81840) log_request_info /opt/stack/keystone/keystone/server/flask/request_processing/req_logging.py:29}}
Sep 09 03:13:20.407969 dv-neutron-855995-3-hyperv devstack@keystone.service[81840]: [pid: 81840|app: 0|req: 48/98] 10.222.0.15 () {54 vars in 927 bytes} [Fri Sep 9 03:13:20 2022] GET /identity => generated 270 bytes in 3 msecs (HTTP/1.1 300) 6 headers in 234 bytes (1 switches on core 0)
Sep 09 03:13:20.418522 dv-neutron-855995-3-hyperv devstack@keystone.service[81841]: DEBUG keystone.server.flask.request_processing.req_logging [None req-e1e8dff1-7938-49e8-95bf-6503702a64e4 None None] REQUEST_METHOD: `POST` {{(pid=81841) log_request_info /opt/stack/keystone/keystone/server/flask/request_processing/req_logging.py:27}}
Sep 09 03:13:20.419016 dv-neutron-855995-3-hyperv devstack@keystone.service[81841]: DEBUG keystone.server.flask.request_processing.req_logging [None req-e1e8dff1-7938-49e8-95bf-6503702a64e4 None None] SCRIPT_NAME: `/identity` {{(pid=81841) log_request_info /opt/stack/keystone/keystone/server/flask/request_processing/req_logging.py:28}}
Sep 09 03:13:20.419086 dv-neutron-855995-3-hyperv devstack@keystone.service[81841]: DEBUG keystone.server.flask.request_processing.req_logging [None req-e1e8dff1-7938-49e8-95bf-6503702a64e4 None None] PATH_INFO: `/v3/auth/tokens` {{(pid=81841) log_request_info /opt/stack/keystone/keystone/server/flask/request_processing/req_logging.py:29}}
Sep 09 03:13:20.447410 dv-neutron-855995-3-hyperv devstack@keystone.service[81841]: DEBUG keystone.auth.core [None req-e1e8dff1-7938-49e8-95bf-6503702a64e4 None None] MFA Rules not processed for user `313ac9ae5c0d42879d4b64f85acc022c`. Rule list: `[]` (Enabled: `True`). {{(pid=81841) check_auth_methods_against_rules /opt/stack/keystone/keystone/auth/core.py:438}}
Sep 09 03:13:20.448651 dv-neutron-855995-3-hyperv devstack@keystone.service[81841]: DEBUG keystone.common.fernet_utils [None req-e1e8dff1-7938-49e8-95bf-6503702a64e4 None None] Loaded 2 Fernet keys from /etc/keystone/fernet-keys/, but `[fernet_tokens] max_active_keys = 3`; perhaps there have not been enough key rotations to reach `max_active_keys` yet? {{(pid=81841) load_keys /opt/stack/keystone/keystone/common/fernet_utils.py:286}}
Sep 09 03:13:20.483096 dv-neutron-855995-3-hyperv devstack@keystone.service[81841]: DEBUG dbcounter [-] [81841] Writing DB stats keystone:SELECT=100 {{(pid=81841) stat_writer /usr/local/lib/python3.8/dist-packages/dbcounter.py:114}}
Sep 09 03:13:20.557800 dv-neutron-855995-3-hyperv devstack@keystone.service[81841]: [pid: 81841|app: 0|req: 51/99] 10.222.0.15 () {58 vars in 1024 bytes} [Fri Sep 9 03:13:20 2022] POST /identity/v3/auth/tokens => generated 799 bytes in 140 msecs (HTTP/1.1 201) 6 headers in 363 bytes (1 switches on core 0)
Sep 09 03:13:21.073376 dv-neutron-855995-3-hyperv devstack@keystone.service[81840]: DEBUG keystone.server.flask.request_processing.req_logging [None req-91a7b263-30e0-41ae-891e-e5177f3ca308 None None] REQUEST_METHOD: `GET` {{(pid=81840) log_request_info /opt/stack/keystone/keystone/server/flask/request_processing/req_logging.py:27}}
Sep 09 03:13:21.073886 dv-neutron-855995-3-hyperv devstack@keystone.service[81840]: DEBUG keystone.server.flask.request_processing.req_logging [None req-91a7b263-30e0-41ae-891e-e5177f3ca308 None None] SCRIPT_NAME: `/identity` {{(pid=81840) log_request_info /opt/stack/keystone/keystone/server/flask/request_processing/req_logging.py:28}}
Sep 09 03:13:21.073995 dv-neutron-855995-3-hyperv devstack@keystone.service[81840]: DEBUG keystone.server.flask.request_processing.req_logging [None req-91a7b263-30e0-41ae-891e-e5177f3ca308 None None] PATH_INFO: `/` {{(pid=81840) log_request_info /opt/stack/keystone/keystone/server/flask/request_processing/req_logging.py:29}}
Sep 09 03:13:21.075420 dv-neutron-855995-3-hyperv devstack@keystone.service[81840]: [pid: 81840|app: 0|req: 49/100] 10.222.0.15 () {54 vars in 927 bytes} [Fri Sep 9 03:13:21 2022] GET /identity => generated 270 bytes in 3 msecs (HTTP/1.1 300) 6 headers in 234 bytes (1 switches on core 0)
Sep 09 03:13:21.081000 dv-neutron-855995-3-hyperv devstack@keystone.service[81841]: DEBUG keystone.server.flask.request_processing.req_logging [None req-10d42c55-0cc2-4dd4-94cf-2091d50c3209 None None] REQUEST_METHOD: `POST` {{(pid=81841) log_request_info /opt/stack/keystone/keystone/server/flask/request_processing/req_logging.py:27}}
Sep 09 03:13:21.081290 dv-neutron-855995-3-hyperv devstack@keystone.service[81841]: DEBUG keystone.server.flask.request_processing.req_logging [None req-10d42c55-0cc2-4dd4-94cf-2091d50c3209 None None] SCRIPT_NAME: `/identity` {{(pid=81841) log_request_info /opt/stack/keystone/keystone/server/flask/request_processing/req_logging.py:28}}
Sep 09 03:13:21.081571 dv-neutron-855995-3-hyperv devstack@keystone.service[81841]: DEBUG keystone.server.flask.request_processing.req_logging [None req-10d42c55-0cc2-4dd4-94cf-2091d50c3209 None None] PATH_INFO: `/v3/auth/tokens` {{(pid=81841) log_request_info /opt/stack/keystone/keystone/server/flask/request_processing/req_logging.py:29}}
Sep 09 03:13:21.112559 dv-neutron-855995-3-hyperv devstack@keystone.service[81841]: DEBUG keystone.auth.core [None req-10d42c55-0cc2-4dd4-94cf-2091d50c3209 None None] MFA Rules not processed for user `313ac9ae5c0d42879d4b64f85acc022c`. Rule list: `[]` (Enabled: `True`). {{(pid=81841) check_auth_methods_against_rules /opt/stack/keystone/keystone/auth/core.py:438}}
Sep 09 03:13:21.114176 dv-neutron-855995-3-hyperv devstack@keystone.service[81841]: DEBUG keystone.common.fernet_utils [None req-10d42c55-0cc2-4dd4-94cf-2091d50c3209 None None] Loaded 2 Fernet keys from /etc/keystone/fernet-keys/, but `[fernet_tokens] max_active_keys = 3`; perhaps there have not been enough key rotations to reach `max_active_keys` yet? {{(pid=81841) load_keys /opt/stack/keystone/keystone/common/fernet_utils.py:286}}
Sep 09 03:13:21.146984 dv-neutron-855995-3-hyperv devstack@keystone.service[81840]: DEBUG keystone.server.flask.request_processing.middleware.auth_context [None req-91a7b263-30e0-41ae-891e-e5177f3ca308 None None] Authenticating user token {{(pid=81840) process_request /usr/local/lib/python3.8/dist-packages/keystonemiddleware/auth_token/__init__.py:407}}
Sep 09 03:13:21.159402 dv-neutron-855995-3-hyperv devstack@keystone.service[81840]: DEBUG dbcounter [-] [81840] Writing DB stats keystone:SELECT=100 {{(pid=81840) stat_writer /usr/local/lib/python3.8/dist-packages/dbcounter.py:114}}
Sep 09 03:13:21.208018 dv-neutron-855995-3-hyperv devstack@keystone.service[81841]: [pid: 81841|app: 0|req: 52/101] 10.222.0.15 () {58 vars in 1024 bytes} [Fri Sep 9 03:13:21 2022] POST /identity/v3/auth/tokens => generated 799 bytes in 128 msecs (HTTP/1.1 201) 6 headers in 363 bytes (1 switches on core 0)
Sep 09 03:13:21.324305 dv-neutron-855995-3-hyperv devstack@keystone.service[81840]: DEBUG keystone.server.flask.request_processing.middleware.auth_context [None req-91a7b263-30e0-41ae-891e-e5177f3ca308 None None] Validating token access rules against request {{(pid=81840) validate_allowed_request /usr/local/lib/python3.8/dist-packages/keystonemiddleware/auth_token/__init__.py:545}}
Sep 09 03:13:21.372905 dv-neutron-855995-3-hyperv devstack@keystone.service[81840]: DEBUG keystone.server.flask.request_processing.middleware.auth_context [None req-f84eabdb-4072-43fc-bb86-7b3fe4671f66 None admin] RBAC: auth_context: {'token': , 'domain_id': None, 'trust_id': None, 'trustor_id': None, 'trustee_id': None, 'domain_name': None, 'group_ids': [], 'user_id': '313ac9ae5c0d42879d4b64f85acc022c', 'user_domain_id': 'default', 'system_scope': 'all', 'project_id': None, 'project_domain_id': None, 'roles': ['admin', 'member', 'reader'], 'is_admin_project': True, 'service_user_id': None, 'service_user_domain_id': None, 'service_project_id': None, 'service_project_domain_id': None, 'service_roles': []} {{(pid=81840) fill_context /opt/stack/keystone/keystone/server/flask/request_processing/middleware/auth_context.py:478}}
Sep 09 03:13:21.373562 dv-neutron-855995-3-hyperv devstack@keystone.service[81840]: DEBUG keystone.server.flask.request_processing.req_logging [None req-f84eabdb-4072-43fc-bb86-7b3fe4671f66 None admin] REQUEST_METHOD: `GET` {{(pid=81840) log_request_info /opt/stack/keystone/keystone/server/flask/request_processing/req_logging.py:27}}
Sep 09 03:13:21.374535 dv-neutron-855995-3-hyperv devstack@keystone.service[81840]: DEBUG keystone.server.flask.request_processing.req_logging [None req-f84eabdb-4072-43fc-bb86-7b3fe4671f66 None admin] SCRIPT_NAME: `/identity` {{(pid=81840) log_request_info /opt/stack/keystone/keystone/server/flask/request_processing/req_logging.py:28}}
Sep 09 03:13:21.374903 dv-neutron-855995-3-hyperv devstack@keystone.service[81840]: DEBUG keystone.server.flask.request_processing.req_logging [None req-f84eabdb-4072-43fc-bb86-7b3fe4671f66 None admin] PATH_INFO: `/v3/roles/reader` {{(pid=81840) log_request_info /opt/stack/keystone/keystone/server/flask/request_processing/req_logging.py:29}}
Sep 09 03:13:21.392080 dv-neutron-855995-3-hyperv devstack@keystone.service[81840]: DEBUG keystone.common.rbac_enforcer.enforcer [None req-f84eabdb-4072-43fc-bb86-7b3fe4671f66 None admin] Extracting inferred target data resulted in "NOT FOUND (404)". {{(pid=81840) enforce_call /opt/stack/keystone/keystone/common/rbac_enforcer/enforcer.py:409}}
Sep 09 03:13:21.396932 dv-neutron-855995-3-hyperv devstack@keystone.service[81840]: ERROR keystone.server.flask.application [None req-f84eabdb-4072-43fc-bb86-7b3fe4671f66 None admin] Could not find role: reader.: keystone.exception.RoleNotFound: Could not find role: reader.
Sep 09 03:13:21.396932 dv-neutron-855995-3-hyperv devstack@keystone.service[81840]: ERROR keystone.server.flask.application
Traceback (most recent call last):
Sep 09 03:13:21.396932 dv-neutron-855995-3-hyperv devstack@keystone.service[81840]: ERROR keystone.server.flask.application
File "/usr/local/lib/python3.8/dist-packages/flask/app.py", line 1820, in full_dispatch_request
Sep 09 03:13:21.396932 dv-neutron-855995-3-hyperv devstack@keystone.service[81840]: ERROR keystone.server.flask.application rv = self.dispatch_request()
Sep 09 03:13:21.396932 dv-neutron-855995-3-hyperv devstack@keystone.service[81840]: ERROR keystone.server.flask.application
File "/usr/local/lib/python3.8/dist-packages/flask/app.py", line 1796, in dispatch_request
Sep 09 03:13:21.396932 dv-neutron-855995-3-hyperv devstack@keystone.service[81840]: ERROR keystone.server.flask.application return self.ensure_sync(self.view_functions[rule.endpoint])(**view_args)
Sep 09 03:13:21.396932 dv-neutron-855995-3-hyperv devstack@keystone.service[81840]: ERROR keystone.server.flask.application
File "/usr/local/lib/python3.8/dist-packages/flask_restful/__init__.py", line 467, in wrapper
Sep 09 03:13:21.396932 dv-neutron-855995-3-hyperv devstack@keystone.service[81840]: ERROR keystone.server.flask.application resp = resource(*args, **kwargs)
Sep 09 03:13:21.396932 dv-neutron-855995-3-hyperv devstack@keystone.service[81840]: ERROR keystone.server.flask.application
File "/usr/local/lib/python3.8/dist-packages/flask/views.py", line 107, in view
Sep 09 03:13:21.396932 dv-neutron-855995-3-hyperv devstack@keystone.service[81840]: ERROR keystone.server.flask.application return current_app.ensure_sync(self.dispatch_request)(**kwargs)
Sep 09 03:13:21.396932 dv-neutron-855995-3-hyperv devstack@keystone.service[81840]: ERROR keystone.server.flask.application
File "/usr/local/lib/python3.8/dist-packages/flask_restful/__init__.py", line 582, in dispatch_request
Sep 09 03:13:21.396932 dv-neutron-855995-3-hyperv devstack@keystone.service[81840]: ERROR keystone.server.flask.application resp = meth(*args, **kwargs)
Sep 09 03:13:21.396932 dv-neutron-855995-3-hyperv devstack@keystone.service[81840]: ERROR keystone.server.flask.application
File "/opt/stack/keystone/keystone/api/roles.py", line 50, in get
Sep 09 03:13:21.396932 dv-neutron-855995-3-hyperv devstack@keystone.service[81840]: ERROR keystone.server.flask.application return self._get_role(role_id)
Sep 09 03:13:21.396932 dv-neutron-855995-3-hyperv devstack@keystone.service[81840]: ERROR keystone.server.flask.application
File "/opt/stack/keystone/keystone/api/roles.py", line 70, in _get_role
Sep 09 03:13:21.396932 dv-neutron-855995-3-hyperv devstack@keystone.service[81840]: ERROR keystone.server.flask.application ENFORCER.enforce_call(action='identity:get_role')
Sep 09 03:13:21.397771 dv-neutron-855995-3-hyperv devstack@keystone.service[81840]: ERROR keystone.server.flask.application
File "/opt/stack/keystone/keystone/common/rbac_enforcer/enforcer.py", line 402, in enforce_call
Sep 09 03:13:21.397771 dv-neutron-855995-3-hyperv devstack@keystone.service[81840]: ERROR keystone.server.flask.application policy_dict.update(cls._extract_member_target_data(
Sep 09 03:13:21.397771 dv-neutron-855995-3-hyperv devstack@keystone.service[81840]: ERROR keystone.server.flask.application
File "/opt/stack/keystone/keystone/common/rbac_enforcer/enforcer.py", line 234, in _extract_member_target_data
Sep 09 03:13:21.397771 dv-neutron-855995-3-hyperv devstack@keystone.service[81840]: ERROR keystone.server.flask.application member_name: func(flask.request.view_args[key])
Sep 09 03:13:21.397771 dv-neutron-855995-3-hyperv devstack@keystone.service[81840]: ERROR keystone.server.flask.application
File "/opt/stack/keystone/keystone/common/manager.py", line 115, in wrapped
Sep 09 03:13:21.397771 dv-neutron-855995-3-hyperv devstack@keystone.service[81840]: ERROR keystone.server.flask.application __ret_val = __f(*args, **kwargs)
Sep 09 03:13:21.397771 dv-neutron-855995-3-hyperv devstack@keystone.service[81840]: ERROR keystone.server.flask.application
File "/usr/local/lib/python3.8/dist-packages/decorator.py", line 232, in fun
Sep 09 03:13:21.397771 dv-neutron-855995-3-hyperv devstack@keystone.service[81840]: ERROR keystone.server.flask.application return caller(func, *(extras + args), **kw)
Sep 09 03:13:21.397771 dv-neutron-855995-3-hyperv devstack@keystone.service[81840]: ERROR keystone.server.flask.application
File "/usr/local/lib/python3.8/dist-packages/dogpile/cache/region.py", line 1577, in get_or_create_for_user_func
Sep 09 03:13:21.397771 dv-neutron-855995-3-hyperv devstack@keystone.service[81840]: ERROR keystone.server.flask.application return self.get_or_create(
Sep 09 03:13:21.397771 dv-neutron-855995-3-hyperv devstack@keystone.service[81840]: ERROR keystone.server.flask.application
File "/usr/local/lib/python3.8/dist-packages/dogpile/cache/region.py", line 1042, in get_or_create
Sep 09 03:13:21.397771 dv-neutron-855995-3-hyperv devstack@keystone.service[81840]: ERROR keystone.server.flask.application with Lock(
Sep 09 03:13:21.397771 dv-neutron-855995-3-hyperv devstack@keystone.service[81840]: ERROR keystone.server.flask.application
File "/usr/local/lib/python3.8/dist-packages/dogpile/lock.py", line 185, in __enter__
Sep 09 03:13:21.397771 dv-neutron-855995-3-hyperv devstack@keystone.service[81840]: ERROR keystone.server.flask.application return self._enter()
Sep 09 03:13:21.397771 dv-neutron-855995-3-hyperv devstack@keystone.service[81840]: ERROR keystone.server.flask.application
File "/usr/local/lib/python3.8/dist-packages/dogpile/lock.py", line 94, in _enter
Sep 09 03:13:21.397771 dv-neutron-855995-3-hyperv devstack@keystone.service[81840]: ERROR keystone.server.flask.application generated = self._enter_create(value, createdtime)
Sep 09 03:13:21.399921 dv-neutron-855995-3-hyperv devstack@keystone.service[81840]: ERROR keystone.server.flask.application
File "/usr/local/lib/python3.8/dist-packages/dogpile/lock.py", line 178, in _enter_create
Sep 09 03:13:21.399921 dv-neutron-855995-3-hyperv devstack@keystone.service[81840]: ERROR keystone.server.flask.application return self.creator()
Sep 09 03:13:21.399921 dv-neutron-855995-3-hyperv devstack@keystone.service[81840]: ERROR keystone.server.flask.application
File "/usr/local/lib/python3.8/dist-packages/dogpile/cache/region.py", line 995, in gen_value
Sep 09 03:13:21.399921 dv-neutron-855995-3-hyperv devstack@keystone.service[81840]: ERROR keystone.server.flask.application created_value = creator(
Sep 09 03:13:21.399921 dv-neutron-855995-3-hyperv devstack@keystone.service[81840]: ERROR keystone.server.flask.application
File "/opt/stack/keystone/keystone/assignment/core.py", line 1276, in get_role
Sep 09 03:13:21.399921 dv-neutron-855995-3-hyperv devstack@keystone.service[81840]: ERROR keystone.server.flask.application return self.driver.get_role(role_id)
Sep 09 03:13:21.399921 dv-neutron-855995-3-hyperv devstack@keystone.service[81840]: ERROR keystone.server.flask.application
File "/opt/stack/keystone/keystone/assignment/role_backends/sql.py", line 70, in get_role
Sep 09 03:13:21.399921 dv-neutron-855995-3-hyperv devstack@keystone.service[81840]: ERROR keystone.server.flask.application return self._get_role(session, role_id).to_dict()
Sep 09 03:13:21.399921 dv-neutron-855995-3-hyperv devstack@keystone.service[81840]: ERROR keystone.server.flask.application
File "/opt/stack/keystone/keystone/assignment/role_backends/sql.py", line 65, in _get_role
Sep 09 03:13:21.399921 dv-neutron-855995-3-hyperv devstack@keystone.service[81840]: ERROR keystone.server.flask.application raise exception.RoleNotFound(role_id=role_id)
Sep 09 03:13:21.399921 dv-neutron-855995-3-hyperv devstack@keystone.service[81840]: ERROR keystone.server.flask.application keystone.exception.RoleNotFound: Could not find role: reader.
Sep 09 03:13:21.399921 dv-neutron-855995-3-hyperv devstack@keystone.service[81840]: ERROR keystone.server.flask.application
Sep 09 03:13:21.399921 dv-neutron-855995-3-hyperv devstack@keystone.service[81840]: [pid: 81840|app: 0|req: 50/102] 10.222.0.15 () {56 vars in 1099 bytes} [Fri Sep 9 03:13:21 2022] GET /identity/v3/roles/reader => generated 84 bytes in 252 msecs (HTTP/1.1 404) 5 headers in 183 bytes (2 switches on core 0)
Sep 09 03:13:21.408598 dv-neutron-855995-3-hyperv devstack@keystone.service[81841]: DEBUG keystone.server.flask.request_processing.middleware.auth_context [None req-10d42c55-0cc2-4dd4-94cf-2091d50c3209 None None] Authenticating user token {{(pid=81841) process_request /usr/local/lib/python3.8/dist-packages/keystonemiddleware/auth_token/__init__.py:407}}
Sep 09 03:13:21.539666 dv-neutron-855995-3-hyperv devstack@keystone.service[81841]: DEBUG dbcounter [-] [81841] Writing DB stats keystone:SELECT=100 {{(pid=81841) stat_writer /usr/local/lib/python3.8/dist-packages/dbcounter.py:114}}
Sep 09 03:13:21.557657 dv-neutron-855995-3-hyperv devstack@keystone.service[81841]: DEBUG keystone.server.flask.request_processing.middleware.auth_context [None req-10d42c55-0cc2-4dd4-94cf-2091d50c3209 None None] Validating token access rules against request {{(pid=81841) validate_allowed_request /usr/local/lib/python3.8/dist-packages/keystonemiddleware/auth_token/__init__.py:545}}
Sep 09 03:13:21.584484 dv-neutron-855995-3-hyperv devstack@keystone.service[81840]: DEBUG keystone.server.flask.request_processing.middleware.auth_context [None req-f84eabdb-4072-43fc-bb86-7b3fe4671f66 None admin] Authenticating user token {{(pid=81840) process_request /usr/local/lib/python3.8/dist-packages/keystonemiddleware/auth_token/__init__.py:407}}
Sep 09 03:13:21.612421 dv-neutron-855995-3-hyperv devstack@keystone.service[81841]: DEBUG keystone.server.flask.request_processing.middleware.auth_context [None req-3af1ffc1-f993-45ea-97e1-a7e4bd7450cb None admin] RBAC: auth_context: {'token': , 'domain_id': None, 'trust_id': None, 'trustor_id': None, 'trustee_id': None, 'domain_name': None, 'group_ids': [], 'user_id': '313ac9ae5c0d42879d4b64f85acc022c', 'user_domain_id': 'default', 'system_scope': 'all', 'project_id': None, 'project_domain_id': None, 'roles': ['admin', 'member', 'reader'], 'is_admin_project': True, 'service_user_id': None, 'service_user_domain_id': None, 'service_project_id': None, 'service_project_domain_id': None, 'service_roles': []} {{(pid=81841) fill_context /opt/stack/keystone/keystone/server/flask/request_processing/middleware/auth_context.py:478}}
Sep 09 03:13:21.613101 dv-neutron-855995-3-hyperv devstack@keystone.service[81841]: DEBUG keystone.server.flask.request_processing.req_logging [None req-3af1ffc1-f993-45ea-97e1-a7e4bd7450cb None admin] REQUEST_METHOD: `GET` {{(pid=81841) log_request_info /opt/stack/keystone/keystone/server/flask/request_processing/req_logging.py:27}}
Sep 09 03:13:21.613427 dv-neutron-855995-3-hyperv devstack@keystone.service[81841]: DEBUG keystone.server.flask.request_processing.req_logging [None req-3af1ffc1-f993-45ea-97e1-a7e4bd7450cb None admin] SCRIPT_NAME: `/identity` {{(pid=81841) log_request_info /opt/stack/keystone/keystone/server/flask/request_processing/req_logging.py:28}}
Sep 09 03:13:21.613712 dv-neutron-855995-3-hyperv devstack@keystone.service[81841]: DEBUG keystone.server.flask.request_processing.req_logging [None req-3af1ffc1-f993-45ea-97e1-a7e4bd7450cb None admin] PATH_INFO: `/v3/roles` {{(pid=81841) log_request_info /opt/stack/keystone/keystone/server/flask/request_processing/req_logging.py:29}}
Sep 09 03:13:21.614399 dv-neutron-855995-3-hyperv devstack@keystone.service[81841]: DEBUG keystone.common.rbac_enforcer.enforcer [None req-3af1ffc1-f993-45ea-97e1-a7e4bd7450cb None admin] RBAC: Adding query filter params (name=reader) {{(pid=81841) _extract_filter_values /opt/stack/keystone/keystone/common/rbac_enforcer/enforcer.py:167}}
