Sep 08 08:03:00.793570 dv-neutron-855868-9-hyperv devstack@keystone.service[82133]: DEBUG keystone.server.flask.request_processing.middleware.auth_context [None req-0bee002d-3f18-4aae-b068-7a2a80cdcdbb None admin] Validating token access rules against request {{(pid=82133) validate_allowed_request /usr/local/lib/python3.8/dist-packages/keystonemiddleware/auth_token/__init__.py:545}}
Sep 08 08:03:00.856885 dv-neutron-855868-9-hyperv devstack@keystone.service[82133]: DEBUG dbcounter [-] [82133] Writing DB stats keystone:SELECT=100 {{(pid=82133) stat_writer /usr/local/lib/python3.8/dist-packages/dbcounter.py:114}}
Sep 08 08:03:00.876070 dv-neutron-855868-9-hyperv devstack@keystone.service[82133]: DEBUG keystone.server.flask.request_processing.middleware.auth_context [None req-714c5961-8368-42a4-90b1-58fd37954bf6 None admin] RBAC: auth_context: {'token': , 'domain_id': None, 'trust_id': None, 'trustor_id': None, 'trustee_id': None, 'domain_name': None, 'group_ids': [], 'user_id': '7c2759daec9c4a0795ceb3d7699d7cc6', 'user_domain_id': 'default', 'system_scope': 'all', 'project_id': None, 'project_domain_id': None, 'roles': ['admin', 'member', 'reader'], 'is_admin_project': True, 'service_user_id': None, 'service_user_domain_id': None, 'service_project_id': None, 'service_project_domain_id': None, 'service_roles': []} {{(pid=82133) fill_context /opt/stack/keystone/keystone/server/flask/request_processing/middleware/auth_context.py:478}}
Sep 08 08:03:00.876794 dv-neutron-855868-9-hyperv devstack@keystone.service[82133]: DEBUG keystone.server.flask.request_processing.req_logging [None req-714c5961-8368-42a4-90b1-58fd37954bf6 None admin] REQUEST_METHOD: `POST` {{(pid=82133) log_request_info /opt/stack/keystone/keystone/server/flask/request_processing/req_logging.py:27}}
Sep 08 08:03:00.877151 dv-neutron-855868-9-hyperv devstack@keystone.service[82133]: DEBUG keystone.server.flask.request_processing.req_logging [None req-714c5961-8368-42a4-90b1-58fd37954bf6 None admin] SCRIPT_NAME: `/identity` {{(pid=82133) log_request_info /opt/stack/keystone/keystone/server/flask/request_processing/req_logging.py:28}}
Sep 08 08:03:00.877503 dv-neutron-855868-9-hyperv devstack@keystone.service[82133]: DEBUG keystone.server.flask.request_processing.req_logging [None req-714c5961-8368-42a4-90b1-58fd37954bf6 None admin] PATH_INFO: `/v3/projects` {{(pid=82133) log_request_info /opt/stack/keystone/keystone/server/flask/request_processing/req_logging.py:29}}
Sep 08 08:03:00.878239 dv-neutron-855868-9-hyperv devstack@keystone.service[82133]: DEBUG keystone.common.rbac_enforcer.enforcer [None req-714c5961-8368-42a4-90b1-58fd37954bf6 None admin] RBAC: Authorizing `identity:create_project()` {{(pid=82133) enforce_call /opt/stack/keystone/keystone/common/rbac_enforcer/enforcer.py:449}}
Sep 08 08:03:00.883873 dv-neutron-855868-9-hyperv devstack@keystone.service[82133]: DEBUG keystone.common.rbac_enforcer.enforcer [None req-714c5961-8368-42a4-90b1-58fd37954bf6 None admin] RBAC: Authorization granted {{(pid=82133) enforce_call /opt/stack/keystone/keystone/common/rbac_enforcer/enforcer.py:457}}
Sep 08 08:03:00.952575 dv-neutron-855868-9-hyperv devstack@keystone.service[82132]: DEBUG dbcounter [-] [82132] Writing DB stats keystone:SELECT=100 {{(pid=82132) stat_writer /usr/local/lib/python3.8/dist-packages/dbcounter.py:114}}
Sep 08 08:03:00.958483 dv-neutron-855868-9-hyperv devstack@keystone.service[82132]: DEBUG keystone.server.flask.request_processing.middleware.auth_context [None req-a656d9e1-fbf4-40c3-87d4-c53e46d4b9b4 None admin] Validating token access rules against request {{(pid=82132) validate_allowed_request /usr/local/lib/python3.8/dist-packages/keystonemiddleware/auth_token/__init__.py:545}}
Sep 08 08:03:01.002165 dv-neutron-855868-9-hyperv devstack@keystone.service[82132]: DEBUG keystone.server.flask.request_processing.middleware.auth_context [None req-ea95c062-c857-4844-b514-fd9b4b72a7d8 None admin] RBAC: auth_context: {'token': , 'domain_id': None, 'trust_id': None, 'trustor_id': None, 'trustee_id': None, 'domain_name': None, 'group_ids': [], 'user_id': '7c2759daec9c4a0795ceb3d7699d7cc6', 'user_domain_id': 'default', 'system_scope': 'all', 'project_id': None, 'project_domain_id': None, 'roles': ['admin', 'member', 'reader'], 'is_admin_project': True, 'service_user_id': None, 'service_user_domain_id': None, 'service_project_id': None, 'service_project_domain_id': None, 'service_roles': []} {{(pid=82132) fill_context /opt/stack/keystone/keystone/server/flask/request_processing/middleware/auth_context.py:478}}
Sep 08 08:03:01.002841 dv-neutron-855868-9-hyperv devstack@keystone.service[82132]: DEBUG keystone.server.flask.request_processing.req_logging [None req-ea95c062-c857-4844-b514-fd9b4b72a7d8 None admin] REQUEST_METHOD: `GET` {{(pid=82132) log_request_info /opt/stack/keystone/keystone/server/flask/request_processing/req_logging.py:27}}
Sep 08 08:03:01.003131 dv-neutron-855868-9-hyperv devstack@keystone.service[82132]: DEBUG keystone.server.flask.request_processing.req_logging [None req-ea95c062-c857-4844-b514-fd9b4b72a7d8 None admin] SCRIPT_NAME: `/identity` {{(pid=82132) log_request_info /opt/stack/keystone/keystone/server/flask/request_processing/req_logging.py:28}}
Sep 08 08:03:01.003410 dv-neutron-855868-9-hyperv devstack@keystone.service[82132]: DEBUG keystone.server.flask.request_processing.req_logging [None req-ea95c062-c857-4844-b514-fd9b4b72a7d8 None admin] PATH_INFO: `/v3/roles` {{(pid=82132) log_request_info /opt/stack/keystone/keystone/server/flask/request_processing/req_logging.py:29}}
Sep 08 08:03:01.004132 dv-neutron-855868-9-hyperv devstack@keystone.service[82132]: DEBUG keystone.common.rbac_enforcer.enforcer [None req-ea95c062-c857-4844-b514-fd9b4b72a7d8 None admin] RBAC: Adding query filter params (name=reader) {{(pid=82132) _extract_filter_values /opt/stack/keystone/keystone/common/rbac_enforcer/enforcer.py:167}}
Sep 08 08:03:01.004435 dv-neutron-855868-9-hyperv devstack@keystone.service[82132]: DEBUG keystone.common.rbac_enforcer.enforcer [None req-ea95c062-c857-4844-b514-fd9b4b72a7d8 None admin] RBAC: Authorizing `identity:list_roles()` {{(pid=82132) enforce_call /opt/stack/keystone/keystone/common/rbac_enforcer/enforcer.py:449}}
Sep 08 08:03:01.006161 dv-neutron-855868-9-hyperv devstack@keystone.service[82132]: DEBUG keystone.common.rbac_enforcer.enforcer [None req-ea95c062-c857-4844-b514-fd9b4b72a7d8 None admin] RBAC: Authorization granted {{(pid=82132) enforce_call /opt/stack/keystone/keystone/common/rbac_enforcer/enforcer.py:457}}
Sep 08 08:03:01.013609 dv-neutron-855868-9-hyperv devstack@keystone.service[82133]: [pid: 82133|app: 0|req: 52/104] 10.222.0.23 () {60 vars in 1141 bytes} [Thu Sep 8 08:03:00 2022] POST /identity/v3/projects => generated 302 bytes in 444 msecs (HTTP/1.1 201) 5 headers in 182 bytes (2 switches on core 0)
Sep 08 08:03:01.021555 dv-neutron-855868-9-hyperv devstack@keystone.service[82132]: [pid: 82132|app: 0|req: 53/105] 10.222.0.23 () {56 vars in 1101 bytes} [Thu Sep 8 08:03:00 2022] GET /identity/v3/roles?name=reader => generated 341 bytes in 235 msecs (HTTP/1.1 200) 5 headers in 177 bytes (2 switches on core 0)
Sep 08 08:03:01.027678 dv-neutron-855868-9-hyperv devstack@keystone.service[82133]: DEBUG keystone.server.flask.request_processing.middleware.auth_context [None req-714c5961-8368-42a4-90b1-58fd37954bf6 None admin] Authenticating user token {{(pid=82133) process_request /usr/local/lib/python3.8/dist-packages/keystonemiddleware/auth_token/__init__.py:407}}
Sep 08 08:03:01.192778 dv-neutron-855868-9-hyperv devstack@keystone.service[82133]: DEBUG keystone.server.flask.request_processing.middleware.auth_context [None req-714c5961-8368-42a4-90b1-58fd37954bf6 None admin] Validating token access rules against request {{(pid=82133) validate_allowed_request /usr/local/lib/python3.8/dist-packages/keystonemiddleware/auth_token/__init__.py:545}}
Sep 08 08:03:01.236756 dv-neutron-855868-9-hyperv devstack@keystone.service[82133]: DEBUG keystone.server.flask.request_processing.middleware.auth_context [None req-19e7c5b9-89cd-4fab-acbb-2995904d9f59 None admin] RBAC: auth_context: {'token': , 'domain_id': None, 'trust_id': None, 'trustor_id': None, 'trustee_id': None, 'domain_name': None, 'group_ids': [], 'user_id': '7c2759daec9c4a0795ceb3d7699d7cc6', 'user_domain_id': 'default', 'system_scope': 'all', 'project_id': None, 'project_domain_id': None, 'roles': ['admin', 'member', 'reader'], 'is_admin_project': True, 'service_user_id': None, 'service_user_domain_id': None, 'service_project_id': None, 'service_project_domain_id': None, 'service_roles': []} {{(pid=82133) fill_context /opt/stack/keystone/keystone/server/flask/request_processing/middleware/auth_context.py:478}}
Sep 08 08:03:01.237393 dv-neutron-855868-9-hyperv devstack@keystone.service[82133]: DEBUG keystone.server.flask.request_processing.req_logging [None req-19e7c5b9-89cd-4fab-acbb-2995904d9f59 None admin] REQUEST_METHOD: `GET` {{(pid=82133) log_request_info /opt/stack/keystone/keystone/server/flask/request_processing/req_logging.py:27}}
Sep 08 08:03:01.237929 dv-neutron-855868-9-hyperv devstack@keystone.service[82133]: DEBUG keystone.server.flask.request_processing.req_logging [None req-19e7c5b9-89cd-4fab-acbb-2995904d9f59 None admin] SCRIPT_NAME: `/identity` {{(pid=82133) log_request_info /opt/stack/keystone/keystone/server/flask/request_processing/req_logging.py:28}}
Sep 08 08:03:01.238210 dv-neutron-855868-9-hyperv devstack@keystone.service[82133]: DEBUG keystone.server.flask.request_processing.req_logging [None req-19e7c5b9-89cd-4fab-acbb-2995904d9f59 None admin] PATH_INFO: `/v3/users/d544292edb2544cf91e7b4279231986f` {{(pid=82133) log_request_info /opt/stack/keystone/keystone/server/flask/request_processing/req_logging.py:29}}
Sep 08 08:03:01.259722 dv-neutron-855868-9-hyperv devstack@keystone.service[82133]: DEBUG keystone.common.rbac_enforcer.enforcer [None req-19e7c5b9-89cd-4fab-acbb-2995904d9f59 None admin] RBAC: Authorizing `identity:get_user(user_id=d544292edb2544cf91e7b4279231986f)` {{(pid=82133) enforce_call /opt/stack/keystone/keystone/common/rbac_enforcer/enforcer.py:449}}
Sep 08 08:03:01.261210 dv-neutron-855868-9-hyperv devstack@keystone.service[82133]: DEBUG keystone.common.rbac_enforcer.enforcer [None req-19e7c5b9-89cd-4fab-acbb-2995904d9f59 None admin] RBAC: Authorization granted {{(pid=82133) enforce_call /opt/stack/keystone/keystone/common/rbac_enforcer/enforcer.py:457}}
Sep 08 08:03:01.265710 dv-neutron-855868-9-hyperv devstack@keystone.service[82133]: [pid: 82133|app: 0|req: 53/106] 10.222.0.23 () {56 vars in 1177 bytes} [Thu Sep 8 08:03:01 2022] GET /identity/v3/users/d544292edb2544cf91e7b4279231986f => generated 289 bytes in 236 msecs (HTTP/1.1 200) 5 headers in 177 bytes (1 switches on core 0)
Sep 08 08:03:01.269674 dv-neutron-855868-9-hyperv devstack@keystone.service[82132]: DEBUG keystone.server.flask.request_processing.middleware.auth_context [None req-ea95c062-c857-4844-b514-fd9b4b72a7d8 None admin] Authenticating user token {{(pid=82132) process_request /usr/local/lib/python3.8/dist-packages/keystonemiddleware/auth_token/__init__.py:407}}
Sep 08 08:03:01.448011 dv-neutron-855868-9-hyperv devstack@keystone.service[82132]: DEBUG keystone.server.flask.request_processing.middleware.auth_context [None req-ea95c062-c857-4844-b514-fd9b4b72a7d8 None admin] Validating token access rules against request {{(pid=82132) validate_allowed_request /usr/local/lib/python3.8/dist-packages/keystonemiddleware/auth_token/__init__.py:545}}
Sep 08 08:03:01.488007 dv-neutron-855868-9-hyperv devstack@keystone.service[82132]: DEBUG keystone.server.flask.request_processing.middleware.auth_context [None req-1893fa8d-8f8b-45a8-b1ee-aa6783485cf6 None admin] RBAC: auth_context: {'token': , 'domain_id': None, 'trust_id': None, 'trustor_id': None, 'trustee_id': None, 'domain_name': None, 'group_ids': [], 'user_id': '7c2759daec9c4a0795ceb3d7699d7cc6', 'user_domain_id': 'default', 'system_scope': 'all', 'project_id': None, 'project_domain_id': None, 'roles': ['admin', 'member', 'reader'], 'is_admin_project': True, 'service_user_id': None, 'service_user_domain_id': None, 'service_project_id': None, 'service_project_domain_id': None, 'service_roles': []} {{(pid=82132) fill_context /opt/stack/keystone/keystone/server/flask/request_processing/middleware/auth_context.py:478}}
Sep 08 08:03:01.488564 dv-neutron-855868-9-hyperv devstack@keystone.service[82132]: DEBUG keystone.server.flask.request_processing.req_logging [None req-1893fa8d-8f8b-45a8-b1ee-aa6783485cf6 None admin] REQUEST_METHOD: `GET` {{(pid=82132) log_request_info /opt/stack/keystone/keystone/server/flask/request_processing/req_logging.py:27}}
Sep 08 08:03:01.488850 dv-neutron-855868-9-hyperv devstack@keystone.service[82132]: DEBUG keystone.server.flask.request_processing.req_logging [None req-1893fa8d-8f8b-45a8-b1ee-aa6783485cf6 None admin] SCRIPT_NAME: `/identity` {{(pid=82132) log_request_info /opt/stack/keystone/keystone/server/flask/request_processing/req_logging.py:28}}
Sep 08 08:03:01.489129 dv-neutron-855868-9-hyperv devstack@keystone.service[82132]: DEBUG keystone.server.flask.request_processing.req_logging [None req-1893fa8d-8f8b-45a8-b1ee-aa6783485cf6 None admin] PATH_INFO: `/v3/auth/tokens` {{(pid=82132) log_request_info /opt/stack/keystone/keystone/server/flask/request_processing/req_logging.py:29}}
Sep 08 08:03:01.506742 dv-neutron-855868-9-hyperv devstack@keystone.service[82133]: DEBUG keystone.server.flask.request_processing.req_logging [None req-d3f0b801-7e88-4f64-8101-721795667f73 None None] REQUEST_METHOD: `GET` {{(pid=82133) log_request_info /opt/stack/keystone/keystone/server/flask/request_processing/req_logging.py:27}}
Sep 08 08:03:01.507026 dv-neutron-855868-9-hyperv devstack@keystone.service[82133]: DEBUG keystone.server.flask.request_processing.req_logging [None req-d3f0b801-7e88-4f64-8101-721795667f73 None None] SCRIPT_NAME: `/identity` {{(pid=82133) log_request_info /opt/stack/keystone/keystone/server/flask/request_processing/req_logging.py:28}}
Sep 08 08:03:01.507307 dv-neutron-855868-9-hyperv devstack@keystone.service[82133]: DEBUG keystone.server.flask.request_processing.req_logging [None req-d3f0b801-7e88-4f64-8101-721795667f73 None None] PATH_INFO: `/` {{(pid=82133) log_request_info /opt/stack/keystone/keystone/server/flask/request_processing/req_logging.py:29}}
Sep 08 08:03:01.508723 dv-neutron-855868-9-hyperv devstack@keystone.service[82133]: [pid: 82133|app: 0|req: 54/107] 10.222.0.23 () {54 vars in 927 bytes} [Thu Sep 8 08:03:01 2022] GET /identity => generated 270 bytes in 3 msecs (HTTP/1.1 300) 6 headers in 234 bytes (1 switches on core 0)
Sep 08 08:03:01.516781 dv-neutron-855868-9-hyperv devstack@keystone.service[82133]: DEBUG keystone.server.flask.request_processing.req_logging [None req-4a37d5df-639a-415d-b1a6-eaf504a863d1 None None] REQUEST_METHOD: `POST` {{(pid=82133) log_request_info /opt/stack/keystone/keystone/server/flask/request_processing/req_logging.py:27}}
Sep 08 08:03:01.517074 dv-neutron-855868-9-hyperv devstack@keystone.service[82133]: DEBUG keystone.server.flask.request_processing.req_logging [None req-4a37d5df-639a-415d-b1a6-eaf504a863d1 None None] SCRIPT_NAME: `/identity` {{(pid=82133) log_request_info /opt/stack/keystone/keystone/server/flask/request_processing/req_logging.py:28}}
Sep 08 08:03:01.517352 dv-neutron-855868-9-hyperv devstack@keystone.service[82133]: DEBUG keystone.server.flask.request_processing.req_logging [None req-4a37d5df-639a-415d-b1a6-eaf504a863d1 None None] PATH_INFO: `/v3/auth/tokens` {{(pid=82133) log_request_info /opt/stack/keystone/keystone/server/flask/request_processing/req_logging.py:29}}
Sep 08 08:03:01.518501 dv-neutron-855868-9-hyperv devstack@keystone.service[82132]: DEBUG dbcounter [-] [82132] Writing DB stats keystone:SELECT=100 {{(pid=82132) stat_writer /usr/local/lib/python3.8/dist-packages/dbcounter.py:114}}
Sep 08 08:03:01.544508 dv-neutron-855868-9-hyperv devstack@keystone.service[82133]: DEBUG keystone.auth.core [None req-4a37d5df-639a-415d-b1a6-eaf504a863d1 None None] MFA Rules not processed for user `7c2759daec9c4a0795ceb3d7699d7cc6`. Rule list: `[]` (Enabled: `True`). {{(pid=82133) check_auth_methods_against_rules /opt/stack/keystone/keystone/auth/core.py:438}}
Sep 08 08:03:01.547068 dv-neutron-855868-9-hyperv devstack@keystone.service[82133]: DEBUG keystone.common.fernet_utils [None req-4a37d5df-639a-415d-b1a6-eaf504a863d1 None None] Loaded 2 Fernet keys from /etc/keystone/fernet-keys/, but `[fernet_tokens] max_active_keys = 3`; perhaps there have not been enough key rotations to reach `max_active_keys` yet? {{(pid=82133) load_keys /opt/stack/keystone/keystone/common/fernet_utils.py:286}}
Sep 08 08:03:01.578778 dv-neutron-855868-9-hyperv devstack@keystone.service[82132]: DEBUG keystone.common.rbac_enforcer.enforcer [None req-1893fa8d-8f8b-45a8-b1ee-aa6783485cf6 None admin] RBAC: Authorizing `identity:validate_token()` {{(pid=82132) enforce_call /opt/stack/keystone/keystone/common/rbac_enforcer/enforcer.py:449}}
Sep 08 08:03:01.580297 dv-neutron-855868-9-hyperv devstack@keystone.service[82132]: DEBUG keystone.common.rbac_enforcer.enforcer [None req-1893fa8d-8f8b-45a8-b1ee-aa6783485cf6 None admin] RBAC: Authorization granted {{(pid=82132) enforce_call /opt/stack/keystone/keystone/common/rbac_enforcer/enforcer.py:457}}
Sep 08 08:03:01.601206 dv-neutron-855868-9-hyperv devstack@keystone.service[82133]: DEBUG dbcounter [-] [82133] Writing DB stats keystone:SELECT=99,keystone:INSERT=1 {{(pid=82133) stat_writer /usr/local/lib/python3.8/dist-packages/dbcounter.py:114}}
Sep 08 08:03:01.658355 dv-neutron-855868-9-hyperv devstack@keystone.service[82133]: [pid: 82133|app: 0|req: 55/108] 10.222.0.23 () {58 vars in 1024 bytes} [Thu Sep 8 08:03:01 2022] POST /identity/v3/auth/tokens => generated 799 bytes in 142 msecs (HTTP/1.1 201) 6 headers in 363 bytes (2 switches on core 0)
Sep 08 08:03:01.720998 dv-neutron-855868-9-hyperv devstack@keystone.service[82132]: [pid: 82132|app: 0|req: 54/109] 10.222.0.23 () {58 vars in 1282 bytes} [Thu Sep 8 08:03:01 2022] GET /identity/v3/auth/tokens => generated 799 bytes in 452 msecs (HTTP/1.1 200) 6 headers in 358 bytes (1 switches on core 0)
Sep 08 08:03:01.732599 dv-neutron-855868-9-hyperv devstack@keystone.service[82133]: DEBUG keystone.server.flask.request_processing.middleware.auth_context [None req-4a37d5df-639a-415d-b1a6-eaf504a863d1 None None] Authenticating user token {{(pid=82133) process_request /usr/local/lib/python3.8/dist-packages/keystonemiddleware/auth_token/__init__.py:407}}
Sep 08 08:03:01.863248 dv-neutron-855868-9-hyperv devstack@keystone.service[82133]: DEBUG keystone.server.flask.request_processing.middleware.auth_context [None req-4a37d5df-639a-415d-b1a6-eaf504a863d1 None None] Validating token access rules against request {{(pid=82133) validate_allowed_request /usr/local/lib/python3.8/dist-packages/keystonemiddleware/auth_token/__init__.py:545}}
Sep 08 08:03:01.906828 dv-neutron-855868-9-hyperv devstack@keystone.service[82133]: DEBUG keystone.server.flask.request_processing.middleware.auth_context [None req-cfa199ef-7ee4-4c53-96c1-3b9ad672e793 None admin] RBAC: auth_context: {'token': , 'domain_id': None, 'trust_id': None, 'trustor_id': None, 'trustee_id': None, 'domain_name': None, 'group_ids': [], 'user_id': '7c2759daec9c4a0795ceb3d7699d7cc6', 'user_domain_id': 'default', 'system_scope': 'all', 'project_id': None, 'project_domain_id': None, 'roles': ['admin', 'member', 'reader'], 'is_admin_project': True, 'service_user_id': None, 'service_user_domain_id': None, 'service_project_id': None, 'service_project_domain_id': None, 'service_roles': []} {{(pid=82133) fill_context /opt/stack/keystone/keystone/server/flask/request_processing/middleware/auth_context.py:478}}
Sep 08 08:03:01.907486 dv-neutron-855868-9-hyperv devstack@keystone.service[82133]: DEBUG keystone.server.flask.request_processing.req_logging [None req-cfa199ef-7ee4-4c53-96c1-3b9ad672e793 None admin] REQUEST_METHOD: `GET` {{(pid=82133) log_request_info /opt/stack/keystone/keystone/server/flask/request_processing/req_logging.py:27}}
Sep 08 08:03:01.907790 dv-neutron-855868-9-hyperv devstack@keystone.service[82133]: DEBUG keystone.server.flask.request_processing.req_logging [None req-cfa199ef-7ee4-4c53-96c1-3b9ad672e793 None admin] SCRIPT_NAME: `/identity` {{(pid=82133) log_request_info /opt/stack/keystone/keystone/server/flask/request_processing/req_logging.py:28}}
Sep 08 08:03:01.908068 dv-neutron-855868-9-hyperv devstack@keystone.service[82133]: DEBUG keystone.server.flask.request_processing.req_logging [None req-cfa199ef-7ee4-4c53-96c1-3b9ad672e793 None admin] PATH_INFO: `/v3/projects/ef6bd69482d344a199fe40b45edbf12a` {{(pid=82133) log_request_info /opt/stack/keystone/keystone/server/flask/request_processing/req_logging.py:29}}
Sep 08 08:03:01.909232 dv-neutron-855868-9-hyperv devstack@keystone.service[82133]: DEBUG keystone.common.rbac_enforcer.enforcer [None req-cfa199ef-7ee4-4c53-96c1-3b9ad672e793 None admin] RBAC: Authorizing `identity:get_project(project_id=ef6bd69482d344a199fe40b45edbf12a)` {{(pid=82133) enforce_call /opt/stack/keystone/keystone/common/rbac_enforcer/enforcer.py:449}}
Sep 08 08:03:01.910687 dv-neutron-855868-9-hyperv devstack@keystone.service[82133]: DEBUG keystone.common.rbac_enforcer.enforcer [None req-cfa199ef-7ee4-4c53-96c1-3b9ad672e793 None admin] RBAC: Authorization granted {{(pid=82133) enforce_call /opt/stack/keystone/keystone/common/rbac_enforcer/enforcer.py:457}}
Sep 08 08:03:01.912523 dv-neutron-855868-9-hyperv devstack@keystone.service[82133]: [pid: 82133|app: 0|req: 56/110] 10.222.0.23 () {56 vars in 1186 bytes} [Thu Sep 8 08:03:01 2022] GET /identity/v3/projects/ef6bd69482d344a199fe40b45edbf12a => generated 298 bytes in 180 msecs (HTTP/1.1 200) 5 headers in 177 bytes (1 switches on core 0)
Sep 08 08:03:01.919119 dv-neutron-855868-9-hyperv devstack@keystone.service[82132]: DEBUG keystone.server.flask.request_processing.middleware.auth_context [None req-1893fa8d-8f8b-45a8-b1ee-aa6783485cf6 None admin] Authenticating user token {{(pid=82132) process_request /usr/local/lib/python3.8/dist-packages/keystonemiddleware/auth_token/__init__.py:407}}
Sep 08 08:03:01.958810 dv-neutron-855868-9-hyperv devstack@keystone.service[82133]: DEBUG keystone.server.flask.request_processing.req_logging [None req-73ad5d77-9884-4c6a-b3ac-36d117c5c59b None None] REQUEST_METHOD: `GET` {{(pid=82133) log_request_info /opt/stack/keystone/keystone/server/flask/request_processing/req_logging.py:27}}
Sep 08 08:03:01.959117 dv-neutron-855868-9-hyperv devstack@keystone.service[82133]: DEBUG keystone.server.flask.request_processing.req_logging [None req-73ad5d77-9884-4c6a-b3ac-36d117c5c59b None None] SCRIPT_NAME: `/identity` {{(pid=82133) log_request_info /opt/stack/keystone/keystone/server/flask/request_processing/req_logging.py:28}}
Sep 08 08:03:01.959436 dv-neutron-855868-9-hyperv devstack@keystone.service[82133]: DEBUG keystone.server.flask.request_processing.req_logging [None req-73ad5d77-9884-4c6a-b3ac-36d117c5c59b None None] PATH_INFO: `/` {{(pid=82133) log_request_info /opt/stack/keystone/keystone/server/flask/request_processing/req_logging.py:29}}
Sep 08 08:03:01.960807 dv-neutron-855868-9-hyperv devstack@keystone.service[82133]: [pid: 82133|app: 0|req: 57/111] 10.222.0.23 () {54 vars in 927 bytes} [Thu Sep 8 08:03:01 2022] GET /identity => generated 270 bytes in 3 msecs (HTTP/1.1 300) 6 headers in 234 bytes (2 switches on core 0)
Sep 08 08:03:01.972441 dv-neutron-855868-9-hyperv devstack@keystone.service[82133]: DEBUG keystone.server.flask.request_processing.req_logging [None req-713d3c8a-81b3-4222-bc39-ba3a7d1024a3 None None] REQUEST_METHOD: `POST` {{(pid=82133) log_request_info /opt/stack/keystone/keystone/server/flask/request_processing/req_logging.py:27}}
Sep 08 08:03:01.972720 dv-neutron-855868-9-hyperv devstack@keystone.service[82133]: DEBUG keystone.server.flask.request_processing.req_logging [None req-713d3c8a-81b3-4222-bc39-ba3a7d1024a3 None None] SCRIPT_NAME: `/identity` {{(pid=82133) log_request_info /opt/stack/keystone/keystone/server/flask/request_processing/req_logging.py:28}}
Sep 08 08:03:01.973000 dv-neutron-855868-9-hyperv devstack@keystone.service[82133]: DEBUG keystone.server.flask.request_processing.req_logging [None req-713d3c8a-81b3-4222-bc39-ba3a7d1024a3 None None] PATH_INFO: `/v3/auth/tokens` {{(pid=82133) log_request_info /opt/stack/keystone/keystone/server/flask/request_processing/req_logging.py:29}}
Sep 08 08:03:02.006072 dv-neutron-855868-9-hyperv devstack@keystone.service[82133]: DEBUG keystone.auth.core [None req-713d3c8a-81b3-4222-bc39-ba3a7d1024a3 None None] MFA Rules not processed for user `7c2759daec9c4a0795ceb3d7699d7cc6`. Rule list: `[]` (Enabled: `True`). {{(pid=82133) check_auth_methods_against_rules /opt/stack/keystone/keystone/auth/core.py:438}}
Sep 08 08:03:02.007633 dv-neutron-855868-9-hyperv devstack@keystone.service[82133]: DEBUG keystone.common.fernet_utils [None req-713d3c8a-81b3-4222-bc39-ba3a7d1024a3 None None] Loaded 2 Fernet keys from /etc/keystone/fernet-keys/, but `[fernet_tokens] max_active_keys = 3`; perhaps there have not been enough key rotations to reach `max_active_keys` yet? {{(pid=82133) load_keys /opt/stack/keystone/keystone/common/fernet_utils.py:286}}
Sep 08 08:03:02.035845 dv-neutron-855868-9-hyperv devstack@keystone.service[82132]: DEBUG dbcounter [-] [82132] Writing DB stats keystone:SELECT=100 {{(pid=82132) stat_writer /usr/local/lib/python3.8/dist-packages/dbcounter.py:114}}
Sep 08 08:03:02.057753 dv-neutron-855868-9-hyperv devstack@keystone.service[82133]: DEBUG dbcounter [-] [82133] Writing DB stats keystone:SELECT=100 {{(pid=82133) stat_writer /usr/local/lib/python3.8/dist-packages/dbcounter.py:114}}
Sep 08 08:03:02.133714 dv-neutron-855868-9-hyperv devstack@keystone.service[82132]: DEBUG keystone.server.flask.request_processing.middleware.auth_context [None req-1893fa8d-8f8b-45a8-b1ee-aa6783485cf6 None admin] Validating token access rules against request {{(pid=82132) validate_allowed_request /usr/local/lib/python3.8/dist-packages/keystonemiddleware/auth_token/__init__.py:545}}
Sep 08 08:03:02.153023 dv-neutron-855868-9-hyperv devstack@keystone.service[82133]: [pid: 82133|app: 0|req: 58/112] 10.222.0.23 () {58 vars in 1024 bytes} [Thu Sep 8 08:03:01 2022] POST /identity/v3/auth/tokens => generated 799 bytes in 181 msecs (HTTP/1.1 201) 6 headers in 363 bytes (2 switches on core 0)
Sep 08 08:03:02.154553 dv-neutron-855868-9-hyperv devstack@keystone.service[82133]: DEBUG keystone.server.flask.request_processing.middleware.auth_context [None req-713d3c8a-81b3-4222-bc39-ba3a7d1024a3 None None] Authenticating user token {{(pid=82133) process_request /usr/local/lib/python3.8/dist-packages/keystonemiddleware/auth_token/__init__.py:407}}
Sep 08 08:03:02.203845 dv-neutron-855868-9-hyperv devstack@keystone.service[82132]: DEBUG keystone.server.flask.request_processing.middleware.auth_context [None req-da7cba11-9bb6-401a-8857-339df204dca7 None admin] RBAC: auth_context: {'token': , 'domain_id': None, 'trust_id': None, 'trustor_id': None, 'trustee_id': None, 'domain_name': None, 'group_ids': [], 'user_id': '7c2759daec9c4a0795ceb3d7699d7cc6', 'user_domain_id': 'default', 'system_scope': 'all', 'project_id': None, 'project_domain_id': None, 'roles': ['admin', 'member', 'reader'], 'is_admin_project': True, 'service_user_id': None, 'service_user_domain_id': None, 'service_project_id': None, 'service_project_domain_id': None, 'service_roles': []} {{(pid=82132) fill_context /opt/stack/keystone/keystone/server/flask/request_processing/middleware/auth_context.py:478}}
Sep 08 08:03:02.205213 dv-neutron-855868-9-hyperv devstack@keystone.service[82132]: DEBUG keystone.server.flask.request_processing.req_logging [None req-da7cba11-9bb6-401a-8857-339df204dca7 None admin] REQUEST_METHOD: `GET` {{(pid=82132) log_request_info /opt/stack/keystone/keystone/server/flask/request_processing/req_logging.py:27}}
Sep 08 08:03:02.205498 dv-neutron-855868-9-hyperv devstack@keystone.service[82132]: DEBUG keystone.server.flask.request_processing.req_logging [None req-da7cba11-9bb6-401a-8857-339df204dca7 None admin] SCRIPT_NAME: `/identity` {{(pid=82132) log_request_info /opt/stack/keystone/keystone/server/flask/request_processing/req_logging.py:28}}
Sep 08 08:03:02.205775 dv-neutron-855868-9-hyperv devstack@keystone.service[82132]: DEBUG keystone.server.flask.request_processing.req_logging [None req-da7cba11-9bb6-401a-8857-339df204dca7 None admin] PATH_INFO: `/v3/role_assignments` {{(pid=82132) log_request_info /opt/stack/keystone/keystone/server/flask/request_processing/req_logging.py:29}}
Sep 08 08:03:02.206512 dv-neutron-855868-9-hyperv devstack@keystone.service[82132]: DEBUG keystone.common.rbac_enforcer.enforcer [None req-da7cba11-9bb6-401a-8857-339df204dca7 None admin] RBAC: Adding query filter params (role.id=6701c78cbb604d9291391ae9335077ac, scope.project.id=ef6bd69482d344a199fe40b45edbf12a, user.id=d544292edb2544cf91e7b4279231986f) {{(pid=82132) _extract_filter_values /opt/stack/keystone/keystone/common/rbac_enforcer/enforcer.py:167}}
Sep 08 08:03:02.206825 dv-neutron-855868-9-hyperv devstack@keystone.service[82132]: DEBUG keystone.common.rbac_enforcer.enforcer [None req-da7cba11-9bb6-401a-8857-339df204dca7 None admin] RBAC: Authorizing `identity:list_role_assignments()` {{(pid=82132) enforce_call /opt/stack/keystone/keystone/common/rbac_enforcer/enforcer.py:449}}
Sep 08 08:03:02.208283 dv-neutron-855868-9-hyperv devstack@keystone.service[82132]: DEBUG keystone.common.rbac_enforcer.enforcer [None req-da7cba11-9bb6-401a-8857-339df204dca7 None admin] RBAC: Authorization granted {{(pid=82132) enforce_call /opt/stack/keystone/keystone/common/rbac_enforcer/enforcer.py:457}}
Sep 08 08:03:02.228139 dv-neutron-855868-9-hyperv devstack@keystone.service[82132]: [pid: 82132|app: 0|req: 55/113] 10.222.0.23 () {56 vars in 1374 bytes} [Thu Sep 8 08:03:01 2022] GET /identity/v3/role_assignments?user.id=d544292edb2544cf91e7b4279231986f&scope.project.id=ef6bd69482d344a199fe40b45edbf12a&role.id=6701c78cbb604d9291391ae9335077ac => generated 259 bytes in 309 msecs (HTTP/1.1 200) 5 headers in 177 bytes (1 switches on core 0)
Sep 08 08:03:02.315658 dv-neutron-855868-9-hyperv devstack@keystone.service[82133]: DEBUG keystone.server.flask.request_processing.middleware.auth_context [None req-713d3c8a-81b3-4222-bc39-ba3a7d1024a3 None None] Validating token access rules against request {{(pid=82133) validate_allowed_request /usr/local/lib/python3.8/dist-packages/keystonemiddleware/auth_token/__init__.py:545}}
Sep 08 08:03:02.369706 dv-neutron-855868-9-hyperv devstack@keystone.service[82132]: DEBUG keystone.server.flask.request_processing.req_logging [None req-2b7f07a7-e52d-4c60-9397-b1afae0a274f None None] REQUEST_METHOD: `GET` {{(pid=82132) log_request_info /opt/stack/keystone/keystone/server/flask/request_processing/req_logging.py:27}}
Sep 08 08:03:02.370061 dv-neutron-855868-9-hyperv devstack@keystone.service[82132]: DEBUG keystone.server.flask.request_processing.req_logging [None req-2b7f07a7-e52d-4c60-9397-b1afae0a274f None None] SCRIPT_NAME: `/identity` {{(pid=82132) log_request_info /opt/stack/keystone/keystone/server/flask/request_processing/req_logging.py:28}}
Sep 08 08:03:02.370267 dv-neutron-855868-9-hyperv devstack@keystone.service[82132]: DEBUG keystone.server.flask.request_processing.req_logging [None req-2b7f07a7-e52d-4c60-9397-b1afae0a274f None None] PATH_INFO: `/` {{(pid=82132) log_request_info /opt/stack/keystone/keystone/server/flask/request_processing/req_logging.py:29}}
Sep 08 08:03:02.371932 dv-neutron-855868-9-hyperv devstack@keystone.service[82133]: DEBUG keystone.server.flask.request_processing.middleware.auth_context [None req-30fbf289-ade4-4334-b11f-6e373f7458e9 None admin] RBAC: auth_context: {'token': , 'domain_id': None, 'trust_id': None, 'trustor_id': None, 'trustee_id': None, 'domain_name': None, 'group_ids': [], 'user_id': '7c2759daec9c4a0795ceb3d7699d7cc6', 'user_domain_id': 'default', 'system_scope': 'all', 'project_id': None, 'project_domain_id': None, 'roles': ['admin', 'member', 'reader'], 'is_admin_project': True, 'service_user_id': None, 'service_user_domain_id': None, 'service_project_id': None, 'service_project_domain_id': None, 'service_roles': []} {{(pid=82133) fill_context /opt/stack/keystone/keystone/server/flask/request_processing/middleware/auth_context.py:478}}
Sep 08 08:03:02.372081 dv-neutron-855868-9-hyperv devstack@keystone.service[82132]: [pid: 82132|app: 0|req: 56/114] 10.222.0.23 () {54 vars in 927 bytes} [Thu Sep 8 08:03:02 2022] GET /identity => generated 270 bytes in 3 msecs (HTTP/1.1 300) 6 headers in 234 bytes (1 switches on core 0)
Sep 08 08:03:02.372596 dv-neutron-855868-9-hyperv devstack@keystone.service[82133]: DEBUG keystone.server.flask.request_processing.req_logging [None req-30fbf289-ade4-4334-b11f-6e373f7458e9 None admin] REQUEST_METHOD: `GET` {{(pid=82133) log_request_info /opt/stack/keystone/keystone/server/flask/request_processing/req_logging.py:27}}
Sep 08 08:03:02.372884 dv-neutron-855868-9-hyperv devstack@keystone.service[82133]: DEBUG keystone.server.flask.request_processing.req_logging [None req-30fbf289-ade4-4334-b11f-6e373f7458e9 None admin] SCRIPT_NAME: `/identity` {{(pid=82133) log_request_info /opt/stack/keystone/keystone/server/flask/request_processing/req_logging.py:28}}
Sep 08 08:03:02.373223 dv-neutron-855868-9-hyperv devstack@keystone.service[82133]: DEBUG keystone.server.flask.request_processing.req_logging [None req-30fbf289-ade4-4334-b11f-6e373f7458e9 None admin] PATH_INFO: `/v3/roles/member` {{(pid=82133) log_request_info /opt/stack/keystone/keystone/server/flask/request_processing/req_logging.py:29}}
Sep 08 08:03:02.378051 dv-neutron-855868-9-hyperv devstack@keystone.service[82132]: DEBUG keystone.server.flask.request_processing.req_logging [None req-6f3b2de7-8a18-424f-bd62-8c7c4c98a4b0 None None] REQUEST_METHOD: `POST` {{(pid=82132) log_request_info /opt/stack/keystone/keystone/server/flask/request_processing/req_logging.py:27}}
Sep 08 08:03:02.378341 dv-neutron-855868-9-hyperv devstack@keystone.service[82132]: DEBUG keystone.server.flask.request_processing.req_logging [None req-6f3b2de7-8a18-424f-bd62-8c7c4c98a4b0 None None] SCRIPT_NAME: `/identity` {{(pid=82132) log_request_info /opt/stack/keystone/keystone/server/flask/request_processing/req_logging.py:28}}
Sep 08 08:03:02.378621 dv-neutron-855868-9-hyperv devstack@keystone.service[82132]: DEBUG keystone.server.flask.request_processing.req_logging [None req-6f3b2de7-8a18-424f-bd62-8c7c4c98a4b0 None None] PATH_INFO: `/v3/auth/tokens` {{(pid=82132) log_request_info /opt/stack/keystone/keystone/server/flask/request_processing/req_logging.py:29}}
Sep 08 08:03:02.389306 dv-neutron-855868-9-hyperv devstack@keystone.service[82133]: DEBUG keystone.common.rbac_enforcer.enforcer [None req-30fbf289-ade4-4334-b11f-6e373f7458e9 None admin] Extracting inferred target data resulted in "NOT FOUND (404)". {{(pid=82133) enforce_call /opt/stack/keystone/keystone/common/rbac_enforcer/enforcer.py:409}}
Sep 08 08:03:02.395764 dv-neutron-855868-9-hyperv devstack@keystone.service[82133]: ERROR keystone.server.flask.application [None req-30fbf289-ade4-4334-b11f-6e373f7458e9 None admin] Could not find role: member.: keystone.exception.RoleNotFound: Could not find role: member.
Sep 08 08:03:02.395764 dv-neutron-855868-9-hyperv devstack@keystone.service[82133]: ERROR keystone.server.flask.application
Traceback (most recent call last):
Sep 08 08:03:02.395764 dv-neutron-855868-9-hyperv devstack@keystone.service[82133]: ERROR keystone.server.flask.application
File "/usr/local/lib/python3.8/dist-packages/flask/app.py", line 1820, in full_dispatch_request
Sep 08 08:03:02.395764 dv-neutron-855868-9-hyperv devstack@keystone.service[82133]: ERROR keystone.server.flask.application rv = self.dispatch_request()
Sep 08 08:03:02.395764 dv-neutron-855868-9-hyperv devstack@keystone.service[82133]: ERROR keystone.server.flask.application
File "/usr/local/lib/python3.8/dist-packages/flask/app.py", line 1796, in dispatch_request
Sep 08 08:03:02.395764 dv-neutron-855868-9-hyperv devstack@keystone.service[82133]: ERROR keystone.server.flask.application return self.ensure_sync(self.view_functions[rule.endpoint])(**view_args)
Sep 08 08:03:02.395764 dv-neutron-855868-9-hyperv devstack@keystone.service[82133]: ERROR keystone.server.flask.application
File "/usr/local/lib/python3.8/dist-packages/flask_restful/__init__.py", line 467, in wrapper
Sep 08 08:03:02.395764 dv-neutron-855868-9-hyperv devstack@keystone.service[82133]: ERROR keystone.server.flask.application resp = resource(*args, **kwargs)
Sep 08 08:03:02.395764 dv-neutron-855868-9-hyperv devstack@keystone.service[82133]: ERROR keystone.server.flask.application
File "/usr/local/lib/python3.8/dist-packages/flask/views.py", line 107, in view
Sep 08 08:03:02.395764 dv-neutron-855868-9-hyperv devstack@keystone.service[82133]: ERROR keystone.server.flask.application return current_app.ensure_sync(self.dispatch_request)(**kwargs)
Sep 08 08:03:02.395764 dv-neutron-855868-9-hyperv devstack@keystone.service[82133]: ERROR keystone.server.flask.application
File "/usr/local/lib/python3.8/dist-packages/flask_restful/__init__.py", line 582, in dispatch_request
Sep 08 08:03:02.395764 dv-neutron-855868-9-hyperv devstack@keystone.service[82133]: ERROR keystone.server.flask.application resp = meth(*args, **kwargs)
Sep 08 08:03:02.395764 dv-neutron-855868-9-hyperv devstack@keystone.service[82133]: ERROR keystone.server.flask.application
File "/opt/stack/keystone/keystone/api/roles.py", line 50, in get
Sep 08 08:03:02.395764 dv-neutron-855868-9-hyperv devstack@keystone.service[82133]: ERROR keystone.server.flask.application return self._get_role(role_id)
Sep 08 08:03:02.395764 dv-neutron-855868-9-hyperv devstack@keystone.service[82133]: ERROR keystone.server.flask.application
File "/opt/stack/keystone/keystone/api/roles.py", line 70, in _get_role
Sep 08 08:03:02.395764 dv-neutron-855868-9-hyperv devstack@keystone.service[82133]: ERROR keystone.server.flask.application ENFORCER.enforce_call(action='identity:get_role')
Sep 08 08:03:02.396728 dv-neutron-855868-9-hyperv devstack@keystone.service[82133]: ERROR keystone.server.flask.application
File "/opt/stack/keystone/keystone/common/rbac_enforcer/enforcer.py", line 402, in enforce_call
Sep 08 08:03:02.396728 dv-neutron-855868-9-hyperv devstack@keystone.service[82133]: ERROR keystone.server.flask.application policy_dict.update(cls._extract_member_target_data(
Sep 08 08:03:02.396728 dv-neutron-855868-9-hyperv devstack@keystone.service[82133]: ERROR keystone.server.flask.application
File "/opt/stack/keystone/keystone/common/rbac_enforcer/enforcer.py", line 234, in _extract_member_target_data
Sep 08 08:03:02.396728 dv-neutron-855868-9-hyperv devstack@keystone.service[82133]: ERROR keystone.server.flask.application member_name: func(flask.request.view_args[key])
Sep 08 08:03:02.396728 dv-neutron-855868-9-hyperv devstack@keystone.service[82133]: ERROR keystone.server.flask.application
File "/opt/stack/keystone/keystone/common/manager.py", line 115, in wrapped
Sep 08 08:03:02.396728 dv-neutron-855868-9-hyperv devstack@keystone.service[82133]: ERROR keystone.server.flask.application __ret_val = __f(*args, **kwargs)
Sep 08 08:03:02.396728 dv-neutron-855868-9-hyperv devstack@keystone.service[82133]: ERROR keystone.server.flask.application
File "/usr/local/lib/python3.8/dist-packages/decorator.py", line 232, in fun
Sep 08 08:03:02.396728 dv-neutron-855868-9-hyperv devstack@keystone.service[82133]: ERROR keystone.server.flask.application return caller(func, *(extras + args), **kw)
Sep 08 08:03:02.396728 dv-neutron-855868-9-hyperv devstack@keystone.service[82133]: ERROR keystone.server.flask.application
File "/usr/local/lib/python3.8/dist-packages/dogpile/cache/region.py", line 1577, in get_or_create_for_user_func
Sep 08 08:03:02.396728 dv-neutron-855868-9-hyperv devstack@keystone.service[82133]: ERROR keystone.server.flask.application return self.get_or_create(
Sep 08 08:03:02.396728 dv-neutron-855868-9-hyperv devstack@keystone.service[82133]: ERROR keystone.server.flask.application
File "/usr/local/lib/python3.8/dist-packages/dogpile/cache/region.py", line 1042, in get_or_create
Sep 08 08:03:02.396728 dv-neutron-855868-9-hyperv devstack@keystone.service[82133]: ERROR keystone.server.flask.application with Lock(
Sep 08 08:03:02.396728 dv-neutron-855868-9-hyperv devstack@keystone.service[82133]: ERROR keystone.server.flask.application
File "/usr/local/lib/python3.8/dist-packages/dogpile/lock.py", line 185, in __enter__
Sep 08 08:03:02.396728 dv-neutron-855868-9-hyperv devstack@keystone.service[82133]: ERROR keystone.server.flask.application return self._enter()
Sep 08 08:03:02.396728 dv-neutron-855868-9-hyperv devstack@keystone.service[82133]: ERROR keystone.server.flask.application
File "/usr/local/lib/python3.8/dist-packages/dogpile/lock.py", line 94, in _enter
Sep 08 08:03:02.396728 dv-neutron-855868-9-hyperv devstack@keystone.service[82133]: ERROR keystone.server.flask.application generated = self._enter_create(value, createdtime)
Sep 08 08:03:02.397920 dv-neutron-855868-9-hyperv devstack@keystone.service[82133]: ERROR keystone.server.flask.application
File "/usr/local/lib/python3.8/dist-packages/dogpile/lock.py", line 178, in _enter_create
Sep 08 08:03:02.397920 dv-neutron-855868-9-hyperv devstack@keystone.service[82133]: ERROR keystone.server.flask.application return self.creator()
Sep 08 08:03:02.397920 dv-neutron-855868-9-hyperv devstack@keystone.service[82133]: ERROR keystone.server.flask.application
File "/usr/local/lib/python3.8/dist-packages/dogpile/cache/region.py", line 995, in gen_value
Sep 08 08:03:02.397920 dv-neutron-855868-9-hyperv devstack@keystone.service[82133]: ERROR keystone.server.flask.application created_value = creator(
Sep 08 08:03:02.397920 dv-neutron-855868-9-hyperv devstack@keystone.service[82133]: ERROR keystone.server.flask.application
File "/opt/stack/keystone/keystone/assignment/core.py", line 1276, in get_role
Sep 08 08:03:02.397920 dv-neutron-855868-9-hyperv devstack@keystone.service[82133]: ERROR keystone.server.flask.application return self.driver.get_role(role_id)
Sep 08 08:03:02.397920 dv-neutron-855868-9-hyperv devstack@keystone.service[82133]: ERROR keystone.server.flask.application
File "/opt/stack/keystone/keystone/assignment/role_backends/sql.py", line 70, in get_role
Sep 08 08:03:02.397920 dv-neutron-855868-9-hyperv devstack@keystone.service[82133]: ERROR keystone.server.flask.application return self._get_role(session, role_id).to_dict()
Sep 08 08:03:02.397920 dv-neutron-855868-9-hyperv devstack@keystone.service[82133]: ERROR keystone.server.flask.application
File "/opt/stack/keystone/keystone/assignment/role_backends/sql.py", line 65, in _get_role
Sep 08 08:03:02.397920 dv-neutron-855868-9-hyperv devstack@keystone.service[82133]: ERROR keystone.server.flask.application raise exception.RoleNotFound(role_id=role_id)
Sep 08 08:03:02.397920 dv-neutron-855868-9-hyperv devstack@keystone.service[82133]: ERROR keystone.server.flask.application keystone.exception.RoleNotFound: Could not find role: member.
Sep 08 08:03:02.397920 dv-neutron-855868-9-hyperv devstack@keystone.service[82133]: ERROR keystone.server.flask.application
Sep 08 08:03:02.397920 dv-neutron-855868-9-hyperv devstack@keystone.service[82133]: [pid: 82133|app: 0|req: 59/115] 10.222.0.23 () {56 vars in 1099 bytes} [Thu Sep 8 08:03:02 2022] GET /identity/v3/roles/member => generated 84 bytes in 244 msecs (HTTP/1.1 404) 5 headers in 183 bytes (1 switches on core 0)
Sep 08 08:03:02.398548 dv-neutron-855868-9-hyperv devstack@keystone.service[82132]: DEBUG keystone.auth.core [None req-6f3b2de7-8a18-424f-bd62-8c7c4c98a4b0 None None] MFA Rules not processed for user `7c2759daec9c4a0795ceb3d7699d7cc6`. Rule list: `[]` (Enabled: `True`). {{(pid=82132) check_auth_methods_against_rules /opt/stack/keystone/keystone/auth/core.py:438}}
Sep 08 08:03:02.399660 dv-neutron-855868-9-hyperv devstack@keystone.service[82132]: DEBUG keystone.common.fernet_utils [None req-6f3b2de7-8a18-424f-bd62-8c7c4c98a4b0 None None] Loaded 2 Fernet keys from /etc/keystone/fernet-keys/, but `[fernet_tokens] max_active_keys = 3`; perhaps there have not been enough key rotations to reach `max_active_keys` yet? {{(pid=82132) load_keys /opt/stack/keystone/keystone/common/fernet_utils.py:286}}
Sep 08 08:03:02.404982 dv-neutron-855868-9-hyperv devstack@keystone.service[82133]: DEBUG keystone.server.flask.request_processing.middleware.auth_context [None req-30fbf289-ade4-4334-b11f-6e373f7458e9 None admin] Authenticating user token {{(pid=82133) process_request /usr/local/lib/python3.8/dist-packages/keystonemiddleware/auth_token/__init__.py:407}}
Sep 08 08:03:02.439506 dv-neutron-855868-9-hyperv devstack@keystone.service[82133]: DEBUG dbcounter [-] [82133] Writing DB stats keystone:SELECT=100 {{(pid=82133) stat_writer /usr/local/lib/python3.8/dist-packages/dbcounter.py:114}}
Sep 08 08:03:02.550806 dv-neutron-855868-9-hyperv devstack@keystone.service[82132]: [pid: 82132|app: 0|req: 57/116] 10.222.0.23 () {58 vars in 1024 bytes} [Thu Sep 8 08:03:02 2022] POST /identity/v3/auth/tokens => generated 799 bytes in 174 msecs (HTTP/1.1 201) 6 headers in 363 bytes (2 switches on core 0)
Sep 08 08:03:02.600788 dv-neutron-855868-9-hyperv devstack@keystone.service[82132]: DEBUG keystone.server.flask.request_processing.req_logging [None req-98f481ce-b46c-49b2-b4c1-da1ff5a0861a None None] REQUEST_METHOD: `GET` {{(pid=82132) log_request_info /opt/stack/keystone/keystone/server/flask/request_processing/req_logging.py:27}}
Sep 08 08:03:02.601445 dv-neutron-855868-9-hyperv devstack@keystone.service[82132]: DEBUG keystone.server.flask.request_processing.req_logging [None req-98f481ce-b46c-49b2-b4c1-da1ff5a0861a None None] SCRIPT_NAME: `/identity` {{(pid=82132) log_request_info /opt/stack/keystone/keystone/server/flask/request_processing/req_logging.py:28}}
Sep 08 08:03:02.601930 dv-neutron-855868-9-hyperv devstack@keystone.service[82132]: DEBUG keystone.server.flask.request_processing.req_logging [None req-98f481ce-b46c-49b2-b4c1-da1ff5a0861a None None] PATH_INFO: `/` {{(pid=82132) log_request_info /opt/stack/keystone/keystone/server/flask/request_processing/req_logging.py:29}}
Sep 08 08:03:02.604063 dv-neutron-855868-9-hyperv devstack@keystone.service[82132]: [pid: 82132|app: 0|req: 58/117] 10.222.0.23 () {54 vars in 927 bytes} [Thu Sep 8 08:03:02 2022] GET /identity => generated 270 bytes in 5 msecs (HTTP/1.1 300) 6 headers in 234 bytes (1 switches on core 0)
Sep 08 08:03:02.610202 dv-neutron-855868-9-hyperv devstack@keystone.service[82132]: DEBUG keystone.server.flask.request_processing.req_logging [None req-ccf62bb8-4bc6-4aa8-9583-6d11cee4da48 None None] REQUEST_METHOD: `POST` {{(pid=82132) log_request_info /opt/stack/keystone/keystone/server/flask/request_processing/req_logging.py:27}}
Sep 08 08:03:02.610838 dv-neutron-855868-9-hyperv devstack@keystone.service[82132]: DEBUG keystone.server.flask.request_processing.req_logging [None req-ccf62bb8-4bc6-4aa8-9583-6d11cee4da48 None None] SCRIPT_NAME: `/identity` {{(pid=82132) log_request_info /opt/stack/keystone/keystone/server/flask/request_processing/req_logging.py:28}}
Sep 08 08:03:02.611320 dv-neutron-855868-9-hyperv devstack@keystone.service[82132]: DEBUG keystone.server.flask.request_processing.req_logging [None req-ccf62bb8-4bc6-4aa8-9583-6d11cee4da48 None None] PATH_INFO: `/v3/auth/tokens` {{(pid=82132) log_request_info /opt/stack/keystone/keystone/server/flask/request_processing/req_logging.py:29}}
Sep 08 08:03:02.632287 dv-neutron-855868-9-hyperv devstack@keystone.service[82133]: DEBUG keystone.server.flask.request_processing.middleware.auth_context [None req-30fbf289-ade4-4334-b11f-6e373f7458e9 None admin] Validating token access rules against request {{(pid=82133) validate_allowed_request /usr/local/lib/python3.8/dist-packages/keystonemiddleware/auth_token/__init__.py:545}}
Sep 08 08:03:02.640820 dv-neutron-855868-9-hyperv devstack@keystone.service[82132]: DEBUG keystone.auth.core [None req-ccf62bb8-4bc6-4aa8-9583-6d11cee4da48 None None] MFA Rules not processed for user `7c2759daec9c4a0795ceb3d7699d7cc6`. Rule list: `[]` (Enabled: `True`). {{(pid=82132) check_auth_methods_against_rules /opt/stack/keystone/keystone/auth/core.py:438}}
Sep 08 08:03:02.642773 dv-neutron-855868-9-hyperv devstack@keystone.service[82132]: DEBUG keystone.common.fernet_utils [None req-ccf62bb8-4bc6-4aa8-9583-6d11cee4da48 None None] Loaded 2 Fernet keys from /etc/keystone/fernet-keys/, but `[fernet_tokens] max_active_keys = 3`; perhaps there have not been enough key rotations to reach `max_active_keys` yet? {{(pid=82132) load_keys /opt/stack/keystone/keystone/common/fernet_utils.py:286}}
Sep 08 08:03:02.691270 dv-neutron-855868-9-hyperv devstack@keystone.service[82133]: DEBUG keystone.server.flask.request_processing.middleware.auth_context [None req-3db90f39-2187-44e9-b563-bf4ff56a4c18 None admin] RBAC: auth_context: {'token': , 'domain_id': None, 'trust_id': None, 'trustor_id': None, 'trustee_id': None, 'domain_name': None, 'group_ids': [], 'user_id': '7c2759daec9c4a0795ceb3d7699d7cc6', 'user_domain_id': 'default', 'system_scope': 'all', 'project_id': None, 'project_domain_id': None, 'roles': ['admin', 'member', 'reader'], 'is_admin_project': True, 'service_user_id': None, 'service_user_domain_id': None, 'service_project_id': None, 'service_project_domain_id': None, 'service_roles': []} {{(pid=82133) fill_context /opt/stack/keystone/keystone/server/flask/request_processing/middleware/auth_context.py:478}}
