Sep 06 13:57:00.099727 dv-neutron-855868-8-hyperv neutron-server[119073]: DEBUG neutron.plugins.ml2.plugin [None req-83a70749-f26f-4036-8f13-5f184f063bf8 None None] Current status of the port 45faf347-fa2e-4164-b658-08b5aee1914e is: ACTIVE; New status is: ACTIVE {{(pid=119073) _update_individual_port_db_status /opt/stack/neutron/neutron/plugins/ml2/plugin.py:2302}}
Sep 06 13:57:00.100801 dv-neutron-855868-8-hyperv neutron-server[119073]: DEBUG neutron.plugins.ml2.rpc [None req-83a70749-f26f-4036-8f13-5f184f063bf8 None None] Device e4518f21-f5ab-4871-bbd0-7237666453b3 up at agent ovs-agent-dv-neutron-855868-8-hyperv {{(pid=119073) update_device_up /opt/stack/neutron/neutron/plugins/ml2/rpc.py:296}}
Sep 06 13:57:00.111393 dv-neutron-855868-8-hyperv neutron-server[119072]: DEBUG neutron.api.rpc.handlers.resources_rpc [None req-94b944a1-5eca-4a68-aa3d-8de83ec6f82f admin admin] Pushing event updated for resources: {'SecurityGroup': ['ID=07ada65d-ebcf-4bba-9f0d-a09564d0c54b,revision_number=1']} {{(pid=119072) push /opt/stack/neutron/neutron/api/rpc/handlers/resources_rpc.py:237}}
Sep 06 13:57:00.114107 dv-neutron-855868-8-hyperv neutron-server[119072]: DEBUG neutron.wsgi [-] (119072) accepted ('10.222.0.49', 49080) {{(pid=119072) server /usr/local/lib/python3.8/dist-packages/eventlet/wsgi.py:1004}}
Sep 06 13:57:00.135139 dv-neutron-855868-8-hyperv neutron-server[119073]: DEBUG neutron.db.l3_dvrscheduler_db [None req-b2a7d5b7-d27d-44e1-9eab-d5198b777484 None None] Routers {'d1240a3e-64ae-4d25-80ff-666b2245ba29'} bound to L3 agent in host dv-neutron-855868-8-hyperv {{(pid=119073) _get_router_ids_for_agent /opt/stack/neutron/neutron/db/l3_dvrscheduler_db.py:422}}
Sep 06 13:57:00.135930 dv-neutron-855868-8-hyperv neutron-server[119073]: DEBUG neutron.db.l3_hamode_db [None req-b2a7d5b7-d27d-44e1-9eab-d5198b777484 None None] neutron.services.l3_router.l3_router_plugin.L3RouterPlugin method get_ha_sync_data_for_host called with arguments (, 'dv-neutron-855868-8-hyperv', Agent(admin_state_up=True,agent_type='L3 agent',availability_zone='nova',binary='neutron-l3-agent',configurations={"agent_mode": "legacy", "ex_gw_ports": 1, "extensions": [], "floating_ips": 0, "handle_internal_only_routers": true, "interface_driver": "openvswitch", "interfaces": 1, "log_agent_heartbeats": false, "routers": 1},created_at=2022-09-06T13:49:10Z,description=,heartbeat_timestamp=2022-09-06T13:56:40Z,host='dv-neutron-855868-8-hyperv',id=2c02958d-f638-4355-bc47-2b7f987fb654,load=0,resource_versions=,resources_synced=,started_at=2022-09-06T13:49:11Z,topic='l3_agent')) {'router_ids': ['d1240a3e-64ae-4d25-80ff-666b2245ba29'], 'active': True} {{(pid=119073) wrapper /usr/local/lib/python3.8/dist-packages/oslo_log/helpers.py:65}}
Sep 06 13:57:00.168490 dv-neutron-855868-8-hyperv neutron-server[119072]: DEBUG neutron_lib.callbacks.manager [None req-688fd6d4-6eef-497d-af95-a030bcaa6195 admin admin] Publish callbacks [] for security_group (None), before_create {{(pid=119072) _notify_loop /usr/local/lib/python3.8/dist-packages/neutron_lib/callbacks/manager.py:176}}
Sep 06 13:57:00.189122 dv-neutron-855868-8-hyperv neutron-server[119071]: DEBUG dbcounter [-] [119071] Writing DB stats neutron:SELECT=88,neutron:INSERT=9,neutron:UPDATE=3 {{(pid=119071) stat_writer /usr/local/lib/python3.8/dist-packages/dbcounter.py:114}}
Sep 06 13:57:00.207496 dv-neutron-855868-8-hyperv neutron-server[119071]: DEBUG dbcounter [-] [119071] Writing DB stats neutron:SELECT=81,neutron:DELETE=5,neutron:INSERT=13,neutron:UPDATE=1 {{(pid=119071) stat_writer /usr/local/lib/python3.8/dist-packages/dbcounter.py:114}}
Sep 06 13:57:00.314358 dv-neutron-855868-8-hyperv neutron-server[119071]: DEBUG neutron_lib.callbacks.manager [None req-78977024-58e1-46df-9236-caec726b8196 tempest-DHCPAgentSchedulersTestJSON-1068523540 tempest-DHCPAgentSchedulersTestJSON-1068523540-project] Publish callbacks ['neutron.notifiers.nova.Notifier._send_nova_notification-4092235'] for port (None), before_response {{(pid=119071) _notify_loop /usr/local/lib/python3.8/dist-packages/neutron_lib/callbacks/manager.py:176}}
Sep 06 13:57:00.317591 dv-neutron-855868-8-hyperv neutron-server[119071]: INFO neutron.wsgi [None req-78977024-58e1-46df-9236-caec726b8196 tempest-DHCPAgentSchedulersTestJSON-1068523540 tempest-DHCPAgentSchedulersTestJSON-1068523540-project] 10.222.0.49 "DELETE /networking/v2.0/ports/28f92a9c-4ffb-4462-a075-dd7e8e84c97b HTTP/1.1" status: 204 len: 168 time: 2.6500623
Sep 06 13:57:00.326606 dv-neutron-855868-8-hyperv neutron-server[119071]: DEBUG neutron.api.rpc.handlers.resources_rpc [None req-547f64a7-28f6-4802-9bd7-a5705f272a1d tempest-ExternalNetworksTestJSON-2124668519 tempest-ExternalNetworksTestJSON-2124668519-project-admin] Pushing event updated for resources: {'Subnet': ['ID=d3a2037d-f972-4b68-92d6-2fc9d8ca2747,revision_number=0']} {{(pid=119071) push /opt/stack/neutron/neutron/api/rpc/handlers/resources_rpc.py:237}}
Sep 06 13:57:00.326606 dv-neutron-855868-8-hyperv neutron-server[119071]: DEBUG neutron.wsgi [-] (119071) accepted ('10.222.0.49', 49082) {{(pid=119071) server /usr/local/lib/python3.8/dist-packages/eventlet/wsgi.py:1004}}
Sep 06 13:57:00.359529 dv-neutron-855868-8-hyperv neutron-server[119073]: DEBUG neutron.db.provisioning_blocks [None req-83a70749-f26f-4036-8f13-5f184f063bf8 None None] Provisioning complete for port e4518f21-f5ab-4871-bbd0-7237666453b3 triggered by entity L2. {{(pid=119073) provisioning_complete /opt/stack/neutron/neutron/db/provisioning_blocks.py:144}}
Sep 06 13:57:00.359976 dv-neutron-855868-8-hyperv neutron-server[119073]: DEBUG neutron_lib.callbacks.manager [None req-83a70749-f26f-4036-8f13-5f184f063bf8 None None] Publish callbacks ['neutron.plugins.ml2.plugin.Ml2Plugin._port_provisioned-3615594'] for port (e4518f21-f5ab-4871-bbd0-7237666453b3), provisioning_complete {{(pid=119073) _notify_loop /usr/local/lib/python3.8/dist-packages/neutron_lib/callbacks/manager.py:176}}
Sep 06 13:57:00.361588 dv-neutron-855868-8-hyperv neutron-server[119073]: DEBUG neutron.plugins.ml2.plugin [None req-909ecf2c-f439-4e50-9be6-9f2daee5e7cd None None] Port 1705a0d6-331d-48dd-af16-93a5b3db3cc2 cannot update to ACTIVE because it is not bound. {{(pid=119073) _port_provisioned /opt/stack/neutron/neutron/plugins/ml2/plugin.py:348}}
Sep 06 13:57:00.377397 dv-neutron-855868-8-hyperv neutron-server[119073]: DEBUG neutron.api.rpc.handlers.resources_rpc [None req-65f59851-7131-4ac1-8b20-e5b29fa35447 None None] Pushing event updated for resources: {'Port': ['ID=d2ff42ef-6a8b-420c-8949-bb85dc07cb98,revision_number=3']} {{(pid=119073) push /opt/stack/neutron/neutron/api/rpc/handlers/resources_rpc.py:237}}
Sep 06 13:57:00.381664 dv-neutron-855868-8-hyperv neutron-server[119071]: DEBUG neutron_lib.callbacks.manager [None req-2d673505-f9c8-4e5b-9821-717d02860ff7 tempest-PortsAdminExtendedAttrsTestJSON-1761125836 tempest-PortsAdminExtendedAttrsTestJSON-1761125836-project-admin] Publish callbacks ['neutron.plugins.ml2.plugin.SecurityGroupServerNotifierRpcMixin._notify_sg_on_port_change-672409', 'neutron.plugins.ml2.ovo_rpc._ObjectChangeHandler.handle_event-246352', 'neutron.api.rpc.agentnotifiers.dhcp_rpc_agent_api.DhcpAgentNotifyAPI._native_event_send_dhcp_notification-3690977', 'neutron.db.l3_db.L3RpcNotifierMixin._notify_routers_callback-8781746326474', 'neutron.db.l3_dvrscheduler_db._notify_port_delete-8781745867960', 'neutron.services.segments.plugin.NovaSegmentNotifier._notify_port_created_or_deleted-11308077'] for port (5ee42aa2-2850-4b30-b11a-ad427d7d342a), after_delete {{(pid=119071) _notify_loop /usr/local/lib/python3.8/dist-packages/neutron_lib/callbacks/manager.py:176}}
Sep 06 13:57:00.383884 dv-neutron-855868-8-hyperv neutron-server[119071]: DEBUG neutron.plugins.ml2.drivers.mech_agent [None req-547f64a7-28f6-4802-9bd7-a5705f272a1d tempest-ExternalNetworksTestJSON-2124668519 tempest-ExternalNetworksTestJSON-2124668519-project-admin] Checking segment: {'id': '500afe70-8c74-4812-9063-03503e0efcff', 'network_type': 'vlan', 'physical_network': 'physnet1', 'segmentation_id': 176, 'network_id': 'f64cdc20-3425-463b-8294-5baa428d8b9c'} for mappings: {'physnet1': 'br-data'} with network types: ['local', 'flat', 'vlan'] {{(pid=119071) check_segment_for_agent /opt/stack/neutron/neutron/plugins/ml2/drivers/mech_agent.py:399}}
Sep 06 13:57:00.384285 dv-neutron-855868-8-hyperv neutron-server[119071]: DEBUG neutron.scheduler.dhcp_agent_scheduler [None req-547f64a7-28f6-4802-9bd7-a5705f272a1d tempest-ExternalNetworksTestJSON-2124668519 tempest-ExternalNetworksTestJSON-2124668519-project-admin] Network hostable DHCP agents. Network: f64cdc20-3425-463b-8294-5baa428d8b9c, hostable agents: ['e049d341-68b5-43aa-b7d2-55d4291a7c68'], hosted agents: [] {{(pid=119071) _get_network_hostable_dhcp_agents /opt/stack/neutron/neutron/scheduler/dhcp_agent_scheduler.py:329}}
Sep 06 13:57:00.426903 dv-neutron-855868-8-hyperv neutron-server[119073]: DEBUG dbcounter [-] [119073] Writing DB stats neutron:SELECT=97,neutron:UPDATE=2,neutron:INSERT=1 {{(pid=119073) stat_writer /usr/local/lib/python3.8/dist-packages/dbcounter.py:114}}
Sep 06 13:57:00.437997 dv-neutron-855868-8-hyperv neutron-server[119072]: DEBUG dbcounter [-] [119072] Writing DB stats neutron:SELECT=81,neutron:INSERT=14,neutron:UPDATE=5 {{(pid=119072) stat_writer /usr/local/lib/python3.8/dist-packages/dbcounter.py:114}}
Sep 06 13:57:00.446092 dv-neutron-855868-8-hyperv neutron-server[119073]: DEBUG neutron.db.l3_dvr_db [None req-b2a7d5b7-d27d-44e1-9eab-d5198b777484 None None] Set router d1240a3e-64ae-4d25-80ff-666b2245ba29 gateway port host: dv-neutron-855868-8-hyperv {{(pid=119073) _build_routers_list /opt/stack/neutron/neutron/db/l3_dvr_db.py:907}}
Sep 06 13:57:00.479577 dv-neutron-855868-8-hyperv neutron-server[119071]: DEBUG neutron.api.rpc.handlers.resources_rpc [None req-2d673505-f9c8-4e5b-9821-717d02860ff7 tempest-PortsAdminExtendedAttrsTestJSON-1761125836 tempest-PortsAdminExtendedAttrsTestJSON-1761125836-project-admin] Pushing event deleted for resources: {'Port': ['ID=5ee42aa2-2850-4b30-b11a-ad427d7d342a,revision_number=None']} {{(pid=119071) push /opt/stack/neutron/neutron/api/rpc/handlers/resources_rpc.py:237}}
Sep 06 13:57:00.498631 dv-neutron-855868-8-hyperv neutron-server[119072]: DEBUG neutron.api.rpc.agentnotifiers.l3_rpc_agent_api [None req-bad130e6-ca6a-46e7-92e4-0bff7cbcb479 admin admin] Notify agent at l3_agent.dv-neutron-855868-8-hyperv the message routers_updated {{(pid=119072) _agent_notification /opt/stack/neutron/neutron/api/rpc/agentnotifiers/l3_rpc_agent_api.py:65}}
Sep 06 13:57:00.500566 dv-neutron-855868-8-hyperv neutron-server[119071]: DEBUG neutron_lib.callbacks.manager [None req-7c393992-c5f7-415b-93a4-daa031964a48 admin admin] Publish callbacks ['neutron.plugins.ml2.plugin.SecurityGroupDbMixin._ensure_default_security_group_handler-672474'] for port (None), before_create {{(pid=119071) _notify_loop /usr/local/lib/python3.8/dist-packages/neutron_lib/callbacks/manager.py:176}}
Sep 06 13:57:00.510315 dv-neutron-855868-8-hyperv neutron-server[119071]: DEBUG neutron_lib.callbacks.manager [None req-2d673505-f9c8-4e5b-9821-717d02860ff7 tempest-PortsAdminExtendedAttrsTestJSON-1761125836 tempest-PortsAdminExtendedAttrsTestJSON-1761125836-project-admin] Publish callbacks ['neutron.notifiers.nova.Notifier._send_nova_notification-4092235'] for port (None), before_response {{(pid=119071) _notify_loop /usr/local/lib/python3.8/dist-packages/neutron_lib/callbacks/manager.py:176}}
Sep 06 13:57:00.516704 dv-neutron-855868-8-hyperv neutron-server[119072]: INFO neutron.wsgi [None req-bad130e6-ca6a-46e7-92e4-0bff7cbcb479 admin admin] 10.222.0.49 "PUT /networking/v2.0/routers/bc2aa0ab-5e81-4f4c-b3a7-c124f4382bf9/add_router_interface HTTP/1.1" status: 200 len: 503 time: 7.3698995
Sep 06 13:57:00.523922 dv-neutron-855868-8-hyperv neutron-server[119071]: INFO neutron.wsgi [None req-2d673505-f9c8-4e5b-9821-717d02860ff7 tempest-PortsAdminExtendedAttrsTestJSON-1761125836 tempest-PortsAdminExtendedAttrsTestJSON-1761125836-project-admin] 10.222.0.49 "DELETE /networking/v2.0/ports/5ee42aa2-2850-4b30-b11a-ad427d7d342a HTTP/1.1" status: 204 len: 168 time: 2.6530161
Sep 06 13:57:00.528275 dv-neutron-855868-8-hyperv neutron-server[119072]: DEBUG neutron.wsgi [-] (119072) accepted ('10.222.0.49', 49088) {{(pid=119072) server /usr/local/lib/python3.8/dist-packages/eventlet/wsgi.py:1004}}
Sep 06 13:57:00.543175 dv-neutron-855868-8-hyperv neutron-server[119073]: DEBUG neutron.api.rpc.handlers.l3_rpc [None req-9960ed19-b0e4-4ccb-834d-4824ec629248 None None] Sync routers for ids ['bc2aa0ab-5e81-4f4c-b3a7-c124f4382bf9'] in dv-neutron-855868-8-hyperv {{(pid=119073) sync_routers /opt/stack/neutron/neutron/api/rpc/handlers/l3_rpc.py:125}}
Sep 06 13:57:00.580664 dv-neutron-855868-8-hyperv neutron-server[119072]: INFO neutron.pecan_wsgi.hooks.translation [None req-99895624-1f94-4ea5-8d89-ac8248599fb6 tempest-PortsAdminExtendedAttrsTestJSON-1761125836 tempest-PortsAdminExtendedAttrsTestJSON-1761125836-project-admin] GET failed (client error): The resource could not be found.
Sep 06 13:57:00.587806 dv-neutron-855868-8-hyperv neutron-server[119072]: INFO neutron.wsgi [None req-99895624-1f94-4ea5-8d89-ac8248599fb6 tempest-PortsAdminExtendedAttrsTestJSON-1761125836 tempest-PortsAdminExtendedAttrsTestJSON-1761125836-project-admin] 10.222.0.49 "GET /networking/v2.0/ports/5ee42aa2-2850-4b30-b11a-ad427d7d342a HTTP/1.1" status: 404 len: 333 time: 0.0566447
Sep 06 13:57:00.589857 dv-neutron-855868-8-hyperv neutron-server[119072]: DEBUG neutron.wsgi [-] (119072) accepted ('10.222.0.49', 49090) {{(pid=119072) server /usr/local/lib/python3.8/dist-packages/eventlet/wsgi.py:1004}}
Sep 06 13:57:00.592079 dv-neutron-855868-8-hyperv neutron-server[119072]: DEBUG neutron_lib.callbacks.manager [None req-6c93d674-64f4-40b5-bdb0-4bb72ee8bf7f admin admin] Publish callbacks [] for security_group (07ada65d-ebcf-4bba-9f0d-a09564d0c54b), before_delete {{(pid=119072) _notify_loop /usr/local/lib/python3.8/dist-packages/neutron_lib/callbacks/manager.py:176}}
Sep 06 13:57:00.600838 dv-neutron-855868-8-hyperv neutron-server[119072]: DEBUG neutron.api.v2.base [None req-533325b3-03e8-46c2-9fe5-b3ded79b3ced tempest-PortsAdminExtendedAttrsTestJSON-1761125836 tempest-PortsAdminExtendedAttrsTestJSON-1761125836-project-admin] Request body: {'port': {'network_id': 'bbe8cc90-c1ee-4148-8262-c30027b956d1', 'name': 'tempest-PortsAdminExtendedAttrsTestJSON-317268081'}} {{(pid=119072) prepare_request_body /opt/stack/neutron/neutron/api/v2/base.py:730}}
Sep 06 13:57:00.608900 dv-neutron-855868-8-hyperv neutron-server[119072]: DEBUG neutron_lib.callbacks.manager [None req-99fbf9f2-78e0-4766-ae37-6e982df904a5 admin admin] Publish callbacks ['neutron.plugins.ml2.plugin.SecurityGroupServerNotifierRpcMixin._notify_sg_on_port_change-672409', 'neutron.plugins.ml2.ovo_rpc._ObjectChangeHandler.handle_event-246352', 'neutron.api.rpc.agentnotifiers.dhcp_rpc_agent_api.DhcpAgentNotifyAPI._native_event_send_dhcp_notification-3690977', 'neutron.db.l3_dvrscheduler_db._notify_l3_agent_new_port-8781745867951'] for port (71997fe6-dd21-44f6-ae48-8416726c0a4d), after_create {{(pid=119072) _notify_loop /usr/local/lib/python3.8/dist-packages/neutron_lib/callbacks/manager.py:176}}
Sep 06 13:57:00.622442 dv-neutron-855868-8-hyperv neutron-server[119073]: DEBUG neutron.db.l3_dvrscheduler_db [None req-9960ed19-b0e4-4ccb-834d-4824ec629248 None None] Routers {'bc2aa0ab-5e81-4f4c-b3a7-c124f4382bf9'} bound to L3 agent in host dv-neutron-855868-8-hyperv {{(pid=119073) _get_router_ids_for_agent /opt/stack/neutron/neutron/db/l3_dvrscheduler_db.py:422}}
Sep 06 13:57:00.623156 dv-neutron-855868-8-hyperv neutron-server[119073]: DEBUG neutron.db.l3_hamode_db [None req-9960ed19-b0e4-4ccb-834d-4824ec629248 None None] neutron.services.l3_router.l3_router_plugin.L3RouterPlugin method get_ha_sync_data_for_host called with arguments (, 'dv-neutron-855868-8-hyperv', Agent(admin_state_up=True,agent_type='L3 agent',availability_zone='nova',binary='neutron-l3-agent',configurations={"agent_mode": "legacy", "ex_gw_ports": 1, "extensions": [], "floating_ips": 0, "handle_internal_only_routers": true, "interface_driver": "openvswitch", "interfaces": 1, "log_agent_heartbeats": false, "routers": 1},created_at=2022-09-06T13:49:10Z,description=,heartbeat_timestamp=2022-09-06T13:56:40Z,host='dv-neutron-855868-8-hyperv',id=2c02958d-f638-4355-bc47-2b7f987fb654,load=0,resource_versions=,resources_synced=,started_at=2022-09-06T13:49:11Z,topic='l3_agent')) {'router_ids': ['bc2aa0ab-5e81-4f4c-b3a7-c124f4382bf9'], 'active': True} {{(pid=119073) wrapper /usr/local/lib/python3.8/dist-packages/oslo_log/helpers.py:65}}
Sep 06 13:57:00.688111 dv-neutron-855868-8-hyperv neutron-server[119072]: DEBUG neutron_lib.callbacks.manager [None req-6c93d674-64f4-40b5-bdb0-4bb72ee8bf7f admin admin] Publish callbacks [] for security_group (07ada65d-ebcf-4bba-9f0d-a09564d0c54b), precommit_delete {{(pid=119072) _notify_loop /usr/local/lib/python3.8/dist-packages/neutron_lib/callbacks/manager.py:176}}
Sep 06 13:57:00.732964 dv-neutron-855868-8-hyperv neutron-server[119072]: DEBUG neutron.scheduler.dhcp_agent_scheduler [None req-99fbf9f2-78e0-4766-ae37-6e982df904a5 admin admin] Network 9136bc3f-be67-4e52-a04c-0243de8bf251 is already hosted by enough agents. {{(pid=119072) _get_dhcp_agents_hosting_network /opt/stack/neutron/neutron/scheduler/dhcp_agent_scheduler.py:275}}
Sep 06 13:57:00.786364 dv-neutron-855868-8-hyperv neutron-server[119072]: DEBUG neutron.scheduler.base_scheduler [None req-99fbf9f2-78e0-4766-ae37-6e982df904a5 admin admin] Resources bound (agent type, host, resource id): {{(pid=119072) schedule /opt/stack/neutron/neutron/scheduler/base_scheduler.py:57}}
Sep 06 13:57:00.786512 dv-neutron-855868-8-hyperv neutron-server[119071]: DEBUG neutron.scheduler.dhcp_agent_scheduler [None req-547f64a7-28f6-4802-9bd7-a5705f272a1d tempest-ExternalNetworksTestJSON-2124668519 tempest-ExternalNetworksTestJSON-2124668519-project-admin] Network f64cdc20-3425-463b-8294-5baa428d8b9c is scheduled to be hosted by DHCP agent e049d341-68b5-43aa-b7d2-55d4291a7c68 with binding_index 1 {{(pid=119071) bind /opt/stack/neutron/neutron/scheduler/dhcp_agent_scheduler.py:227}}
Sep 06 13:57:00.798163 dv-neutron-855868-8-hyperv neutron-server[119072]: DEBUG neutron.db.l3_dvrscheduler_db [None req-99fbf9f2-78e0-4766-ae37-6e982df904a5 admin admin] Received port after_create {{(pid=119072) _notify_l3_agent_new_port /opt/stack/neutron/neutron/db/l3_dvrscheduler_db.py:538}}
Sep 06 13:57:00.798652 dv-neutron-855868-8-hyperv neutron-server[119072]: DEBUG neutron_lib.callbacks.manager [None req-99fbf9f2-78e0-4766-ae37-6e982df904a5 admin admin] Publish callbacks ['neutron.services.l3_router.l3_router_plugin.DVRResourceOperationHandler._add_csnat_on_interface_create-429076'] for router_interface (d1240a3e-64ae-4d25-80ff-666b2245ba29), before_create {{(pid=119072) _notify_loop /usr/local/lib/python3.8/dist-packages/neutron_lib/callbacks/manager.py:176}}
Sep 06 13:57:00.805554 dv-neutron-855868-8-hyperv neutron-server[119072]: DEBUG neutron.api.rpc.handlers.resources_rpc [None req-99fbf9f2-78e0-4766-ae37-6e982df904a5 admin admin] Pushing event updated for resources: {'Port': ['ID=71997fe6-dd21-44f6-ae48-8416726c0a4d,revision_number=1']} {{(pid=119072) push /opt/stack/neutron/neutron/api/rpc/handlers/resources_rpc.py:237}}
Sep 06 13:57:00.809179 dv-neutron-855868-8-hyperv neutron-server[119073]: DEBUG neutron.plugins.ml2.plugin [None req-83a70749-f26f-4036-8f13-5f184f063bf8 None None] Current status of the port e4518f21-f5ab-4871-bbd0-7237666453b3 is: ACTIVE; New status is: ACTIVE {{(pid=119073) _update_individual_port_db_status /opt/stack/neutron/neutron/plugins/ml2/plugin.py:2302}}
Sep 06 13:57:00.853517 dv-neutron-855868-8-hyperv neutron-server[119071]: INFO neutron.wsgi [None req-072d58ec-8563-4922-a230-048ef5d3e7de tempest-DHCPAgentSchedulersTestJSON-95084590 tempest-DHCPAgentSchedulersTestJSON-95084590-project-admin] 10.222.0.49 "GET /networking/v2.0/agents HTTP/1.1" status: 200 len: 4560 time: 0.5248640
Sep 06 13:57:00.858748 dv-neutron-855868-8-hyperv neutron-server[119071]: DEBUG neutron.wsgi [-] (119071) accepted ('10.222.0.49', 49108) {{(pid=119071) server /usr/local/lib/python3.8/dist-packages/eventlet/wsgi.py:1004}}
Sep 06 13:57:00.862137 dv-neutron-855868-8-hyperv neutron-server[119071]: DEBUG neutron.api.v2.base [None req-fe0d2e49-3a77-4903-8413-5ad5c5b1a093 tempest-DHCPAgentSchedulersTestJSON-1068523540 tempest-DHCPAgentSchedulersTestJSON-1068523540-project] Request body: {'network': {'name': 'tempest-DHCPAgentSchedulersTestJSON-test-network-1254563424'}} {{(pid=119071) prepare_request_body /opt/stack/neutron/neutron/api/v2/base.py:730}}
Sep 06 13:57:00.864556 dv-neutron-855868-8-hyperv neutron-server[119072]: DEBUG neutron.pecan_wsgi.hooks.quota_enforcement [None req-533325b3-03e8-46c2-9fe5-b3ded79b3ced tempest-PortsAdminExtendedAttrsTestJSON-1761125836 tempest-PortsAdminExtendedAttrsTestJSON-1761125836-project-admin] Made reservation on behalf of aab22461637540c08c1f2c312cb14aee for: {'port': 1} {{(pid=119072) before /opt/stack/neutron/neutron/pecan_wsgi/hooks/quota_enforcement.py:53}}
Sep 06 13:57:00.866948 dv-neutron-855868-8-hyperv neutron-server[119072]: DEBUG neutron_lib.callbacks.manager [None req-533325b3-03e8-46c2-9fe5-b3ded79b3ced tempest-PortsAdminExtendedAttrsTestJSON-1761125836 tempest-PortsAdminExtendedAttrsTestJSON-1761125836-project-admin] Publish callbacks ['neutron.plugins.ml2.plugin.SecurityGroupDbMixin._ensure_default_security_group_handler-672474'] for port (None), before_create {{(pid=119072) _notify_loop /usr/local/lib/python3.8/dist-packages/neutron_lib/callbacks/manager.py:176}}
Sep 06 13:57:00.873127 dv-neutron-855868-8-hyperv neutron-server[119072]: DEBUG neutron_lib.callbacks.manager [None req-688fd6d4-6eef-497d-af95-a030bcaa6195 admin admin] Publish callbacks [] for security_group (fb8bbdd4-0a07-4418-91a4-e02eab60890a), precommit_create {{(pid=119072) _notify_loop /usr/local/lib/python3.8/dist-packages/neutron_lib/callbacks/manager.py:176}}
Sep 06 13:57:00.898404 dv-neutron-855868-8-hyperv neutron-server[119071]: DEBUG neutron.db.db_base_plugin_common [None req-7c393992-c5f7-415b-93a4-daa031964a48 admin admin] Allocated IP 172.20.0.1 (219596c9-56b7-4f54-b8eb-b846a33a8e28/fa27717e-79bd-417a-b8a6-7b1014f16efc/042ecc53-f030-4093-9bc9-423edde30e87) {{(pid=119071) _store_ip_allocation /opt/stack/neutron/neutron/db/db_base_plugin_common.py:131}}
Sep 06 13:57:00.940154 dv-neutron-855868-8-hyperv neutron-server[119071]: DEBUG neutron.scheduler.base_scheduler [None req-547f64a7-28f6-4802-9bd7-a5705f272a1d tempest-ExternalNetworksTestJSON-2124668519 tempest-ExternalNetworksTestJSON-2124668519-project-admin] Resources bound (agent type, host, resource id): (DHCP agent, dv-neutron-855868-8-hyperv, f64cdc20-3425-463b-8294-5baa428d8b9c) {{(pid=119071) schedule /opt/stack/neutron/neutron/scheduler/base_scheduler.py:57}}
Sep 06 13:57:00.942390 dv-neutron-855868-8-hyperv neutron-server[119072]: DEBUG neutron.notifiers.nova [None req-533325b3-03e8-46c2-9fe5-b3ded79b3ced tempest-PortsAdminExtendedAttrsTestJSON-1761125836 tempest-PortsAdminExtendedAttrsTestJSON-1761125836-project-admin] device_id is not set on port 09bf8bc2-11f4-436b-9589-58f2e6a3eaa8 yet. {{(pid=119072) _can_notify /opt/stack/neutron/neutron/notifiers/nova.py:201}}
Sep 06 13:57:00.970028 dv-neutron-855868-8-hyperv neutron-server[119073]: DEBUG neutron.db.l3_dvr_db [None req-9960ed19-b0e4-4ccb-834d-4824ec629248 None None] Set router bc2aa0ab-5e81-4f4c-b3a7-c124f4382bf9 gateway port host: dv-neutron-855868-8-hyperv {{(pid=119073) _build_routers_list /opt/stack/neutron/neutron/db/l3_dvr_db.py:907}}
Sep 06 13:57:00.971938 dv-neutron-855868-8-hyperv neutron-server[119071]: DEBUG neutron.pecan_wsgi.hooks.policy_enforcement [None req-547f64a7-28f6-4802-9bd7-a5705f272a1d tempest-ExternalNetworksTestJSON-2124668519 tempest-ExternalNetworksTestJSON-2124668519-project-admin] Attributes excluded by policy engine: ['standard_attr_id', 'shared', 'segment_id', 'network'] {{(pid=119071) _exclude_attributes_by_policy /opt/stack/neutron/neutron/pecan_wsgi/hooks/policy_enforcement.py:259}}
Sep 06 13:57:00.972537 dv-neutron-855868-8-hyperv neutron-server[119071]: DEBUG neutron_lib.callbacks.manager [None req-547f64a7-28f6-4802-9bd7-a5705f272a1d tempest-ExternalNetworksTestJSON-2124668519 tempest-ExternalNetworksTestJSON-2124668519-project-admin] Publish callbacks ['neutron.api.rpc.agentnotifiers.dhcp_rpc_agent_api.DhcpAgentNotifyAPI._send_dhcp_notification-3693339'] for subnet (None), before_response {{(pid=119071) _notify_loop /usr/local/lib/python3.8/dist-packages/neutron_lib/callbacks/manager.py:176}}
Sep 06 13:57:00.978904 dv-neutron-855868-8-hyperv neutron-server[119073]: DEBUG neutron.api.rpc.handlers.dhcp_rpc [None req-dbcc32ad-502c-4d08-9429-00d712e64454 None None] Network f64cdc20-3425-463b-8294-5baa428d8b9c requested from dv-neutron-855868-8-hyperv {{(pid=119073) get_network_info /opt/stack/neutron/neutron/api/rpc/handlers/dhcp_rpc.py:193}}
Sep 06 13:57:00.999877 dv-neutron-855868-8-hyperv neutron-server[119071]: DEBUG neutron.pecan_wsgi.hooks.quota_enforcement [None req-fe0d2e49-3a77-4903-8413-5ad5c5b1a093 tempest-DHCPAgentSchedulersTestJSON-1068523540 tempest-DHCPAgentSchedulersTestJSON-1068523540-project] Made reservation on behalf of ecfc62e3622f402598ee259dfb9773e9 for: {'network': 1} {{(pid=119071) before /opt/stack/neutron/neutron/pecan_wsgi/hooks/quota_enforcement.py:53}}
Sep 06 13:57:01.006759 dv-neutron-855868-8-hyperv neutron-server[119072]: DEBUG dbcounter [-] [119072] Writing DB stats neutron:SELECT=98,neutron:INSERT=2 {{(pid=119072) stat_writer /usr/local/lib/python3.8/dist-packages/dbcounter.py:114}}
Sep 06 13:57:01.011456 dv-neutron-855868-8-hyperv neutron-server[119071]: DEBUG neutron_lib.callbacks.manager [None req-fe0d2e49-3a77-4903-8413-5ad5c5b1a093 tempest-DHCPAgentSchedulersTestJSON-1068523540 tempest-DHCPAgentSchedulersTestJSON-1068523540-project] Publish callbacks ['neutron.plugins.ml2.plugin.SecurityGroupDbMixin._ensure_default_security_group_handler-672474'] for network (None), before_create {{(pid=119071) _notify_loop /usr/local/lib/python3.8/dist-packages/neutron_lib/callbacks/manager.py:176}}
Sep 06 13:57:01.051085 dv-neutron-855868-8-hyperv neutron-server[119072]: DEBUG neutron_lib.callbacks.manager [None req-688fd6d4-6eef-497d-af95-a030bcaa6195 admin admin] Publish callbacks ['neutron.plugins.ml2.ovo_rpc._ObjectChangeHandler.handle_event-376642'] for security_group (fb8bbdd4-0a07-4418-91a4-e02eab60890a), after_create {{(pid=119072) _notify_loop /usr/local/lib/python3.8/dist-packages/neutron_lib/callbacks/manager.py:176}}
Sep 06 13:57:01.081031 dv-neutron-855868-8-hyperv neutron-server[119072]: DEBUG neutron_lib.callbacks.manager [None req-6c93d674-64f4-40b5-bdb0-4bb72ee8bf7f admin admin] Publish callbacks ['neutron.plugins.ml2.ovo_rpc._ObjectChangeHandler.handle_event-376642'] for security_group (07ada65d-ebcf-4bba-9f0d-a09564d0c54b), after_delete {{(pid=119072) _notify_loop /usr/local/lib/python3.8/dist-packages/neutron_lib/callbacks/manager.py:176}}
Sep 06 13:57:01.089982 dv-neutron-855868-8-hyperv neutron-server[119072]: DEBUG neutron_lib.callbacks.manager [None req-6c93d674-64f4-40b5-bdb0-4bb72ee8bf7f admin admin] Publish callbacks [] for security_group (None), before_response {{(pid=119072) _notify_loop /usr/local/lib/python3.8/dist-packages/neutron_lib/callbacks/manager.py:176}}
Sep 06 13:57:01.091213 dv-neutron-855868-8-hyperv neutron-server[119072]: INFO neutron.wsgi [None req-6c93d674-64f4-40b5-bdb0-4bb72ee8bf7f admin admin] 10.222.0.49 "DELETE /networking/v2.0/security-groups/07ada65d-ebcf-4bba-9f0d-a09564d0c54b HTTP/1.1" status: 204 len: 168 time: 1.0024877
Sep 06 13:57:01.120108 dv-neutron-855868-8-hyperv neutron-server[119071]: INFO neutron.wsgi [None req-547f64a7-28f6-4802-9bd7-a5705f272a1d tempest-ExternalNetworksTestJSON-2124668519 tempest-ExternalNetworksTestJSON-2124668519-project-admin] 10.222.0.49 "POST /networking/v2.0/subnets HTTP/1.1" status: 201 len: 802 time: 3.9268599
Sep 06 13:57:01.123910 dv-neutron-855868-8-hyperv neutron-server[119071]: DEBUG neutron.wsgi [-] (119071) accepted ('10.222.0.49', 49114) {{(pid=119071) server /usr/local/lib/python3.8/dist-packages/eventlet/wsgi.py:1004}}
Sep 06 13:57:01.130228 dv-neutron-855868-8-hyperv neutron-server[119071]: DEBUG neutron.api.v2.base [None req-e2c6a6aa-4973-4b15-a35f-0c2f91a6be85 tempest-ExternalNetworksTestJSON-2124668519 tempest-ExternalNetworksTestJSON-2124668519-project-admin] Request body: {'floatingip': {'floating_network_id': 'f64cdc20-3425-463b-8294-5baa428d8b9c'}} {{(pid=119071) prepare_request_body /opt/stack/neutron/neutron/api/v2/base.py:730}}
Sep 06 13:57:01.171311 dv-neutron-855868-8-hyperv neutron-server[119071]: DEBUG dbcounter [-] [119071] Writing DB stats neutron:SELECT=93,neutron:DELETE=1,neutron:INSERT=5,neutron:UPDATE=1 {{(pid=119071) stat_writer /usr/local/lib/python3.8/dist-packages/dbcounter.py:114}}
Sep 06 13:57:01.184028 dv-neutron-855868-8-hyperv neutron-server[119072]: DEBUG neutron.api.rpc.handlers.resources_rpc [None req-688fd6d4-6eef-497d-af95-a030bcaa6195 admin admin] Pushing event updated for resources: {'SecurityGroup': ['ID=fb8bbdd4-0a07-4418-91a4-e02eab60890a,revision_number=1']} {{(pid=119072) push /opt/stack/neutron/neutron/api/rpc/handlers/resources_rpc.py:237}}
Sep 06 13:57:01.203209 dv-neutron-855868-8-hyperv neutron-server[119071]: DEBUG neutron.plugins.ml2.drivers.helpers [None req-fe0d2e49-3a77-4903-8413-5ad5c5b1a093 tempest-DHCPAgentSchedulersTestJSON-1068523540 tempest-DHCPAgentSchedulersTestJSON-1068523540-project] vlan segment allocate from pool success with {'vlan_id': 171, 'physical_network': 'physnet1'} {{(pid=119071) allocate_partially_specified_segment /opt/stack/neutron/neutron/plugins/ml2/drivers/helpers.py:153}}
Sep 06 13:57:01.220140 dv-neutron-855868-8-hyperv neutron-server[119072]: INFO neutron.wsgi [None req-688fd6d4-6eef-497d-af95-a030bcaa6195 admin admin] 10.222.0.49 "GET /networking/v2.0/security-groups?tenant_id=450ab9f50c7d48a588e722f8d05edfd5&name=default HTTP/1.1" status: 200 len: 2996 time: 1.0979731
Sep 06 13:57:01.221926 dv-neutron-855868-8-hyperv neutron-server[119071]: DEBUG neutron.wsgi [-] (119071) accepted ('10.222.0.49', 49116) {{(pid=119071) server /usr/local/lib/python3.8/dist-packages/eventlet/wsgi.py:1004}}
Sep 06 13:57:01.238258 dv-neutron-855868-8-hyperv neutron-server[119071]: DEBUG neutron_lib.callbacks.manager [None req-fe0d2e49-3a77-4903-8413-5ad5c5b1a093 tempest-DHCPAgentSchedulersTestJSON-1068523540 tempest-DHCPAgentSchedulersTestJSON-1068523540-project] Publish callbacks ['neutron.plugins.ml2.plugin.Ml2Plugin._handle_segment_change-3619553'] for segment (89df17df-5ce4-4137-81c0-bcc873a0883c), precommit_create {{(pid=119071) _notify_loop /usr/local/lib/python3.8/dist-packages/neutron_lib/callbacks/manager.py:176}}
Sep 06 13:57:01.238605 dv-neutron-855868-8-hyperv neutron-server[119071]: INFO neutron.db.segments_db [None req-fe0d2e49-3a77-4903-8413-5ad5c5b1a093 tempest-DHCPAgentSchedulersTestJSON-1068523540 tempest-DHCPAgentSchedulersTestJSON-1068523540-project] Added segment 89df17df-5ce4-4137-81c0-bcc873a0883c of type vlan for network 77f9a18d-6b82-4dba-866c-3215db02eb1f
Sep 06 13:57:01.242105 dv-neutron-855868-8-hyperv neutron-server[119072]: DEBUG neutron.api.rpc.handlers.resources_rpc [None req-6c93d674-64f4-40b5-bdb0-4bb72ee8bf7f admin admin] Pushing event deleted for resources: {'SecurityGroup': ['ID=07ada65d-ebcf-4bba-9f0d-a09564d0c54b,revision_number=None']} {{(pid=119072) push /opt/stack/neutron/neutron/api/rpc/handlers/resources_rpc.py:237}}
Sep 06 13:57:01.322058 dv-neutron-855868-8-hyperv neutron-server[119071]: DEBUG neutron_lib.callbacks.manager [None req-7c393992-c5f7-415b-93a4-daa031964a48 admin admin] Publish callbacks [] for port (042ecc53-f030-4093-9bc9-423edde30e87), precommit_create {{(pid=119071) _notify_loop /usr/local/lib/python3.8/dist-packages/neutron_lib/callbacks/manager.py:176}}
Sep 06 13:57:01.323700 dv-neutron-855868-8-hyperv neutron-server[119071]: DEBUG neutron_lib.callbacks.manager [None req-e2c6a6aa-4973-4b15-a35f-0c2f91a6be85 tempest-ExternalNetworksTestJSON-2124668519 tempest-ExternalNetworksTestJSON-2124668519-project-admin] Publish callbacks [] for floatingip (None), before_create {{(pid=119071) _notify_loop /usr/local/lib/python3.8/dist-packages/neutron_lib/callbacks/manager.py:176}}
Sep 06 13:57:01.351260 dv-neutron-855868-8-hyperv neutron-server[119073]: DEBUG neutron.db.provisioning_blocks [None req-6affd8b3-50d3-474a-accb-35f93d2bffb2 None None] Provisioning complete for port 71997fe6-dd21-44f6-ae48-8416726c0a4d triggered by entity DHCP. {{(pid=119073) provisioning_complete /opt/stack/neutron/neutron/db/provisioning_blocks.py:144}}
Sep 06 13:57:01.351522 dv-neutron-855868-8-hyperv neutron-server[119073]: DEBUG neutron_lib.callbacks.manager [None req-6affd8b3-50d3-474a-accb-35f93d2bffb2 None None] Publish callbacks ['neutron.plugins.ml2.plugin.Ml2Plugin._port_provisioned-3615594'] for port (71997fe6-dd21-44f6-ae48-8416726c0a4d), provisioning_complete {{(pid=119073) _notify_loop /usr/local/lib/python3.8/dist-packages/neutron_lib/callbacks/manager.py:176}}
Sep 06 13:57:01.383692 dv-neutron-855868-8-hyperv neutron-server[119072]: DEBUG neutron_lib.callbacks.manager [None req-533325b3-03e8-46c2-9fe5-b3ded79b3ced tempest-PortsAdminExtendedAttrsTestJSON-1761125836 tempest-PortsAdminExtendedAttrsTestJSON-1761125836-project-admin] Publish callbacks [] for port (09bf8bc2-11f4-436b-9589-58f2e6a3eaa8), precommit_create {{(pid=119072) _notify_loop /usr/local/lib/python3.8/dist-packages/neutron_lib/callbacks/manager.py:176}}
Sep 06 13:57:01.401215 dv-neutron-855868-8-hyperv neutron-server[119073]: DEBUG dbcounter [-] [119073] Writing DB stats neutron:SELECT=100 {{(pid=119073) stat_writer /usr/local/lib/python3.8/dist-packages/dbcounter.py:114}}
Sep 06 13:57:01.408749 dv-neutron-855868-8-hyperv neutron-server[119073]: DEBUG neutron.plugins.ml2.plugin [None req-6affd8b3-50d3-474a-accb-35f93d2bffb2 None None] Port 71997fe6-dd21-44f6-ae48-8416726c0a4d cannot update to ACTIVE because it is not bound. {{(pid=119073) _port_provisioned /opt/stack/neutron/neutron/plugins/ml2/plugin.py:348}}
Sep 06 13:57:01.414823 dv-neutron-855868-8-hyperv neutron-server[119071]: DEBUG neutron_lib.callbacks.manager [None req-fe0d2e49-3a77-4903-8413-5ad5c5b1a093 tempest-DHCPAgentSchedulersTestJSON-1068523540 tempest-DHCPAgentSchedulersTestJSON-1068523540-project] Publish callbacks ['neutron.services.auto_allocate.db._ensure_external_network_default_value_callback-8781745820317'] for network (77f9a18d-6b82-4dba-866c-3215db02eb1f), precommit_create {{(pid=119071) _notify_loop /usr/local/lib/python3.8/dist-packages/neutron_lib/callbacks/manager.py:176}}
Sep 06 13:57:01.453270 dv-neutron-855868-8-hyperv neutron-server[119072]: DEBUG neutron_lib.callbacks.manager [None req-99fbf9f2-78e0-4766-ae37-6e982df904a5 admin admin] Publish callbacks ['neutron.plugins.ml2.plugin.SecurityGroupDbMixin._ensure_default_security_group_handler-672474'] for port (71997fe6-dd21-44f6-ae48-8416726c0a4d), before_update {{(pid=119072) _notify_loop /usr/local/lib/python3.8/dist-packages/neutron_lib/callbacks/manager.py:176}}
Sep 06 13:57:01.488434 dv-neutron-855868-8-hyperv neutron-server[119073]: DEBUG neutron.api.rpc.handlers.dhcp_rpc [None req-41cfb368-e5dc-41eb-a5dc-a4d99a1e11f0 None None] Network f64cdc20-3425-463b-8294-5baa428d8b9c requested from dv-neutron-855868-8-hyperv {{(pid=119073) get_network_info /opt/stack/neutron/neutron/api/rpc/handlers/dhcp_rpc.py:193}}
Sep 06 13:57:01.517720 dv-neutron-855868-8-hyperv neutron-server[119072]: DEBUG neutron_lib.callbacks.manager [None req-533325b3-03e8-46c2-9fe5-b3ded79b3ced tempest-PortsAdminExtendedAttrsTestJSON-1761125836 tempest-PortsAdminExtendedAttrsTestJSON-1761125836-project-admin] Publish callbacks ['neutron.plugins.ml2.plugin.SecurityGroupServerNotifierRpcMixin._notify_sg_on_port_change-672409', 'neutron.plugins.ml2.ovo_rpc._ObjectChangeHandler.handle_event-246352', 'neutron.api.rpc.agentnotifiers.dhcp_rpc_agent_api.DhcpAgentNotifyAPI._native_event_send_dhcp_notification-3690977', 'neutron.db.l3_dvrscheduler_db._notify_l3_agent_new_port-8781745867951'] for port (09bf8bc2-11f4-436b-9589-58f2e6a3eaa8), after_create {{(pid=119072) _notify_loop /usr/local/lib/python3.8/dist-packages/neutron_lib/callbacks/manager.py:176}}
Sep 06 13:57:01.541898 dv-neutron-855868-8-hyperv neutron-server[119071]: DEBUG neutron_lib.callbacks.manager [None req-e046867d-e850-4c2b-b982-3e1f6c442a4f admin admin] Publish callbacks [] for security_group (fb8bbdd4-0a07-4418-91a4-e02eab60890a), before_delete {{(pid=119071) _notify_loop /usr/local/lib/python3.8/dist-packages/neutron_lib/callbacks/manager.py:176}}
Sep 06 13:57:01.599918 dv-neutron-855868-8-hyperv neutron-server[119073]: DEBUG neutron.db.l3_hamode_db [None req-b2a7d5b7-d27d-44e1-9eab-d5198b777484 None None] neutron.services.l3_router.l3_router_plugin.L3RouterPlugin method _process_sync_ha_data called with arguments (, [{'id': 'd1240a3e-64ae-4d25-80ff-666b2245ba29', 'name': 'tempest-ServersTestJSON-280739588-router', 'tenant_id': '9c60802d2467407c922f6bb2dee55382', 'admin_state_up': True, 'status': 'ACTIVE', 'external_gateway_info': {'network_id': 'bdfaa88b-8108-410c-85b8-ebaa81c6df71', 'external_fixed_ips': [{'subnet_id': '1b1cb34a-bd19-4be3-80d3-23f4d8586dd0', 'ip_address': '172.26.11.110'}], 'enable_snat': True}, 'gw_port_id': 'd2ff42ef-6a8b-420c-8949-bb85dc07cb98', 'description': '', 'availability_zones': ['nova'], 'distributed': False, 'ha': False, 'ha_vr_id': 0, 'availability_zone_hints': [], 'routes': [], 'flavor_id': None, 'tags': [], 'created_at': '2022-09-06T13:56:49Z', 'updated_at': '2022-09-06T13:56:53Z', 'revision_number': 3, 'project_id': '9c60802d2467407c922f6bb2dee55382', 'gw_port': {'id': 'd2ff42ef-6a8b-420c-8949-bb85dc07cb98', 'name': '', 'network_id': 'bdfaa88b-8108-410c-85b8-ebaa81c6df71', 'tenant_id': '', 'mac_address': 'fa:16:3e:ac:e6:97', 'admin_state_up': True, 'status': 'DOWN', 'device_id': 'd1240a3e-64ae-4d25-80ff-666b2245ba29', 'device_owner': 'network:router_gateway', 'standard_attr_id': 83, 'fixed_ips': [{'subnet_id': '1b1cb34a-bd19-4be3-80d3-23f4d8586dd0', 'ip_address': '172.26.11.110', 'prefixlen': 24}], 'allowed_address_pairs': [], 'extra_dhcp_opts': [], 'security_groups': [], 'description': '', 'binding:vnic_type': 'normal', 'binding:profile': {}, 'binding:host_id': 'dv-neutron-855868-8-hyperv', 'binding:vif_type': 'ovs', 'binding:vif_details': {'connectivity': 'l2', 'port_filter': True, 'ovs_hybrid_plug': False, 'datapath_type': 'system', 'bridge_name': 'br-int', 'bound_drivers': {'0': 'openvswitch'}}, 'port_security_enabled': False, 'tags': [], 'created_at': '2022-09-06T13:56:51Z', 'updated_at': '2022-09-06T13:56:59Z', 'revision_number': 3, 'project_id': '', 'subnets': [{'id': '1b1cb34a-bd19-4be3-80d3-23f4d8586dd0', 'cidr': '172.26.11.0/24', 'gateway_ip': '172.26.11.1', 'dns_nameservers': [], 'ipv6_ra_mode': None, 'subnetpool_id': None}], 'extra_subnets': [], 'address_scopes': {4: None, 6: None}, 'mtu': 1500}, 'enable_snat': True, 'gw_port_host': 'dv-neutron-855868-8-hyperv'}], 'dv-neutron-855868-8-hyperv', False) {} {{(pid=119073) wrapper /usr/local/lib/python3.8/dist-packages/oslo_log/helpers.py:65}}
Sep 06 13:57:01.606183 dv-neutron-855868-8-hyperv neutron-server[119071]: DEBUG neutron_lib.callbacks.manager [None req-e046867d-e850-4c2b-b982-3e1f6c442a4f admin admin] Publish callbacks [] for security_group (fb8bbdd4-0a07-4418-91a4-e02eab60890a), precommit_delete {{(pid=119071) _notify_loop /usr/local/lib/python3.8/dist-packages/neutron_lib/callbacks/manager.py:176}}
Sep 06 13:57:01.636842 dv-neutron-855868-8-hyperv neutron-server[119071]: DEBUG neutron_lib.callbacks.manager [None req-e2c6a6aa-4973-4b15-a35f-0c2f91a6be85 tempest-ExternalNetworksTestJSON-2124668519 tempest-ExternalNetworksTestJSON-2124668519-project-admin] Publish callbacks ['neutron.plugins.ml2.plugin.SecurityGroupDbMixin._ensure_default_security_group_handler-672474'] for port (None), before_create {{(pid=119071) _notify_loop /usr/local/lib/python3.8/dist-packages/neutron_lib/callbacks/manager.py:176}}
Sep 06 13:57:01.648662 dv-neutron-855868-8-hyperv neutron-server[119073]: DEBUG neutron.api.rpc.handlers.l3_rpc [None req-b2a7d5b7-d27d-44e1-9eab-d5198b777484 None None] The sync data for ids ['d1240a3e-64ae-4d25-80ff-666b2245ba29'] in dv-neutron-855868-8-hyperv is: [{'id': 'd1240a3e-64ae-4d25-80ff-666b2245ba29', 'name': 'tempest-ServersTestJSON-280739588-router', 'tenant_id': '9c60802d2467407c922f6bb2dee55382', 'admin_state_up': True, 'status': 'ACTIVE', 'external_gateway_info': {'network_id': 'bdfaa88b-8108-410c-85b8-ebaa81c6df71', 'external_fixed_ips': [{'subnet_id': '1b1cb34a-bd19-4be3-80d3-23f4d8586dd0', 'ip_address': '172.26.11.110'}], 'enable_snat': True}, 'gw_port_id': 'd2ff42ef-6a8b-420c-8949-bb85dc07cb98', 'description': '', 'availability_zones': ['nova'], 'distributed': False, 'ha': False, 'ha_vr_id': 0, 'availability_zone_hints': [], 'routes': [], 'flavor_id': None, 'tags': [], 'created_at': '2022-09-06T13:56:49Z', 'updated_at': '2022-09-06T13:56:53Z', 'revision_number': 3, 'project_id': '9c60802d2467407c922f6bb2dee55382', 'gw_port': {'id': 'd2ff42ef-6a8b-420c-8949-bb85dc07cb98', 'name': '', 'network_id': 'bdfaa88b-8108-410c-85b8-ebaa81c6df71', 'tenant_id': '', 'mac_address': 'fa:16:3e:ac:e6:97', 'admin_state_up': True, 'status': 'DOWN', 'device_id': 'd1240a3e-64ae-4d25-80ff-666b2245ba29', 'device_owner': 'network:router_gateway', 'standard_attr_id': 83, 'fixed_ips': [{'subnet_id': '1b1cb34a-bd19-4be3-80d3-23f4d8586dd0', 'ip_address': '172.26.11.110', 'prefixlen': 24}], 'allowed_address_pairs': [], 'extra_dhcp_opts': [], 'security_groups': [], 'description': '', 'binding:vnic_type': 'normal', 'binding:profile': {}, 'binding:host_id': 'dv-neutron-855868-8-hyperv', 'binding:vif_type': 'ovs', 'binding:vif_details': {'connectivity': 'l2', 'port_filter': True, 'ovs_hybrid_plug': False, 'datapath_type': 'system', 'bridge_name': 'br-int', 'bound_drivers': {'0': 'openvswitch'}}, 'port_security_enabled': False, 'tags': [], 'created_at': '2022-09-06T13:56:51Z', 'updated_at': '2022-09-06T13:56:59Z', 'revision_number': 3, 'project_id': '', 'subnets': [{'id': '1b1cb34a-bd19-4be3-80d3-23f4d8586dd0', 'cidr': '172.26.11.0/24', 'gateway_ip': '172.26.11.1', 'dns_nameservers': [], 'ipv6_ra_mode': None, 'subnetpool_id': None}], 'extra_subnets': [], 'address_scopes': {4: None, 6: None}, 'mtu': 1500}, 'enable_snat': True, 'gw_port_host': 'dv-neutron-855868-8-hyperv'}] {{(pid=119073) sync_routers /opt/stack/neutron/neutron/api/rpc/handlers/l3_rpc.py:137}}
Sep 06 13:57:01.667135 dv-neutron-855868-8-hyperv neutron-server[119072]: DEBUG neutron.api.rpc.handlers.resources_rpc [None req-533325b3-03e8-46c2-9fe5-b3ded79b3ced tempest-PortsAdminExtendedAttrsTestJSON-1761125836 tempest-PortsAdminExtendedAttrsTestJSON-1761125836-project-admin] Pushing event updated for resources: {'Port': ['ID=09bf8bc2-11f4-436b-9589-58f2e6a3eaa8,revision_number=1']} {{(pid=119072) push /opt/stack/neutron/neutron/api/rpc/handlers/resources_rpc.py:237}}
Sep 06 13:57:01.691808 dv-neutron-855868-8-hyperv neutron-server[119072]: DEBUG neutron.scheduler.dhcp_agent_scheduler [None req-533325b3-03e8-46c2-9fe5-b3ded79b3ced tempest-PortsAdminExtendedAttrsTestJSON-1761125836 tempest-PortsAdminExtendedAttrsTestJSON-1761125836-project-admin] Network bbe8cc90-c1ee-4148-8262-c30027b956d1 is already hosted by enough agents. {{(pid=119072) _get_dhcp_agents_hosting_network /opt/stack/neutron/neutron/scheduler/dhcp_agent_scheduler.py:275}}
Sep 06 13:57:01.703085 dv-neutron-855868-8-hyperv neutron-server[119071]: DEBUG neutron_lib.callbacks.manager [None req-7c393992-c5f7-415b-93a4-daa031964a48 admin admin] Publish callbacks ['neutron.plugins.ml2.plugin.SecurityGroupServerNotifierRpcMixin._notify_sg_on_port_change-672409', 'neutron.plugins.ml2.ovo_rpc._ObjectChangeHandler.handle_event-246352', 'neutron.api.rpc.agentnotifiers.dhcp_rpc_agent_api.DhcpAgentNotifyAPI._native_event_send_dhcp_notification-3690977', 'neutron.db.l3_dvrscheduler_db._notify_l3_agent_new_port-8781745867951', 'neutron.services.segments.plugin.NovaSegmentNotifier._notify_port_created_or_deleted-11308077'] for port (042ecc53-f030-4093-9bc9-423edde30e87), after_create {{(pid=119071) _notify_loop /usr/local/lib/python3.8/dist-packages/neutron_lib/callbacks/manager.py:176}}
Sep 06 13:57:01.705187 dv-neutron-855868-8-hyperv neutron-server[119072]: DEBUG neutron.scheduler.base_scheduler [None req-533325b3-03e8-46c2-9fe5-b3ded79b3ced tempest-PortsAdminExtendedAttrsTestJSON-1761125836 tempest-PortsAdminExtendedAttrsTestJSON-1761125836-project-admin] Resources bound (agent type, host, resource id): {{(pid=119072) schedule /opt/stack/neutron/neutron/scheduler/base_scheduler.py:57}}
Sep 06 13:57:01.715746 dv-neutron-855868-8-hyperv neutron-server[119072]: DEBUG neutron.db.l3_dvrscheduler_db [None req-533325b3-03e8-46c2-9fe5-b3ded79b3ced tempest-PortsAdminExtendedAttrsTestJSON-1761125836 tempest-PortsAdminExtendedAttrsTestJSON-1761125836-project-admin] Received port after_create {{(pid=119072) _notify_l3_agent_new_port /opt/stack/neutron/neutron/db/l3_dvrscheduler_db.py:538}}
Sep 06 13:57:01.717604 dv-neutron-855868-8-hyperv neutron-server[119072]: DEBUG neutron.pecan_wsgi.hooks.policy_enforcement [None req-533325b3-03e8-46c2-9fe5-b3ded79b3ced tempest-PortsAdminExtendedAttrsTestJSON-1761125836 tempest-PortsAdminExtendedAttrsTestJSON-1761125836-project-admin] Attributes excluded by policy engine: ['standard_attr_id', 'network'] {{(pid=119072) _exclude_attributes_by_policy /opt/stack/neutron/neutron/pecan_wsgi/hooks/policy_enforcement.py:259}}
Sep 06 13:57:01.718226 dv-neutron-855868-8-hyperv neutron-server[119072]: DEBUG neutron_lib.callbacks.manager [None req-533325b3-03e8-46c2-9fe5-b3ded79b3ced tempest-PortsAdminExtendedAttrsTestJSON-1761125836 tempest-PortsAdminExtendedAttrsTestJSON-1761125836-project-admin] Publish callbacks ['neutron.notifiers.nova.Notifier._send_nova_notification-4092235'] for port (None), before_response {{(pid=119072) _notify_loop /usr/local/lib/python3.8/dist-packages/neutron_lib/callbacks/manager.py:176}}
Sep 06 13:57:01.721314 dv-neutron-855868-8-hyperv neutron-server[119071]: DEBUG neutron_lib.callbacks.manager [None req-fe0d2e49-3a77-4903-8413-5ad5c5b1a093 tempest-DHCPAgentSchedulersTestJSON-1068523540 tempest-DHCPAgentSchedulersTestJSON-1068523540-project] Publish callbacks ['neutron.plugins.ml2.ovo_rpc._ObjectChangeHandler.handle_event-376593', 'neutron.api.rpc.agentnotifiers.dhcp_rpc_agent_api.DhcpAgentNotifyAPI._native_event_send_dhcp_notification-3690977'] for network (77f9a18d-6b82-4dba-866c-3215db02eb1f), after_create {{(pid=119071) _notify_loop /usr/local/lib/python3.8/dist-packages/neutron_lib/callbacks/manager.py:176}}
Sep 06 13:57:01.730428 dv-neutron-855868-8-hyperv neutron-server[119071]: DEBUG neutron.pecan_wsgi.hooks.policy_enforcement [None req-fe0d2e49-3a77-4903-8413-5ad5c5b1a093 tempest-DHCPAgentSchedulersTestJSON-1068523540 tempest-DHCPAgentSchedulersTestJSON-1068523540-project] Attributes excluded by policy engine: ['standard_attr_id', 'provider:network_type', 'provider:physical_network', 'provider:segmentation_id', 'vlan_transparent'] {{(pid=119071) _exclude_attributes_by_policy /opt/stack/neutron/neutron/pecan_wsgi/hooks/policy_enforcement.py:259}}
Sep 06 13:57:01.731081 dv-neutron-855868-8-hyperv neutron-server[119071]: DEBUG neutron_lib.callbacks.manager [None req-fe0d2e49-3a77-4903-8413-5ad5c5b1a093 tempest-DHCPAgentSchedulersTestJSON-1068523540 tempest-DHCPAgentSchedulersTestJSON-1068523540-project] Publish callbacks ['neutron.api.rpc.agentnotifiers.dhcp_rpc_agent_api.DhcpAgentNotifyAPI._send_dhcp_notification-3693339'] for network (None), before_response {{(pid=119071) _notify_loop /usr/local/lib/python3.8/dist-packages/neutron_lib/callbacks/manager.py:176}}
