Sep 05 14:32:12.693566 dv-neutron-855868-5-hyperv neutron-server[107434]: DEBUG neutron.plugins.ml2.db [None req-b8ea8d43-fd72-4e23-b30c-679a46ed168f None None] For port d5970746-e54b-4099-b5fa-864596823492, host dv-neutron-855868-5-hyperv, set binding levels [PortBindingLevel(driver='openvswitch',host='dv-neutron-855868-5-hyperv',level=0,port_id=d5970746-e54b-4099-b5fa-864596823492,segment=NetworkSegment(389273cd-34e9-4055-a53c-3055668e8fc7),segment_id=389273cd-34e9-4055-a53c-3055668e8fc7)] {{(pid=107434) set_binding_levels /opt/stack/neutron/neutron/plugins/ml2/db.py:59}}
Sep 05 14:32:12.709396 dv-neutron-855868-5-hyperv neutron-server[107434]: DEBUG neutron.plugins.ml2.plugin [None req-16f1078e-9ad0-4453-822e-33c3c8313a26 None None] Current status of the port ea6b758d-1ca0-4552-8244-f18046e58eb8 is: ACTIVE; New status is: ACTIVE {{(pid=107434) _update_individual_port_db_status /opt/stack/neutron/neutron/plugins/ml2/plugin.py:2302}}
Sep 05 14:32:12.718599 dv-neutron-855868-5-hyperv neutron-server[107434]: DEBUG neutron.db.provisioning_blocks [None req-52946153-cc25-4842-bac6-5d8d379e0f28 None None] Provisioning complete for port 387a319b-d6eb-40c6-a78d-e2563c03e836 triggered by entity L2. {{(pid=107434) provisioning_complete /opt/stack/neutron/neutron/db/provisioning_blocks.py:144}}
Sep 05 14:32:12.718969 dv-neutron-855868-5-hyperv neutron-server[107434]: DEBUG neutron_lib.callbacks.manager [None req-52946153-cc25-4842-bac6-5d8d379e0f28 None None] Publish callbacks ['neutron.plugins.ml2.plugin.Ml2Plugin._port_provisioned-16061723'] for port (387a319b-d6eb-40c6-a78d-e2563c03e836), provisioning_complete {{(pid=107434) _notify_loop /usr/local/lib/python3.8/dist-packages/neutron_lib/callbacks/manager.py:176}}
Sep 05 14:32:12.720805 dv-neutron-855868-5-hyperv neutron-server[107433]: DEBUG dbcounter [-] [107433] Writing DB stats neutron:SELECT=88,neutron:INSERT=6,neutron:UPDATE=6 {{(pid=107433) stat_writer /usr/local/lib/python3.8/dist-packages/dbcounter.py:114}}
Sep 05 14:32:12.732663 dv-neutron-855868-5-hyperv neutron-server[107433]: DEBUG neutron.wsgi [-] (107433) accepted ('10.222.0.25', 60132) {{(pid=107433) server /usr/local/lib/python3.8/dist-packages/eventlet/wsgi.py:1004}}
Sep 05 14:32:12.837787 dv-neutron-855868-5-hyperv neutron-server[107434]: DEBUG neutron_lib.callbacks.manager [None req-b8ea8d43-fd72-4e23-b30c-679a46ed168f None None] Publish callbacks ['neutron.plugins.ml2.plugin.SecurityGroupServerNotifierRpcMixin._notify_sg_on_port_change-16142312', 'neutron.plugins.ml2.ovo_rpc._ObjectChangeHandler.handle_event-63554', 'neutron.api.rpc.agentnotifiers.dhcp_rpc_agent_api.DhcpAgentNotifyAPI._native_event_send_dhcp_notification-546017', 'neutron.db.l3_db.L3RpcNotifierMixin._notify_gateway_port_ip_changed-8767831689090', 'neutron.db.l3_dvrscheduler_db._notify_l3_agent_port_update-8767831230109', 'neutron.db.l3_hascheduler_db._notify_l3_agent_ha_port_update-8767831230127'] for port (d5970746-e54b-4099-b5fa-864596823492), after_update {{(pid=107434) _notify_loop /usr/local/lib/python3.8/dist-packages/neutron_lib/callbacks/manager.py:176}}
Sep 05 14:32:12.839985 dv-neutron-855868-5-hyperv neutron-server[107432]: DEBUG neutron.db.db_base_plugin_common [None req-8bea9ff1-793b-4e06-a2ae-d60d76d5b9a3 admin admin] Allocated IP 172.26.11.54 (60864499-02be-4d01-a959-816809762c63/5056af08-690e-4fd1-8214-958f324de90d/95edb601-d567-4658-b14d-df54acdae727) {{(pid=107432) _store_ip_allocation /opt/stack/neutron/neutron/db/db_base_plugin_common.py:131}}
Sep 05 14:32:12.854415 dv-neutron-855868-5-hyperv neutron-server[107434]: DEBUG neutron.db.provisioning_blocks [None req-16f1078e-9ad0-4453-822e-33c3c8313a26 None None] Provisioning complete for port 50c741fd-123e-403d-a02a-2cd5a92d1615 triggered by entity DHCP. {{(pid=107434) provisioning_complete /opt/stack/neutron/neutron/db/provisioning_blocks.py:144}}
Sep 05 14:32:12.855447 dv-neutron-855868-5-hyperv neutron-server[107434]: DEBUG neutron_lib.callbacks.manager [None req-16f1078e-9ad0-4453-822e-33c3c8313a26 None None] Publish callbacks ['neutron.plugins.ml2.plugin.Ml2Plugin._port_provisioned-16061723'] for port (50c741fd-123e-403d-a02a-2cd5a92d1615), provisioning_complete {{(pid=107434) _notify_loop /usr/local/lib/python3.8/dist-packages/neutron_lib/callbacks/manager.py:176}}
Sep 05 14:32:12.864364 dv-neutron-855868-5-hyperv neutron-server[107435]: DEBUG neutron.db.l3_hamode_db [None req-71cb2352-ba5d-4b90-934c-bfd9aa79d42e None None] neutron.services.l3_router.l3_router_plugin.L3RouterPlugin method _process_sync_ha_data called with arguments (, [{'id': '0924b9da-f144-4bac-be61-40595d33b7ad', 'name': 'tempest-ServersTestManualDisk-858591064-router', 'tenant_id': '587a931ef5914f13a5097843fe57d757', 'admin_state_up': True, 'status': 'ACTIVE', 'external_gateway_info': {'network_id': '60864499-02be-4d01-a959-816809762c63', 'external_fixed_ips': [{'subnet_id': '5056af08-690e-4fd1-8214-958f324de90d', 'ip_address': '172.26.11.13'}], 'enable_snat': True}, 'gw_port_id': '76a86649-c8f4-4041-bdaf-6ae92d33f37b', 'description': '', 'availability_zones': ['nova'], 'distributed': False, 'ha': False, 'ha_vr_id': 0, 'availability_zone_hints': [], 'routes': [], 'flavor_id': None, 'tags': [], 'created_at': '2022-09-05T14:32:07Z', 'updated_at': '2022-09-05T14:32:10Z', 'revision_number': 3, 'project_id': '587a931ef5914f13a5097843fe57d757', 'gw_port': {'id': '76a86649-c8f4-4041-bdaf-6ae92d33f37b', 'name': '', 'network_id': '60864499-02be-4d01-a959-816809762c63', 'tenant_id': '', 'mac_address': 'fa:16:3e:d1:2d:e7', 'admin_state_up': True, 'status': 'DOWN', 'device_id': '0924b9da-f144-4bac-be61-40595d33b7ad', 'device_owner': 'network:router_gateway', 'standard_attr_id': 92, 'fixed_ips': [{'subnet_id': '5056af08-690e-4fd1-8214-958f324de90d', 'ip_address': '172.26.11.13', 'prefixlen': 24}], 'allowed_address_pairs': [], 'extra_dhcp_opts': [], 'security_groups': [], 'description': '', 'binding:vnic_type': 'normal', 'binding:profile': {}, 'binding:host_id': '', 'binding:vif_type': 'unbound', 'binding:vif_details': {}, 'port_security_enabled': False, 'tags': [], 'created_at': '2022-09-05T14:32:08Z', 'updated_at': '2022-09-05T14:32:09Z', 'revision_number': 1, 'project_id': '', 'subnets': [{'id': '5056af08-690e-4fd1-8214-958f324de90d', 'cidr': '172.26.11.0/24', 'gateway_ip': '172.26.11.1', 'dns_nameservers': [], 'ipv6_ra_mode': None, 'subnetpool_id': None}], 'extra_subnets': [], 'address_scopes': {4: None, 6: None}, 'mtu': 1500}, 'enable_snat': True, 'gw_port_host': 'dv-neutron-855868-5-hyperv'}], 'dv-neutron-855868-5-hyperv', False) {} {{(pid=107435) wrapper /usr/local/lib/python3.8/dist-packages/oslo_log/helpers.py:65}}
Sep 05 14:32:12.916953 dv-neutron-855868-5-hyperv neutron-server[107432]: DEBUG neutron.scheduler.dhcp_agent_scheduler [None req-7cd0acf5-5357-4f46-a334-e741a1fa915e admin admin] Network 60864499-02be-4d01-a959-816809762c63 is already hosted by enough agents. {{(pid=107432) _get_dhcp_agents_hosting_network /opt/stack/neutron/neutron/scheduler/dhcp_agent_scheduler.py:275}}
Sep 05 14:32:12.937952 dv-neutron-855868-5-hyperv neutron-server[107435]: DEBUG neutron.api.rpc.handlers.l3_rpc [None req-71cb2352-ba5d-4b90-934c-bfd9aa79d42e None None] Checking router: 0924b9da-f144-4bac-be61-40595d33b7ad for host: dv-neutron-855868-5-hyperv {{(pid=107435) _ensure_host_set_on_ports /opt/stack/neutron/neutron/api/rpc/handlers/l3_rpc.py:155}}
Sep 05 14:32:12.938329 dv-neutron-855868-5-hyperv neutron-server[107435]: DEBUG neutron.api.rpc.handlers.l3_rpc [None req-71cb2352-ba5d-4b90-934c-bfd9aa79d42e None None] Updating router 0924b9da-f144-4bac-be61-40595d33b7ad port 76a86649-c8f4-4041-bdaf-6ae92d33f37b binding host dv-neutron-855868-5-hyperv {{(pid=107435) _ensure_host_set_on_port /opt/stack/neutron/neutron/api/rpc/handlers/l3_rpc.py:205}}
Sep 05 14:32:12.973392 dv-neutron-855868-5-hyperv neutron-server[107432]: DEBUG neutron.scheduler.base_scheduler [None req-7cd0acf5-5357-4f46-a334-e741a1fa915e admin admin] Resources bound (agent type, host, resource id): {{(pid=107432) schedule /opt/stack/neutron/neutron/scheduler/base_scheduler.py:57}}
Sep 05 14:32:12.976289 dv-neutron-855868-5-hyperv neutron-server[107432]: DEBUG neutron.db.l3_dvrscheduler_db [None req-7cd0acf5-5357-4f46-a334-e741a1fa915e admin admin] Received port after_create {{(pid=107432) _notify_l3_agent_new_port /opt/stack/neutron/neutron/db/l3_dvrscheduler_db.py:538}}
Sep 05 14:32:12.994386 dv-neutron-855868-5-hyperv neutron-server[107434]: DEBUG neutron.plugins.ml2.plugin [None req-52946153-cc25-4842-bac6-5d8d379e0f28 None None] Current status of the port 387a319b-d6eb-40c6-a78d-e2563c03e836 is: DOWN; New status is: ACTIVE {{(pid=107434) _update_individual_port_db_status /opt/stack/neutron/neutron/plugins/ml2/plugin.py:2302}}
Sep 05 14:32:12.994997 dv-neutron-855868-5-hyperv neutron-server[107434]: DEBUG neutron_lib.callbacks.manager [None req-52946153-cc25-4842-bac6-5d8d379e0f28 None None] Publish callbacks ['neutron.plugins.ml2.plugin.SecurityGroupDbMixin._ensure_default_security_group_handler-16142251'] for port (387a319b-d6eb-40c6-a78d-e2563c03e836), before_update {{(pid=107434) _notify_loop /usr/local/lib/python3.8/dist-packages/neutron_lib/callbacks/manager.py:176}}
Sep 05 14:32:13.002432 dv-neutron-855868-5-hyperv neutron-server[107435]: DEBUG neutron_lib.callbacks.manager [None req-71cb2352-ba5d-4b90-934c-bfd9aa79d42e None None] Publish callbacks ['neutron.plugins.ml2.plugin.SecurityGroupDbMixin._ensure_default_security_group_handler-16142251'] for port (76a86649-c8f4-4041-bdaf-6ae92d33f37b), before_update {{(pid=107435) _notify_loop /usr/local/lib/python3.8/dist-packages/neutron_lib/callbacks/manager.py:176}}
Sep 05 14:32:13.005522 dv-neutron-855868-5-hyperv neutron-server[107433]: DEBUG neutron_lib.callbacks.manager [None req-d7241b3f-1804-4b56-92a9-b3dcab9cc7f0 admin admin] Publish callbacks [] for security_group (None), before_create {{(pid=107433) _notify_loop /usr/local/lib/python3.8/dist-packages/neutron_lib/callbacks/manager.py:176}}
Sep 05 14:32:13.014900 dv-neutron-855868-5-hyperv neutron-server[107434]: DEBUG neutron.api.rpc.handlers.resources_rpc [None req-b8ea8d43-fd72-4e23-b30c-679a46ed168f None None] Pushing event updated for resources: {'Port': ['ID=d5970746-e54b-4099-b5fa-864596823492,revision_number=2']} {{(pid=107434) push /opt/stack/neutron/neutron/api/rpc/handlers/resources_rpc.py:237}}
Sep 05 14:32:13.034454 dv-neutron-855868-5-hyperv neutron-server[107432]: DEBUG neutron_lib.callbacks.manager [None req-00e0b008-f539-458c-ab58-6efb8a6c39d8 tempest-QuotasNegativeTest-18014592 tempest-QuotasNegativeTest-18014592-project-admin] Publish callbacks ['neutron.plugins.ml2.plugin.Ml2Plugin._network_delete_precommit_handler-16068514', 'neutron.services.segments.db._delete_segments_for_network-8767831745684'] for network (92877105-a611-4b7b-b5fe-97900b41fb81), precommit_delete {{(pid=107432) _notify_loop /usr/local/lib/python3.8/dist-packages/neutron_lib/callbacks/manager.py:176}}
Sep 05 14:32:13.049932 dv-neutron-855868-5-hyperv neutron-server[107432]: DEBUG neutron.api.rpc.handlers.resources_rpc [None req-7cd0acf5-5357-4f46-a334-e741a1fa915e admin admin] Pushing event updated for resources: {'Port': ['ID=d5c55c7c-ac81-43e3-9eac-37d09e5f4630,revision_number=1']} {{(pid=107432) push /opt/stack/neutron/neutron/api/rpc/handlers/resources_rpc.py:237}}
Sep 05 14:32:13.058671 dv-neutron-855868-5-hyperv neutron-server[107434]: DEBUG neutron.plugins.ml2.db [None req-52946153-cc25-4842-bac6-5d8d379e0f28 None None] For port 387a319b-d6eb-40c6-a78d-e2563c03e836, host dv-neutron-855868-5-hyperv, got binding levels [PortBindingLevel(driver='openvswitch',host='dv-neutron-855868-5-hyperv',level=0,port_id=387a319b-d6eb-40c6-a78d-e2563c03e836,segment=NetworkSegment(a54782db-ff34-4564-8d7b-27016abfa128),segment_id=a54782db-ff34-4564-8d7b-27016abfa128)] {{(pid=107434) get_binding_level_objs /opt/stack/neutron/neutron/plugins/ml2/db.py:74}}
Sep 05 14:32:13.073490 dv-neutron-855868-5-hyperv neutron-server[107433]: DEBUG neutron_lib.callbacks.manager [None req-f35fc2f2-567e-4204-84cf-8a864cc1cfdb admin admin] Publish callbacks ['neutron.plugins.ml2.plugin.SecurityGroupDbMixin._ensure_default_security_group_handler-16142251'] for port (None), before_create {{(pid=107433) _notify_loop /usr/local/lib/python3.8/dist-packages/neutron_lib/callbacks/manager.py:176}}
Sep 05 14:32:13.111705 dv-neutron-855868-5-hyperv neutron-server[107434]: DEBUG neutron.plugins.ml2.plugin [None req-16f1078e-9ad0-4453-822e-33c3c8313a26 None None] Current status of the port 50c741fd-123e-403d-a02a-2cd5a92d1615 is: DOWN; New status is: ACTIVE {{(pid=107434) _update_individual_port_db_status /opt/stack/neutron/neutron/plugins/ml2/plugin.py:2302}}
Sep 05 14:32:13.115295 dv-neutron-855868-5-hyperv neutron-server[107434]: DEBUG neutron_lib.callbacks.manager [None req-16f1078e-9ad0-4453-822e-33c3c8313a26 None None] Publish callbacks ['neutron.plugins.ml2.plugin.SecurityGroupDbMixin._ensure_default_security_group_handler-16142251'] for port (50c741fd-123e-403d-a02a-2cd5a92d1615), before_update {{(pid=107434) _notify_loop /usr/local/lib/python3.8/dist-packages/neutron_lib/callbacks/manager.py:176}}
Sep 05 14:32:13.155077 dv-neutron-855868-5-hyperv neutron-server[107434]: DEBUG neutron_lib.callbacks.manager [None req-52946153-cc25-4842-bac6-5d8d379e0f28 None None] Publish callbacks ['neutron.plugins.ml2.plugin.SecurityGroupServerNotifierRpcMixin._notify_sg_on_port_change-16142312', 'neutron.plugins.ml2.ovo_rpc._ObjectChangeHandler.handle_event-63554', 'neutron.api.rpc.agentnotifiers.dhcp_rpc_agent_api.DhcpAgentNotifyAPI._native_event_send_dhcp_notification-546017', 'neutron.db.l3_db.L3RpcNotifierMixin._notify_gateway_port_ip_changed-8767831689090', 'neutron.db.l3_dvrscheduler_db._notify_l3_agent_port_update-8767831230109', 'neutron.db.l3_hascheduler_db._notify_l3_agent_ha_port_update-8767831230127'] for port (387a319b-d6eb-40c6-a78d-e2563c03e836), after_update {{(pid=107434) _notify_loop /usr/local/lib/python3.8/dist-packages/neutron_lib/callbacks/manager.py:176}}
Sep 05 14:32:13.156546 dv-neutron-855868-5-hyperv neutron-server[107434]: DEBUG neutron.plugins.ml2.rpc [None req-52946153-cc25-4842-bac6-5d8d379e0f28 None None] Device ea6b758d-1ca0-4552-8244-f18046e58eb8 up at agent ovs-agent-dv-neutron-855868-5-hyperv {{(pid=107434) update_device_up /opt/stack/neutron/neutron/plugins/ml2/rpc.py:296}}
Sep 05 14:32:13.196621 dv-neutron-855868-5-hyperv neutron-server[107432]: DEBUG neutron_lib.callbacks.manager [None req-00e0b008-f539-458c-ab58-6efb8a6c39d8 tempest-QuotasNegativeTest-18014592 tempest-QuotasNegativeTest-18014592-project-admin] Subscribe: > segment before_delete 55550000 {{(pid=107432) subscribe /usr/local/lib/python3.8/dist-packages/neutron_lib/callbacks/manager.py:45}}
Sep 05 14:32:13.197122 dv-neutron-855868-5-hyperv neutron-server[107432]: DEBUG neutron_lib.callbacks.manager [None req-00e0b008-f539-458c-ab58-6efb8a6c39d8 tempest-QuotasNegativeTest-18014592 tempest-QuotasNegativeTest-18014592-project-admin] Subscribe: > subnet precommit_delete_associations 55550000 {{(pid=107432) subscribe /usr/local/lib/python3.8/dist-packages/neutron_lib/callbacks/manager.py:45}}
Sep 05 14:32:13.197699 dv-neutron-855868-5-hyperv neutron-server[107432]: DEBUG neutron_lib.callbacks.manager [None req-00e0b008-f539-458c-ab58-6efb8a6c39d8 tempest-QuotasNegativeTest-18014592 tempest-QuotasNegativeTest-18014592-project-admin] Subscribe: > segment_host_mapping after_create 55550000 {{(pid=107432) subscribe /usr/local/lib/python3.8/dist-packages/neutron_lib/callbacks/manager.py:45}}
Sep 05 14:32:13.198026 dv-neutron-855868-5-hyperv neutron-server[107432]: DEBUG neutron_lib.callbacks.manager [None req-00e0b008-f539-458c-ab58-6efb8a6c39d8 tempest-QuotasNegativeTest-18014592 tempest-QuotasNegativeTest-18014592-project-admin] Subscribe: > port after_create 55550000 {{(pid=107432) subscribe /usr/local/lib/python3.8/dist-packages/neutron_lib/callbacks/manager.py:45}}
Sep 05 14:32:13.198925 dv-neutron-855868-5-hyperv neutron-server[107432]: DEBUG neutron_lib.callbacks.manager [None req-00e0b008-f539-458c-ab58-6efb8a6c39d8 tempest-QuotasNegativeTest-18014592 tempest-QuotasNegativeTest-18014592-project-admin] Subscribe: > port after_delete 55550000 {{(pid=107432) subscribe /usr/local/lib/python3.8/dist-packages/neutron_lib/callbacks/manager.py:45}}
Sep 05 14:32:13.198925 dv-neutron-855868-5-hyperv neutron-server[107432]: DEBUG neutron_lib.callbacks.manager [None req-00e0b008-f539-458c-ab58-6efb8a6c39d8 tempest-QuotasNegativeTest-18014592 tempest-QuotasNegativeTest-18014592-project-admin] Subscribe: > port after_update 55550000 {{(pid=107432) subscribe /usr/local/lib/python3.8/dist-packages/neutron_lib/callbacks/manager.py:45}}
Sep 05 14:32:13.199116 dv-neutron-855868-5-hyperv neutron-server[107432]: DEBUG neutron_lib.callbacks.manager [None req-00e0b008-f539-458c-ab58-6efb8a6c39d8 tempest-QuotasNegativeTest-18014592 tempest-QuotasNegativeTest-18014592-project-admin] Subscribe: > segment after_delete 55550000 {{(pid=107432) subscribe /usr/local/lib/python3.8/dist-packages/neutron_lib/callbacks/manager.py:45}}
Sep 05 14:32:13.199341 dv-neutron-855868-5-hyperv neutron-server[107432]: DEBUG neutron_lib.callbacks.manager [None req-00e0b008-f539-458c-ab58-6efb8a6c39d8 tempest-QuotasNegativeTest-18014592 tempest-QuotasNegativeTest-18014592-project-admin] Subscribe: > subnet after_create 55550000 {{(pid=107432) subscribe /usr/local/lib/python3.8/dist-packages/neutron_lib/callbacks/manager.py:45}}
Sep 05 14:32:13.199654 dv-neutron-855868-5-hyperv neutron-server[107432]: DEBUG neutron_lib.callbacks.manager [None req-00e0b008-f539-458c-ab58-6efb8a6c39d8 tempest-QuotasNegativeTest-18014592 tempest-QuotasNegativeTest-18014592-project-admin] Subscribe: > subnet after_delete 55550000 {{(pid=107432) subscribe /usr/local/lib/python3.8/dist-packages/neutron_lib/callbacks/manager.py:45}}
Sep 05 14:32:13.199964 dv-neutron-855868-5-hyperv neutron-server[107432]: DEBUG neutron_lib.callbacks.manager [None req-00e0b008-f539-458c-ab58-6efb8a6c39d8 tempest-QuotasNegativeTest-18014592 tempest-QuotasNegativeTest-18014592-project-admin] Subscribe: > subnet after_update 55550000 {{(pid=107432) subscribe /usr/local/lib/python3.8/dist-packages/neutron_lib/callbacks/manager.py:45}}
Sep 05 14:32:13.257439 dv-neutron-855868-5-hyperv neutron-server[107433]: DEBUG neutron_lib.callbacks.manager [None req-d7241b3f-1804-4b56-92a9-b3dcab9cc7f0 admin admin] Publish callbacks [] for security_group (b9eeb0b5-0ce5-4145-a41d-b99948830675), precommit_create {{(pid=107433) _notify_loop /usr/local/lib/python3.8/dist-packages/neutron_lib/callbacks/manager.py:176}}
Sep 05 14:32:13.318392 dv-neutron-855868-5-hyperv neutron-server[107433]: DEBUG dbcounter [-] [107433] Writing DB stats neutron:SELECT=94,neutron:INSERT=4,neutron:DELETE=2 {{(pid=107433) stat_writer /usr/local/lib/python3.8/dist-packages/dbcounter.py:114}}
Sep 05 14:32:13.344400 dv-neutron-855868-5-hyperv neutron-server[107433]: DEBUG neutron_lib.callbacks.manager [None req-d7241b3f-1804-4b56-92a9-b3dcab9cc7f0 admin admin] Publish callbacks ['neutron.plugins.ml2.ovo_rpc._ObjectChangeHandler.handle_event-701786'] for security_group (b9eeb0b5-0ce5-4145-a41d-b99948830675), after_create {{(pid=107433) _notify_loop /usr/local/lib/python3.8/dist-packages/neutron_lib/callbacks/manager.py:176}}
Sep 05 14:32:13.350425 dv-neutron-855868-5-hyperv neutron-server[107433]: DEBUG neutron.db.db_base_plugin_common [None req-f35fc2f2-567e-4204-84cf-8a864cc1cfdb admin admin] Allocated IP 172.20.0.1 (15b3ab06-3651-445d-885d-b3230ed9223b/a818c989-96e3-499a-b7ce-d4364bd0ea2f/97076ada-35fd-4047-a9c6-e33d9f2868f6) {{(pid=107433) _store_ip_allocation /opt/stack/neutron/neutron/db/db_base_plugin_common.py:131}}
Sep 05 14:32:13.374391 dv-neutron-855868-5-hyperv neutron-server[107433]: DEBUG neutron.api.rpc.handlers.resources_rpc [None req-d7241b3f-1804-4b56-92a9-b3dcab9cc7f0 admin admin] Pushing event updated for resources: {'SecurityGroup': ['ID=b9eeb0b5-0ce5-4145-a41d-b99948830675,revision_number=1']} {{(pid=107433) push /opt/stack/neutron/neutron/api/rpc/handlers/resources_rpc.py:237}}
Sep 05 14:32:13.392377 dv-neutron-855868-5-hyperv neutron-server[107434]: DEBUG neutron.plugins.ml2.db [None req-16f1078e-9ad0-4453-822e-33c3c8313a26 None None] For port 50c741fd-123e-403d-a02a-2cd5a92d1615, host dv-neutron-855868-5-hyperv, got binding levels [PortBindingLevel(driver='openvswitch',host='dv-neutron-855868-5-hyperv',level=0,port_id=50c741fd-123e-403d-a02a-2cd5a92d1615,segment=NetworkSegment(ceb7f5b9-81f0-46ae-9e39-ec749ad746a3),segment_id=ceb7f5b9-81f0-46ae-9e39-ec749ad746a3)] {{(pid=107434) get_binding_level_objs /opt/stack/neutron/neutron/plugins/ml2/db.py:74}}
Sep 05 14:32:13.408708 dv-neutron-855868-5-hyperv neutron-server[107433]: INFO neutron.wsgi [None req-d7241b3f-1804-4b56-92a9-b3dcab9cc7f0 admin admin] 10.222.0.25 "GET /networking/v2.0/security-groups?tenant_id=9ca39510835848b5a90589c3fbe6f869&name=default HTTP/1.1" status: 200 len: 2996 time: 0.6749816
Sep 05 14:32:13.409374 dv-neutron-855868-5-hyperv neutron-server[107433]: DEBUG neutron.wsgi [-] (107433) accepted ('10.222.0.25', 60136) {{(pid=107433) server /usr/local/lib/python3.8/dist-packages/eventlet/wsgi.py:1004}}
Sep 05 14:32:13.419141 dv-neutron-855868-5-hyperv neutron-server[107434]: DEBUG neutron.api.rpc.handlers.resources_rpc [None req-52946153-cc25-4842-bac6-5d8d379e0f28 None None] Pushing event updated for resources: {'Port': ['ID=387a319b-d6eb-40c6-a78d-e2563c03e836,revision_number=3']} {{(pid=107434) push /opt/stack/neutron/neutron/api/rpc/handlers/resources_rpc.py:237}}
Sep 05 14:32:13.423215 dv-neutron-855868-5-hyperv neutron-server[107434]: DEBUG neutron.db.provisioning_blocks [None req-52946153-cc25-4842-bac6-5d8d379e0f28 None None] Provisioning complete for port ea6b758d-1ca0-4552-8244-f18046e58eb8 triggered by entity L2. {{(pid=107434) provisioning_complete /opt/stack/neutron/neutron/db/provisioning_blocks.py:144}}
Sep 05 14:32:13.423662 dv-neutron-855868-5-hyperv neutron-server[107434]: DEBUG neutron_lib.callbacks.manager [None req-52946153-cc25-4842-bac6-5d8d379e0f28 None None] Publish callbacks ['neutron.plugins.ml2.plugin.Ml2Plugin._port_provisioned-16061723'] for port (ea6b758d-1ca0-4552-8244-f18046e58eb8), provisioning_complete {{(pid=107434) _notify_loop /usr/local/lib/python3.8/dist-packages/neutron_lib/callbacks/manager.py:176}}
Sep 05 14:32:13.463192 dv-neutron-855868-5-hyperv neutron-server[107434]: DEBUG neutron_lib.callbacks.manager [None req-16f1078e-9ad0-4453-822e-33c3c8313a26 None None] Publish callbacks ['neutron.plugins.ml2.plugin.SecurityGroupServerNotifierRpcMixin._notify_sg_on_port_change-16142312', 'neutron.plugins.ml2.ovo_rpc._ObjectChangeHandler.handle_event-63554', 'neutron.api.rpc.agentnotifiers.dhcp_rpc_agent_api.DhcpAgentNotifyAPI._native_event_send_dhcp_notification-546017', 'neutron.db.l3_db.L3RpcNotifierMixin._notify_gateway_port_ip_changed-8767831689090', 'neutron.db.l3_dvrscheduler_db._notify_l3_agent_port_update-8767831230109', 'neutron.db.l3_hascheduler_db._notify_l3_agent_ha_port_update-8767831230127'] for port (50c741fd-123e-403d-a02a-2cd5a92d1615), after_update {{(pid=107434) _notify_loop /usr/local/lib/python3.8/dist-packages/neutron_lib/callbacks/manager.py:176}}
Sep 05 14:32:13.470856 dv-neutron-855868-5-hyperv neutron-server[107432]: DEBUG neutron_lib.callbacks.manager [None req-00e0b008-f539-458c-ab58-6efb8a6c39d8 tempest-QuotasNegativeTest-18014592 tempest-QuotasNegativeTest-18014592-project-admin] Subscribe: > subnet after_create 55550000 {{(pid=107432) subscribe /usr/local/lib/python3.8/dist-packages/neutron_lib/callbacks/manager.py:45}}
Sep 05 14:32:13.470856 dv-neutron-855868-5-hyperv neutron-server[107432]: DEBUG neutron_lib.callbacks.manager [None req-00e0b008-f539-458c-ab58-6efb8a6c39d8 tempest-QuotasNegativeTest-18014592 tempest-QuotasNegativeTest-18014592-project-admin] Subscribe: > subnet after_delete 55550000 {{(pid=107432) subscribe /usr/local/lib/python3.8/dist-packages/neutron_lib/callbacks/manager.py:45}}
Sep 05 14:32:13.470856 dv-neutron-855868-5-hyperv neutron-server[107432]: DEBUG neutron_lib.callbacks.manager [None req-00e0b008-f539-458c-ab58-6efb8a6c39d8 tempest-QuotasNegativeTest-18014592 tempest-QuotasNegativeTest-18014592-project-admin] Subscribe: > subnet before_create 55550000 {{(pid=107432) subscribe /usr/local/lib/python3.8/dist-packages/neutron_lib/callbacks/manager.py:45}}
Sep 05 14:32:13.470856 dv-neutron-855868-5-hyperv neutron-server[107432]: DEBUG neutron_lib.callbacks.manager [None req-00e0b008-f539-458c-ab58-6efb8a6c39d8 tempest-QuotasNegativeTest-18014592 tempest-QuotasNegativeTest-18014592-project-admin] Subscribe: > subnet before_update 55550000 {{(pid=107432) subscribe /usr/local/lib/python3.8/dist-packages/neutron_lib/callbacks/manager.py:45}}
Sep 05 14:32:13.470856 dv-neutron-855868-5-hyperv neutron-server[107432]: DEBUG neutron.services.segments.db [None req-00e0b008-f539-458c-ab58-6efb8a6c39d8 tempest-QuotasNegativeTest-18014592 tempest-QuotasNegativeTest-18014592-project-admin] neutron.services.segments.plugin.Plugin method get_segments called with arguments (,) {'filters': {'network_id': ['92877105-a611-4b7b-b5fe-97900b41fb81']}} {{(pid=107432) wrapper /usr/local/lib/python3.8/dist-packages/oslo_log/helpers.py:65}}
Sep 05 14:32:13.489642 dv-neutron-855868-5-hyperv neutron-server[107432]: DEBUG neutron.db.db_base_plugin_common [None req-3b1359bd-5b13-4e49-a9ae-67c3a6adeb45 tempest-DHCPAgentSchedulersTestJSON-1280065098 tempest-DHCPAgentSchedulersTestJSON-1280065098-project] Allocated IP 172.20.0.13 (70204bcc-6e85-4063-b310-c2d00736a8f0/05a289fd-bf8c-454e-99a0-11444603d5fd/ac94d509-f43b-4aea-90de-545d602c582f) {{(pid=107432) _store_ip_allocation /opt/stack/neutron/neutron/db/db_base_plugin_common.py:131}}
Sep 05 14:32:13.520687 dv-neutron-855868-5-hyperv neutron-server[107434]: DEBUG neutron.db.provisioning_blocks [None req-16f1078e-9ad0-4453-822e-33c3c8313a26 None None] Provisioning complete for port 387a319b-d6eb-40c6-a78d-e2563c03e836 triggered by entity DHCP. {{(pid=107434) provisioning_complete /opt/stack/neutron/neutron/db/provisioning_blocks.py:144}}
Sep 05 14:32:13.521289 dv-neutron-855868-5-hyperv neutron-server[107434]: DEBUG neutron_lib.callbacks.manager [None req-16f1078e-9ad0-4453-822e-33c3c8313a26 None None] Publish callbacks ['neutron.plugins.ml2.plugin.Ml2Plugin._port_provisioned-16061723'] for port (387a319b-d6eb-40c6-a78d-e2563c03e836), provisioning_complete {{(pid=107434) _notify_loop /usr/local/lib/python3.8/dist-packages/neutron_lib/callbacks/manager.py:176}}
Sep 05 14:32:13.532232 dv-neutron-855868-5-hyperv neutron-server[107434]: DEBUG dbcounter [-] [107434] Writing DB stats neutron:SELECT=91,neutron:UPDATE=5,neutron:INSERT=4 {{(pid=107434) stat_writer /usr/local/lib/python3.8/dist-packages/dbcounter.py:114}}
Sep 05 14:32:13.535172 dv-neutron-855868-5-hyperv neutron-server[107433]: DEBUG neutron_lib.callbacks.manager [None req-38d20f81-6f3f-4aed-93fd-6bbe62bc99f2 admin admin] Publish callbacks [] for security_group (b9eeb0b5-0ce5-4145-a41d-b99948830675), before_delete {{(pid=107433) _notify_loop /usr/local/lib/python3.8/dist-packages/neutron_lib/callbacks/manager.py:176}}
Sep 05 14:32:13.561319 dv-neutron-855868-5-hyperv neutron-server[107433]: DEBUG neutron_lib.callbacks.manager [None req-38d20f81-6f3f-4aed-93fd-6bbe62bc99f2 admin admin] Publish callbacks [] for security_group (b9eeb0b5-0ce5-4145-a41d-b99948830675), precommit_delete {{(pid=107433) _notify_loop /usr/local/lib/python3.8/dist-packages/neutron_lib/callbacks/manager.py:176}}
Sep 05 14:32:13.568624 dv-neutron-855868-5-hyperv neutron-server[107432]: DEBUG neutron.services.segments.db [None req-00e0b008-f539-458c-ab58-6efb8a6c39d8 tempest-QuotasNegativeTest-18014592 tempest-QuotasNegativeTest-18014592-project-admin] neutron.services.segments.plugin.Plugin method delete_segment called with arguments (, 'be8311df-8312-43f7-82e3-02f5a84f805e') {'for_net_delete': True} {{(pid=107432) wrapper /usr/local/lib/python3.8/dist-packages/oslo_log/helpers.py:65}}
Sep 05 14:32:13.568922 dv-neutron-855868-5-hyperv neutron-server[107432]: DEBUG neutron.services.segments.db [None req-00e0b008-f539-458c-ab58-6efb8a6c39d8 tempest-QuotasNegativeTest-18014592 tempest-QuotasNegativeTest-18014592-project-admin] neutron.services.segments.plugin.Plugin method get_segment called with arguments (, 'be8311df-8312-43f7-82e3-02f5a84f805e') {} {{(pid=107432) wrapper /usr/local/lib/python3.8/dist-packages/oslo_log/helpers.py:65}}
Sep 05 14:32:13.570344 dv-neutron-855868-5-hyperv neutron-server[107434]: DEBUG neutron.api.rpc.handlers.resources_rpc [None req-16f1078e-9ad0-4453-822e-33c3c8313a26 None None] Pushing event updated for resources: {'Port': ['ID=50c741fd-123e-403d-a02a-2cd5a92d1615,revision_number=3']} {{(pid=107434) push /opt/stack/neutron/neutron/api/rpc/handlers/resources_rpc.py:237}}
Sep 05 14:32:13.577991 dv-neutron-855868-5-hyperv neutron-server[107434]: DEBUG neutron.plugins.ml2.plugin [None req-52946153-cc25-4842-bac6-5d8d379e0f28 None None] Current status of the port ea6b758d-1ca0-4552-8244-f18046e58eb8 is: ACTIVE; New status is: ACTIVE {{(pid=107434) _update_individual_port_db_status /opt/stack/neutron/neutron/plugins/ml2/plugin.py:2302}}
Sep 05 14:32:13.579162 dv-neutron-855868-5-hyperv neutron-server[107434]: DEBUG neutron.plugins.ml2.rpc [None req-52946153-cc25-4842-bac6-5d8d379e0f28 None None] Device 50c741fd-123e-403d-a02a-2cd5a92d1615 up at agent ovs-agent-dv-neutron-855868-5-hyperv {{(pid=107434) update_device_up /opt/stack/neutron/neutron/plugins/ml2/rpc.py:296}}
Sep 05 14:32:13.605412 dv-neutron-855868-5-hyperv neutron-server[107433]: DEBUG neutron_lib.callbacks.manager [None req-f35fc2f2-567e-4204-84cf-8a864cc1cfdb admin admin] Publish callbacks [] for port (97076ada-35fd-4047-a9c6-e33d9f2868f6), precommit_create {{(pid=107433) _notify_loop /usr/local/lib/python3.8/dist-packages/neutron_lib/callbacks/manager.py:176}}
Sep 05 14:32:13.605634 dv-neutron-855868-5-hyperv neutron-server[107432]: DEBUG neutron.api.rpc.handlers.resources_rpc [None req-fcf36f9a-ea80-4395-90b4-a03499fcd4b3 tempest-PortsAdminExtendedAttrsTestJSON-663864765 tempest-PortsAdminExtendedAttrsTestJSON-663864765-project-admin] Pushing event updated for resources: {'Port': ['ID=a11ad1f9-1cb2-43f7-b682-44d66a2f7af3,revision_number=1']} {{(pid=107432) push /opt/stack/neutron/neutron/api/rpc/handlers/resources_rpc.py:237}}
Sep 05 14:32:13.607851 dv-neutron-855868-5-hyperv neutron-server[107432]: DEBUG neutron.plugins.ml2.drivers.mech_agent [None req-fcf36f9a-ea80-4395-90b4-a03499fcd4b3 tempest-PortsAdminExtendedAttrsTestJSON-663864765 tempest-PortsAdminExtendedAttrsTestJSON-663864765-project-admin] Checking segment: {'id': '94f47a04-49b4-4755-993a-30b7366514c3', 'network_type': 'vlan', 'physical_network': 'physnet1', 'segmentation_id': 228, 'network_id': 'd0494928-8884-4d63-a596-9aa8f769d276'} for mappings: {'physnet1': 'br-data'} with network types: ['local', 'flat', 'vlan'] {{(pid=107432) check_segment_for_agent /opt/stack/neutron/neutron/plugins/ml2/drivers/mech_agent.py:399}}
Sep 05 14:32:13.608204 dv-neutron-855868-5-hyperv neutron-server[107432]: DEBUG neutron.scheduler.dhcp_agent_scheduler [None req-fcf36f9a-ea80-4395-90b4-a03499fcd4b3 tempest-PortsAdminExtendedAttrsTestJSON-663864765 tempest-PortsAdminExtendedAttrsTestJSON-663864765-project-admin] Network hostable DHCP agents. Network: d0494928-8884-4d63-a596-9aa8f769d276, hostable agents: ['9a8d9539-3acf-4d96-a2b8-01bd5c78e78b'], hosted agents: [] {{(pid=107432) _get_network_hostable_dhcp_agents /opt/stack/neutron/neutron/scheduler/dhcp_agent_scheduler.py:329}}
Sep 05 14:32:13.622365 dv-neutron-855868-5-hyperv neutron-server[107432]: DEBUG neutron_lib.callbacks.manager [None req-00e0b008-f539-458c-ab58-6efb8a6c39d8 tempest-QuotasNegativeTest-18014592 tempest-QuotasNegativeTest-18014592-project-admin] Publish callbacks ['neutron.plugins.ml2.db._prevent_segment_delete_with_port_bound-8767831772052', 'neutron.services.segments.plugin.Plugin._prevent_segment_delete_with_subnet_associated-2395032'] for segment (be8311df-8312-43f7-82e3-02f5a84f805e), before_delete {{(pid=107432) _notify_loop /usr/local/lib/python3.8/dist-packages/neutron_lib/callbacks/manager.py:176}}
Sep 05 14:32:13.667930 dv-neutron-855868-5-hyperv neutron-server[107434]: DEBUG neutron.db.provisioning_blocks [None req-52946153-cc25-4842-bac6-5d8d379e0f28 None None] Provisioning complete for port 50c741fd-123e-403d-a02a-2cd5a92d1615 triggered by entity L2. {{(pid=107434) provisioning_complete /opt/stack/neutron/neutron/db/provisioning_blocks.py:144}}
Sep 05 14:32:13.668398 dv-neutron-855868-5-hyperv neutron-server[107434]: DEBUG neutron_lib.callbacks.manager [None req-52946153-cc25-4842-bac6-5d8d379e0f28 None None] Publish callbacks ['neutron.plugins.ml2.plugin.Ml2Plugin._port_provisioned-16061723'] for port (50c741fd-123e-403d-a02a-2cd5a92d1615), provisioning_complete {{(pid=107434) _notify_loop /usr/local/lib/python3.8/dist-packages/neutron_lib/callbacks/manager.py:176}}
Sep 05 14:32:13.676098 dv-neutron-855868-5-hyperv neutron-server[107434]: DEBUG neutron.plugins.ml2.plugin [None req-16f1078e-9ad0-4453-822e-33c3c8313a26 None None] Current status of the port 387a319b-d6eb-40c6-a78d-e2563c03e836 is: ACTIVE; New status is: ACTIVE {{(pid=107434) _update_individual_port_db_status /opt/stack/neutron/neutron/plugins/ml2/plugin.py:2302}}
Sep 05 14:32:13.708116 dv-neutron-855868-5-hyperv neutron-server[107433]: DEBUG neutron_lib.callbacks.manager [None req-38d20f81-6f3f-4aed-93fd-6bbe62bc99f2 admin admin] Publish callbacks ['neutron.plugins.ml2.ovo_rpc._ObjectChangeHandler.handle_event-701786'] for security_group (b9eeb0b5-0ce5-4145-a41d-b99948830675), after_delete {{(pid=107433) _notify_loop /usr/local/lib/python3.8/dist-packages/neutron_lib/callbacks/manager.py:176}}
Sep 05 14:32:13.711504 dv-neutron-855868-5-hyperv neutron-server[107433]: DEBUG neutron_lib.callbacks.manager [None req-38d20f81-6f3f-4aed-93fd-6bbe62bc99f2 admin admin] Publish callbacks [] for security_group (None), before_response {{(pid=107433) _notify_loop /usr/local/lib/python3.8/dist-packages/neutron_lib/callbacks/manager.py:176}}
Sep 05 14:32:13.711942 dv-neutron-855868-5-hyperv neutron-server[107432]: DEBUG neutron_lib.callbacks.manager [None req-00e0b008-f539-458c-ab58-6efb8a6c39d8 tempest-QuotasNegativeTest-18014592 tempest-QuotasNegativeTest-18014592-project-admin] Publish callbacks ['neutron.plugins.ml2.plugin.Ml2Plugin._handle_segment_change-16065936'] for segment (be8311df-8312-43f7-82e3-02f5a84f805e), precommit_delete {{(pid=107432) _notify_loop /usr/local/lib/python3.8/dist-packages/neutron_lib/callbacks/manager.py:176}}
Sep 05 14:32:13.715147 dv-neutron-855868-5-hyperv neutron-server[107433]: INFO neutron.wsgi [None req-38d20f81-6f3f-4aed-93fd-6bbe62bc99f2 admin admin] 10.222.0.25 "DELETE /networking/v2.0/security-groups/b9eeb0b5-0ce5-4145-a41d-b99948830675 HTTP/1.1" status: 204 len: 168 time: 0.2948670
Sep 05 14:32:13.726147 dv-neutron-855868-5-hyperv neutron-server[107433]: DEBUG neutron.api.rpc.handlers.resources_rpc [None req-38d20f81-6f3f-4aed-93fd-6bbe62bc99f2 admin admin] Pushing event deleted for resources: {'SecurityGroup': ['ID=b9eeb0b5-0ce5-4145-a41d-b99948830675,revision_number=None']} {{(pid=107433) push /opt/stack/neutron/neutron/api/rpc/handlers/resources_rpc.py:237}}
Sep 05 14:32:13.743935 dv-neutron-855868-5-hyperv neutron-server[107433]: DEBUG neutron_lib.callbacks.manager [None req-f35fc2f2-567e-4204-84cf-8a864cc1cfdb admin admin] Publish callbacks ['neutron.plugins.ml2.plugin.SecurityGroupServerNotifierRpcMixin._notify_sg_on_port_change-16142312', 'neutron.plugins.ml2.ovo_rpc._ObjectChangeHandler.handle_event-63554', 'neutron.api.rpc.agentnotifiers.dhcp_rpc_agent_api.DhcpAgentNotifyAPI._native_event_send_dhcp_notification-546017', 'neutron.db.l3_dvrscheduler_db._notify_l3_agent_new_port-8767831230091'] for port (97076ada-35fd-4047-a9c6-e33d9f2868f6), after_create {{(pid=107433) _notify_loop /usr/local/lib/python3.8/dist-packages/neutron_lib/callbacks/manager.py:176}}
Sep 05 14:32:13.747758 dv-neutron-855868-5-hyperv neutron-server[107432]: DEBUG neutron.plugins.ml2.drivers.type_vlan [None req-00e0b008-f539-458c-ab58-6efb8a6c39d8 tempest-QuotasNegativeTest-18014592 tempest-QuotasNegativeTest-18014592-project-admin] Releasing vlan 248 on physical network physnet1 to pool {{(pid=107432) release_segment /opt/stack/neutron/neutron/plugins/ml2/drivers/type_vlan.py:304}}
Sep 05 14:32:13.748170 dv-neutron-855868-5-hyperv neutron-server[107432]: DEBUG neutron_lib.callbacks.manager [None req-00e0b008-f539-458c-ab58-6efb8a6c39d8 tempest-QuotasNegativeTest-18014592 tempest-QuotasNegativeTest-18014592-project-admin] Publish callbacks ['neutron.plugins.ml2.plugin.Ml2Plugin._handle_segment_change-16065936', 'neutron.services.segments.plugin.NovaSegmentNotifier._notify_segment_deleted-2326920'] for segment (be8311df-8312-43f7-82e3-02f5a84f805e), after_delete {{(pid=107432) _notify_loop /usr/local/lib/python3.8/dist-packages/neutron_lib/callbacks/manager.py:176}}
Sep 05 14:32:13.826253 dv-neutron-855868-5-hyperv neutron-server[107432]: DEBUG neutron_lib.callbacks.manager [None req-8bea9ff1-793b-4e06-a2ae-d60d76d5b9a3 admin admin] Publish callbacks [] for port (95edb601-d567-4658-b14d-df54acdae727), precommit_create {{(pid=107432) _notify_loop /usr/local/lib/python3.8/dist-packages/neutron_lib/callbacks/manager.py:176}}
Sep 05 14:32:13.866279 dv-neutron-855868-5-hyperv neutron-server[107433]: DEBUG neutron.scheduler.dhcp_agent_scheduler [None req-f35fc2f2-567e-4204-84cf-8a864cc1cfdb admin admin] Network 15b3ab06-3651-445d-885d-b3230ed9223b is already hosted by enough agents. {{(pid=107433) _get_dhcp_agents_hosting_network /opt/stack/neutron/neutron/scheduler/dhcp_agent_scheduler.py:275}}
Sep 05 14:32:13.872208 dv-neutron-855868-5-hyperv neutron-server[107433]: DEBUG neutron.scheduler.base_scheduler [None req-f35fc2f2-567e-4204-84cf-8a864cc1cfdb admin admin] Resources bound (agent type, host, resource id): {{(pid=107433) schedule /opt/stack/neutron/neutron/scheduler/base_scheduler.py:57}}
Sep 05 14:32:13.875149 dv-neutron-855868-5-hyperv neutron-server[107433]: DEBUG neutron.api.rpc.handlers.resources_rpc [None req-f35fc2f2-567e-4204-84cf-8a864cc1cfdb admin admin] Pushing event updated for resources: {'Port': ['ID=97076ada-35fd-4047-a9c6-e33d9f2868f6,revision_number=1']} {{(pid=107433) push /opt/stack/neutron/neutron/api/rpc/handlers/resources_rpc.py:237}}
Sep 05 14:32:13.879360 dv-neutron-855868-5-hyperv neutron-server[107433]: DEBUG neutron.db.l3_dvrscheduler_db [None req-f35fc2f2-567e-4204-84cf-8a864cc1cfdb admin admin] Received port after_create {{(pid=107433) _notify_l3_agent_new_port /opt/stack/neutron/neutron/db/l3_dvrscheduler_db.py:538}}
Sep 05 14:32:13.880307 dv-neutron-855868-5-hyperv neutron-server[107433]: DEBUG neutron_lib.callbacks.manager [None req-f35fc2f2-567e-4204-84cf-8a864cc1cfdb admin admin] Publish callbacks ['neutron.services.l3_router.l3_router_plugin.DVRResourceOperationHandler._add_csnat_on_interface_create-623380'] for router_interface (0924b9da-f144-4bac-be61-40595d33b7ad), before_create {{(pid=107433) _notify_loop /usr/local/lib/python3.8/dist-packages/neutron_lib/callbacks/manager.py:176}}
Sep 05 14:32:13.923058 dv-neutron-855868-5-hyperv neutron-server[107434]: DEBUG neutron.plugins.ml2.plugin [None req-52946153-cc25-4842-bac6-5d8d379e0f28 None None] Current status of the port 50c741fd-123e-403d-a02a-2cd5a92d1615 is: ACTIVE; New status is: ACTIVE {{(pid=107434) _update_individual_port_db_status /opt/stack/neutron/neutron/plugins/ml2/plugin.py:2302}}
Sep 05 14:32:13.925864 dv-neutron-855868-5-hyperv neutron-server[107434]: DEBUG neutron.db.provisioning_blocks [None req-6fabf351-acb1-4597-8753-6e02bbbaa17d None None] Provisioning complete for port 387a319b-d6eb-40c6-a78d-e2563c03e836 triggered by entity DHCP. {{(pid=107434) provisioning_complete /opt/stack/neutron/neutron/db/provisioning_blocks.py:144}}
Sep 05 14:32:13.937330 dv-neutron-855868-5-hyperv neutron-server[107434]: DEBUG neutron_lib.callbacks.manager [None req-6fabf351-acb1-4597-8753-6e02bbbaa17d None None] Publish callbacks ['neutron.plugins.ml2.plugin.Ml2Plugin._port_provisioned-16061723'] for port (387a319b-d6eb-40c6-a78d-e2563c03e836), provisioning_complete {{(pid=107434) _notify_loop /usr/local/lib/python3.8/dist-packages/neutron_lib/callbacks/manager.py:176}}
Sep 05 14:32:13.964715 dv-neutron-855868-5-hyperv neutron-server[107434]: DEBUG dbcounter [-] [107434] Writing DB stats neutron:SELECT=98,neutron:UPDATE=2 {{(pid=107434) stat_writer /usr/local/lib/python3.8/dist-packages/dbcounter.py:114}}
Sep 05 14:32:13.970969 dv-neutron-855868-5-hyperv neutron-server[107432]: DEBUG neutron.scheduler.dhcp_agent_scheduler [None req-fcf36f9a-ea80-4395-90b4-a03499fcd4b3 tempest-PortsAdminExtendedAttrsTestJSON-663864765 tempest-PortsAdminExtendedAttrsTestJSON-663864765-project-admin] Network d0494928-8884-4d63-a596-9aa8f769d276 is scheduled to be hosted by DHCP agent 9a8d9539-3acf-4d96-a2b8-01bd5c78e78b with binding_index 1 {{(pid=107432) bind /opt/stack/neutron/neutron/scheduler/dhcp_agent_scheduler.py:227}}
Sep 05 14:32:14.098846 dv-neutron-855868-5-hyperv neutron-server[107432]: DEBUG neutron.scheduler.base_scheduler [None req-fcf36f9a-ea80-4395-90b4-a03499fcd4b3 tempest-PortsAdminExtendedAttrsTestJSON-663864765 tempest-PortsAdminExtendedAttrsTestJSON-663864765-project-admin] Resources bound (agent type, host, resource id): (DHCP agent, dv-neutron-855868-5-hyperv, d0494928-8884-4d63-a596-9aa8f769d276) {{(pid=107432) schedule /opt/stack/neutron/neutron/scheduler/base_scheduler.py:57}}
Sep 05 14:32:14.112463 dv-neutron-855868-5-hyperv neutron-server[107434]: DEBUG neutron.plugins.ml2.plugin [None req-6fabf351-acb1-4597-8753-6e02bbbaa17d None None] Current status of the port 387a319b-d6eb-40c6-a78d-e2563c03e836 is: ACTIVE; New status is: ACTIVE {{(pid=107434) _update_individual_port_db_status /opt/stack/neutron/neutron/plugins/ml2/plugin.py:2302}}
Sep 05 14:32:14.123443 dv-neutron-855868-5-hyperv neutron-server[107434]: DEBUG neutron.api.rpc.handlers.dhcp_rpc [None req-e8d78e92-9e80-418a-a624-045e2e553c4a None None] Network d0494928-8884-4d63-a596-9aa8f769d276 requested from dv-neutron-855868-5-hyperv {{(pid=107434) get_network_info /opt/stack/neutron/neutron/api/rpc/handlers/dhcp_rpc.py:193}}
Sep 05 14:32:14.145673 dv-neutron-855868-5-hyperv neutron-server[107432]: DEBUG neutron.db.l3_dvrscheduler_db [None req-fcf36f9a-ea80-4395-90b4-a03499fcd4b3 tempest-PortsAdminExtendedAttrsTestJSON-663864765 tempest-PortsAdminExtendedAttrsTestJSON-663864765-project-admin] Received port after_create {{(pid=107432) _notify_l3_agent_new_port /opt/stack/neutron/neutron/db/l3_dvrscheduler_db.py:538}}
Sep 05 14:32:14.219200 dv-neutron-855868-5-hyperv neutron-server[107433]: DEBUG dbcounter [-] [107433] Writing DB stats neutron:SELECT=82,neutron:INSERT=14,neutron:UPDATE=4 {{(pid=107433) stat_writer /usr/local/lib/python3.8/dist-packages/dbcounter.py:114}}
Sep 05 14:32:14.232226 dv-neutron-855868-5-hyperv neutron-server[107432]: DEBUG neutron.plugins.ml2.managers [None req-fcf36f9a-ea80-4395-90b4-a03499fcd4b3 tempest-PortsAdminExtendedAttrsTestJSON-663864765 tempest-PortsAdminExtendedAttrsTestJSON-663864765-project-admin] Attempting to bind port a11ad1f9-1cb2-43f7-b682-44d66a2f7af3 on host hv-neutron-8558 for vnic_type normal with profile {{(pid=107432) bind_port /opt/stack/neutron/neutron/plugins/ml2/managers.py:810}}
Sep 05 14:32:14.233537 dv-neutron-855868-5-hyperv neutron-server[107432]: DEBUG neutron.plugins.ml2.managers [None req-fcf36f9a-ea80-4395-90b4-a03499fcd4b3 tempest-PortsAdminExtendedAttrsTestJSON-663864765 tempest-PortsAdminExtendedAttrsTestJSON-663864765-project-admin] Attempting to bind port a11ad1f9-1cb2-43f7-b682-44d66a2f7af3 by drivers openvswitch,hyperv on host hv-neutron-8558 at level 0 using segments [{'id': '94f47a04-49b4-4755-993a-30b7366514c3', 'network_type': 'vlan', 'physical_network': 'physnet1', 'segmentation_id': 228, 'network_id': 'd0494928-8884-4d63-a596-9aa8f769d276'}] {{(pid=107432) _bind_port_level /opt/stack/neutron/neutron/plugins/ml2/managers.py:835}}
Sep 05 14:32:14.236179 dv-neutron-855868-5-hyperv neutron-server[107432]: DEBUG neutron.plugins.ml2.drivers.mech_agent [None req-fcf36f9a-ea80-4395-90b4-a03499fcd4b3 tempest-PortsAdminExtendedAttrsTestJSON-663864765 tempest-PortsAdminExtendedAttrsTestJSON-663864765-project-admin] Attempting to bind port a11ad1f9-1cb2-43f7-b682-44d66a2f7af3 on network d0494928-8884-4d63-a596-9aa8f769d276 {{(pid=107432) bind_port /opt/stack/neutron/neutron/plugins/ml2/drivers/mech_agent.py:91}}
Sep 05 14:32:14.325574 dv-neutron-855868-5-hyperv neutron-server[107432]: DEBUG neutron_lib.callbacks.manager [None req-3b1359bd-5b13-4e49-a9ae-67c3a6adeb45 tempest-DHCPAgentSchedulersTestJSON-1280065098 tempest-DHCPAgentSchedulersTestJSON-1280065098-project] Publish callbacks [] for port (ac94d509-f43b-4aea-90de-545d602c582f), precommit_create {{(pid=107432) _notify_loop /usr/local/lib/python3.8/dist-packages/neutron_lib/callbacks/manager.py:176}}
Sep 05 14:32:14.373824 dv-neutron-855868-5-hyperv neutron-server[107432]: DEBUG neutron_lib.callbacks.manager [None req-00e0b008-f539-458c-ab58-6efb8a6c39d8 tempest-QuotasNegativeTest-18014592 tempest-QuotasNegativeTest-18014592-project-admin] Publish callbacks ['neutron.plugins.ml2.plugin.Ml2Plugin._network_delete_after_delete_handler-16068533', 'neutron.plugins.ml2.ovo_rpc._ObjectChangeHandler.handle_event-701719', 'neutron.api.rpc.agentnotifiers.dhcp_rpc_agent_api.DhcpAgentNotifyAPI._native_event_send_dhcp_notification-546017', 'neutron.services.l3_router.l3_router_plugin.DVRResourceOperationHandler.delete_fip_namespaces_for_ext_net-648888'] for network (92877105-a611-4b7b-b5fe-97900b41fb81), after_delete {{(pid=107432) _notify_loop /usr/local/lib/python3.8/dist-packages/neutron_lib/callbacks/manager.py:176}}
Sep 05 14:32:14.386143 dv-neutron-855868-5-hyperv neutron-server[107432]: DEBUG neutron_lib.callbacks.manager [None req-00e0b008-f539-458c-ab58-6efb8a6c39d8 tempest-QuotasNegativeTest-18014592 tempest-QuotasNegativeTest-18014592-project-admin] Publish callbacks ['neutron.api.rpc.agentnotifiers.dhcp_rpc_agent_api.DhcpAgentNotifyAPI._send_dhcp_notification-547355'] for network (None), before_response {{(pid=107432) _notify_loop /usr/local/lib/python3.8/dist-packages/neutron_lib/callbacks/manager.py:176}}
Sep 05 14:32:14.397864 dv-neutron-855868-5-hyperv neutron-server[107432]: INFO neutron.wsgi [None req-00e0b008-f539-458c-ab58-6efb8a6c39d8 tempest-QuotasNegativeTest-18014592 tempest-QuotasNegativeTest-18014592-project-admin] 10.222.0.25 "DELETE /networking/v2.0/networks/92877105-a611-4b7b-b5fe-97900b41fb81 HTTP/1.1" status: 204 len: 168 time: 2.4727573
Sep 05 14:32:14.400251 dv-neutron-855868-5-hyperv neutron-server[107433]: DEBUG neutron.wsgi [-] (107433) accepted ('10.222.0.25', 60150) {{(pid=107433) server /usr/local/lib/python3.8/dist-packages/eventlet/wsgi.py:1004}}
Sep 05 14:32:14.423702 dv-neutron-855868-5-hyperv neutron-server[107434]: DEBUG neutron.plugins.ml2.rpc [None req-52946153-cc25-4842-bac6-5d8d379e0f28 None None] Device 387a319b-d6eb-40c6-a78d-e2563c03e836 up at agent ovs-agent-dv-neutron-855868-5-hyperv {{(pid=107434) update_device_up /opt/stack/neutron/neutron/plugins/ml2/rpc.py:296}}
Sep 05 14:32:14.429044 dv-neutron-855868-5-hyperv neutron-server[107432]: DEBUG neutron.plugins.ml2.drivers.mech_agent [None req-fcf36f9a-ea80-4395-90b4-a03499fcd4b3 tempest-PortsAdminExtendedAttrsTestJSON-663864765 tempest-PortsAdminExtendedAttrsTestJSON-663864765-project-admin] Port a11ad1f9-1cb2-43f7-b682-44d66a2f7af3 on network d0494928-8884-4d63-a596-9aa8f769d276 not bound, no agent of type Open vSwitch agent registered on host hv-neutron-8558 {{(pid=107432) bind_port /opt/stack/neutron/neutron/plugins/ml2/drivers/mech_agent.py:120}}
Sep 05 14:32:14.429386 dv-neutron-855868-5-hyperv neutron-server[107432]: ERROR neutron.plugins.ml2.managers [None req-fcf36f9a-ea80-4395-90b4-a03499fcd4b3 tempest-PortsAdminExtendedAttrsTestJSON-663864765 tempest-PortsAdminExtendedAttrsTestJSON-663864765-project-admin] Failed to bind port a11ad1f9-1cb2-43f7-b682-44d66a2f7af3 on host hv-neutron-8558 for vnic_type normal using segments [{'id': '94f47a04-49b4-4755-993a-30b7366514c3', 'network_type': 'vlan', 'physical_network': 'physnet1', 'segmentation_id': 228, 'network_id': 'd0494928-8884-4d63-a596-9aa8f769d276'}]
Sep 05 14:32:14.451135 dv-neutron-855868-5-hyperv neutron-server[107433]: DEBUG neutron_lib.callbacks.manager [None req-f35fc2f2-567e-4204-84cf-8a864cc1cfdb admin admin] Publish callbacks ['neutron.plugins.ml2.plugin.SecurityGroupDbMixin._ensure_default_security_group_handler-16142251'] for port (97076ada-35fd-4047-a9c6-e33d9f2868f6), before_update {{(pid=107433) _notify_loop /usr/local/lib/python3.8/dist-packages/neutron_lib/callbacks/manager.py:176}}
Sep 05 14:32:14.462459 dv-neutron-855868-5-hyperv neutron-server[107432]: INFO neutron.plugins.ml2.plugin [None req-fcf36f9a-ea80-4395-90b4-a03499fcd4b3 tempest-PortsAdminExtendedAttrsTestJSON-663864765 tempest-PortsAdminExtendedAttrsTestJSON-663864765-project-admin] Attempt 2 to bind port a11ad1f9-1cb2-43f7-b682-44d66a2f7af3
Sep 05 14:32:14.470309 dv-neutron-855868-5-hyperv neutron-server[107434]: DEBUG neutron.db.provisioning_blocks [None req-d9e5a151-7b8f-4298-ab03-2c4f0b8e3c9e None None] Provisioning complete for port 97076ada-35fd-4047-a9c6-e33d9f2868f6 triggered by entity DHCP. {{(pid=107434) provisioning_complete /opt/stack/neutron/neutron/db/provisioning_blocks.py:144}}
