Sep 05 13:08:51.591901 dv-neutron-855868-4-hyperv neutron-server[107795]: INFO neutron.wsgi [None req-747ea04e-b12d-4412-90b4-758b2aac8317 tempest-FloatingIPNegativeTestJSON-991867301 tempest-FloatingIPNegativeTestJSON-991867301-project] 10.222.0.73 "POST /networking/v2.0/routers HTTP/1.1" status: 201 len: 715 time: 1.2679293
Sep 05 13:08:51.592117 dv-neutron-855868-4-hyperv neutron-server[107796]: DEBUG neutron.plugins.ml2.managers [None req-db45424c-1939-4084-adaf-39e7200ba741 tempest-PortsAdminExtendedAttrsTestJSON-1831210152 tempest-PortsAdminExtendedAttrsTestJSON-1831210152-project-admin] Attempting to bind port 1ab5ffa4-fa9c-4c84-ad70-c00b333f6465 on host hv-neutron-8558 for vnic_type normal with profile {{(pid=107796) bind_port /opt/stack/neutron/neutron/plugins/ml2/managers.py:810}}
Sep 05 13:08:51.592117 dv-neutron-855868-4-hyperv neutron-server[107796]: DEBUG neutron.plugins.ml2.managers [None req-db45424c-1939-4084-adaf-39e7200ba741 tempest-PortsAdminExtendedAttrsTestJSON-1831210152 tempest-PortsAdminExtendedAttrsTestJSON-1831210152-project-admin] Attempting to bind port 1ab5ffa4-fa9c-4c84-ad70-c00b333f6465 by drivers openvswitch,hyperv on host hv-neutron-8558 at level 0 using segments [{'id': 'df6c1916-e78e-4955-a174-7d801465b524', 'network_type': 'vlan', 'physical_network': 'physnet1', 'segmentation_id': 121, 'network_id': '2eb445d9-3613-4b7a-956b-3d18f0656f03'}] {{(pid=107796) _bind_port_level /opt/stack/neutron/neutron/plugins/ml2/managers.py:835}}
Sep 05 13:08:51.592117 dv-neutron-855868-4-hyperv neutron-server[107796]: DEBUG neutron.plugins.ml2.drivers.mech_agent [None req-db45424c-1939-4084-adaf-39e7200ba741 tempest-PortsAdminExtendedAttrsTestJSON-1831210152 tempest-PortsAdminExtendedAttrsTestJSON-1831210152-project-admin] Attempting to bind port 1ab5ffa4-fa9c-4c84-ad70-c00b333f6465 on network 2eb445d9-3613-4b7a-956b-3d18f0656f03 {{(pid=107796) bind_port /opt/stack/neutron/neutron/plugins/ml2/drivers/mech_agent.py:91}}
Sep 05 13:08:51.596250 dv-neutron-855868-4-hyperv neutron-server[107796]: DEBUG neutron.wsgi [-] (107796) accepted ('10.222.0.73', 48182) {{(pid=107796) server /usr/local/lib/python3.8/dist-packages/eventlet/wsgi.py:1004}}
Sep 05 13:08:51.605258 dv-neutron-855868-4-hyperv neutron-server[107797]: DEBUG neutron.plugins.ml2.managers [None req-06ac25de-8e54-4ef5-a28e-18ed2ab90445 None None] Attempting to bind port c983b2a7-adf5-4e73-9e25-d86772b05837 on host dv-neutron-855868-4-hyperv for vnic_type normal with profile {{(pid=107797) bind_port /opt/stack/neutron/neutron/plugins/ml2/managers.py:810}}
Sep 05 13:08:51.605637 dv-neutron-855868-4-hyperv neutron-server[107797]: DEBUG neutron.plugins.ml2.managers [None req-06ac25de-8e54-4ef5-a28e-18ed2ab90445 None None] Attempting to bind port c983b2a7-adf5-4e73-9e25-d86772b05837 by drivers openvswitch,hyperv on host dv-neutron-855868-4-hyperv at level 0 using segments [{'id': 'ac5c4ea0-314e-422d-ae1f-cf42acc21147', 'network_type': 'vlan', 'physical_network': 'physnet1', 'segmentation_id': 149, 'network_id': '865df1af-3c2e-42e0-a231-043828ab04aa'}] {{(pid=107797) _bind_port_level /opt/stack/neutron/neutron/plugins/ml2/managers.py:835}}
Sep 05 13:08:51.605997 dv-neutron-855868-4-hyperv neutron-server[107797]: DEBUG neutron.plugins.ml2.drivers.mech_agent [None req-06ac25de-8e54-4ef5-a28e-18ed2ab90445 None None] Attempting to bind port c983b2a7-adf5-4e73-9e25-d86772b05837 on network 865df1af-3c2e-42e0-a231-043828ab04aa {{(pid=107797) bind_port /opt/stack/neutron/neutron/plugins/ml2/drivers/mech_agent.py:91}}
Sep 05 13:08:51.611271 dv-neutron-855868-4-hyperv neutron-server[107797]: DEBUG dbcounter [-] [107797] Writing DB stats neutron:SELECT=92,neutron:DELETE=5,neutron:INSERT=1,neutron:UPDATE=2 {{(pid=107797) stat_writer /usr/local/lib/python3.8/dist-packages/dbcounter.py:114}}
Sep 05 13:08:51.670447 dv-neutron-855868-4-hyperv neutron-server[107797]: DEBUG neutron.plugins.ml2.drivers.mech_agent [None req-06ac25de-8e54-4ef5-a28e-18ed2ab90445 None None] Checking agent: {'id': '14387c02-c309-49ac-8b7d-688a7818b013', 'agent_type': 'Open vSwitch agent', 'binary': 'neutron-openvswitch-agent', 'topic': 'N/A', 'host': 'dv-neutron-855868-4-hyperv', 'admin_state_up': True, 'created_at': datetime.datetime(2022, 9, 5, 13, 0, 12), 'started_at': datetime.datetime(2022, 9, 5, 13, 0, 42), 'heartbeat_timestamp': datetime.datetime(2022, 9, 5, 13, 8, 42), 'description': None, 'resources_synced': None, 'availability_zone': None, 'alive': True, 'configurations': {'arp_responder_enabled': False, 'baremetal_smartnic': False, 'bridge_mappings': {'physnet1': 'br-data'}, 'datapath_type': 'system', 'devices': 0, 'enable_distributed_routing': False, 'extensions': [], 'in_distributed_mode': False, 'integration_bridge': 'br-int', 'l2_population': False, 'log_agent_heartbeats': False, 'ovs_capabilities': {'datapath_types': ['netdev', 'system'], 'iface_types': ['erspan', 'geneve', 'gre', 'internal', 'ip6erspan', 'ip6gre', 'lisp', 'patch', 'stt', 'system', 'tap', 'vxlan']}, 'ovs_hybrid_plug': False, 'resource_provider_bandwidths': {}, 'resource_provider_hypervisors': {'br-data': 'dv-neutron-855868-4-hyperv'}, 'resource_provider_inventory_defaults': {'allocation_ratio': 1.0, 'min_unit': 1, 'step_size': 1, 'reserved': 0}, 'resource_provider_packet_processing_inventory_defaults': {'allocation_ratio': 1.0, 'min_unit': 1, 'step_size': 1, 'reserved': 0}, 'resource_provider_packet_processing_with_direction': {}, 'resource_provider_packet_processing_without_direction': {}, 'tunnel_types': [], 'tunneling_ip': None, 'vhostuser_socket_dir': '/var/run/openvswitch'}, 'resource_versions': {'AddressGroup': '1.2', 'Agent': '1.1', 'ConntrackHelper': '1.0', 'LocalIPAssociation': '1.0', 'Log': '1.0', 'NDPProxy': '1.0', 'Network': '1.1', 'Port': '1.7', 'PortForwarding': '1.3', 'QosPolicy': '1.10', 'SecurityGroup': '1.5', 'SecurityGroupRule': '1.2', 'SubPort': '1.0', 'Subnet': '1.1', 'Trunk': '1.1'}} {{(pid=107797) bind_port /opt/stack/neutron/neutron/plugins/ml2/drivers/mech_agent.py:127}}
Sep 05 13:08:51.672053 dv-neutron-855868-4-hyperv neutron-server[107797]: DEBUG neutron.plugins.ml2.drivers.mech_agent [None req-06ac25de-8e54-4ef5-a28e-18ed2ab90445 None None] Checking segment: {'id': 'ac5c4ea0-314e-422d-ae1f-cf42acc21147', 'network_type': 'vlan', 'physical_network': 'physnet1', 'segmentation_id': 149, 'network_id': '865df1af-3c2e-42e0-a231-043828ab04aa'} for mappings: {'physnet1': 'br-data'} with network types: ['local', 'flat', 'vlan'] {{(pid=107797) check_segment_for_agent /opt/stack/neutron/neutron/plugins/ml2/drivers/mech_agent.py:399}}
Sep 05 13:08:51.673728 dv-neutron-855868-4-hyperv neutron-server[107797]: DEBUG neutron_lib.callbacks.manager [None req-06ac25de-8e54-4ef5-a28e-18ed2ab90445 None None] Publish callbacks [] for ovs_bridge_name (None), before_read {{(pid=107797) _notify_loop /usr/local/lib/python3.8/dist-packages/neutron_lib/callbacks/manager.py:176}}
Sep 05 13:08:51.674763 dv-neutron-855868-4-hyperv neutron-server[107797]: DEBUG neutron.plugins.ml2.drivers.mech_agent [None req-06ac25de-8e54-4ef5-a28e-18ed2ab90445 None None] Bound using segment: {'id': 'ac5c4ea0-314e-422d-ae1f-cf42acc21147', 'network_type': 'vlan', 'physical_network': 'physnet1', 'segmentation_id': 149, 'network_id': '865df1af-3c2e-42e0-a231-043828ab04aa'} {{(pid=107797) bind_port /opt/stack/neutron/neutron/plugins/ml2/drivers/mech_agent.py:137}}
Sep 05 13:08:51.676555 dv-neutron-855868-4-hyperv neutron-server[107797]: DEBUG neutron.plugins.ml2.managers [None req-06ac25de-8e54-4ef5-a28e-18ed2ab90445 None None] Bound port: c983b2a7-adf5-4e73-9e25-d86772b05837, host: dv-neutron-855868-4-hyperv, vif_type: ovs, vif_details: {"connectivity": "l2", "port_filter": true, "ovs_hybrid_plug": false, "datapath_type": "system", "bridge_name": "br-int"}, binding_levels: [{'bound_driver': 'openvswitch', 'bound_segment': {'id': 'ac5c4ea0-314e-422d-ae1f-cf42acc21147', 'network_type': 'vlan', 'physical_network': 'physnet1', 'segmentation_id': 149, 'network_id': '865df1af-3c2e-42e0-a231-043828ab04aa'}}] {{(pid=107797) _bind_port_level /opt/stack/neutron/neutron/plugins/ml2/managers.py:947}}
Sep 05 13:08:51.682682 dv-neutron-855868-4-hyperv neutron-server[107797]: DEBUG neutron_lib.callbacks.manager [None req-06ac25de-8e54-4ef5-a28e-18ed2ab90445 None None] Publish callbacks ['neutron.plugins.ml2.plugin.SecurityGroupDbMixin._ensure_default_security_group_handler-1984171'] for port (c983b2a7-adf5-4e73-9e25-d86772b05837), before_update {{(pid=107797) _notify_loop /usr/local/lib/python3.8/dist-packages/neutron_lib/callbacks/manager.py:176}}
Sep 05 13:08:51.690276 dv-neutron-855868-4-hyperv neutron-server[107795]: INFO neutron.wsgi [req-8989a39d-a210-4758-85e9-91d9bf59b817 req-787cd02b-d4f8-42d6-9514-d3f91c3c2d9d tempest-ServerActionsTestJSON-1294032789 tempest-ServerActionsTestJSON-1294032789-project] 10.222.0.73 "GET /networking/v2.0/ports?device_id=1074f77a-7ed3-4bbc-a5f0-5fe0dac40635 HTTP/1.1" status: 200 len: 210 time: 0.1439652
Sep 05 13:08:51.701904 dv-neutron-855868-4-hyperv neutron-server[107796]: DEBUG neutron_lib.callbacks.manager [None req-71c4ee48-d57b-4d04-b2ab-2bc065a815b6 admin admin] Publish callbacks ['neutron.plugins.ml2.ovo_rpc._ObjectChangeHandler.handle_event-871160'] for security_group (4bc00854-bf65-4921-ab8b-8e3a5c523925), after_delete {{(pid=107796) _notify_loop /usr/local/lib/python3.8/dist-packages/neutron_lib/callbacks/manager.py:176}}
Sep 05 13:08:51.704727 dv-neutron-855868-4-hyperv neutron-server[107796]: DEBUG neutron_lib.callbacks.manager [None req-71c4ee48-d57b-4d04-b2ab-2bc065a815b6 admin admin] Publish callbacks [] for security_group (None), before_response {{(pid=107796) _notify_loop /usr/local/lib/python3.8/dist-packages/neutron_lib/callbacks/manager.py:176}}
Sep 05 13:08:51.708239 dv-neutron-855868-4-hyperv neutron-server[107796]: INFO neutron.wsgi [None req-71c4ee48-d57b-4d04-b2ab-2bc065a815b6 admin admin] 10.222.0.73 "DELETE /networking/v2.0/security-groups/4bc00854-bf65-4921-ab8b-8e3a5c523925 HTTP/1.1" status: 204 len: 168 time: 0.6472921
Sep 05 13:08:51.734043 dv-neutron-855868-4-hyperv neutron-server[107795]: INFO neutron.wsgi [req-b7c770ae-790c-4cef-a84c-9030a7a3be76 req-ece20a82-c5d1-42e2-a49e-5f1cb8ad5536 service neutron] 10.222.0.73 "GET /networking/v2.0/networks/c9c50f7f-fbb7-41b5-84fe-86d25fe74ab1?fields=provider%3Aphysical_network&fields=provider%3Anetwork_type HTTP/1.1" status: 200 len: 281 time: 0.4945846
Sep 05 13:08:51.749099 dv-neutron-855868-4-hyperv neutron-server[107795]: DEBUG neutron_lib.callbacks.manager [None req-0912fce2-c8a5-4949-96d7-8e57f29e9762 tempest-MeteringTestJSON-1093979275 tempest-MeteringTestJSON-1093979275-project-admin] Publish callbacks [] for metering_label (None), before_response {{(pid=107795) _notify_loop /usr/local/lib/python3.8/dist-packages/neutron_lib/callbacks/manager.py:176}}
Sep 05 13:08:51.754213 dv-neutron-855868-4-hyperv neutron-server[107795]: INFO neutron.wsgi [None req-0912fce2-c8a5-4949-96d7-8e57f29e9762 tempest-MeteringTestJSON-1093979275 tempest-MeteringTestJSON-1093979275-project-admin] 10.222.0.73 "DELETE /networking/v2.0/metering/metering-labels/c91d7a33-ebf6-4a9d-a33b-12425691fdbb HTTP/1.1" status: 204 len: 168 time: 0.6684020
Sep 05 13:08:51.792169 dv-neutron-855868-4-hyperv neutron-server[107795]: DEBUG dbcounter [-] [107795] Writing DB stats neutron:SELECT=93,neutron:DELETE=3,neutron:INSERT=4 {{(pid=107795) stat_writer /usr/local/lib/python3.8/dist-packages/dbcounter.py:114}}
Sep 05 13:08:51.819190 dv-neutron-855868-4-hyperv neutron-server[107795]: DEBUG neutron_lib.callbacks.manager [None req-d69f5e11-e49f-434d-aae8-5263df11304b tempest-ServersTestManualDisk-1985641588 tempest-ServersTestManualDisk-1985641588-project] Publish callbacks [] for port (d421c2b4-f90a-4fcc-9c06-5ab7be51075d), precommit_update {{(pid=107795) _notify_loop /usr/local/lib/python3.8/dist-packages/neutron_lib/callbacks/manager.py:176}}
Sep 05 13:08:51.833233 dv-neutron-855868-4-hyperv neutron-server[107796]: DEBUG neutron.plugins.ml2.drivers.mech_agent [None req-db45424c-1939-4084-adaf-39e7200ba741 tempest-PortsAdminExtendedAttrsTestJSON-1831210152 tempest-PortsAdminExtendedAttrsTestJSON-1831210152-project-admin] Port 1ab5ffa4-fa9c-4c84-ad70-c00b333f6465 on network 2eb445d9-3613-4b7a-956b-3d18f0656f03 not bound, no agent of type Open vSwitch agent registered on host hv-neutron-8558 {{(pid=107796) bind_port /opt/stack/neutron/neutron/plugins/ml2/drivers/mech_agent.py:120}}
Sep 05 13:08:51.833783 dv-neutron-855868-4-hyperv neutron-server[107796]: ERROR neutron.plugins.ml2.managers [None req-db45424c-1939-4084-adaf-39e7200ba741 tempest-PortsAdminExtendedAttrsTestJSON-1831210152 tempest-PortsAdminExtendedAttrsTestJSON-1831210152-project-admin] Failed to bind port 1ab5ffa4-fa9c-4c84-ad70-c00b333f6465 on host hv-neutron-8558 for vnic_type normal using segments [{'id': 'df6c1916-e78e-4955-a174-7d801465b524', 'network_type': 'vlan', 'physical_network': 'physnet1', 'segmentation_id': 121, 'network_id': '2eb445d9-3613-4b7a-956b-3d18f0656f03'}]
Sep 05 13:08:51.841498 dv-neutron-855868-4-hyperv neutron-server[107796]: INFO neutron.plugins.ml2.plugin [None req-db45424c-1939-4084-adaf-39e7200ba741 tempest-PortsAdminExtendedAttrsTestJSON-1831210152 tempest-PortsAdminExtendedAttrsTestJSON-1831210152-project-admin] Attempt 8 to bind port 1ab5ffa4-fa9c-4c84-ad70-c00b333f6465
Sep 05 13:08:51.848767 dv-neutron-855868-4-hyperv neutron-server[107796]: DEBUG neutron.api.rpc.handlers.resources_rpc [None req-71c4ee48-d57b-4d04-b2ab-2bc065a815b6 admin admin] Pushing event deleted for resources: {'SecurityGroup': ['ID=4bc00854-bf65-4921-ab8b-8e3a5c523925,revision_number=None']} {{(pid=107796) push /opt/stack/neutron/neutron/api/rpc/handlers/resources_rpc.py:237}}
Sep 05 13:08:51.882310 dv-neutron-855868-4-hyperv neutron-server[107797]: DEBUG neutron.plugins.ml2.db [None req-06ac25de-8e54-4ef5-a28e-18ed2ab90445 None None] For port c983b2a7-adf5-4e73-9e25-d86772b05837, host dv-neutron-855868-4-hyperv, cleared binding levels {{(pid=107797) clear_binding_levels /opt/stack/neutron/neutron/plugins/ml2/db.py:87}}
Sep 05 13:08:51.887890 dv-neutron-855868-4-hyperv neutron-server[107795]: DEBUG neutron_lib.callbacks.manager [None req-d69f5e11-e49f-434d-aae8-5263df11304b tempest-ServersTestManualDisk-1985641588 tempest-ServersTestManualDisk-1985641588-project] Publish callbacks ['neutron.plugins.ml2.plugin.SecurityGroupServerNotifierRpcMixin._notify_sg_on_port_change-1984232', 'neutron.plugins.ml2.ovo_rpc._ObjectChangeHandler.handle_event-77027', 'neutron.api.rpc.agentnotifiers.dhcp_rpc_agent_api.DhcpAgentNotifyAPI._native_event_send_dhcp_notification-1043887', 'neutron.db.l3_db.L3RpcNotifierMixin._notify_gateway_port_ip_changed-8757931843714', 'neutron.db.l3_dvrscheduler_db._notify_l3_agent_port_update-8757931399554', 'neutron.db.l3_hascheduler_db._notify_l3_agent_ha_port_update-8757931399572', 'neutron.services.segments.plugin.NovaSegmentNotifier._notify_port_updated-3032949'] for port (d421c2b4-f90a-4fcc-9c06-5ab7be51075d), after_update {{(pid=107795) _notify_loop /usr/local/lib/python3.8/dist-packages/neutron_lib/callbacks/manager.py:176}}
Sep 05 13:08:51.941134 dv-neutron-855868-4-hyperv neutron-server[107797]: DEBUG neutron.plugins.ml2.db [None req-06ac25de-8e54-4ef5-a28e-18ed2ab90445 None None] For port c983b2a7-adf5-4e73-9e25-d86772b05837, host dv-neutron-855868-4-hyperv, set binding levels [PortBindingLevel(driver='openvswitch',host='dv-neutron-855868-4-hyperv',level=0,port_id=c983b2a7-adf5-4e73-9e25-d86772b05837,segment=NetworkSegment(ac5c4ea0-314e-422d-ae1f-cf42acc21147),segment_id=ac5c4ea0-314e-422d-ae1f-cf42acc21147)] {{(pid=107797) set_binding_levels /opt/stack/neutron/neutron/plugins/ml2/db.py:59}}
Sep 05 13:08:51.967273 dv-neutron-855868-4-hyperv neutron-server[107796]: DEBUG neutron.plugins.ml2.managers [None req-db45424c-1939-4084-adaf-39e7200ba741 tempest-PortsAdminExtendedAttrsTestJSON-1831210152 tempest-PortsAdminExtendedAttrsTestJSON-1831210152-project-admin] Attempting to bind port 1ab5ffa4-fa9c-4c84-ad70-c00b333f6465 on host hv-neutron-8558 for vnic_type normal with profile {{(pid=107796) bind_port /opt/stack/neutron/neutron/plugins/ml2/managers.py:810}}
Sep 05 13:08:51.967552 dv-neutron-855868-4-hyperv neutron-server[107796]: DEBUG neutron.plugins.ml2.managers [None req-db45424c-1939-4084-adaf-39e7200ba741 tempest-PortsAdminExtendedAttrsTestJSON-1831210152 tempest-PortsAdminExtendedAttrsTestJSON-1831210152-project-admin] Attempting to bind port 1ab5ffa4-fa9c-4c84-ad70-c00b333f6465 by drivers openvswitch,hyperv on host hv-neutron-8558 at level 0 using segments [{'id': 'df6c1916-e78e-4955-a174-7d801465b524', 'network_type': 'vlan', 'physical_network': 'physnet1', 'segmentation_id': 121, 'network_id': '2eb445d9-3613-4b7a-956b-3d18f0656f03'}] {{(pid=107796) _bind_port_level /opt/stack/neutron/neutron/plugins/ml2/managers.py:835}}
Sep 05 13:08:51.967885 dv-neutron-855868-4-hyperv neutron-server[107796]: DEBUG neutron.plugins.ml2.drivers.mech_agent [None req-db45424c-1939-4084-adaf-39e7200ba741 tempest-PortsAdminExtendedAttrsTestJSON-1831210152 tempest-PortsAdminExtendedAttrsTestJSON-1831210152-project-admin] Attempting to bind port 1ab5ffa4-fa9c-4c84-ad70-c00b333f6465 on network 2eb445d9-3613-4b7a-956b-3d18f0656f03 {{(pid=107796) bind_port /opt/stack/neutron/neutron/plugins/ml2/drivers/mech_agent.py:91}}
Sep 05 13:08:52.008173 dv-neutron-855868-4-hyperv neutron-server[107795]: DEBUG neutron_lib.callbacks.manager [None req-d69f5e11-e49f-434d-aae8-5263df11304b tempest-ServersTestManualDisk-1985641588 tempest-ServersTestManualDisk-1985641588-project] Publish callbacks ['neutron.services.l3_router.l3_router_plugin.DVRResourceOperationHandler._create_dvr_floating_gw_port-960479'] for floatingip (9d517251-613f-4f9a-88ef-8bb0228fb6fb), after_create {{(pid=107795) _notify_loop /usr/local/lib/python3.8/dist-packages/neutron_lib/callbacks/manager.py:176}}
Sep 05 13:08:52.011952 dv-neutron-855868-4-hyperv neutron-server[107796]: DEBUG neutron.plugins.ml2.drivers.mech_agent [None req-db45424c-1939-4084-adaf-39e7200ba741 tempest-PortsAdminExtendedAttrsTestJSON-1831210152 tempest-PortsAdminExtendedAttrsTestJSON-1831210152-project-admin] Port 1ab5ffa4-fa9c-4c84-ad70-c00b333f6465 on network 2eb445d9-3613-4b7a-956b-3d18f0656f03 not bound, no agent of type Open vSwitch agent registered on host hv-neutron-8558 {{(pid=107796) bind_port /opt/stack/neutron/neutron/plugins/ml2/drivers/mech_agent.py:120}}
Sep 05 13:08:52.012312 dv-neutron-855868-4-hyperv neutron-server[107796]: ERROR neutron.plugins.ml2.managers [None req-db45424c-1939-4084-adaf-39e7200ba741 tempest-PortsAdminExtendedAttrsTestJSON-1831210152 tempest-PortsAdminExtendedAttrsTestJSON-1831210152-project-admin] Failed to bind port 1ab5ffa4-fa9c-4c84-ad70-c00b333f6465 on host hv-neutron-8558 for vnic_type normal using segments [{'id': 'df6c1916-e78e-4955-a174-7d801465b524', 'network_type': 'vlan', 'physical_network': 'physnet1', 'segmentation_id': 121, 'network_id': '2eb445d9-3613-4b7a-956b-3d18f0656f03'}]
Sep 05 13:08:52.012707 dv-neutron-855868-4-hyperv neutron-server[107796]: INFO neutron.plugins.ml2.plugin [None req-db45424c-1939-4084-adaf-39e7200ba741 tempest-PortsAdminExtendedAttrsTestJSON-1831210152 tempest-PortsAdminExtendedAttrsTestJSON-1831210152-project-admin] Attempt 9 to bind port 1ab5ffa4-fa9c-4c84-ad70-c00b333f6465
Sep 05 13:08:52.047042 dv-neutron-855868-4-hyperv neutron-server[107795]: DEBUG neutron.api.rpc.handlers.resources_rpc [None req-d69f5e11-e49f-434d-aae8-5263df11304b tempest-ServersTestManualDisk-1985641588 tempest-ServersTestManualDisk-1985641588-project] Pushing event updated for resources: {'Port': ['ID=d421c2b4-f90a-4fcc-9c06-5ab7be51075d,revision_number=2']} {{(pid=107795) push /opt/stack/neutron/neutron/api/rpc/handlers/resources_rpc.py:237}}
Sep 05 13:08:52.053443 dv-neutron-855868-4-hyperv neutron-server[107797]: DEBUG neutron_lib.callbacks.manager [None req-06ac25de-8e54-4ef5-a28e-18ed2ab90445 None None] Publish callbacks ['neutron.plugins.ml2.plugin.SecurityGroupServerNotifierRpcMixin._notify_sg_on_port_change-1984232', 'neutron.plugins.ml2.ovo_rpc._ObjectChangeHandler.handle_event-77027', 'neutron.api.rpc.agentnotifiers.dhcp_rpc_agent_api.DhcpAgentNotifyAPI._native_event_send_dhcp_notification-1043887', 'neutron.db.l3_db.L3RpcNotifierMixin._notify_gateway_port_ip_changed-8757931843714', 'neutron.db.l3_dvrscheduler_db._notify_l3_agent_port_update-8757931399554', 'neutron.db.l3_hascheduler_db._notify_l3_agent_ha_port_update-8757931399572'] for port (c983b2a7-adf5-4e73-9e25-d86772b05837), after_update {{(pid=107797) _notify_loop /usr/local/lib/python3.8/dist-packages/neutron_lib/callbacks/manager.py:176}}
Sep 05 13:08:52.125081 dv-neutron-855868-4-hyperv neutron-server[107796]: DEBUG neutron.pecan_wsgi.hooks.quota_enforcement [None req-a4d80f71-c50c-46c4-a9b1-696cb51e385e tempest-AllowedAddressPairTestJSON-1874530610 tempest-AllowedAddressPairTestJSON-1874530610-project] Made reservation on behalf of ba6badaee3d54defa212a13625a2af2c for: {'port': 1} {{(pid=107796) before /opt/stack/neutron/neutron/pecan_wsgi/hooks/quota_enforcement.py:53}}
Sep 05 13:08:52.133700 dv-neutron-855868-4-hyperv neutron-server[107796]: DEBUG neutron_lib.callbacks.manager [None req-a4d80f71-c50c-46c4-a9b1-696cb51e385e tempest-AllowedAddressPairTestJSON-1874530610 tempest-AllowedAddressPairTestJSON-1874530610-project] Publish callbacks ['neutron.plugins.ml2.plugin.SecurityGroupDbMixin._ensure_default_security_group_handler-1984171'] for port (None), before_create {{(pid=107796) _notify_loop /usr/local/lib/python3.8/dist-packages/neutron_lib/callbacks/manager.py:176}}
Sep 05 13:08:52.150755 dv-neutron-855868-4-hyperv neutron-server[107796]: DEBUG neutron.plugins.ml2.managers [None req-db45424c-1939-4084-adaf-39e7200ba741 tempest-PortsAdminExtendedAttrsTestJSON-1831210152 tempest-PortsAdminExtendedAttrsTestJSON-1831210152-project-admin] Attempting to bind port 1ab5ffa4-fa9c-4c84-ad70-c00b333f6465 on host hv-neutron-8558 for vnic_type normal with profile {{(pid=107796) bind_port /opt/stack/neutron/neutron/plugins/ml2/managers.py:810}}
Sep 05 13:08:52.151094 dv-neutron-855868-4-hyperv neutron-server[107796]: DEBUG neutron.plugins.ml2.managers [None req-db45424c-1939-4084-adaf-39e7200ba741 tempest-PortsAdminExtendedAttrsTestJSON-1831210152 tempest-PortsAdminExtendedAttrsTestJSON-1831210152-project-admin] Attempting to bind port 1ab5ffa4-fa9c-4c84-ad70-c00b333f6465 by drivers openvswitch,hyperv on host hv-neutron-8558 at level 0 using segments [{'id': 'df6c1916-e78e-4955-a174-7d801465b524', 'network_type': 'vlan', 'physical_network': 'physnet1', 'segmentation_id': 121, 'network_id': '2eb445d9-3613-4b7a-956b-3d18f0656f03'}] {{(pid=107796) _bind_port_level /opt/stack/neutron/neutron/plugins/ml2/managers.py:835}}
Sep 05 13:08:52.151430 dv-neutron-855868-4-hyperv neutron-server[107796]: DEBUG neutron.plugins.ml2.drivers.mech_agent [None req-db45424c-1939-4084-adaf-39e7200ba741 tempest-PortsAdminExtendedAttrsTestJSON-1831210152 tempest-PortsAdminExtendedAttrsTestJSON-1831210152-project-admin] Attempting to bind port 1ab5ffa4-fa9c-4c84-ad70-c00b333f6465 on network 2eb445d9-3613-4b7a-956b-3d18f0656f03 {{(pid=107796) bind_port /opt/stack/neutron/neutron/plugins/ml2/drivers/mech_agent.py:91}}
Sep 05 13:08:52.165162 dv-neutron-855868-4-hyperv neutron-server[107797]: DEBUG dbcounter [-] [107797] Writing DB stats neutron:SELECT=96,neutron:UPDATE=3,neutron:INSERT=1 {{(pid=107797) stat_writer /usr/local/lib/python3.8/dist-packages/dbcounter.py:114}}
Sep 05 13:08:52.200125 dv-neutron-855868-4-hyperv neutron-server[107795]: INFO neutron.wsgi [req-658e8cca-2581-4946-8ac0-e233a0944ddc req-71e66814-001f-42b8-8b63-2eabc4d7db39 tempest-ServersTestJSON-872383461 tempest-ServersTestJSON-872383461-project] 10.222.0.73 "GET /networking/v2.0/ports?device_id=6724fd3d-5394-4183-826e-f783edeaec96 HTTP/1.1" status: 200 len: 210 time: 0.0756435
Sep 05 13:08:52.216297 dv-neutron-855868-4-hyperv neutron-server[107797]: DEBUG neutron.api.rpc.handlers.resources_rpc [None req-06ac25de-8e54-4ef5-a28e-18ed2ab90445 None None] Pushing event updated for resources: {'Port': ['ID=c983b2a7-adf5-4e73-9e25-d86772b05837,revision_number=2']} {{(pid=107797) push /opt/stack/neutron/neutron/api/rpc/handlers/resources_rpc.py:237}}
Sep 05 13:08:52.223675 dv-neutron-855868-4-hyperv neutron-server[107796]: DEBUG neutron.notifiers.nova [None req-a4d80f71-c50c-46c4-a9b1-696cb51e385e tempest-AllowedAddressPairTestJSON-1874530610 tempest-AllowedAddressPairTestJSON-1874530610-project] device_id is not set on port b7eb88f7-1237-4dfb-8198-61a8afa95f5f yet. {{(pid=107796) _can_notify /opt/stack/neutron/neutron/notifiers/nova.py:199}}
Sep 05 13:08:52.226699 dv-neutron-855868-4-hyperv neutron-server[107795]: DEBUG neutron_lib.callbacks.manager [None req-d69f5e11-e49f-434d-aae8-5263df11304b tempest-ServersTestManualDisk-1985641588 tempest-ServersTestManualDisk-1985641588-project] Publish callbacks ['neutron.notifiers.nova.Notifier._send_nova_notification-144456'] for floatingip (None), before_response {{(pid=107795) _notify_loop /usr/local/lib/python3.8/dist-packages/neutron_lib/callbacks/manager.py:176}}
Sep 05 13:08:52.230001 dv-neutron-855868-4-hyperv neutron-server[107795]: INFO neutron.wsgi [None req-d69f5e11-e49f-434d-aae8-5263df11304b tempest-ServersTestManualDisk-1985641588 tempest-ServersTestManualDisk-1985641588-project] 10.222.0.73 "POST /networking/v2.0/floatingips HTTP/1.1" status: 201 len: 693 time: 4.8941553
Sep 05 13:08:52.338451 dv-neutron-855868-4-hyperv neutron-server[107796]: DEBUG neutron.plugins.ml2.drivers.mech_agent [None req-db45424c-1939-4084-adaf-39e7200ba741 tempest-PortsAdminExtendedAttrsTestJSON-1831210152 tempest-PortsAdminExtendedAttrsTestJSON-1831210152-project-admin] Port 1ab5ffa4-fa9c-4c84-ad70-c00b333f6465 on network 2eb445d9-3613-4b7a-956b-3d18f0656f03 not bound, no agent of type Open vSwitch agent registered on host hv-neutron-8558 {{(pid=107796) bind_port /opt/stack/neutron/neutron/plugins/ml2/drivers/mech_agent.py:120}}
Sep 05 13:08:52.339094 dv-neutron-855868-4-hyperv neutron-server[107796]: ERROR neutron.plugins.ml2.managers [None req-db45424c-1939-4084-adaf-39e7200ba741 tempest-PortsAdminExtendedAttrsTestJSON-1831210152 tempest-PortsAdminExtendedAttrsTestJSON-1831210152-project-admin] Failed to bind port 1ab5ffa4-fa9c-4c84-ad70-c00b333f6465 on host hv-neutron-8558 for vnic_type normal using segments [{'id': 'df6c1916-e78e-4955-a174-7d801465b524', 'network_type': 'vlan', 'physical_network': 'physnet1', 'segmentation_id': 121, 'network_id': '2eb445d9-3613-4b7a-956b-3d18f0656f03'}]
Sep 05 13:08:52.349454 dv-neutron-855868-4-hyperv neutron-server[107796]: INFO neutron.plugins.ml2.plugin [None req-db45424c-1939-4084-adaf-39e7200ba741 tempest-PortsAdminExtendedAttrsTestJSON-1831210152 tempest-PortsAdminExtendedAttrsTestJSON-1831210152-project-admin] Attempt 10 to bind port 1ab5ffa4-fa9c-4c84-ad70-c00b333f6465
Sep 05 13:08:52.387946 dv-neutron-855868-4-hyperv neutron-server[107798]: DEBUG dbcounter [-] [107798] Writing DB stats neutron:SELECT=55 {{(pid=107798) stat_writer /usr/local/lib/python3.8/dist-packages/dbcounter.py:114}}
Sep 05 13:08:52.432844 dv-neutron-855868-4-hyperv neutron-server[107796]: DEBUG neutron.plugins.ml2.managers [None req-db45424c-1939-4084-adaf-39e7200ba741 tempest-PortsAdminExtendedAttrsTestJSON-1831210152 tempest-PortsAdminExtendedAttrsTestJSON-1831210152-project-admin] Attempting to bind port 1ab5ffa4-fa9c-4c84-ad70-c00b333f6465 on host hv-neutron-8558 for vnic_type normal with profile {{(pid=107796) bind_port /opt/stack/neutron/neutron/plugins/ml2/managers.py:810}}
Sep 05 13:08:52.433183 dv-neutron-855868-4-hyperv neutron-server[107796]: DEBUG neutron.plugins.ml2.managers [None req-db45424c-1939-4084-adaf-39e7200ba741 tempest-PortsAdminExtendedAttrsTestJSON-1831210152 tempest-PortsAdminExtendedAttrsTestJSON-1831210152-project-admin] Attempting to bind port 1ab5ffa4-fa9c-4c84-ad70-c00b333f6465 by drivers openvswitch,hyperv on host hv-neutron-8558 at level 0 using segments [{'id': 'df6c1916-e78e-4955-a174-7d801465b524', 'network_type': 'vlan', 'physical_network': 'physnet1', 'segmentation_id': 121, 'network_id': '2eb445d9-3613-4b7a-956b-3d18f0656f03'}] {{(pid=107796) _bind_port_level /opt/stack/neutron/neutron/plugins/ml2/managers.py:835}}
Sep 05 13:08:52.433516 dv-neutron-855868-4-hyperv neutron-server[107796]: DEBUG neutron.plugins.ml2.drivers.mech_agent [None req-db45424c-1939-4084-adaf-39e7200ba741 tempest-PortsAdminExtendedAttrsTestJSON-1831210152 tempest-PortsAdminExtendedAttrsTestJSON-1831210152-project-admin] Attempting to bind port 1ab5ffa4-fa9c-4c84-ad70-c00b333f6465 on network 2eb445d9-3613-4b7a-956b-3d18f0656f03 {{(pid=107796) bind_port /opt/stack/neutron/neutron/plugins/ml2/drivers/mech_agent.py:91}}
Sep 05 13:08:52.438683 dv-neutron-855868-4-hyperv neutron-server[107796]: DEBUG neutron.db.db_base_plugin_common [None req-a4d80f71-c50c-46c4-a9b1-696cb51e385e tempest-AllowedAddressPairTestJSON-1874530610 tempest-AllowedAddressPairTestJSON-1874530610-project] Allocated IP 172.20.0.11 (d79b9bdc-26ee-4ec5-995c-fb65441b66d0/5141a5cd-dc1a-4394-a313-5a07b8c87e3e/b7eb88f7-1237-4dfb-8198-61a8afa95f5f) {{(pid=107796) _store_ip_allocation /opt/stack/neutron/neutron/db/db_base_plugin_common.py:131}}
Sep 05 13:08:52.456015 dv-neutron-855868-4-hyperv neutron-server[107796]: DEBUG neutron.plugins.ml2.drivers.mech_agent [None req-db45424c-1939-4084-adaf-39e7200ba741 tempest-PortsAdminExtendedAttrsTestJSON-1831210152 tempest-PortsAdminExtendedAttrsTestJSON-1831210152-project-admin] Port 1ab5ffa4-fa9c-4c84-ad70-c00b333f6465 on network 2eb445d9-3613-4b7a-956b-3d18f0656f03 not bound, no agent of type Open vSwitch agent registered on host hv-neutron-8558 {{(pid=107796) bind_port /opt/stack/neutron/neutron/plugins/ml2/drivers/mech_agent.py:120}}
Sep 05 13:08:52.456375 dv-neutron-855868-4-hyperv neutron-server[107796]: ERROR neutron.plugins.ml2.managers [None req-db45424c-1939-4084-adaf-39e7200ba741 tempest-PortsAdminExtendedAttrsTestJSON-1831210152 tempest-PortsAdminExtendedAttrsTestJSON-1831210152-project-admin] Failed to bind port 1ab5ffa4-fa9c-4c84-ad70-c00b333f6465 on host hv-neutron-8558 for vnic_type normal using segments [{'id': 'df6c1916-e78e-4955-a174-7d801465b524', 'network_type': 'vlan', 'physical_network': 'physnet1', 'segmentation_id': 121, 'network_id': '2eb445d9-3613-4b7a-956b-3d18f0656f03'}]
Sep 05 13:08:52.458863 dv-neutron-855868-4-hyperv neutron-server[107796]: DEBUG neutron_lib.callbacks.manager [None req-db45424c-1939-4084-adaf-39e7200ba741 tempest-PortsAdminExtendedAttrsTestJSON-1831210152 tempest-PortsAdminExtendedAttrsTestJSON-1831210152-project-admin] Publish callbacks ['neutron.plugins.ml2.plugin.SecurityGroupDbMixin._ensure_default_security_group_handler-1984171'] for port (1ab5ffa4-fa9c-4c84-ad70-c00b333f6465), before_update {{(pid=107796) _notify_loop /usr/local/lib/python3.8/dist-packages/neutron_lib/callbacks/manager.py:176}}
Sep 05 13:08:52.512215 dv-neutron-855868-4-hyperv neutron-server[107796]: DEBUG dbcounter [-] [107796] Writing DB stats neutron:SELECT=96,neutron:INSERT=3,neutron:UPDATE=1 {{(pid=107796) stat_writer /usr/local/lib/python3.8/dist-packages/dbcounter.py:114}}
Sep 05 13:08:52.517699 dv-neutron-855868-4-hyperv neutron-server[107796]: DEBUG neutron_lib.callbacks.manager [None req-dc105d4e-2d3a-4cf2-b8af-b12c2d706a92 tempest-FloatingIPNegativeTestJSON-991867301 tempest-FloatingIPNegativeTestJSON-991867301-project] Publish callbacks ['neutron.plugins.ml2.plugin.SecurityGroupDbMixin._ensure_default_security_group_handler-1984171'] for port (None), before_create {{(pid=107796) _notify_loop /usr/local/lib/python3.8/dist-packages/neutron_lib/callbacks/manager.py:176}}
Sep 05 13:08:52.678156 dv-neutron-855868-4-hyperv neutron-server[107795]: DEBUG neutron.wsgi [-] (107795) accepted ('10.222.0.73', 48238) {{(pid=107795) server /usr/local/lib/python3.8/dist-packages/eventlet/wsgi.py:1004}}
Sep 05 13:08:52.753897 dv-neutron-855868-4-hyperv neutron-server[107795]: INFO neutron.wsgi [req-9d39d6a8-f59e-4595-9ec4-58ca9da28faa req-e1c8a6cf-18e9-4d9c-9dcd-6a57d7b115bf tempest-ServersTestManualDisk-1985641588 tempest-ServersTestManualDisk-1985641588-project] 10.222.0.73 "GET /networking/v2.0/security-groups?name=tempest-securitygroup--300865103&fields=id&tenant_id=a811b268f2f649b19bcb051fcc394fe0 HTTP/1.1" status: 200 len: 267 time: 0.0539179
Sep 05 13:08:52.801471 dv-neutron-855868-4-hyperv neutron-server[107796]: DEBUG neutron.wsgi [-] (107796) accepted ('10.222.0.73', 48250) {{(pid=107796) server /usr/local/lib/python3.8/dist-packages/eventlet/wsgi.py:1004}}
Sep 05 13:08:52.802487 dv-neutron-855868-4-hyperv neutron-server[107796]: DEBUG neutron.plugins.ml2.db [None req-db45424c-1939-4084-adaf-39e7200ba741 tempest-PortsAdminExtendedAttrsTestJSON-1831210152 tempest-PortsAdminExtendedAttrsTestJSON-1831210152-project-admin] For port 1ab5ffa4-fa9c-4c84-ad70-c00b333f6465, host hv-neutron-8558, cleared binding levels {{(pid=107796) clear_binding_levels /opt/stack/neutron/neutron/plugins/ml2/db.py:87}}
Sep 05 13:08:52.802853 dv-neutron-855868-4-hyperv neutron-server[107796]: DEBUG neutron.plugins.ml2.db [None req-db45424c-1939-4084-adaf-39e7200ba741 tempest-PortsAdminExtendedAttrsTestJSON-1831210152 tempest-PortsAdminExtendedAttrsTestJSON-1831210152-project-admin] Attempted to set empty binding levels {{(pid=107796) set_binding_levels /opt/stack/neutron/neutron/plugins/ml2/db.py:65}}
Sep 05 13:08:52.839882 dv-neutron-855868-4-hyperv neutron-server[107796]: DEBUG neutron_lib.callbacks.manager [None req-f39f2233-cbbc-44c6-b00f-f80cdeea0a9d admin admin] Publish callbacks [] for security_group (None), before_create {{(pid=107796) _notify_loop /usr/local/lib/python3.8/dist-packages/neutron_lib/callbacks/manager.py:176}}
Sep 05 13:08:52.921670 dv-neutron-855868-4-hyperv neutron-server[107795]: DEBUG neutron.pecan_wsgi.hooks.policy_enforcement [req-9d39d6a8-f59e-4595-9ec4-58ca9da28faa req-f392c59e-82a7-4b59-810e-aa09ed30ebf4 tempest-ServersTestManualDisk-1985641588 tempest-ServersTestManualDisk-1985641588-project] Attributes excluded by policy engine: ['standard_attr_id', 'vlan_transparent', 'provider:network_type', 'provider:physical_network', 'provider:segmentation_id'] {{(pid=107795) _exclude_attributes_by_policy /opt/stack/neutron/neutron/pecan_wsgi/hooks/policy_enforcement.py:259}}
Sep 05 13:08:52.926542 dv-neutron-855868-4-hyperv neutron-server[107796]: DEBUG neutron_lib.callbacks.manager [None req-db45424c-1939-4084-adaf-39e7200ba741 tempest-PortsAdminExtendedAttrsTestJSON-1831210152 tempest-PortsAdminExtendedAttrsTestJSON-1831210152-project-admin] Publish callbacks ['neutron.plugins.ml2.plugin.SecurityGroupServerNotifierRpcMixin._notify_sg_on_port_change-1984232', 'neutron.plugins.ml2.ovo_rpc._ObjectChangeHandler.handle_event-77027', 'neutron.api.rpc.agentnotifiers.dhcp_rpc_agent_api.DhcpAgentNotifyAPI._native_event_send_dhcp_notification-1043887', 'neutron.db.l3_db.L3RpcNotifierMixin._notify_gateway_port_ip_changed-8757931843714', 'neutron.db.l3_dvrscheduler_db._notify_l3_agent_port_update-8757931399554', 'neutron.db.l3_hascheduler_db._notify_l3_agent_ha_port_update-8757931399572'] for port (1ab5ffa4-fa9c-4c84-ad70-c00b333f6465), after_update {{(pid=107796) _notify_loop /usr/local/lib/python3.8/dist-packages/neutron_lib/callbacks/manager.py:176}}
Sep 05 13:08:52.927462 dv-neutron-855868-4-hyperv neutron-server[107796]: DEBUG neutron.plugins.ml2.plugin [None req-db45424c-1939-4084-adaf-39e7200ba741 tempest-PortsAdminExtendedAttrsTestJSON-1831210152 tempest-PortsAdminExtendedAttrsTestJSON-1831210152-project-admin] In _notify_port_updated(), no bound segment for port 1ab5ffa4-fa9c-4c84-ad70-c00b333f6465 on network 2eb445d9-3613-4b7a-956b-3d18f0656f03 {{(pid=107796) _notify_port_updated /opt/stack/neutron/neutron/plugins/ml2/plugin.py:931}}
Sep 05 13:08:52.927953 dv-neutron-855868-4-hyperv neutron-server[107796]: DEBUG neutron.pecan_wsgi.hooks.policy_enforcement [None req-db45424c-1939-4084-adaf-39e7200ba741 tempest-PortsAdminExtendedAttrsTestJSON-1831210152 tempest-PortsAdminExtendedAttrsTestJSON-1831210152-project-admin] Attributes excluded by policy engine: ['standard_attr_id'] {{(pid=107796) _exclude_attributes_by_policy /opt/stack/neutron/neutron/pecan_wsgi/hooks/policy_enforcement.py:259}}
Sep 05 13:08:52.928878 dv-neutron-855868-4-hyperv neutron-server[107796]: DEBUG neutron_lib.callbacks.manager [None req-db45424c-1939-4084-adaf-39e7200ba741 tempest-PortsAdminExtendedAttrsTestJSON-1831210152 tempest-PortsAdminExtendedAttrsTestJSON-1831210152-project-admin] Publish callbacks ['neutron.notifiers.nova.Notifier._send_nova_notification-144456'] for port (None), before_response {{(pid=107796) _notify_loop /usr/local/lib/python3.8/dist-packages/neutron_lib/callbacks/manager.py:176}}
Sep 05 13:08:52.928997 dv-neutron-855868-4-hyperv neutron-server[107795]: INFO neutron.wsgi [req-9d39d6a8-f59e-4595-9ec4-58ca9da28faa req-f392c59e-82a7-4b59-810e-aa09ed30ebf4 tempest-ServersTestManualDisk-1985641588 tempest-ServersTestManualDisk-1985641588-project] 10.222.0.73 "GET /networking/v2.0/networks?id=477d539e-8f2e-4df9-ae05-6add5d9c03f1 HTTP/1.1" status: 200 len: 811 time: 0.1662970
Sep 05 13:08:52.932438 dv-neutron-855868-4-hyperv neutron-server[107796]: INFO neutron.wsgi [None req-db45424c-1939-4084-adaf-39e7200ba741 tempest-PortsAdminExtendedAttrsTestJSON-1831210152 tempest-PortsAdminExtendedAttrsTestJSON-1831210152-project-admin] 10.222.0.73 "PUT /networking/v2.0/ports/1ab5ffa4-fa9c-4c84-ad70-c00b333f6465 HTTP/1.1" status: 200 len: 976 time: 2.8917351
Sep 05 13:08:52.942441 dv-neutron-855868-4-hyperv neutron-server[107795]: DEBUG neutron.wsgi [-] (107795) accepted ('10.222.0.73', 48256) {{(pid=107795) server /usr/local/lib/python3.8/dist-packages/eventlet/wsgi.py:1004}}
Sep 05 13:08:52.987628 dv-neutron-855868-4-hyperv neutron-server[107795]: INFO neutron.wsgi [req-9d39d6a8-f59e-4595-9ec4-58ca9da28faa req-3e094c89-a511-4787-84e4-00c4a1d708da tempest-ServersTestManualDisk-1985641588 tempest-ServersTestManualDisk-1985641588-project] 10.222.0.73 "GET /networking/v2.0/quotas/a811b268f2f649b19bcb051fcc394fe0 HTTP/1.1" status: 200 len: 375 time: 0.0579481
Sep 05 13:08:52.989407 dv-neutron-855868-4-hyperv neutron-server[107795]: INFO neutron.wsgi [req-11c87bbb-8fe7-408c-98f1-7e8545fe0884 req-dfa5c5f6-8e4a-4458-8c52-fc067971694e tempest-ServerActionsTestJSON-1294032789 tempest-ServerActionsTestJSON-1294032789-project] 10.222.0.73 "GET /networking/v2.0/ports?device_id=1074f77a-7ed3-4bbc-a5f0-5fe0dac40635 HTTP/1.1" status: 200 len: 210 time: 0.0830519
Sep 05 13:08:53.066026 dv-neutron-855868-4-hyperv neutron-server[107795]: DEBUG neutron_lib.callbacks.manager [None req-4fc32981-4d37-46d8-9370-f500c4e8e01f admin admin] Publish callbacks [] for security_group (None), before_create {{(pid=107795) _notify_loop /usr/local/lib/python3.8/dist-packages/neutron_lib/callbacks/manager.py:176}}
Sep 05 13:08:53.078869 dv-neutron-855868-4-hyperv neutron-server[107795]: DEBUG dbcounter [-] [107795] Writing DB stats neutron:SELECT=91,neutron:INSERT=4,neutron:UPDATE=3,neutron:DELETE=2 {{(pid=107795) stat_writer /usr/local/lib/python3.8/dist-packages/dbcounter.py:114}}
Sep 05 13:08:53.097992 dv-neutron-855868-4-hyperv neutron-server[107795]: INFO neutron.wsgi [req-9d39d6a8-f59e-4595-9ec4-58ca9da28faa req-c836e6ae-1e45-4c12-b556-1a26bc6ffeb6 tempest-ServersTestManualDisk-1985641588 tempest-ServersTestManualDisk-1985641588-project] 10.222.0.73 "GET /networking/v2.0/ports?tenant_id=a811b268f2f649b19bcb051fcc394fe0&fields=id HTTP/1.1" status: 200 len: 302 time: 0.0626812
Sep 05 13:08:53.138887 dv-neutron-855868-4-hyperv neutron-server[107796]: DEBUG neutron_lib.callbacks.manager [None req-a4d80f71-c50c-46c4-a9b1-696cb51e385e tempest-AllowedAddressPairTestJSON-1874530610 tempest-AllowedAddressPairTestJSON-1874530610-project] Publish callbacks [] for port (b7eb88f7-1237-4dfb-8198-61a8afa95f5f), precommit_create {{(pid=107796) _notify_loop /usr/local/lib/python3.8/dist-packages/neutron_lib/callbacks/manager.py:176}}
Sep 05 13:08:53.147061 dv-neutron-855868-4-hyperv neutron-server[107796]: DEBUG neutron.api.rpc.handlers.resources_rpc [None req-db45424c-1939-4084-adaf-39e7200ba741 tempest-PortsAdminExtendedAttrsTestJSON-1831210152 tempest-PortsAdminExtendedAttrsTestJSON-1831210152-project-admin] Pushing event updated for resources: {'Port': ['ID=1ab5ffa4-fa9c-4c84-ad70-c00b333f6465,revision_number=3']} {{(pid=107796) push /opt/stack/neutron/neutron/api/rpc/handlers/resources_rpc.py:237}}
Sep 05 13:08:53.223699 dv-neutron-855868-4-hyperv neutron-server[107795]: DEBUG neutron.plugins.ml2.plugin [None req-7d2bbe0a-6f04-40c5-b337-2985443de0f6 tempest-PortsAdminExtendedAttrsTestJSON-1831210152 tempest-PortsAdminExtendedAttrsTestJSON-1831210152-project-admin] Deleting port 1ab5ffa4-fa9c-4c84-ad70-c00b333f6465 {{(pid=107795) _pre_delete_port /opt/stack/neutron/neutron/plugins/ml2/plugin.py:2047}}
Sep 05 13:08:53.224298 dv-neutron-855868-4-hyperv neutron-server[107795]: DEBUG neutron_lib.callbacks.manager [None req-7d2bbe0a-6f04-40c5-b337-2985443de0f6 tempest-PortsAdminExtendedAttrsTestJSON-1831210152 tempest-PortsAdminExtendedAttrsTestJSON-1831210152-project-admin] Publish callbacks ['neutron.db.l3_db.L3_NAT_dbonly_mixin._prevent_l3_port_delete_callback-8757931838684'] for port (1ab5ffa4-fa9c-4c84-ad70-c00b333f6465), before_delete {{(pid=107795) _notify_loop /usr/local/lib/python3.8/dist-packages/neutron_lib/callbacks/manager.py:176}}
Sep 05 13:08:53.285659 dv-neutron-855868-4-hyperv neutron-server[107796]: DEBUG neutron_lib.callbacks.manager [None req-f39f2233-cbbc-44c6-b00f-f80cdeea0a9d admin admin] Publish callbacks [] for security_group (079036e5-55a9-4bd6-83c8-597673e344c3), precommit_create {{(pid=107796) _notify_loop /usr/local/lib/python3.8/dist-packages/neutron_lib/callbacks/manager.py:176}}
Sep 05 13:08:53.305953 dv-neutron-855868-4-hyperv neutron-server[107796]: DEBUG neutron.db.db_base_plugin_common [None req-dc105d4e-2d3a-4cf2-b8af-b12c2d706a92 tempest-FloatingIPNegativeTestJSON-991867301 tempest-FloatingIPNegativeTestJSON-991867301-project] Allocated IP 172.20.0.1 (865df1af-3c2e-42e0-a231-043828ab04aa/81d584ff-b607-4821-9939-4b7c801e0e3e/06940db6-a459-4d12-b172-138b1757deb2) {{(pid=107796) _store_ip_allocation /opt/stack/neutron/neutron/db/db_base_plugin_common.py:131}}
Sep 05 13:08:53.360724 dv-neutron-855868-4-hyperv neutron-server[107795]: DEBUG neutron.plugins.ml2.db [None req-7d2bbe0a-6f04-40c5-b337-2985443de0f6 tempest-PortsAdminExtendedAttrsTestJSON-1831210152 tempest-PortsAdminExtendedAttrsTestJSON-1831210152-project-admin] For port 1ab5ffa4-fa9c-4c84-ad70-c00b333f6465, host hv-neutron-8558, got binding levels [] {{(pid=107795) get_binding_level_objs /opt/stack/neutron/neutron/plugins/ml2/db.py:74}}
Sep 05 13:08:53.361193 dv-neutron-855868-4-hyperv neutron-server[107795]: DEBUG neutron_lib.callbacks.manager [None req-7d2bbe0a-6f04-40c5-b337-2985443de0f6 tempest-PortsAdminExtendedAttrsTestJSON-1831210152 tempest-PortsAdminExtendedAttrsTestJSON-1831210152-project-admin] Publish callbacks ['neutron.services.l3_router.l3_router_plugin.L3_NAT_dbonly_mixin._precommit_delete_port_callback-963721'] for port (1ab5ffa4-fa9c-4c84-ad70-c00b333f6465), precommit_delete {{(pid=107795) _notify_loop /usr/local/lib/python3.8/dist-packages/neutron_lib/callbacks/manager.py:176}}
Sep 05 13:08:53.395284 dv-neutron-855868-4-hyperv neutron-server[107796]: DEBUG neutron_lib.callbacks.manager [None req-f39f2233-cbbc-44c6-b00f-f80cdeea0a9d admin admin] Publish callbacks ['neutron.plugins.ml2.ovo_rpc._ObjectChangeHandler.handle_event-871160'] for security_group (079036e5-55a9-4bd6-83c8-597673e344c3), after_create {{(pid=107796) _notify_loop /usr/local/lib/python3.8/dist-packages/neutron_lib/callbacks/manager.py:176}}
Sep 05 13:08:53.401982 dv-neutron-855868-4-hyperv neutron-server[107795]: INFO neutron.wsgi [req-9d39d6a8-f59e-4595-9ec4-58ca9da28faa req-c25fdb43-0b9c-49ca-b79f-7dfaa4454634 service neutron] 10.222.0.73 "GET /networking/v2.0/networks/477d539e-8f2e-4df9-ae05-6add5d9c03f1?fields=segments HTTP/1.1" status: 200 len: 212 time: 0.2792923
Sep 05 13:08:53.420384 dv-neutron-855868-4-hyperv neutron-server[107796]: DEBUG neutron_lib.callbacks.manager [None req-a4d80f71-c50c-46c4-a9b1-696cb51e385e tempest-AllowedAddressPairTestJSON-1874530610 tempest-AllowedAddressPairTestJSON-1874530610-project] Publish callbacks ['neutron.plugins.ml2.plugin.SecurityGroupServerNotifierRpcMixin._notify_sg_on_port_change-1984232', 'neutron.plugins.ml2.ovo_rpc._ObjectChangeHandler.handle_event-77027', 'neutron.api.rpc.agentnotifiers.dhcp_rpc_agent_api.DhcpAgentNotifyAPI._native_event_send_dhcp_notification-1043887', 'neutron.db.l3_dvrscheduler_db._notify_l3_agent_new_port-8757931399536'] for port (b7eb88f7-1237-4dfb-8198-61a8afa95f5f), after_create {{(pid=107796) _notify_loop /usr/local/lib/python3.8/dist-packages/neutron_lib/callbacks/manager.py:176}}
Sep 05 13:08:53.421531 dv-neutron-855868-4-hyperv neutron-server[107795]: INFO neutron.wsgi [req-3e89a6af-88d7-4448-8c7c-ecfa85aecfef req-00cad8b2-e24e-4a7d-8411-10340f9ff654 tempest-ServersTestJSON-872383461 tempest-ServersTestJSON-872383461-project] 10.222.0.73 "GET /networking/v2.0/ports?device_id=6724fd3d-5394-4183-826e-f783edeaec96 HTTP/1.1" status: 200 len: 210 time: 0.0920804
Sep 05 13:08:53.448726 dv-neutron-855868-4-hyperv neutron-server[107795]: DEBUG neutron.plugins.ml2.plugin [None req-7d2bbe0a-6f04-40c5-b337-2985443de0f6 tempest-PortsAdminExtendedAttrsTestJSON-1831210152 tempest-PortsAdminExtendedAttrsTestJSON-1831210152-project-admin] Calling delete_port for 1ab5ffa4-fa9c-4c84-ad70-c00b333f6465 owned by {{(pid=107795) delete_port /opt/stack/neutron/neutron/plugins/ml2/plugin.py:2126}}
Sep 05 13:08:53.510530 dv-neutron-855868-4-hyperv neutron-server[107795]: DEBUG neutron_lib.callbacks.manager [None req-4fc32981-4d37-46d8-9370-f500c4e8e01f admin admin] Publish callbacks [] for security_group (370697c4-0e38-4924-80a6-e50b38e284b8), precommit_create {{(pid=107795) _notify_loop /usr/local/lib/python3.8/dist-packages/neutron_lib/callbacks/manager.py:176}}
Sep 05 13:08:53.569431 dv-neutron-855868-4-hyperv neutron-server[107797]: DEBUG neutron.api.rpc.handlers.dhcp_rpc [None req-9481b5b2-4192-4d0b-9651-17a1a212343f None None] Network 865df1af-3c2e-42e0-a231-043828ab04aa requested from dv-neutron-855868-4-hyperv {{(pid=107797) get_network_info /opt/stack/neutron/neutron/api/rpc/handlers/dhcp_rpc.py:193}}
Sep 05 13:08:53.621228 dv-neutron-855868-4-hyperv neutron-server[107795]: INFO neutron.wsgi [req-9d39d6a8-f59e-4595-9ec4-58ca9da28faa req-3636b049-3d53-45ea-a0d2-92d3510d2f05 service neutron] 10.222.0.73 "GET /networking/v2.0/networks/477d539e-8f2e-4df9-ae05-6add5d9c03f1?fields=provider%3Aphysical_network&fields=provider%3Anetwork_type HTTP/1.1" status: 200 len: 281 time: 0.2091267
Sep 05 13:08:53.639071 dv-neutron-855868-4-hyperv neutron-server[107795]: DEBUG neutron_lib.callbacks.manager [None req-4fc32981-4d37-46d8-9370-f500c4e8e01f admin admin] Publish callbacks ['neutron.plugins.ml2.ovo_rpc._ObjectChangeHandler.handle_event-871160'] for security_group (370697c4-0e38-4924-80a6-e50b38e284b8), after_create {{(pid=107795) _notify_loop /usr/local/lib/python3.8/dist-packages/neutron_lib/callbacks/manager.py:176}}
Sep 05 13:08:53.735116 dv-neutron-855868-4-hyperv neutron-server[107797]: DEBUG neutron.db.provisioning_blocks [None req-0118024c-1e7d-46a2-b0bb-93e8ac4f63e6 None None] Provisioning complete for port c983b2a7-adf5-4e73-9e25-d86772b05837 triggered by entity DHCP. {{(pid=107797) provisioning_complete /opt/stack/neutron/neutron/db/provisioning_blocks.py:144}}
Sep 05 13:08:53.735671 dv-neutron-855868-4-hyperv neutron-server[107797]: DEBUG neutron_lib.callbacks.manager [None req-0118024c-1e7d-46a2-b0bb-93e8ac4f63e6 None None] Publish callbacks ['neutron.plugins.ml2.plugin.Ml2Plugin._port_provisioned-1907995'] for port (c983b2a7-adf5-4e73-9e25-d86772b05837), provisioning_complete {{(pid=107797) _notify_loop /usr/local/lib/python3.8/dist-packages/neutron_lib/callbacks/manager.py:176}}
Sep 05 13:08:53.752522 dv-neutron-855868-4-hyperv neutron-server[107795]: INFO neutron.wsgi [None req-4fc32981-4d37-46d8-9370-f500c4e8e01f admin admin] 10.222.0.73 "GET /networking/v2.0/security-groups?tenant_id=4dbfef9c0d424ae78909b6eb431ba51d&name=default HTTP/1.1" status: 200 len: 2996 time: 1.0700357
Sep 05 13:08:53.753537 dv-neutron-855868-4-hyperv neutron-server[107795]: DEBUG neutron.wsgi [-] (107795) accepted ('10.222.0.73', 48272) {{(pid=107795) server /usr/local/lib/python3.8/dist-packages/eventlet/wsgi.py:1004}}
Sep 05 13:08:53.758579 dv-neutron-855868-4-hyperv neutron-server[107795]: DEBUG neutron.api.rpc.handlers.resources_rpc [None req-4fc32981-4d37-46d8-9370-f500c4e8e01f admin admin] Pushing event updated for resources: {'SecurityGroup': ['ID=370697c4-0e38-4924-80a6-e50b38e284b8,revision_number=1']} {{(pid=107795) push /opt/stack/neutron/neutron/api/rpc/handlers/resources_rpc.py:237}}
