Sep 06 10:41:12.949471 dv-neutron-855850-8-hyperv devstack@keystone.service[81850]: DEBUG keystone.common.rbac_enforcer.enforcer [None req-52359003-8248-4427-9791-405cfb82a67e None admin] RBAC: Authorization granted {{(pid=81850) enforce_call /opt/stack/keystone/keystone/common/rbac_enforcer/enforcer.py:457}}
Sep 06 10:41:12.963851 dv-neutron-855850-8-hyperv devstack@keystone.service[81850]: [pid: 81850|app: 0|req: 143/281] 10.222.0.25 () {56 vars in 1101 bytes} [Tue Sep 6 10:41:12 2022] GET /identity/v3/roles?name=reader => generated 341 bytes in 179 msecs (HTTP/1.1 200) 5 headers in 177 bytes (1 switches on core 0)
Sep 06 10:41:12.971185 dv-neutron-855850-8-hyperv devstack@keystone.service[81850]: DEBUG keystone.server.flask.request_processing.middleware.auth_context [None req-52359003-8248-4427-9791-405cfb82a67e None admin] Authenticating user token {{(pid=81850) process_request /usr/local/lib/python3.8/dist-packages/keystonemiddleware/auth_token/__init__.py:407}}
Sep 06 10:41:12.984016 dv-neutron-855850-8-hyperv devstack@keystone.service[81849]: DEBUG dbcounter [-] [81849] Writing DB stats keystone:SELECT=97,keystone:INSERT=3 {{(pid=81849) stat_writer /usr/local/lib/python3.8/dist-packages/dbcounter.py:114}}
Sep 06 10:41:13.068711 dv-neutron-855850-8-hyperv devstack@keystone.service[81849]: DEBUG keystone.server.flask.request_processing.middleware.auth_context [None req-44f61bba-b88a-4c13-8613-a2e9bb1d43de None admin] Validating token access rules against request {{(pid=81849) validate_allowed_request /usr/local/lib/python3.8/dist-packages/keystonemiddleware/auth_token/__init__.py:545}}
Sep 06 10:41:13.094364 dv-neutron-855850-8-hyperv devstack@keystone.service[81850]: DEBUG keystone.server.flask.request_processing.middleware.auth_context [None req-52359003-8248-4427-9791-405cfb82a67e None admin] Validating token access rules against request {{(pid=81850) validate_allowed_request /usr/local/lib/python3.8/dist-packages/keystonemiddleware/auth_token/__init__.py:545}}
Sep 06 10:41:13.113366 dv-neutron-855850-8-hyperv devstack@keystone.service[81849]: DEBUG keystone.server.flask.request_processing.middleware.auth_context [None req-1ac88502-8feb-49dd-be28-0189673ca8fd None admin] RBAC: auth_context: {'token': , 'domain_id': None, 'trust_id': None, 'trustor_id': None, 'trustee_id': None, 'domain_name': None, 'group_ids': [], 'user_id': 'b94444effb544b608e6c1e87409d807d', 'user_domain_id': 'default', 'system_scope': 'all', 'project_id': None, 'project_domain_id': None, 'roles': ['admin', 'member', 'reader'], 'is_admin_project': True, 'service_user_id': None, 'service_user_domain_id': None, 'service_project_id': None, 'service_project_domain_id': None, 'service_roles': []} {{(pid=81849) fill_context /opt/stack/keystone/keystone/server/flask/request_processing/middleware/auth_context.py:478}}
Sep 06 10:41:13.114373 dv-neutron-855850-8-hyperv devstack@keystone.service[81849]: DEBUG keystone.server.flask.request_processing.req_logging [None req-1ac88502-8feb-49dd-be28-0189673ca8fd None admin] REQUEST_METHOD: `GET` {{(pid=81849) log_request_info /opt/stack/keystone/keystone/server/flask/request_processing/req_logging.py:27}}
Sep 06 10:41:13.114643 dv-neutron-855850-8-hyperv devstack@keystone.service[81849]: DEBUG keystone.server.flask.request_processing.req_logging [None req-1ac88502-8feb-49dd-be28-0189673ca8fd None admin] SCRIPT_NAME: `/identity` {{(pid=81849) log_request_info /opt/stack/keystone/keystone/server/flask/request_processing/req_logging.py:28}}
Sep 06 10:41:13.115198 dv-neutron-855850-8-hyperv devstack@keystone.service[81849]: DEBUG keystone.server.flask.request_processing.req_logging [None req-1ac88502-8feb-49dd-be28-0189673ca8fd None admin] PATH_INFO: `/v3/users/72954412d9e34fb7a009b08c1176066f` {{(pid=81849) log_request_info /opt/stack/keystone/keystone/server/flask/request_processing/req_logging.py:29}}
Sep 06 10:41:13.130487 dv-neutron-855850-8-hyperv devstack@keystone.service[81849]: DEBUG keystone.common.rbac_enforcer.enforcer [None req-1ac88502-8feb-49dd-be28-0189673ca8fd None admin] RBAC: Authorizing `identity:get_user(user_id=72954412d9e34fb7a009b08c1176066f)` {{(pid=81849) enforce_call /opt/stack/keystone/keystone/common/rbac_enforcer/enforcer.py:449}}
Sep 06 10:41:13.132012 dv-neutron-855850-8-hyperv devstack@keystone.service[81849]: DEBUG keystone.common.rbac_enforcer.enforcer [None req-1ac88502-8feb-49dd-be28-0189673ca8fd None admin] RBAC: Authorization granted {{(pid=81849) enforce_call /opt/stack/keystone/keystone/common/rbac_enforcer/enforcer.py:457}}
Sep 06 10:41:13.133447 dv-neutron-855850-8-hyperv devstack@keystone.service[81850]: DEBUG keystone.server.flask.request_processing.middleware.auth_context [None req-d14698bf-9a43-4bfb-8457-c233453f624e None admin] RBAC: auth_context: {'token': , 'domain_id': None, 'trust_id': None, 'trustor_id': None, 'trustee_id': None, 'domain_name': None, 'group_ids': [], 'user_id': 'b94444effb544b608e6c1e87409d807d', 'user_domain_id': 'default', 'system_scope': 'all', 'project_id': None, 'project_domain_id': None, 'roles': ['admin', 'member', 'reader'], 'is_admin_project': True, 'service_user_id': None, 'service_user_domain_id': None, 'service_project_id': None, 'service_project_domain_id': None, 'service_roles': []} {{(pid=81850) fill_context /opt/stack/keystone/keystone/server/flask/request_processing/middleware/auth_context.py:478}}
Sep 06 10:41:13.133674 dv-neutron-855850-8-hyperv devstack@keystone.service[81849]: [pid: 81849|app: 0|req: 139/282] 10.222.0.25 () {56 vars in 1177 bytes} [Tue Sep 6 10:41:12 2022] GET /identity/v3/users/72954412d9e34fb7a009b08c1176066f => generated 293 bytes in 212 msecs (HTTP/1.1 200) 5 headers in 177 bytes (1 switches on core 0)
Sep 06 10:41:13.134388 dv-neutron-855850-8-hyperv devstack@keystone.service[81850]: DEBUG keystone.server.flask.request_processing.req_logging [None req-d14698bf-9a43-4bfb-8457-c233453f624e None admin] REQUEST_METHOD: `GET` {{(pid=81850) log_request_info /opt/stack/keystone/keystone/server/flask/request_processing/req_logging.py:27}}
Sep 06 10:41:13.134722 dv-neutron-855850-8-hyperv devstack@keystone.service[81850]: DEBUG keystone.server.flask.request_processing.req_logging [None req-d14698bf-9a43-4bfb-8457-c233453f624e None admin] SCRIPT_NAME: `/identity` {{(pid=81850) log_request_info /opt/stack/keystone/keystone/server/flask/request_processing/req_logging.py:28}}
Sep 06 10:41:13.135000 dv-neutron-855850-8-hyperv devstack@keystone.service[81850]: DEBUG keystone.server.flask.request_processing.req_logging [None req-d14698bf-9a43-4bfb-8457-c233453f624e None admin] PATH_INFO: `/v3/users/0b43aba1f2f34f8cb52a6c96aee5cab1` {{(pid=81850) log_request_info /opt/stack/keystone/keystone/server/flask/request_processing/req_logging.py:29}}
Sep 06 10:41:13.137287 dv-neutron-855850-8-hyperv devstack@keystone.service[81850]: DEBUG keystone.common.rbac_enforcer.enforcer [None req-d14698bf-9a43-4bfb-8457-c233453f624e None admin] RBAC: Authorizing `identity:get_user(user_id=0b43aba1f2f34f8cb52a6c96aee5cab1)` {{(pid=81850) enforce_call /opt/stack/keystone/keystone/common/rbac_enforcer/enforcer.py:449}}
Sep 06 10:41:13.138875 dv-neutron-855850-8-hyperv devstack@keystone.service[81850]: DEBUG keystone.common.rbac_enforcer.enforcer [None req-d14698bf-9a43-4bfb-8457-c233453f624e None admin] RBAC: Authorization granted {{(pid=81850) enforce_call /opt/stack/keystone/keystone/common/rbac_enforcer/enforcer.py:457}}
Sep 06 10:41:13.140091 dv-neutron-855850-8-hyperv devstack@keystone.service[81849]: DEBUG keystone.server.flask.request_processing.middleware.auth_context [None req-1ac88502-8feb-49dd-be28-0189673ca8fd None admin] Authenticating user token {{(pid=81849) process_request /usr/local/lib/python3.8/dist-packages/keystonemiddleware/auth_token/__init__.py:407}}
Sep 06 10:41:13.141059 dv-neutron-855850-8-hyperv devstack@keystone.service[81850]: [pid: 81850|app: 0|req: 144/283] 10.222.0.25 () {56 vars in 1177 bytes} [Tue Sep 6 10:41:12 2022] GET /identity/v3/users/0b43aba1f2f34f8cb52a6c96aee5cab1 => generated 297 bytes in 170 msecs (HTTP/1.1 200) 5 headers in 177 bytes (1 switches on core 0)
Sep 06 10:41:13.148173 dv-neutron-855850-8-hyperv devstack@keystone.service[81850]: DEBUG keystone.server.flask.request_processing.middleware.auth_context [None req-d14698bf-9a43-4bfb-8457-c233453f624e None admin] Authenticating user token {{(pid=81850) process_request /usr/local/lib/python3.8/dist-packages/keystonemiddleware/auth_token/__init__.py:407}}
Sep 06 10:41:13.204321 dv-neutron-855850-8-hyperv devstack@keystone.service[81850]: DEBUG dbcounter [-] [81850] Writing DB stats keystone:SELECT=100 {{(pid=81850) stat_writer /usr/local/lib/python3.8/dist-packages/dbcounter.py:114}}
Sep 06 10:41:13.275495 dv-neutron-855850-8-hyperv devstack@keystone.service[81849]: DEBUG keystone.server.flask.request_processing.middleware.auth_context [None req-1ac88502-8feb-49dd-be28-0189673ca8fd None admin] Validating token access rules against request {{(pid=81849) validate_allowed_request /usr/local/lib/python3.8/dist-packages/keystonemiddleware/auth_token/__init__.py:545}}
Sep 06 10:41:13.277641 dv-neutron-855850-8-hyperv devstack@keystone.service[81849]: DEBUG dbcounter [-] [81849] Writing DB stats keystone:SELECT=100 {{(pid=81849) stat_writer /usr/local/lib/python3.8/dist-packages/dbcounter.py:114}}
Sep 06 10:41:13.282927 dv-neutron-855850-8-hyperv devstack@keystone.service[81850]: DEBUG keystone.server.flask.request_processing.middleware.auth_context [None req-d14698bf-9a43-4bfb-8457-c233453f624e None admin] Validating token access rules against request {{(pid=81850) validate_allowed_request /usr/local/lib/python3.8/dist-packages/keystonemiddleware/auth_token/__init__.py:545}}
Sep 06 10:41:13.324519 dv-neutron-855850-8-hyperv devstack@keystone.service[81849]: DEBUG keystone.server.flask.request_processing.middleware.auth_context [None req-b9710014-e25f-4f55-b701-7ba404c22df8 None admin] RBAC: auth_context: {'token': , 'domain_id': None, 'trust_id': None, 'trustor_id': None, 'trustee_id': None, 'domain_name': None, 'group_ids': [], 'user_id': 'b94444effb544b608e6c1e87409d807d', 'user_domain_id': 'default', 'system_scope': 'all', 'project_id': None, 'project_domain_id': None, 'roles': ['admin', 'member', 'reader'], 'is_admin_project': True, 'service_user_id': None, 'service_user_domain_id': None, 'service_project_id': None, 'service_project_domain_id': None, 'service_roles': []} {{(pid=81849) fill_context /opt/stack/keystone/keystone/server/flask/request_processing/middleware/auth_context.py:478}}
Sep 06 10:41:13.325140 dv-neutron-855850-8-hyperv devstack@keystone.service[81849]: DEBUG keystone.server.flask.request_processing.req_logging [None req-b9710014-e25f-4f55-b701-7ba404c22df8 None admin] REQUEST_METHOD: `GET` {{(pid=81849) log_request_info /opt/stack/keystone/keystone/server/flask/request_processing/req_logging.py:27}}
Sep 06 10:41:13.325404 dv-neutron-855850-8-hyperv devstack@keystone.service[81849]: DEBUG keystone.server.flask.request_processing.req_logging [None req-b9710014-e25f-4f55-b701-7ba404c22df8 None admin] SCRIPT_NAME: `/identity` {{(pid=81849) log_request_info /opt/stack/keystone/keystone/server/flask/request_processing/req_logging.py:28}}
Sep 06 10:41:13.325675 dv-neutron-855850-8-hyperv devstack@keystone.service[81849]: DEBUG keystone.server.flask.request_processing.req_logging [None req-b9710014-e25f-4f55-b701-7ba404c22df8 None admin] PATH_INFO: `/v3/role_assignments` {{(pid=81849) log_request_info /opt/stack/keystone/keystone/server/flask/request_processing/req_logging.py:29}}
Sep 06 10:41:13.326311 dv-neutron-855850-8-hyperv devstack@keystone.service[81850]: DEBUG keystone.server.flask.request_processing.middleware.auth_context [None req-ca5791f8-2fa0-429b-b008-8d9f50d924ba None admin] RBAC: auth_context: {'token': , 'domain_id': None, 'trust_id': None, 'trustor_id': None, 'trustee_id': None, 'domain_name': None, 'group_ids': [], 'user_id': 'b94444effb544b608e6c1e87409d807d', 'user_domain_id': 'default', 'system_scope': 'all', 'project_id': None, 'project_domain_id': None, 'roles': ['admin', 'member', 'reader'], 'is_admin_project': True, 'service_user_id': None, 'service_user_domain_id': None, 'service_project_id': None, 'service_project_domain_id': None, 'service_roles': []} {{(pid=81850) fill_context /opt/stack/keystone/keystone/server/flask/request_processing/middleware/auth_context.py:478}}
Sep 06 10:41:13.326427 dv-neutron-855850-8-hyperv devstack@keystone.service[81849]: DEBUG keystone.common.rbac_enforcer.enforcer [None req-b9710014-e25f-4f55-b701-7ba404c22df8 None admin] RBAC: Adding query filter params (role.id=431ddf3edd8840a38375cd2825559648, user.id=72954412d9e34fb7a009b08c1176066f, scope.system=all) {{(pid=81849) _extract_filter_values /opt/stack/keystone/keystone/common/rbac_enforcer/enforcer.py:167}}
Sep 06 10:41:13.326748 dv-neutron-855850-8-hyperv devstack@keystone.service[81849]: DEBUG keystone.common.rbac_enforcer.enforcer [None req-b9710014-e25f-4f55-b701-7ba404c22df8 None admin] RBAC: Authorizing `identity:list_role_assignments()` {{(pid=81849) enforce_call /opt/stack/keystone/keystone/common/rbac_enforcer/enforcer.py:449}}
Sep 06 10:41:13.326953 dv-neutron-855850-8-hyperv devstack@keystone.service[81850]: DEBUG keystone.server.flask.request_processing.req_logging [None req-ca5791f8-2fa0-429b-b008-8d9f50d924ba None admin] REQUEST_METHOD: `GET` {{(pid=81850) log_request_info /opt/stack/keystone/keystone/server/flask/request_processing/req_logging.py:27}}
Sep 06 10:41:13.327373 dv-neutron-855850-8-hyperv devstack@keystone.service[81850]: DEBUG keystone.server.flask.request_processing.req_logging [None req-ca5791f8-2fa0-429b-b008-8d9f50d924ba None admin] SCRIPT_NAME: `/identity` {{(pid=81850) log_request_info /opt/stack/keystone/keystone/server/flask/request_processing/req_logging.py:28}}
Sep 06 10:41:13.329120 dv-neutron-855850-8-hyperv devstack@keystone.service[81850]: DEBUG keystone.server.flask.request_processing.req_logging [None req-ca5791f8-2fa0-429b-b008-8d9f50d924ba None admin] PATH_INFO: `/v3/projects/89014a043e1546d8ab916f74540a9f0a` {{(pid=81850) log_request_info /opt/stack/keystone/keystone/server/flask/request_processing/req_logging.py:29}}
Sep 06 10:41:13.329223 dv-neutron-855850-8-hyperv devstack@keystone.service[81849]: DEBUG keystone.common.rbac_enforcer.enforcer [None req-b9710014-e25f-4f55-b701-7ba404c22df8 None admin] RBAC: Authorization granted {{(pid=81849) enforce_call /opt/stack/keystone/keystone/common/rbac_enforcer/enforcer.py:457}}
Sep 06 10:41:13.329312 dv-neutron-855850-8-hyperv devstack@keystone.service[81850]: DEBUG keystone.common.rbac_enforcer.enforcer [None req-ca5791f8-2fa0-429b-b008-8d9f50d924ba None admin] RBAC: Authorizing `identity:get_project(project_id=89014a043e1546d8ab916f74540a9f0a)` {{(pid=81850) enforce_call /opt/stack/keystone/keystone/common/rbac_enforcer/enforcer.py:449}}
Sep 06 10:41:13.330581 dv-neutron-855850-8-hyperv devstack@keystone.service[81850]: DEBUG keystone.common.rbac_enforcer.enforcer [None req-ca5791f8-2fa0-429b-b008-8d9f50d924ba None admin] RBAC: Authorization granted {{(pid=81850) enforce_call /opt/stack/keystone/keystone/common/rbac_enforcer/enforcer.py:457}}
Sep 06 10:41:13.333219 dv-neutron-855850-8-hyperv devstack@keystone.service[81850]: [pid: 81850|app: 0|req: 145/284] 10.222.0.25 () {56 vars in 1186 bytes} [Tue Sep 6 10:41:13 2022] GET /identity/v3/projects/89014a043e1546d8ab916f74540a9f0a => generated 302 bytes in 185 msecs (HTTP/1.1 200) 5 headers in 177 bytes (2 switches on core 0)
Sep 06 10:41:13.337862 dv-neutron-855850-8-hyperv devstack@keystone.service[81849]: [pid: 81849|app: 0|req: 140/285] 10.222.0.25 () {56 vars in 1308 bytes} [Tue Sep 6 10:41:13 2022] GET /identity/v3/role_assignments?user.id=72954412d9e34fb7a009b08c1176066f&scope.system=all&role.id=431ddf3edd8840a38375cd2825559648 => generated 226 bytes in 198 msecs (HTTP/1.1 200) 5 headers in 177 bytes (1 switches on core 0)
Sep 06 10:41:13.339044 dv-neutron-855850-8-hyperv devstack@keystone.service[81850]: DEBUG keystone.server.flask.request_processing.middleware.auth_context [None req-ca5791f8-2fa0-429b-b008-8d9f50d924ba None admin] Authenticating user token {{(pid=81850) process_request /usr/local/lib/python3.8/dist-packages/keystonemiddleware/auth_token/__init__.py:407}}
Sep 06 10:41:13.462259 dv-neutron-855850-8-hyperv devstack@keystone.service[81850]: DEBUG keystone.server.flask.request_processing.middleware.auth_context [None req-ca5791f8-2fa0-429b-b008-8d9f50d924ba None admin] Validating token access rules against request {{(pid=81850) validate_allowed_request /usr/local/lib/python3.8/dist-packages/keystonemiddleware/auth_token/__init__.py:545}}
Sep 06 10:41:13.488497 dv-neutron-855850-8-hyperv devstack@keystone.service[81850]: DEBUG dbcounter [-] [81850] Writing DB stats keystone:SELECT=100 {{(pid=81850) stat_writer /usr/local/lib/python3.8/dist-packages/dbcounter.py:114}}
Sep 06 10:41:13.500032 dv-neutron-855850-8-hyperv devstack@keystone.service[81850]: DEBUG keystone.server.flask.request_processing.middleware.auth_context [None req-5bbe5704-ed43-48ee-a30b-f4d685742121 None admin] RBAC: auth_context: {'token': , 'domain_id': None, 'trust_id': None, 'trustor_id': None, 'trustee_id': None, 'domain_name': None, 'group_ids': [], 'user_id': 'b94444effb544b608e6c1e87409d807d', 'user_domain_id': 'default', 'system_scope': 'all', 'project_id': None, 'project_domain_id': None, 'roles': ['admin', 'member', 'reader'], 'is_admin_project': True, 'service_user_id': None, 'service_user_domain_id': None, 'service_project_id': None, 'service_project_domain_id': None, 'service_roles': []} {{(pid=81850) fill_context /opt/stack/keystone/keystone/server/flask/request_processing/middleware/auth_context.py:478}}
Sep 06 10:41:13.500699 dv-neutron-855850-8-hyperv devstack@keystone.service[81850]: DEBUG keystone.server.flask.request_processing.req_logging [None req-5bbe5704-ed43-48ee-a30b-f4d685742121 None admin] REQUEST_METHOD: `PUT` {{(pid=81850) log_request_info /opt/stack/keystone/keystone/server/flask/request_processing/req_logging.py:27}}
Sep 06 10:41:13.500970 dv-neutron-855850-8-hyperv devstack@keystone.service[81850]: DEBUG keystone.server.flask.request_processing.req_logging [None req-5bbe5704-ed43-48ee-a30b-f4d685742121 None admin] SCRIPT_NAME: `/identity` {{(pid=81850) log_request_info /opt/stack/keystone/keystone/server/flask/request_processing/req_logging.py:28}}
Sep 06 10:41:13.501234 dv-neutron-855850-8-hyperv devstack@keystone.service[81850]: DEBUG keystone.server.flask.request_processing.req_logging [None req-5bbe5704-ed43-48ee-a30b-f4d685742121 None admin] PATH_INFO: `/v3/projects/89014a043e1546d8ab916f74540a9f0a/users/0b43aba1f2f34f8cb52a6c96aee5cab1/roles/6dc991d3bf5247e59897af65ed675e0b` {{(pid=81850) log_request_info /opt/stack/keystone/keystone/server/flask/request_processing/req_logging.py:29}}
Sep 06 10:41:13.503106 dv-neutron-855850-8-hyperv devstack@keystone.service[81850]: DEBUG keystone.common.rbac_enforcer.enforcer [None req-5bbe5704-ed43-48ee-a30b-f4d685742121 None admin] RBAC: Authorizing `identity:create_grant(project_id=89014a043e1546d8ab916f74540a9f0a, user_id=0b43aba1f2f34f8cb52a6c96aee5cab1, role_id=6dc991d3bf5247e59897af65ed675e0b)` {{(pid=81850) enforce_call /opt/stack/keystone/keystone/common/rbac_enforcer/enforcer.py:449}}
Sep 06 10:41:13.504677 dv-neutron-855850-8-hyperv devstack@keystone.service[81850]: DEBUG keystone.common.rbac_enforcer.enforcer [None req-5bbe5704-ed43-48ee-a30b-f4d685742121 None admin] RBAC: Authorization granted {{(pid=81850) enforce_call /opt/stack/keystone/keystone/common/rbac_enforcer/enforcer.py:457}}
Sep 06 10:41:13.522685 dv-neutron-855850-8-hyperv devstack@keystone.service[81850]: [pid: 81850|app: 0|req: 146/286] 10.222.0.25 () {58 vars in 1439 bytes} [Tue Sep 6 10:41:13 2022] PUT /identity/v3/projects/89014a043e1546d8ab916f74540a9f0a/users/0b43aba1f2f34f8cb52a6c96aee5cab1/roles/6dc991d3bf5247e59897af65ed675e0b => generated 0 bytes in 184 msecs (HTTP/1.1 204) 3 headers in 132 bytes (0 switches on core 0)
Sep 06 10:41:14.151074 dv-neutron-855850-8-hyperv devstack@keystone.service[81849]: DEBUG keystone.server.flask.request_processing.req_logging [None req-d3596291-6463-4487-ac98-588f0bdcf4e6 None None] REQUEST_METHOD: `GET` {{(pid=81849) log_request_info /opt/stack/keystone/keystone/server/flask/request_processing/req_logging.py:27}}
Sep 06 10:41:14.151632 dv-neutron-855850-8-hyperv devstack@keystone.service[81849]: DEBUG keystone.server.flask.request_processing.req_logging [None req-d3596291-6463-4487-ac98-588f0bdcf4e6 None None] SCRIPT_NAME: `/identity` {{(pid=81849) log_request_info /opt/stack/keystone/keystone/server/flask/request_processing/req_logging.py:28}}
Sep 06 10:41:14.151632 dv-neutron-855850-8-hyperv devstack@keystone.service[81849]: DEBUG keystone.server.flask.request_processing.req_logging [None req-d3596291-6463-4487-ac98-588f0bdcf4e6 None None] PATH_INFO: `/` {{(pid=81849) log_request_info /opt/stack/keystone/keystone/server/flask/request_processing/req_logging.py:29}}
Sep 06 10:41:14.153134 dv-neutron-855850-8-hyperv devstack@keystone.service[81849]: [pid: 81849|app: 0|req: 141/287] 10.222.0.25 () {54 vars in 927 bytes} [Tue Sep 6 10:41:14 2022] GET /identity => generated 270 bytes in 3 msecs (HTTP/1.1 300) 6 headers in 234 bytes (1 switches on core 0)
Sep 06 10:41:14.158532 dv-neutron-855850-8-hyperv devstack@keystone.service[81850]: DEBUG keystone.server.flask.request_processing.req_logging [None req-d6745fe6-6dc4-41f9-8d2e-f37f19087ba7 None None] REQUEST_METHOD: `POST` {{(pid=81850) log_request_info /opt/stack/keystone/keystone/server/flask/request_processing/req_logging.py:27}}
Sep 06 10:41:14.158925 dv-neutron-855850-8-hyperv devstack@keystone.service[81850]: DEBUG keystone.server.flask.request_processing.req_logging [None req-d6745fe6-6dc4-41f9-8d2e-f37f19087ba7 None None] SCRIPT_NAME: `/identity` {{(pid=81850) log_request_info /opt/stack/keystone/keystone/server/flask/request_processing/req_logging.py:28}}
Sep 06 10:41:14.159122 dv-neutron-855850-8-hyperv devstack@keystone.service[81850]: DEBUG keystone.server.flask.request_processing.req_logging [None req-d6745fe6-6dc4-41f9-8d2e-f37f19087ba7 None None] PATH_INFO: `/v3/auth/tokens` {{(pid=81850) log_request_info /opt/stack/keystone/keystone/server/flask/request_processing/req_logging.py:29}}
Sep 06 10:41:14.184637 dv-neutron-855850-8-hyperv devstack@keystone.service[81850]: DEBUG keystone.auth.core [None req-d6745fe6-6dc4-41f9-8d2e-f37f19087ba7 None None] MFA Rules not processed for user `b94444effb544b608e6c1e87409d807d`. Rule list: `[]` (Enabled: `True`). {{(pid=81850) check_auth_methods_against_rules /opt/stack/keystone/keystone/auth/core.py:438}}
Sep 06 10:41:14.186172 dv-neutron-855850-8-hyperv devstack@keystone.service[81850]: DEBUG keystone.common.fernet_utils [None req-d6745fe6-6dc4-41f9-8d2e-f37f19087ba7 None None] Loaded 2 Fernet keys from /etc/keystone/fernet-keys/, but `[fernet_tokens] max_active_keys = 3`; perhaps there have not been enough key rotations to reach `max_active_keys` yet? {{(pid=81850) load_keys /opt/stack/keystone/keystone/common/fernet_utils.py:286}}
Sep 06 10:41:14.278419 dv-neutron-855850-8-hyperv devstack@keystone.service[81850]: [pid: 81850|app: 0|req: 147/288] 10.222.0.25 () {58 vars in 1024 bytes} [Tue Sep 6 10:41:14 2022] POST /identity/v3/auth/tokens => generated 799 bytes in 121 msecs (HTTP/1.1 201) 6 headers in 363 bytes (1 switches on core 0)
Sep 06 10:41:14.701501 dv-neutron-855850-8-hyperv devstack@keystone.service[81849]: DEBUG keystone.server.flask.request_processing.middleware.auth_context [None req-d3596291-6463-4487-ac98-588f0bdcf4e6 None None] Authenticating user token {{(pid=81849) process_request /usr/local/lib/python3.8/dist-packages/keystonemiddleware/auth_token/__init__.py:407}}
Sep 06 10:41:14.808834 dv-neutron-855850-8-hyperv devstack@keystone.service[81849]: DEBUG keystone.server.flask.request_processing.middleware.auth_context [None req-d3596291-6463-4487-ac98-588f0bdcf4e6 None None] Validating token access rules against request {{(pid=81849) validate_allowed_request /usr/local/lib/python3.8/dist-packages/keystonemiddleware/auth_token/__init__.py:545}}
Sep 06 10:41:14.844140 dv-neutron-855850-8-hyperv devstack@keystone.service[81849]: DEBUG keystone.server.flask.request_processing.middleware.auth_context [None req-01060cc6-2060-4186-9a25-035e2eb1797f None admin] RBAC: auth_context: {'token': , 'domain_id': None, 'trust_id': None, 'trustor_id': None, 'trustee_id': None, 'domain_name': None, 'group_ids': [], 'user_id': 'b94444effb544b608e6c1e87409d807d', 'user_domain_id': 'default', 'system_scope': 'all', 'project_id': None, 'project_domain_id': None, 'roles': ['admin', 'member', 'reader'], 'is_admin_project': True, 'service_user_id': None, 'service_user_domain_id': None, 'service_project_id': None, 'service_project_domain_id': None, 'service_roles': []} {{(pid=81849) fill_context /opt/stack/keystone/keystone/server/flask/request_processing/middleware/auth_context.py:478}}
Sep 06 10:41:14.844761 dv-neutron-855850-8-hyperv devstack@keystone.service[81849]: DEBUG keystone.server.flask.request_processing.req_logging [None req-01060cc6-2060-4186-9a25-035e2eb1797f None admin] REQUEST_METHOD: `GET` {{(pid=81849) log_request_info /opt/stack/keystone/keystone/server/flask/request_processing/req_logging.py:27}}
Sep 06 10:41:14.845032 dv-neutron-855850-8-hyperv devstack@keystone.service[81849]: DEBUG keystone.server.flask.request_processing.req_logging [None req-01060cc6-2060-4186-9a25-035e2eb1797f None admin] SCRIPT_NAME: `/identity` {{(pid=81849) log_request_info /opt/stack/keystone/keystone/server/flask/request_processing/req_logging.py:28}}
Sep 06 10:41:14.845294 dv-neutron-855850-8-hyperv devstack@keystone.service[81849]: DEBUG keystone.server.flask.request_processing.req_logging [None req-01060cc6-2060-4186-9a25-035e2eb1797f None admin] PATH_INFO: `/v3/roles/member` {{(pid=81849) log_request_info /opt/stack/keystone/keystone/server/flask/request_processing/req_logging.py:29}}
Sep 06 10:41:14.855549 dv-neutron-855850-8-hyperv devstack@keystone.service[81849]: DEBUG keystone.common.rbac_enforcer.enforcer [None req-01060cc6-2060-4186-9a25-035e2eb1797f None admin] Extracting inferred target data resulted in "NOT FOUND (404)". {{(pid=81849) enforce_call /opt/stack/keystone/keystone/common/rbac_enforcer/enforcer.py:409}}
Sep 06 10:41:14.860436 dv-neutron-855850-8-hyperv devstack@keystone.service[81849]: ERROR keystone.server.flask.application [None req-01060cc6-2060-4186-9a25-035e2eb1797f None admin] Could not find role: member.: keystone.exception.RoleNotFound: Could not find role: member.
Sep 06 10:41:14.860436 dv-neutron-855850-8-hyperv devstack@keystone.service[81849]: ERROR keystone.server.flask.application
Traceback (most recent call last):
Sep 06 10:41:14.860436 dv-neutron-855850-8-hyperv devstack@keystone.service[81849]: ERROR keystone.server.flask.application
File "/usr/local/lib/python3.8/dist-packages/flask/app.py", line 1820, in full_dispatch_request
Sep 06 10:41:14.860436 dv-neutron-855850-8-hyperv devstack@keystone.service[81849]: ERROR keystone.server.flask.application rv = self.dispatch_request()
Sep 06 10:41:14.860436 dv-neutron-855850-8-hyperv devstack@keystone.service[81849]: ERROR keystone.server.flask.application
File "/usr/local/lib/python3.8/dist-packages/flask/app.py", line 1796, in dispatch_request
Sep 06 10:41:14.860436 dv-neutron-855850-8-hyperv devstack@keystone.service[81849]: ERROR keystone.server.flask.application return self.ensure_sync(self.view_functions[rule.endpoint])(**view_args)
Sep 06 10:41:14.860436 dv-neutron-855850-8-hyperv devstack@keystone.service[81849]: ERROR keystone.server.flask.application
File "/usr/local/lib/python3.8/dist-packages/flask_restful/__init__.py", line 467, in wrapper
Sep 06 10:41:14.860436 dv-neutron-855850-8-hyperv devstack@keystone.service[81849]: ERROR keystone.server.flask.application resp = resource(*args, **kwargs)
Sep 06 10:41:14.860436 dv-neutron-855850-8-hyperv devstack@keystone.service[81849]: ERROR keystone.server.flask.application
File "/usr/local/lib/python3.8/dist-packages/flask/views.py", line 107, in view
Sep 06 10:41:14.860436 dv-neutron-855850-8-hyperv devstack@keystone.service[81849]: ERROR keystone.server.flask.application return current_app.ensure_sync(self.dispatch_request)(**kwargs)
Sep 06 10:41:14.860436 dv-neutron-855850-8-hyperv devstack@keystone.service[81849]: ERROR keystone.server.flask.application
File "/usr/local/lib/python3.8/dist-packages/flask_restful/__init__.py", line 582, in dispatch_request
Sep 06 10:41:14.860436 dv-neutron-855850-8-hyperv devstack@keystone.service[81849]: ERROR keystone.server.flask.application resp = meth(*args, **kwargs)
Sep 06 10:41:14.860436 dv-neutron-855850-8-hyperv devstack@keystone.service[81849]: ERROR keystone.server.flask.application
File "/opt/stack/keystone/keystone/api/roles.py", line 50, in get
Sep 06 10:41:14.860436 dv-neutron-855850-8-hyperv devstack@keystone.service[81849]: ERROR keystone.server.flask.application return self._get_role(role_id)
Sep 06 10:41:14.860436 dv-neutron-855850-8-hyperv devstack@keystone.service[81849]: ERROR keystone.server.flask.application
File "/opt/stack/keystone/keystone/api/roles.py", line 70, in _get_role
Sep 06 10:41:14.860436 dv-neutron-855850-8-hyperv devstack@keystone.service[81849]: ERROR keystone.server.flask.application ENFORCER.enforce_call(action='identity:get_role')
Sep 06 10:41:14.861288 dv-neutron-855850-8-hyperv devstack@keystone.service[81849]: ERROR keystone.server.flask.application
File "/opt/stack/keystone/keystone/common/rbac_enforcer/enforcer.py", line 402, in enforce_call
Sep 06 10:41:14.861288 dv-neutron-855850-8-hyperv devstack@keystone.service[81849]: ERROR keystone.server.flask.application policy_dict.update(cls._extract_member_target_data(
Sep 06 10:41:14.861288 dv-neutron-855850-8-hyperv devstack@keystone.service[81849]: ERROR keystone.server.flask.application
File "/opt/stack/keystone/keystone/common/rbac_enforcer/enforcer.py", line 234, in _extract_member_target_data
Sep 06 10:41:14.861288 dv-neutron-855850-8-hyperv devstack@keystone.service[81849]: ERROR keystone.server.flask.application member_name: func(flask.request.view_args[key])
Sep 06 10:41:14.861288 dv-neutron-855850-8-hyperv devstack@keystone.service[81849]: ERROR keystone.server.flask.application
File "/opt/stack/keystone/keystone/common/manager.py", line 115, in wrapped
Sep 06 10:41:14.861288 dv-neutron-855850-8-hyperv devstack@keystone.service[81849]: ERROR keystone.server.flask.application __ret_val = __f(*args, **kwargs)
Sep 06 10:41:14.861288 dv-neutron-855850-8-hyperv devstack@keystone.service[81849]: ERROR keystone.server.flask.application
File "/usr/local/lib/python3.8/dist-packages/decorator.py", line 232, in fun
Sep 06 10:41:14.861288 dv-neutron-855850-8-hyperv devstack@keystone.service[81849]: ERROR keystone.server.flask.application return caller(func, *(extras + args), **kw)
Sep 06 10:41:14.861288 dv-neutron-855850-8-hyperv devstack@keystone.service[81849]: ERROR keystone.server.flask.application
File "/usr/local/lib/python3.8/dist-packages/dogpile/cache/region.py", line 1577, in get_or_create_for_user_func
Sep 06 10:41:14.861288 dv-neutron-855850-8-hyperv devstack@keystone.service[81849]: ERROR keystone.server.flask.application return self.get_or_create(
Sep 06 10:41:14.861288 dv-neutron-855850-8-hyperv devstack@keystone.service[81849]: ERROR keystone.server.flask.application
File "/usr/local/lib/python3.8/dist-packages/dogpile/cache/region.py", line 1042, in get_or_create
Sep 06 10:41:14.861288 dv-neutron-855850-8-hyperv devstack@keystone.service[81849]: ERROR keystone.server.flask.application with Lock(
Sep 06 10:41:14.861288 dv-neutron-855850-8-hyperv devstack@keystone.service[81849]: ERROR keystone.server.flask.application
File "/usr/local/lib/python3.8/dist-packages/dogpile/lock.py", line 185, in __enter__
Sep 06 10:41:14.861288 dv-neutron-855850-8-hyperv devstack@keystone.service[81849]: ERROR keystone.server.flask.application return self._enter()
Sep 06 10:41:14.861288 dv-neutron-855850-8-hyperv devstack@keystone.service[81849]: ERROR keystone.server.flask.application
File "/usr/local/lib/python3.8/dist-packages/dogpile/lock.py", line 94, in _enter
Sep 06 10:41:14.861288 dv-neutron-855850-8-hyperv devstack@keystone.service[81849]: ERROR keystone.server.flask.application generated = self._enter_create(value, createdtime)
Sep 06 10:41:14.862454 dv-neutron-855850-8-hyperv devstack@keystone.service[81849]: ERROR keystone.server.flask.application
File "/usr/local/lib/python3.8/dist-packages/dogpile/lock.py", line 178, in _enter_create
Sep 06 10:41:14.862454 dv-neutron-855850-8-hyperv devstack@keystone.service[81849]: ERROR keystone.server.flask.application return self.creator()
Sep 06 10:41:14.862454 dv-neutron-855850-8-hyperv devstack@keystone.service[81849]: ERROR keystone.server.flask.application
File "/usr/local/lib/python3.8/dist-packages/dogpile/cache/region.py", line 995, in gen_value
Sep 06 10:41:14.862454 dv-neutron-855850-8-hyperv devstack@keystone.service[81849]: ERROR keystone.server.flask.application created_value = creator(
Sep 06 10:41:14.862454 dv-neutron-855850-8-hyperv devstack@keystone.service[81849]: ERROR keystone.server.flask.application
File "/opt/stack/keystone/keystone/assignment/core.py", line 1276, in get_role
Sep 06 10:41:14.862454 dv-neutron-855850-8-hyperv devstack@keystone.service[81849]: ERROR keystone.server.flask.application return self.driver.get_role(role_id)
Sep 06 10:41:14.862454 dv-neutron-855850-8-hyperv devstack@keystone.service[81849]: ERROR keystone.server.flask.application
File "/opt/stack/keystone/keystone/assignment/role_backends/sql.py", line 70, in get_role
Sep 06 10:41:14.862454 dv-neutron-855850-8-hyperv devstack@keystone.service[81849]: ERROR keystone.server.flask.application return self._get_role(session, role_id).to_dict()
Sep 06 10:41:14.862454 dv-neutron-855850-8-hyperv devstack@keystone.service[81849]: ERROR keystone.server.flask.application
File "/opt/stack/keystone/keystone/assignment/role_backends/sql.py", line 65, in _get_role
Sep 06 10:41:14.862454 dv-neutron-855850-8-hyperv devstack@keystone.service[81849]: ERROR keystone.server.flask.application raise exception.RoleNotFound(role_id=role_id)
Sep 06 10:41:14.862454 dv-neutron-855850-8-hyperv devstack@keystone.service[81849]: ERROR keystone.server.flask.application keystone.exception.RoleNotFound: Could not find role: member.
Sep 06 10:41:14.862454 dv-neutron-855850-8-hyperv devstack@keystone.service[81849]: ERROR keystone.server.flask.application
Sep 06 10:41:14.862454 dv-neutron-855850-8-hyperv devstack@keystone.service[81849]: [pid: 81849|app: 0|req: 142/289] 10.222.0.25 () {56 vars in 1099 bytes} [Tue Sep 6 10:41:14 2022] GET /identity/v3/roles/member => generated 84 bytes in 161 msecs (HTTP/1.1 404) 5 headers in 183 bytes (2 switches on core 0)
Sep 06 10:41:14.867893 dv-neutron-855850-8-hyperv devstack@keystone.service[81850]: DEBUG keystone.server.flask.request_processing.middleware.auth_context [None req-d6745fe6-6dc4-41f9-8d2e-f37f19087ba7 None None] Authenticating user token {{(pid=81850) process_request /usr/local/lib/python3.8/dist-packages/keystonemiddleware/auth_token/__init__.py:407}}
Sep 06 10:41:14.970813 dv-neutron-855850-8-hyperv devstack@keystone.service[81850]: DEBUG keystone.server.flask.request_processing.middleware.auth_context [None req-d6745fe6-6dc4-41f9-8d2e-f37f19087ba7 None None] Validating token access rules against request {{(pid=81850) validate_allowed_request /usr/local/lib/python3.8/dist-packages/keystonemiddleware/auth_token/__init__.py:545}}
Sep 06 10:41:14.973132 dv-neutron-855850-8-hyperv devstack@keystone.service[81850]: DEBUG dbcounter [-] [81850] Writing DB stats keystone:SELECT=99,keystone:INSERT=1 {{(pid=81850) stat_writer /usr/local/lib/python3.8/dist-packages/dbcounter.py:114}}
Sep 06 10:41:15.006853 dv-neutron-855850-8-hyperv devstack@keystone.service[81850]: DEBUG keystone.server.flask.request_processing.middleware.auth_context [None req-418bd804-33c5-45a7-8664-b7c0cd65a424 None admin] RBAC: auth_context: {'token': , 'domain_id': None, 'trust_id': None, 'trustor_id': None, 'trustee_id': None, 'domain_name': None, 'group_ids': [], 'user_id': 'b94444effb544b608e6c1e87409d807d', 'user_domain_id': 'default', 'system_scope': 'all', 'project_id': None, 'project_domain_id': None, 'roles': ['admin', 'member', 'reader'], 'is_admin_project': True, 'service_user_id': None, 'service_user_domain_id': None, 'service_project_id': None, 'service_project_domain_id': None, 'service_roles': []} {{(pid=81850) fill_context /opt/stack/keystone/keystone/server/flask/request_processing/middleware/auth_context.py:478}}
Sep 06 10:41:15.007462 dv-neutron-855850-8-hyperv devstack@keystone.service[81850]: DEBUG keystone.server.flask.request_processing.req_logging [None req-418bd804-33c5-45a7-8664-b7c0cd65a424 None admin] REQUEST_METHOD: `GET` {{(pid=81850) log_request_info /opt/stack/keystone/keystone/server/flask/request_processing/req_logging.py:27}}
Sep 06 10:41:15.007731 dv-neutron-855850-8-hyperv devstack@keystone.service[81850]: DEBUG keystone.server.flask.request_processing.req_logging [None req-418bd804-33c5-45a7-8664-b7c0cd65a424 None admin] SCRIPT_NAME: `/identity` {{(pid=81850) log_request_info /opt/stack/keystone/keystone/server/flask/request_processing/req_logging.py:28}}
Sep 06 10:41:15.008077 dv-neutron-855850-8-hyperv devstack@keystone.service[81850]: DEBUG keystone.server.flask.request_processing.req_logging [None req-418bd804-33c5-45a7-8664-b7c0cd65a424 None admin] PATH_INFO: `/v3/roles` {{(pid=81850) log_request_info /opt/stack/keystone/keystone/server/flask/request_processing/req_logging.py:29}}
Sep 06 10:41:15.008745 dv-neutron-855850-8-hyperv devstack@keystone.service[81850]: DEBUG keystone.common.rbac_enforcer.enforcer [None req-418bd804-33c5-45a7-8664-b7c0cd65a424 None admin] RBAC: Adding query filter params (name=member) {{(pid=81850) _extract_filter_values /opt/stack/keystone/keystone/common/rbac_enforcer/enforcer.py:167}}
Sep 06 10:41:15.009040 dv-neutron-855850-8-hyperv devstack@keystone.service[81850]: DEBUG keystone.common.rbac_enforcer.enforcer [None req-418bd804-33c5-45a7-8664-b7c0cd65a424 None admin] RBAC: Authorizing `identity:list_roles()` {{(pid=81850) enforce_call /opt/stack/keystone/keystone/common/rbac_enforcer/enforcer.py:449}}
Sep 06 10:41:15.010560 dv-neutron-855850-8-hyperv devstack@keystone.service[81850]: DEBUG keystone.common.rbac_enforcer.enforcer [None req-418bd804-33c5-45a7-8664-b7c0cd65a424 None admin] RBAC: Authorization granted {{(pid=81850) enforce_call /opt/stack/keystone/keystone/common/rbac_enforcer/enforcer.py:457}}
Sep 06 10:41:15.019490 dv-neutron-855850-8-hyperv devstack@keystone.service[81850]: [pid: 81850|app: 0|req: 148/290] 10.222.0.25 () {56 vars in 1101 bytes} [Tue Sep 6 10:41:14 2022] GET /identity/v3/roles?name=member => generated 341 bytes in 152 msecs (HTTP/1.1 200) 5 headers in 177 bytes (1 switches on core 0)
Sep 06 10:41:15.024836 dv-neutron-855850-8-hyperv devstack@keystone.service[81849]: DEBUG keystone.server.flask.request_processing.middleware.auth_context [None req-01060cc6-2060-4186-9a25-035e2eb1797f None admin] Authenticating user token {{(pid=81849) process_request /usr/local/lib/python3.8/dist-packages/keystonemiddleware/auth_token/__init__.py:407}}
Sep 06 10:41:15.054204 dv-neutron-855850-8-hyperv devstack@keystone.service[81849]: DEBUG dbcounter [-] [81849] Writing DB stats keystone:SELECT=100 {{(pid=81849) stat_writer /usr/local/lib/python3.8/dist-packages/dbcounter.py:114}}
Sep 06 10:41:15.130138 dv-neutron-855850-8-hyperv devstack@keystone.service[81849]: DEBUG keystone.server.flask.request_processing.middleware.auth_context [None req-01060cc6-2060-4186-9a25-035e2eb1797f None admin] Validating token access rules against request {{(pid=81849) validate_allowed_request /usr/local/lib/python3.8/dist-packages/keystonemiddleware/auth_token/__init__.py:545}}
Sep 06 10:41:15.166883 dv-neutron-855850-8-hyperv devstack@keystone.service[81849]: DEBUG keystone.server.flask.request_processing.middleware.auth_context [None req-ddfb60cc-eee6-45a5-9659-73eb3df965ef None admin] RBAC: auth_context: {'token': , 'domain_id': None, 'trust_id': None, 'trustor_id': None, 'trustee_id': None, 'domain_name': None, 'group_ids': [], 'user_id': 'b94444effb544b608e6c1e87409d807d', 'user_domain_id': 'default', 'system_scope': 'all', 'project_id': None, 'project_domain_id': None, 'roles': ['admin', 'member', 'reader'], 'is_admin_project': True, 'service_user_id': None, 'service_user_domain_id': None, 'service_project_id': None, 'service_project_domain_id': None, 'service_roles': []} {{(pid=81849) fill_context /opt/stack/keystone/keystone/server/flask/request_processing/middleware/auth_context.py:478}}
Sep 06 10:41:15.167515 dv-neutron-855850-8-hyperv devstack@keystone.service[81849]: DEBUG keystone.server.flask.request_processing.req_logging [None req-ddfb60cc-eee6-45a5-9659-73eb3df965ef None admin] REQUEST_METHOD: `GET` {{(pid=81849) log_request_info /opt/stack/keystone/keystone/server/flask/request_processing/req_logging.py:27}}
Sep 06 10:41:15.167772 dv-neutron-855850-8-hyperv devstack@keystone.service[81849]: DEBUG keystone.server.flask.request_processing.req_logging [None req-ddfb60cc-eee6-45a5-9659-73eb3df965ef None admin] SCRIPT_NAME: `/identity` {{(pid=81849) log_request_info /opt/stack/keystone/keystone/server/flask/request_processing/req_logging.py:28}}
Sep 06 10:41:15.168074 dv-neutron-855850-8-hyperv devstack@keystone.service[81849]: DEBUG keystone.server.flask.request_processing.req_logging [None req-ddfb60cc-eee6-45a5-9659-73eb3df965ef None admin] PATH_INFO: `/v3/users/a188b0bc84b3494281e24cbbfa563035` {{(pid=81849) log_request_info /opt/stack/keystone/keystone/server/flask/request_processing/req_logging.py:29}}
Sep 06 10:41:15.169292 dv-neutron-855850-8-hyperv devstack@keystone.service[81849]: DEBUG keystone.common.rbac_enforcer.enforcer [None req-ddfb60cc-eee6-45a5-9659-73eb3df965ef None admin] RBAC: Authorizing `identity:get_user(user_id=a188b0bc84b3494281e24cbbfa563035)` {{(pid=81849) enforce_call /opt/stack/keystone/keystone/common/rbac_enforcer/enforcer.py:449}}
Sep 06 10:41:15.170851 dv-neutron-855850-8-hyperv devstack@keystone.service[81849]: DEBUG keystone.common.rbac_enforcer.enforcer [None req-ddfb60cc-eee6-45a5-9659-73eb3df965ef None admin] RBAC: Authorization granted {{(pid=81849) enforce_call /opt/stack/keystone/keystone/common/rbac_enforcer/enforcer.py:457}}
Sep 06 10:41:15.172843 dv-neutron-855850-8-hyperv devstack@keystone.service[81849]: [pid: 81849|app: 0|req: 143/291] 10.222.0.25 () {56 vars in 1177 bytes} [Tue Sep 6 10:41:15 2022] GET /identity/v3/users/a188b0bc84b3494281e24cbbfa563035 => generated 297 bytes in 148 msecs (HTTP/1.1 200) 5 headers in 177 bytes (1 switches on core 0)
Sep 06 10:41:15.178559 dv-neutron-855850-8-hyperv devstack@keystone.service[81850]: DEBUG keystone.server.flask.request_processing.middleware.auth_context [None req-418bd804-33c5-45a7-8664-b7c0cd65a424 None admin] Authenticating user token {{(pid=81850) process_request /usr/local/lib/python3.8/dist-packages/keystonemiddleware/auth_token/__init__.py:407}}
Sep 06 10:41:15.280438 dv-neutron-855850-8-hyperv devstack@keystone.service[81850]: DEBUG keystone.server.flask.request_processing.middleware.auth_context [None req-418bd804-33c5-45a7-8664-b7c0cd65a424 None admin] Validating token access rules against request {{(pid=81850) validate_allowed_request /usr/local/lib/python3.8/dist-packages/keystonemiddleware/auth_token/__init__.py:545}}
Sep 06 10:41:15.313649 dv-neutron-855850-8-hyperv devstack@keystone.service[81850]: DEBUG keystone.server.flask.request_processing.middleware.auth_context [None req-d8d18398-7f2c-4860-989e-6c45bf35136e None admin] RBAC: auth_context: {'token': , 'domain_id': None, 'trust_id': None, 'trustor_id': None, 'trustee_id': None, 'domain_name': None, 'group_ids': [], 'user_id': 'b94444effb544b608e6c1e87409d807d', 'user_domain_id': 'default', 'system_scope': 'all', 'project_id': None, 'project_domain_id': None, 'roles': ['admin', 'member', 'reader'], 'is_admin_project': True, 'service_user_id': None, 'service_user_domain_id': None, 'service_project_id': None, 'service_project_domain_id': None, 'service_roles': []} {{(pid=81850) fill_context /opt/stack/keystone/keystone/server/flask/request_processing/middleware/auth_context.py:478}}
Sep 06 10:41:15.314252 dv-neutron-855850-8-hyperv devstack@keystone.service[81850]: DEBUG keystone.server.flask.request_processing.req_logging [None req-d8d18398-7f2c-4860-989e-6c45bf35136e None admin] REQUEST_METHOD: `GET` {{(pid=81850) log_request_info /opt/stack/keystone/keystone/server/flask/request_processing/req_logging.py:27}}
Sep 06 10:41:15.314519 dv-neutron-855850-8-hyperv devstack@keystone.service[81850]: DEBUG keystone.server.flask.request_processing.req_logging [None req-d8d18398-7f2c-4860-989e-6c45bf35136e None admin] SCRIPT_NAME: `/identity` {{(pid=81850) log_request_info /opt/stack/keystone/keystone/server/flask/request_processing/req_logging.py:28}}
Sep 06 10:41:15.314782 dv-neutron-855850-8-hyperv devstack@keystone.service[81850]: DEBUG keystone.server.flask.request_processing.req_logging [None req-d8d18398-7f2c-4860-989e-6c45bf35136e None admin] PATH_INFO: `/v3/auth/tokens` {{(pid=81850) log_request_info /opt/stack/keystone/keystone/server/flask/request_processing/req_logging.py:29}}
Sep 06 10:41:15.349145 dv-neutron-855850-8-hyperv devstack@keystone.service[81850]: DEBUG dbcounter [-] [81850] Writing DB stats keystone:SELECT=100 {{(pid=81850) stat_writer /usr/local/lib/python3.8/dist-packages/dbcounter.py:114}}
Sep 06 10:41:15.384887 dv-neutron-855850-8-hyperv devstack@keystone.service[81850]: DEBUG keystone.common.rbac_enforcer.enforcer [None req-d8d18398-7f2c-4860-989e-6c45bf35136e None admin] RBAC: Authorizing `identity:validate_token()` {{(pid=81850) enforce_call /opt/stack/keystone/keystone/common/rbac_enforcer/enforcer.py:449}}
Sep 06 10:41:15.386250 dv-neutron-855850-8-hyperv devstack@keystone.service[81850]: DEBUG keystone.common.rbac_enforcer.enforcer [None req-d8d18398-7f2c-4860-989e-6c45bf35136e None admin] RBAC: Authorization granted {{(pid=81850) enforce_call /opt/stack/keystone/keystone/common/rbac_enforcer/enforcer.py:457}}
Sep 06 10:41:15.411432 dv-neutron-855850-8-hyperv devstack@keystone.service[81849]: DEBUG keystone.server.flask.request_processing.req_logging [None req-35eb8d74-3d60-473f-8354-0b5ceb1d1504 None None] REQUEST_METHOD: `GET` {{(pid=81849) log_request_info /opt/stack/keystone/keystone/server/flask/request_processing/req_logging.py:27}}
Sep 06 10:41:15.412117 dv-neutron-855850-8-hyperv devstack@keystone.service[81849]: DEBUG keystone.server.flask.request_processing.req_logging [None req-35eb8d74-3d60-473f-8354-0b5ceb1d1504 None None] SCRIPT_NAME: `/identity` {{(pid=81849) log_request_info /opt/stack/keystone/keystone/server/flask/request_processing/req_logging.py:28}}
Sep 06 10:41:15.412589 dv-neutron-855850-8-hyperv devstack@keystone.service[81849]: DEBUG keystone.server.flask.request_processing.req_logging [None req-35eb8d74-3d60-473f-8354-0b5ceb1d1504 None None] PATH_INFO: `/` {{(pid=81849) log_request_info /opt/stack/keystone/keystone/server/flask/request_processing/req_logging.py:29}}
Sep 06 10:41:15.415350 dv-neutron-855850-8-hyperv devstack@keystone.service[81849]: [pid: 81849|app: 0|req: 144/292] 10.222.0.25 () {54 vars in 927 bytes} [Tue Sep 6 10:41:15 2022] GET /identity => generated 270 bytes in 4 msecs (HTTP/1.1 300) 6 headers in 234 bytes (1 switches on core 0)
Sep 06 10:41:15.419592 dv-neutron-855850-8-hyperv devstack@keystone.service[81849]: DEBUG keystone.server.flask.request_processing.req_logging [None req-6024a61c-82ab-4b85-9d7c-e5596eb86ced None None] REQUEST_METHOD: `POST` {{(pid=81849) log_request_info /opt/stack/keystone/keystone/server/flask/request_processing/req_logging.py:27}}
Sep 06 10:41:15.420113 dv-neutron-855850-8-hyperv devstack@keystone.service[81849]: DEBUG keystone.server.flask.request_processing.req_logging [None req-6024a61c-82ab-4b85-9d7c-e5596eb86ced None None] SCRIPT_NAME: `/identity` {{(pid=81849) log_request_info /opt/stack/keystone/keystone/server/flask/request_processing/req_logging.py:28}}
Sep 06 10:41:15.420596 dv-neutron-855850-8-hyperv devstack@keystone.service[81849]: DEBUG keystone.server.flask.request_processing.req_logging [None req-6024a61c-82ab-4b85-9d7c-e5596eb86ced None None] PATH_INFO: `/v3/auth/tokens` {{(pid=81849) log_request_info /opt/stack/keystone/keystone/server/flask/request_processing/req_logging.py:29}}
Sep 06 10:41:15.439181 dv-neutron-855850-8-hyperv devstack@keystone.service[81849]: DEBUG keystone.auth.core [None req-6024a61c-82ab-4b85-9d7c-e5596eb86ced None None] MFA Rules not processed for user `b94444effb544b608e6c1e87409d807d`. Rule list: `[]` (Enabled: `True`). {{(pid=81849) check_auth_methods_against_rules /opt/stack/keystone/keystone/auth/core.py:438}}
Sep 06 10:41:15.440796 dv-neutron-855850-8-hyperv devstack@keystone.service[81849]: DEBUG keystone.common.fernet_utils [None req-6024a61c-82ab-4b85-9d7c-e5596eb86ced None None] Loaded 2 Fernet keys from /etc/keystone/fernet-keys/, but `[fernet_tokens] max_active_keys = 3`; perhaps there have not been enough key rotations to reach `max_active_keys` yet? {{(pid=81849) load_keys /opt/stack/keystone/keystone/common/fernet_utils.py:286}}
Sep 06 10:41:15.524951 dv-neutron-855850-8-hyperv devstack@keystone.service[81849]: [pid: 81849|app: 0|req: 145/293] 10.222.0.25 () {58 vars in 1024 bytes} [Tue Sep 6 10:41:15 2022] POST /identity/v3/auth/tokens => generated 799 bytes in 106 msecs (HTTP/1.1 201) 6 headers in 363 bytes (2 switches on core 0)
