Sep 05 11:37:28.810500 dv-neutron-855850-5-hyperv neutron-server[107185]: INFO neutron.wsgi [None req-79096c3b-7c3a-4016-ac54-03676f1c34f5 tempest-PortsAdminExtendedAttrsTestJSON-1380152253 tempest-PortsAdminExtendedAttrsTestJSON-1380152253-project-admin] 10.222.0.42 "POST /networking/v2.0/ports HTTP/1.1" status: 201 len: 960 time: 3.7498472
Sep 05 11:37:28.815374 dv-neutron-855850-5-hyperv neutron-server[107184]: DEBUG neutron.wsgi [-] (107184) accepted ('10.222.0.42', 54958) {{(pid=107184) server /usr/local/lib/python3.8/dist-packages/eventlet/wsgi.py:1004}}
Sep 05 11:37:28.837234 dv-neutron-855850-5-hyperv neutron-server[107184]: DEBUG neutron.api.v2.base [None req-04d84970-1a17-4446-95e1-e49a0b7d4c78 tempest-PortsAdminExtendedAttrsTestJSON-1380152253 tempest-PortsAdminExtendedAttrsTestJSON-1380152253-project-admin] Request body: {'port': {'binding:host_id': 'hv-neutron-8558'}} {{(pid=107184) prepare_request_body /opt/stack/neutron/neutron/api/v2/base.py:730}}
Sep 05 11:37:28.841692 dv-neutron-855850-5-hyperv neutron-server[107185]: DEBUG neutron.api.rpc.handlers.resources_rpc [None req-837865d4-c271-491b-bf71-9faaa8bd6f54 tempest-NetworksTestDHCPv6-286200664 tempest-NetworksTestDHCPv6-286200664-project] Pushing event updated for resources: {'Subnet': ['ID=814cbe02-58c7-4740-8858-bf4824fe38ce,revision_number=0']} {{(pid=107185) push /opt/stack/neutron/neutron/api/rpc/handlers/resources_rpc.py:237}}
Sep 05 11:37:28.852432 dv-neutron-855850-5-hyperv neutron-server[107185]: DEBUG dbcounter [-] [107185] Writing DB stats neutron:SELECT=92,neutron:INSERT=5,neutron:DELETE=2,neutron:UPDATE=1 {{(pid=107185) stat_writer /usr/local/lib/python3.8/dist-packages/dbcounter.py:114}}
Sep 05 11:37:28.865720 dv-neutron-855850-5-hyperv neutron-server[107185]: DEBUG neutron.scheduler.dhcp_agent_scheduler [req-735e5035-7c51-4f7e-b4be-94e3cdddcbd7 req-a2bc0d82-525f-47c3-8f0e-e89051acaff6 tempest-ServerActionsTestJSON-1396410741 tempest-ServerActionsTestJSON-1396410741-project] Network c876c2cb-9eee-4e75-8eaf-372c6b38ebea is already hosted by enough agents. {{(pid=107185) _get_dhcp_agents_hosting_network /opt/stack/neutron/neutron/scheduler/dhcp_agent_scheduler.py:275}}
Sep 05 11:37:28.868736 dv-neutron-855850-5-hyperv neutron-server[107185]: DEBUG neutron.api.rpc.handlers.resources_rpc [None req-173b73ec-4c6a-4dc5-87d1-ab0bc01beb6d admin admin] Pushing event deleted for resources: {'SecurityGroup': ['ID=00642236-7c3f-4139-afb2-28d084161ee4,revision_number=None']} {{(pid=107185) push /opt/stack/neutron/neutron/api/rpc/handlers/resources_rpc.py:237}}
Sep 05 11:37:28.878031 dv-neutron-855850-5-hyperv neutron-server[107185]: DEBUG neutron.scheduler.base_scheduler [req-735e5035-7c51-4f7e-b4be-94e3cdddcbd7 req-a2bc0d82-525f-47c3-8f0e-e89051acaff6 tempest-ServerActionsTestJSON-1396410741 tempest-ServerActionsTestJSON-1396410741-project] Resources bound (agent type, host, resource id): {{(pid=107185) schedule /opt/stack/neutron/neutron/scheduler/base_scheduler.py:57}}
Sep 05 11:37:28.927006 dv-neutron-855850-5-hyperv neutron-server[107185]: DEBUG neutron.db.l3_dvrscheduler_db [req-735e5035-7c51-4f7e-b4be-94e3cdddcbd7 req-a2bc0d82-525f-47c3-8f0e-e89051acaff6 tempest-ServerActionsTestJSON-1396410741 tempest-ServerActionsTestJSON-1396410741-project] Received port after_create {{(pid=107185) _notify_l3_agent_new_port /opt/stack/neutron/neutron/db/l3_dvrscheduler_db.py:538}}
Sep 05 11:37:28.956623 dv-neutron-855850-5-hyperv neutron-server[107186]: DEBUG neutron.db.provisioning_blocks [None req-94c87fe6-2d92-4cc6-9b03-6f05f0574a1a None None] Provisioning complete for port c71ed4b8-55e3-4e6d-94dc-c95177508e44 triggered by entity DHCP. {{(pid=107186) provisioning_complete /opt/stack/neutron/neutron/db/provisioning_blocks.py:144}}
Sep 05 11:37:28.966833 dv-neutron-855850-5-hyperv neutron-server[107186]: DEBUG neutron_lib.callbacks.manager [None req-94c87fe6-2d92-4cc6-9b03-6f05f0574a1a None None] Publish callbacks ['neutron.plugins.ml2.plugin.Ml2Plugin._port_provisioned-3488106'] for port (c71ed4b8-55e3-4e6d-94dc-c95177508e44), provisioning_complete {{(pid=107186) _notify_loop /usr/local/lib/python3.8/dist-packages/neutron_lib/callbacks/manager.py:176}}
Sep 05 11:37:29.042522 dv-neutron-855850-5-hyperv neutron-server[107186]: DEBUG neutron.plugins.ml2.plugin [None req-94c87fe6-2d92-4cc6-9b03-6f05f0574a1a None None] Port c71ed4b8-55e3-4e6d-94dc-c95177508e44 cannot update to ACTIVE because it is not bound. {{(pid=107186) _port_provisioned /opt/stack/neutron/neutron/plugins/ml2/plugin.py:348}}
Sep 05 11:37:29.121557 dv-neutron-855850-5-hyperv neutron-server[107184]: INFO neutron.wsgi [req-8d7af4c3-3c72-4aa3-8414-1b3d94be68eb req-0e6fe38a-1cce-4324-9476-c3308f6a4d2a tempest-ServersTestManualDisk-1477327479 tempest-ServersTestManualDisk-1477327479-project] 10.222.0.42 "GET /networking/v2.0/ports?device_id=f182f045-d5e5-4f8f-a019-4afafca0e9a0 HTTP/1.1" status: 200 len: 210 time: 0.1082976
Sep 05 11:37:29.122487 dv-neutron-855850-5-hyperv neutron-server[107185]: DEBUG neutron.api.rpc.handlers.resources_rpc [None req-a2bc0d82-525f-47c3-8f0e-e89051acaff6 tempest-ServerActionsTestJSON-1396410741 tempest-ServerActionsTestJSON-1396410741-project] Pushing event updated for resources: {'Port': ['ID=b1f1236e-53f9-480c-8352-2b3f9393eca4,revision_number=1']} {{(pid=107185) push /opt/stack/neutron/neutron/api/rpc/handlers/resources_rpc.py:237}}
Sep 05 11:37:29.139633 dv-neutron-855850-5-hyperv neutron-server[107184]: DEBUG neutron_lib.callbacks.manager [None req-5ec8bd8c-ee84-46ad-9a2e-a49a0a12ee86 tempest-RoutersIpV6AdminTest-259563627 tempest-RoutersIpV6AdminTest-259563627-project] Publish callbacks ['neutron.plugins.ml2.plugin.SecurityGroupServerNotifierRpcMixin._notify_sg_on_port_change-3588249', 'neutron.plugins.ml2.ovo_rpc._ObjectChangeHandler.handle_event-53216', 'neutron.api.rpc.agentnotifiers.dhcp_rpc_agent_api.DhcpAgentNotifyAPI._native_event_send_dhcp_notification-1601964', 'neutron.db.l3_dvrscheduler_db._notify_l3_agent_new_port-8783456586096', 'neutron.services.segments.plugin.NovaSegmentNotifier._notify_port_created_or_deleted-6589153'] for port (a07bf980-5276-4e9b-92f6-148fcb101cc6), after_create {{(pid=107184) _notify_loop /usr/local/lib/python3.8/dist-packages/neutron_lib/callbacks/manager.py:176}}
Sep 05 11:37:29.153246 dv-neutron-855850-5-hyperv neutron-server[107184]: DEBUG neutron_lib.callbacks.manager [None req-04d84970-1a17-4446-95e1-e49a0b7d4c78 tempest-PortsAdminExtendedAttrsTestJSON-1380152253 tempest-PortsAdminExtendedAttrsTestJSON-1380152253-project-admin] Publish callbacks ['neutron.plugins.ml2.plugin.SecurityGroupDbMixin._ensure_default_security_group_handler-3588314'] for port (fd64191b-aa8d-497f-b98a-95a0534a3b2c), before_update {{(pid=107184) _notify_loop /usr/local/lib/python3.8/dist-packages/neutron_lib/callbacks/manager.py:176}}
Sep 05 11:37:29.180361 dv-neutron-855850-5-hyperv neutron-server[107185]: DEBUG neutron.plugins.ml2.drivers.mech_agent [None req-837865d4-c271-491b-bf71-9faaa8bd6f54 tempest-NetworksTestDHCPv6-286200664 tempest-NetworksTestDHCPv6-286200664-project] Checking segment: {'id': 'dfa090a2-36c4-4833-a66c-c7d1f61d5202', 'network_type': 'vlan', 'physical_network': 'physnet1', 'segmentation_id': 394, 'network_id': '800934c6-e969-49b0-8d6b-0a2219920e7e'} for mappings: {'physnet1': 'br-data'} with network types: ['local', 'flat', 'vlan'] {{(pid=107185) check_segment_for_agent /opt/stack/neutron/neutron/plugins/ml2/drivers/mech_agent.py:399}}
Sep 05 11:37:29.180750 dv-neutron-855850-5-hyperv neutron-server[107185]: DEBUG neutron.scheduler.dhcp_agent_scheduler [None req-837865d4-c271-491b-bf71-9faaa8bd6f54 tempest-NetworksTestDHCPv6-286200664 tempest-NetworksTestDHCPv6-286200664-project] Network hostable DHCP agents. Network: 800934c6-e969-49b0-8d6b-0a2219920e7e, hostable agents: ['e91d79c0-5fbb-49d5-91b9-87e37cec1097'], hosted agents: [] {{(pid=107185) _get_network_hostable_dhcp_agents /opt/stack/neutron/neutron/scheduler/dhcp_agent_scheduler.py:329}}
Sep 05 11:37:29.183391 dv-neutron-855850-5-hyperv neutron-server[107185]: DEBUG neutron.plugins.ml2.drivers.mech_agent [req-57ea960d-a4c8-4b7f-9f2a-eab2a4e96e6b req-b8915aa2-50b2-49b6-b22b-22f6e6d97cfa service neutron] Checking agent: {'id': '922a20fd-2eb9-437e-a9a5-6d548ce92e8e', 'agent_type': 'HyperV agent', 'binary': 'neutron-hyperv-agent', 'topic': 'N/A', 'host': 'hv-neutron-8558', 'admin_state_up': True, 'created_at': datetime.datetime(2022, 9, 5, 11, 35, 19), 'started_at': datetime.datetime(2022, 9, 5, 11, 35, 19), 'heartbeat_timestamp': datetime.datetime(2022, 9, 5, 11, 37, 19), 'description': None, 'resources_synced': None, 'availability_zone': None, 'alive': True, 'configurations': {'vswitch_mappings': {'physnet1$': 'br-data'}}, 'resource_versions': {}} {{(pid=107185) bind_port /opt/stack/neutron/neutron/plugins/ml2/drivers/mech_agent.py:127}}
Sep 05 11:37:29.183708 dv-neutron-855850-5-hyperv neutron-server[107185]: DEBUG neutron.plugins.ml2.drivers.mech_agent [req-57ea960d-a4c8-4b7f-9f2a-eab2a4e96e6b req-b8915aa2-50b2-49b6-b22b-22f6e6d97cfa service neutron] Checking segment: {'id': '455f87bc-a629-4ed9-8679-d77220323b77', 'network_type': 'vlan', 'physical_network': 'physnet1', 'segmentation_id': 362, 'network_id': '0fee0440-fbca-4148-82db-c4a9b7fe5ec1'} for mappings: {'physnet1$': 'br-data'} with network types: ['local', 'flat', 'vlan'] {{(pid=107185) check_segment_for_agent /opt/stack/neutron/neutron/plugins/ml2/drivers/mech_agent.py:399}}
Sep 05 11:37:29.184682 dv-neutron-855850-5-hyperv neutron-server[107185]: DEBUG neutron.plugins.ml2.drivers.mech_agent [req-57ea960d-a4c8-4b7f-9f2a-eab2a4e96e6b req-b8915aa2-50b2-49b6-b22b-22f6e6d97cfa service neutron] Bound using segment: {'id': '455f87bc-a629-4ed9-8679-d77220323b77', 'network_type': 'vlan', 'physical_network': 'physnet1', 'segmentation_id': 362, 'network_id': '0fee0440-fbca-4148-82db-c4a9b7fe5ec1'} {{(pid=107185) bind_port /opt/stack/neutron/neutron/plugins/ml2/drivers/mech_agent.py:137}}
Sep 05 11:37:29.185163 dv-neutron-855850-5-hyperv neutron-server[107185]: DEBUG neutron.plugins.ml2.managers [req-57ea960d-a4c8-4b7f-9f2a-eab2a4e96e6b req-b8915aa2-50b2-49b6-b22b-22f6e6d97cfa service neutron] Bound port: 41e052bc-8898-4e21-9079-e9c24ac437f1, host: hv-neutron-8558, vif_type: hyperv, vif_details: {"connectivity": "legacy", "port_filter": false}, binding_levels: [{'bound_driver': 'hyperv', 'bound_segment': {'id': '455f87bc-a629-4ed9-8679-d77220323b77', 'network_type': 'vlan', 'physical_network': 'physnet1', 'segmentation_id': 362, 'network_id': '0fee0440-fbca-4148-82db-c4a9b7fe5ec1'}}] {{(pid=107185) _bind_port_level /opt/stack/neutron/neutron/plugins/ml2/managers.py:947}}
Sep 05 11:37:29.185528 dv-neutron-855850-5-hyperv neutron-server[107185]: DEBUG neutron_lib.callbacks.manager [req-57ea960d-a4c8-4b7f-9f2a-eab2a4e96e6b req-b8915aa2-50b2-49b6-b22b-22f6e6d97cfa service neutron] Publish callbacks ['neutron.plugins.ml2.plugin.SecurityGroupDbMixin._ensure_default_security_group_handler-3588314'] for port (41e052bc-8898-4e21-9079-e9c24ac437f1), before_update {{(pid=107185) _notify_loop /usr/local/lib/python3.8/dist-packages/neutron_lib/callbacks/manager.py:176}}
Sep 05 11:37:29.253954 dv-neutron-855850-5-hyperv neutron-server[107184]: DEBUG neutron.api.v2.base [None req-455400cd-6332-49f1-942c-499b4ea06d2f tempest-FloatingIPAdminTestJSON-1671042612 tempest-FloatingIPAdminTestJSON-1671042612-project-admin] Request body: {'floatingip': {'floating_network_id': '4580df1f-338f-4255-915e-b4f89068ee56', 'project_id': '90051c8b2ac34e839bffe91c5d4f949e', 'port_id': 'c71ed4b8-55e3-4e6d-94dc-c95177508e44'}} {{(pid=107184) prepare_request_body /opt/stack/neutron/neutron/api/v2/base.py:730}}
Sep 05 11:37:29.269881 dv-neutron-855850-5-hyperv neutron-server[107184]: DEBUG neutron.scheduler.dhcp_agent_scheduler [None req-5ec8bd8c-ee84-46ad-9a2e-a49a0a12ee86 tempest-RoutersIpV6AdminTest-259563627 tempest-RoutersIpV6AdminTest-259563627-project] Network 4580df1f-338f-4255-915e-b4f89068ee56 is already hosted by enough agents. {{(pid=107184) _get_dhcp_agents_hosting_network /opt/stack/neutron/neutron/scheduler/dhcp_agent_scheduler.py:275}}
Sep 05 11:37:29.287923 dv-neutron-855850-5-hyperv neutron-server[107184]: DEBUG neutron.scheduler.base_scheduler [None req-5ec8bd8c-ee84-46ad-9a2e-a49a0a12ee86 tempest-RoutersIpV6AdminTest-259563627 tempest-RoutersIpV6AdminTest-259563627-project] Resources bound (agent type, host, resource id): {{(pid=107184) schedule /opt/stack/neutron/neutron/scheduler/base_scheduler.py:57}}
Sep 05 11:37:29.300266 dv-neutron-855850-5-hyperv neutron-server[107184]: DEBUG neutron.db.l3_dvrscheduler_db [None req-5ec8bd8c-ee84-46ad-9a2e-a49a0a12ee86 tempest-RoutersIpV6AdminTest-259563627 tempest-RoutersIpV6AdminTest-259563627-project] Received port after_create {{(pid=107184) _notify_l3_agent_new_port /opt/stack/neutron/neutron/db/l3_dvrscheduler_db.py:538}}
Sep 05 11:37:29.308671 dv-neutron-855850-5-hyperv neutron-server[107185]: DEBUG neutron.pecan_wsgi.hooks.policy_enforcement [req-735e5035-7c51-4f7e-b4be-94e3cdddcbd7 req-a2bc0d82-525f-47c3-8f0e-e89051acaff6 tempest-ServerActionsTestJSON-1396410741 tempest-ServerActionsTestJSON-1396410741-project] Attributes excluded by policy engine: ['standard_attr_id', 'binding:profile', 'binding:host_id', 'binding:vif_type', 'binding:vif_details', 'network'] {{(pid=107185) _exclude_attributes_by_policy /opt/stack/neutron/neutron/pecan_wsgi/hooks/policy_enforcement.py:259}}
Sep 05 11:37:29.309342 dv-neutron-855850-5-hyperv neutron-server[107185]: DEBUG neutron_lib.callbacks.manager [req-735e5035-7c51-4f7e-b4be-94e3cdddcbd7 req-a2bc0d82-525f-47c3-8f0e-e89051acaff6 tempest-ServerActionsTestJSON-1396410741 tempest-ServerActionsTestJSON-1396410741-project] Publish callbacks ['neutron.notifiers.nova.Notifier._send_nova_notification-202827'] for port (None), before_response {{(pid=107185) _notify_loop /usr/local/lib/python3.8/dist-packages/neutron_lib/callbacks/manager.py:176}}
Sep 05 11:37:29.379438 dv-neutron-855850-5-hyperv neutron-server[107185]: DEBUG neutron.plugins.ml2.db [req-57ea960d-a4c8-4b7f-9f2a-eab2a4e96e6b req-b8915aa2-50b2-49b6-b22b-22f6e6d97cfa service neutron] For port 41e052bc-8898-4e21-9079-e9c24ac437f1, host hv-neutron-8558, cleared binding levels {{(pid=107185) clear_binding_levels /opt/stack/neutron/neutron/plugins/ml2/db.py:87}}
Sep 05 11:37:29.393291 dv-neutron-855850-5-hyperv neutron-server[107186]: DEBUG neutron.db.provisioning_blocks [None req-2bad8037-c453-4408-993f-4ce0b175068c None None] Provisioning complete for port b1f1236e-53f9-480c-8352-2b3f9393eca4 triggered by entity DHCP. {{(pid=107186) provisioning_complete /opt/stack/neutron/neutron/db/provisioning_blocks.py:144}}
Sep 05 11:37:29.394246 dv-neutron-855850-5-hyperv neutron-server[107186]: DEBUG neutron_lib.callbacks.manager [None req-2bad8037-c453-4408-993f-4ce0b175068c None None] Publish callbacks ['neutron.plugins.ml2.plugin.Ml2Plugin._port_provisioned-3488106'] for port (b1f1236e-53f9-480c-8352-2b3f9393eca4), provisioning_complete {{(pid=107186) _notify_loop /usr/local/lib/python3.8/dist-packages/neutron_lib/callbacks/manager.py:176}}
Sep 05 11:37:29.423838 dv-neutron-855850-5-hyperv neutron-server[107184]: DEBUG neutron.pecan_wsgi.hooks.policy_enforcement [req-ffeb45af-f614-485a-a955-2994e9b36a47 req-17271644-8ab8-4e13-adc0-5be1eae8e999 tempest-ServerActionsTestJSON-1396410741 tempest-ServerActionsTestJSON-1396410741-project] Attributes excluded by policy engine: ['standard_attr_id', 'binding:profile', 'binding:host_id', 'binding:vif_type', 'binding:vif_details'] {{(pid=107184) _exclude_attributes_by_policy /opt/stack/neutron/neutron/pecan_wsgi/hooks/policy_enforcement.py:259}}
Sep 05 11:37:29.425933 dv-neutron-855850-5-hyperv neutron-server[107184]: INFO neutron.wsgi [req-ffeb45af-f614-485a-a955-2994e9b36a47 req-17271644-8ab8-4e13-adc0-5be1eae8e999 tempest-ServerActionsTestJSON-1396410741 tempest-ServerActionsTestJSON-1396410741-project] 10.222.0.42 "GET /networking/v2.0/ports?device_id=a2398425-e4e0-4cd1-aa2a-f25f89e49b70 HTTP/1.1" status: 200 len: 932 time: 0.2330348
Sep 05 11:37:29.439819 dv-neutron-855850-5-hyperv neutron-server[107184]: DEBUG neutron.api.rpc.handlers.resources_rpc [None req-5ec8bd8c-ee84-46ad-9a2e-a49a0a12ee86 tempest-RoutersIpV6AdminTest-259563627 tempest-RoutersIpV6AdminTest-259563627-project] Pushing event updated for resources: {'Port': ['ID=a07bf980-5276-4e9b-92f6-148fcb101cc6,revision_number=1']} {{(pid=107184) push /opt/stack/neutron/neutron/api/rpc/handlers/resources_rpc.py:237}}
Sep 05 11:37:29.465962 dv-neutron-855850-5-hyperv neutron-server[107184]: DEBUG dbcounter [-] [107184] Writing DB stats neutron:SELECT=93,neutron:UPDATE=2,neutron:INSERT=4,neutron:DELETE=1 {{(pid=107184) stat_writer /usr/local/lib/python3.8/dist-packages/dbcounter.py:114}}
Sep 05 11:37:29.491399 dv-neutron-855850-5-hyperv neutron-server[107185]: INFO neutron.wsgi [req-735e5035-7c51-4f7e-b4be-94e3cdddcbd7 req-a2bc0d82-525f-47c3-8f0e-e89051acaff6 tempest-ServerActionsTestJSON-1396410741 tempest-ServerActionsTestJSON-1396410741-project] 10.222.0.44 "POST /networking/v2.0/ports HTTP/1.1" status: 201 len: 934 time: 4.9456625
Sep 05 11:37:29.507687 dv-neutron-855850-5-hyperv neutron-server[107185]: DEBUG neutron.scheduler.dhcp_agent_scheduler [None req-837865d4-c271-491b-bf71-9faaa8bd6f54 tempest-NetworksTestDHCPv6-286200664 tempest-NetworksTestDHCPv6-286200664-project] Network 800934c6-e969-49b0-8d6b-0a2219920e7e is scheduled to be hosted by DHCP agent e91d79c0-5fbb-49d5-91b9-87e37cec1097 with binding_index 1 {{(pid=107185) bind /opt/stack/neutron/neutron/scheduler/dhcp_agent_scheduler.py:227}}
Sep 05 11:37:29.518688 dv-neutron-855850-5-hyperv neutron-server[107185]: DEBUG neutron.plugins.ml2.db [req-57ea960d-a4c8-4b7f-9f2a-eab2a4e96e6b req-b8915aa2-50b2-49b6-b22b-22f6e6d97cfa service neutron] For port 41e052bc-8898-4e21-9079-e9c24ac437f1, host hv-neutron-8558, set binding levels [PortBindingLevel(driver='hyperv',host='hv-neutron-8558',level=0,port_id=41e052bc-8898-4e21-9079-e9c24ac437f1,segment=NetworkSegment(455f87bc-a629-4ed9-8679-d77220323b77),segment_id=455f87bc-a629-4ed9-8679-d77220323b77)] {{(pid=107185) set_binding_levels /opt/stack/neutron/neutron/plugins/ml2/db.py:59}}
Sep 05 11:37:29.530696 dv-neutron-855850-5-hyperv neutron-server[107184]: DEBUG neutron_lib.callbacks.manager [None req-455400cd-6332-49f1-942c-499b4ea06d2f tempest-FloatingIPAdminTestJSON-1671042612 tempest-FloatingIPAdminTestJSON-1671042612-project-admin] Publish callbacks [] for floatingip (None), before_create {{(pid=107184) _notify_loop /usr/local/lib/python3.8/dist-packages/neutron_lib/callbacks/manager.py:176}}
Sep 05 11:37:29.541644 dv-neutron-855850-5-hyperv neutron-server[107186]: DEBUG neutron.plugins.ml2.plugin [None req-2bad8037-c453-4408-993f-4ce0b175068c None None] Port b1f1236e-53f9-480c-8352-2b3f9393eca4 cannot update to ACTIVE because it is not bound. {{(pid=107186) _port_provisioned /opt/stack/neutron/neutron/plugins/ml2/plugin.py:348}}
Sep 05 11:37:29.578172 dv-neutron-855850-5-hyperv neutron-server[107185]: DEBUG neutron.api.v2.base [req-735e5035-7c51-4f7e-b4be-94e3cdddcbd7 req-b5d90cd2-0a2e-4457-a3cf-95b432187926 service neutron] Request body: {'port': {'device_id': 'a2398425-e4e0-4cd1-aa2a-f25f89e49b70', 'device_owner': 'compute:nova', 'binding:host_id': 'hv-neutron-8558'}} {{(pid=107185) prepare_request_body /opt/stack/neutron/neutron/api/v2/base.py:730}}
Sep 05 11:37:29.669375 dv-neutron-855850-5-hyperv neutron-server[107185]: DEBUG neutron_lib.callbacks.manager [req-57ea960d-a4c8-4b7f-9f2a-eab2a4e96e6b req-b8915aa2-50b2-49b6-b22b-22f6e6d97cfa service neutron] Publish callbacks ['neutron.plugins.ml2.plugin.SecurityGroupServerNotifierRpcMixin._notify_sg_on_port_change-3588249', 'neutron.plugins.ml2.ovo_rpc._ObjectChangeHandler.handle_event-53216', 'neutron.api.rpc.agentnotifiers.dhcp_rpc_agent_api.DhcpAgentNotifyAPI._native_event_send_dhcp_notification-1601964', 'neutron.db.l3_db.L3RpcNotifierMixin._notify_gateway_port_ip_changed-8783457032066', 'neutron.db.l3_dvrscheduler_db._notify_l3_agent_port_update-8783456586114', 'neutron.db.l3_hascheduler_db._notify_l3_agent_ha_port_update-8783456586132', 'neutron.services.segments.plugin.NovaSegmentNotifier._notify_port_updated-2718323'] for port (41e052bc-8898-4e21-9079-e9c24ac437f1), after_update {{(pid=107185) _notify_loop /usr/local/lib/python3.8/dist-packages/neutron_lib/callbacks/manager.py:176}}
Sep 05 11:37:29.673717 dv-neutron-855850-5-hyperv neutron-server[107185]: DEBUG neutron.pecan_wsgi.hooks.policy_enforcement [req-57ea960d-a4c8-4b7f-9f2a-eab2a4e96e6b req-b8915aa2-50b2-49b6-b22b-22f6e6d97cfa service neutron] Attributes excluded by policy engine: ['standard_attr_id'] {{(pid=107185) _exclude_attributes_by_policy /opt/stack/neutron/neutron/pecan_wsgi/hooks/policy_enforcement.py:259}}
Sep 05 11:37:29.674332 dv-neutron-855850-5-hyperv neutron-server[107185]: DEBUG neutron_lib.callbacks.manager [req-57ea960d-a4c8-4b7f-9f2a-eab2a4e96e6b req-b8915aa2-50b2-49b6-b22b-22f6e6d97cfa service neutron] Publish callbacks ['neutron.notifiers.nova.Notifier._send_nova_notification-202827'] for port (None), before_response {{(pid=107185) _notify_loop /usr/local/lib/python3.8/dist-packages/neutron_lib/callbacks/manager.py:176}}
Sep 05 11:37:29.682341 dv-neutron-855850-5-hyperv neutron-server[107185]: INFO neutron.wsgi [req-57ea960d-a4c8-4b7f-9f2a-eab2a4e96e6b req-b8915aa2-50b2-49b6-b22b-22f6e6d97cfa service neutron] 10.222.0.44 "PUT /networking/v2.0/ports/41e052bc-8898-4e21-9079-e9c24ac437f1 HTTP/1.1" status: 200 len: 1094 time: 5.0308602
Sep 05 11:37:29.687283 dv-neutron-855850-5-hyperv neutron-server[107185]: DEBUG neutron.notifiers.nova [-] Sending events: [{'name': 'network-changed', 'server_uuid': '07c8991d-f1a4-427a-8005-f76ac470c3aa', 'tag': '41e052bc-8898-4e21-9079-e9c24ac437f1'}] {{(pid=107185) send_events /opt/stack/neutron/neutron/notifiers/nova.py:271}}
Sep 05 11:37:29.710291 dv-neutron-855850-5-hyperv neutron-server[107185]: DEBUG neutron.scheduler.base_scheduler [None req-837865d4-c271-491b-bf71-9faaa8bd6f54 tempest-NetworksTestDHCPv6-286200664 tempest-NetworksTestDHCPv6-286200664-project] Resources bound (agent type, host, resource id): (DHCP agent, dv-neutron-855850-5-hyperv, 800934c6-e969-49b0-8d6b-0a2219920e7e) {{(pid=107185) schedule /opt/stack/neutron/neutron/scheduler/base_scheduler.py:57}}
Sep 05 11:37:29.715960 dv-neutron-855850-5-hyperv neutron-server[107185]: DEBUG neutron.pecan_wsgi.hooks.policy_enforcement [None req-837865d4-c271-491b-bf71-9faaa8bd6f54 tempest-NetworksTestDHCPv6-286200664 tempest-NetworksTestDHCPv6-286200664-project] Attributes excluded by policy engine: ['standard_attr_id', 'shared', 'segment_id', 'network'] {{(pid=107185) _exclude_attributes_by_policy /opt/stack/neutron/neutron/pecan_wsgi/hooks/policy_enforcement.py:259}}
Sep 05 11:37:29.716587 dv-neutron-855850-5-hyperv neutron-server[107185]: DEBUG neutron_lib.callbacks.manager [None req-837865d4-c271-491b-bf71-9faaa8bd6f54 tempest-NetworksTestDHCPv6-286200664 tempest-NetworksTestDHCPv6-286200664-project] Publish callbacks ['neutron.api.rpc.agentnotifiers.dhcp_rpc_agent_api.DhcpAgentNotifyAPI._send_dhcp_notification-1604438'] for subnet (None), before_response {{(pid=107185) _notify_loop /usr/local/lib/python3.8/dist-packages/neutron_lib/callbacks/manager.py:176}}
Sep 05 11:37:29.721998 dv-neutron-855850-5-hyperv neutron-server[107186]: DEBUG neutron.api.rpc.handlers.dhcp_rpc [None req-76e900dd-097c-409c-84ae-4a2a224cd61b None None] Network 800934c6-e969-49b0-8d6b-0a2219920e7e requested from dv-neutron-855850-5-hyperv {{(pid=107186) get_network_info /opt/stack/neutron/neutron/api/rpc/handlers/dhcp_rpc.py:193}}
Sep 05 11:37:29.775656 dv-neutron-855850-5-hyperv neutron-server[107185]: DEBUG dbcounter [-] [107185] Writing DB stats neutron:SELECT=90,neutron:DELETE=5,neutron:INSERT=3,neutron:UPDATE=2 {{(pid=107185) stat_writer /usr/local/lib/python3.8/dist-packages/dbcounter.py:114}}
Sep 05 11:37:29.832478 dv-neutron-855850-5-hyperv neutron-server[107185]: INFO neutron.wsgi [None req-837865d4-c271-491b-bf71-9faaa8bd6f54 tempest-NetworksTestDHCPv6-286200664 tempest-NetworksTestDHCPv6-286200664-project] 10.222.0.42 "POST /networking/v2.0/subnets HTTP/1.1" status: 201 len: 847 time: 3.2964778
Sep 05 11:37:29.861053 dv-neutron-855850-5-hyperv neutron-server[107185]: DEBUG neutron.wsgi [-] (107185) accepted ('10.222.0.42', 54982) {{(pid=107185) server /usr/local/lib/python3.8/dist-packages/eventlet/wsgi.py:1004}}
Sep 05 11:37:29.868152 dv-neutron-855850-5-hyperv neutron-server[107185]: DEBUG neutron.api.v2.base [None req-4eb046a6-d71f-4c43-97c2-4c99d82beba1 tempest-NetworksTestDHCPv6-286200664 tempest-NetworksTestDHCPv6-286200664-project] Request body: {'port': {'network_id': '800934c6-e969-49b0-8d6b-0a2219920e7e', 'name': 'tempest-NetworksTestDHCPv6-499923322'}} {{(pid=107185) prepare_request_body /opt/stack/neutron/neutron/api/v2/base.py:730}}
Sep 05 11:37:29.924616 dv-neutron-855850-5-hyperv neutron-server[107186]: DEBUG neutron.api.rpc.handlers.dhcp_rpc [None req-6442e2ca-483d-4298-a307-8413d62899a0 None None] Create dhcp port {'port': {'name': '', 'admin_state_up': True, 'device_id': 'dhcpb69310d9-84d1-5cf5-8c2e-8d9b02f1aac0-800934c6-e969-49b0-8d6b-0a2219920e7e', 'network_id': '800934c6-e969-49b0-8d6b-0a2219920e7e', 'project_id': 'caee8f905243419c98008dc249b59dbc', 'fixed_ips': [{'subnet_id': '814cbe02-58c7-4740-8858-bf4824fe38ce'}]}} from dv-neutron-855850-5-hyperv. {{(pid=107186) create_dhcp_port /opt/stack/neutron/neutron/api/rpc/handlers/dhcp_rpc.py:282}}
Sep 05 11:37:29.925902 dv-neutron-855850-5-hyperv neutron-server[107186]: DEBUG neutron_lib.callbacks.manager [None req-6442e2ca-483d-4298-a307-8413d62899a0 None None] Publish callbacks ['neutron.plugins.ml2.plugin.SecurityGroupDbMixin._ensure_default_security_group_handler-3588314'] for port (None), before_create {{(pid=107186) _notify_loop /usr/local/lib/python3.8/dist-packages/neutron_lib/callbacks/manager.py:176}}
Sep 05 11:37:29.948784 dv-neutron-855850-5-hyperv neutron-server[107186]: DEBUG dbcounter [-] [107186] Writing DB stats neutron:SELECT=98,neutron:UPDATE=2 {{(pid=107186) stat_writer /usr/local/lib/python3.8/dist-packages/dbcounter.py:114}}
Sep 05 11:37:30.030003 dv-neutron-855850-5-hyperv neutron-server[107184]: INFO neutron.wsgi [req-ffeb45af-f614-485a-a955-2994e9b36a47 req-1bde74ef-4def-44c6-a3dc-c402a16ffb55 tempest-ServerActionsTestJSON-1396410741 tempest-ServerActionsTestJSON-1396410741-project] 10.222.0.42 "GET /networking/v2.0/security-groups?id=4a1efa55-706e-4ea5-b531-99362a6ac944&fields=id&fields=name HTTP/1.1" status: 200 len: 313 time: 0.5785565
Sep 05 11:37:30.089220 dv-neutron-855850-5-hyperv neutron-server[107184]: DEBUG neutron.pecan_wsgi.hooks.policy_enforcement [req-df8e6cab-d3e0-41eb-a6ef-b55e79309bf7 req-08ca4546-bc59-4c5a-aa90-5dac5b26f354 tempest-ServersTestJSON-1387377916 tempest-ServersTestJSON-1387377916-project] Attributes excluded by policy engine: ['standard_attr_id', 'binding:profile', 'binding:host_id', 'binding:vif_type', 'binding:vif_details'] {{(pid=107184) _exclude_attributes_by_policy /opt/stack/neutron/neutron/pecan_wsgi/hooks/policy_enforcement.py:259}}
Sep 05 11:37:30.098030 dv-neutron-855850-5-hyperv neutron-server[107184]: INFO neutron.wsgi [req-df8e6cab-d3e0-41eb-a6ef-b55e79309bf7 req-08ca4546-bc59-4c5a-aa90-5dac5b26f354 tempest-ServersTestJSON-1387377916 tempest-ServersTestJSON-1387377916-project] 10.222.0.42 "GET /networking/v2.0/ports?device_id=07c8991d-f1a4-427a-8005-f76ac470c3aa HTTP/1.1" status: 200 len: 944 time: 0.5858183
Sep 05 11:37:30.117646 dv-neutron-855850-5-hyperv neutron-server[107185]: DEBUG novaclient.v2.client [-] REQ: curl -g -i --cacert "/opt/stack/data/ca-bundle.pem" -X POST http://10.222.0.42/compute/v2.1/os-server-external-events -H "Accept: application/json" -H "Content-Type: application/json" -H "User-Agent: python-novaclient" -H "X-Auth-Token: {SHA256}527b20498f4b9e83c320cc33f8283424c9ed92ab403dabe2edfee2507a292a52" -H "X-OpenStack-Nova-API-Version: 2.1" -H "X-OpenStack-Request-ID: req-a8ddb231-c9b3-4dc7-b1c4-658397923288" -d '{"events": [{"name": "network-changed", "server_uuid": "07c8991d-f1a4-427a-8005-f76ac470c3aa", "tag": "41e052bc-8898-4e21-9079-e9c24ac437f1"}]}' {{(pid=107185) _http_log_request /usr/local/lib/python3.8/dist-packages/keystoneauth1/session.py:519}}
Sep 05 11:37:30.127717 dv-neutron-855850-5-hyperv neutron-server[107185]: DEBUG neutron.pecan_wsgi.hooks.quota_enforcement [None req-4eb046a6-d71f-4c43-97c2-4c99d82beba1 tempest-NetworksTestDHCPv6-286200664 tempest-NetworksTestDHCPv6-286200664-project] Made reservation on behalf of caee8f905243419c98008dc249b59dbc for: {'port': 1} {{(pid=107185) before /opt/stack/neutron/neutron/pecan_wsgi/hooks/quota_enforcement.py:53}}
Sep 05 11:37:30.132694 dv-neutron-855850-5-hyperv neutron-server[107185]: DEBUG neutron_lib.callbacks.manager [None req-4eb046a6-d71f-4c43-97c2-4c99d82beba1 tempest-NetworksTestDHCPv6-286200664 tempest-NetworksTestDHCPv6-286200664-project] Publish callbacks ['neutron.plugins.ml2.plugin.SecurityGroupDbMixin._ensure_default_security_group_handler-3588314'] for port (None), before_create {{(pid=107185) _notify_loop /usr/local/lib/python3.8/dist-packages/neutron_lib/callbacks/manager.py:176}}
Sep 05 11:37:30.161930 dv-neutron-855850-5-hyperv neutron-server[107185]: DEBUG neutron_lib.callbacks.manager [req-735e5035-7c51-4f7e-b4be-94e3cdddcbd7 req-b5d90cd2-0a2e-4457-a3cf-95b432187926 service neutron] Publish callbacks ['neutron.plugins.ml2.plugin.SecurityGroupDbMixin._ensure_default_security_group_handler-3588314'] for port (b1f1236e-53f9-480c-8352-2b3f9393eca4), before_update {{(pid=107185) _notify_loop /usr/local/lib/python3.8/dist-packages/neutron_lib/callbacks/manager.py:176}}
Sep 05 11:37:30.178367 dv-neutron-855850-5-hyperv neutron-server[107185]: DEBUG neutron.notifiers.nova [None req-4eb046a6-d71f-4c43-97c2-4c99d82beba1 tempest-NetworksTestDHCPv6-286200664 tempest-NetworksTestDHCPv6-286200664-project] device_id is not set on port 52f092e9-6e0f-4efb-ab2f-b13264cbbebd yet. {{(pid=107185) _can_notify /opt/stack/neutron/neutron/notifiers/nova.py:199}}
Sep 05 11:37:30.184854 dv-neutron-855850-5-hyperv neutron-server[107185]: DEBUG neutron.api.rpc.handlers.resources_rpc [None req-b8915aa2-50b2-49b6-b22b-22f6e6d97cfa service neutron] Pushing event updated for resources: {'Port': ['ID=41e052bc-8898-4e21-9079-e9c24ac437f1,revision_number=3']} {{(pid=107185) push /opt/stack/neutron/neutron/api/rpc/handlers/resources_rpc.py:237}}
Sep 05 11:37:30.271159 dv-neutron-855850-5-hyperv neutron-server[107186]: DEBUG neutron.db.db_base_plugin_common [None req-6442e2ca-483d-4298-a307-8413d62899a0 None None] Allocated IP 2001:db8::2 (800934c6-e969-49b0-8d6b-0a2219920e7e/814cbe02-58c7-4740-8858-bf4824fe38ce/e03f1132-8d22-4cee-bfb8-96335712360d) {{(pid=107186) _store_ip_allocation /opt/stack/neutron/neutron/db/db_base_plugin_common.py:131}}
Sep 05 11:37:30.291229 dv-neutron-855850-5-hyperv neutron-server[107185]: DEBUG dbcounter [-] [107185] Writing DB stats neutron:SELECT=90,neutron:UPDATE=1,neutron:DELETE=3,neutron:INSERT=6 {{(pid=107185) stat_writer /usr/local/lib/python3.8/dist-packages/dbcounter.py:114}}
Sep 05 11:37:30.380593 dv-neutron-855850-5-hyperv neutron-server[107185]: DEBUG neutron.wsgi [-] (107185) accepted ('10.222.0.44', 54171) {{(pid=107185) server /usr/local/lib/python3.8/dist-packages/eventlet/wsgi.py:1004}}
Sep 05 11:37:30.380888 dv-neutron-855850-5-hyperv neutron-server[107184]: DEBUG neutron_lib.callbacks.manager [None req-455400cd-6332-49f1-942c-499b4ea06d2f tempest-FloatingIPAdminTestJSON-1671042612 tempest-FloatingIPAdminTestJSON-1671042612-project-admin] Publish callbacks ['neutron.plugins.ml2.plugin.SecurityGroupDbMixin._ensure_default_security_group_handler-3588314'] for port (None), before_create {{(pid=107184) _notify_loop /usr/local/lib/python3.8/dist-packages/neutron_lib/callbacks/manager.py:176}}
Sep 05 11:37:30.397800 dv-neutron-855850-5-hyperv neutron-server[107185]: DEBUG neutron.pecan_wsgi.hooks.policy_enforcement [req-57ea960d-a4c8-4b7f-9f2a-eab2a4e96e6b req-0e6f1103-af7b-4502-b833-6d200407364b service neutron] Attributes excluded by policy engine: ['standard_attr_id'] {{(pid=107185) _exclude_attributes_by_policy /opt/stack/neutron/neutron/pecan_wsgi/hooks/policy_enforcement.py:259}}
Sep 05 11:37:30.399383 dv-neutron-855850-5-hyperv neutron-server[107185]: INFO neutron.wsgi [req-57ea960d-a4c8-4b7f-9f2a-eab2a4e96e6b req-0e6f1103-af7b-4502-b833-6d200407364b service neutron] 10.222.0.44 "GET /networking/v2.0/ports?tenant_id=1c307fe22e034072be812d42f9c154db&device_id=07c8991d-f1a4-427a-8005-f76ac470c3aa HTTP/1.1" status: 200 len: 1128 time: 0.1762257
Sep 05 11:37:30.835508 dv-neutron-855850-5-hyperv neutron-server[107186]: DEBUG neutron_lib.callbacks.manager [None req-6442e2ca-483d-4298-a307-8413d62899a0 None None] Publish callbacks [] for port (e03f1132-8d22-4cee-bfb8-96335712360d), precommit_create {{(pid=107186) _notify_loop /usr/local/lib/python3.8/dist-packages/neutron_lib/callbacks/manager.py:176}}
Sep 05 11:37:30.849886 dv-neutron-855850-5-hyperv neutron-server[107186]: DEBUG neutron_lib.callbacks.manager [None req-6442e2ca-483d-4298-a307-8413d62899a0 None None] Publish callbacks ['neutron.plugins.ml2.plugin.SecurityGroupServerNotifierRpcMixin._notify_sg_on_port_change-3588249', 'neutron.plugins.ml2.ovo_rpc._ObjectChangeHandler.handle_event-53216', 'neutron.api.rpc.agentnotifiers.dhcp_rpc_agent_api.DhcpAgentNotifyAPI._native_event_send_dhcp_notification-1601964', 'neutron.db.l3_dvrscheduler_db._notify_l3_agent_new_port-8783456586096'] for port (e03f1132-8d22-4cee-bfb8-96335712360d), after_create {{(pid=107186) _notify_loop /usr/local/lib/python3.8/dist-packages/neutron_lib/callbacks/manager.py:176}}
Sep 05 11:37:30.872451 dv-neutron-855850-5-hyperv neutron-server[107184]: DEBUG neutron.notifiers.nova [None req-04d84970-1a17-4446-95e1-e49a0b7d4c78 tempest-PortsAdminExtendedAttrsTestJSON-1380152253 tempest-PortsAdminExtendedAttrsTestJSON-1380152253-project-admin] device_id is not set on port fd64191b-aa8d-497f-b98a-95a0534a3b2c yet. {{(pid=107184) _can_notify /opt/stack/neutron/neutron/notifiers/nova.py:199}}
Sep 05 11:37:30.898187 dv-neutron-855850-5-hyperv neutron-server[107184]: DEBUG neutron_lib.callbacks.manager [None req-04d84970-1a17-4446-95e1-e49a0b7d4c78 tempest-PortsAdminExtendedAttrsTestJSON-1380152253 tempest-PortsAdminExtendedAttrsTestJSON-1380152253-project-admin] Publish callbacks [] for port (fd64191b-aa8d-497f-b98a-95a0534a3b2c), precommit_update {{(pid=107184) _notify_loop /usr/local/lib/python3.8/dist-packages/neutron_lib/callbacks/manager.py:176}}
Sep 05 11:37:30.922035 dv-neutron-855850-5-hyperv neutron-server[107184]: DEBUG dbcounter [-] [107184] Writing DB stats neutron:SELECT=98,neutron:INSERT=1,neutron:UPDATE=1 {{(pid=107184) stat_writer /usr/local/lib/python3.8/dist-packages/dbcounter.py:114}}
Sep 05 11:37:30.928917 dv-neutron-855850-5-hyperv neutron-server[107184]: DEBUG neutron_lib.callbacks.manager [None req-5ec8bd8c-ee84-46ad-9a2e-a49a0a12ee86 tempest-RoutersIpV6AdminTest-259563627 tempest-RoutersIpV6AdminTest-259563627-project] Publish callbacks [] for router_gateway (e6874cfe-4d2b-4dc6-8724-6bdbb5cc9853), after_create {{(pid=107184) _notify_loop /usr/local/lib/python3.8/dist-packages/neutron_lib/callbacks/manager.py:176}}
Sep 05 11:37:30.937712 dv-neutron-855850-5-hyperv neutron-server[107184]: DEBUG neutron_lib.callbacks.manager [None req-04d84970-1a17-4446-95e1-e49a0b7d4c78 tempest-PortsAdminExtendedAttrsTestJSON-1380152253 tempest-PortsAdminExtendedAttrsTestJSON-1380152253-project-admin] Publish callbacks ['neutron.plugins.ml2.plugin.SecurityGroupServerNotifierRpcMixin._notify_sg_on_port_change-3588249', 'neutron.plugins.ml2.ovo_rpc._ObjectChangeHandler.handle_event-53216', 'neutron.api.rpc.agentnotifiers.dhcp_rpc_agent_api.DhcpAgentNotifyAPI._native_event_send_dhcp_notification-1601964', 'neutron.db.l3_db.L3RpcNotifierMixin._notify_gateway_port_ip_changed-8783457032066', 'neutron.db.l3_dvrscheduler_db._notify_l3_agent_port_update-8783456586114', 'neutron.db.l3_hascheduler_db._notify_l3_agent_ha_port_update-8783456586132', 'neutron.services.segments.plugin.NovaSegmentNotifier._notify_port_updated-6589162'] for port (fd64191b-aa8d-497f-b98a-95a0534a3b2c), after_update {{(pid=107184) _notify_loop /usr/local/lib/python3.8/dist-packages/neutron_lib/callbacks/manager.py:176}}
Sep 05 11:37:30.948884 dv-neutron-855850-5-hyperv neutron-server[107186]: DEBUG neutron.scheduler.dhcp_agent_scheduler [None req-6442e2ca-483d-4298-a307-8413d62899a0 None None] Network 800934c6-e969-49b0-8d6b-0a2219920e7e is already hosted by enough agents. {{(pid=107186) _get_dhcp_agents_hosting_network /opt/stack/neutron/neutron/scheduler/dhcp_agent_scheduler.py:275}}
Sep 05 11:37:30.981365 dv-neutron-855850-5-hyperv neutron-server[107186]: DEBUG neutron.scheduler.base_scheduler [None req-6442e2ca-483d-4298-a307-8413d62899a0 None None] Resources bound (agent type, host, resource id): {{(pid=107186) schedule /opt/stack/neutron/neutron/scheduler/base_scheduler.py:57}}
Sep 05 11:37:30.983958 dv-neutron-855850-5-hyperv neutron-server[107186]: DEBUG neutron.api.rpc.handlers.resources_rpc [None req-6442e2ca-483d-4298-a307-8413d62899a0 None None] Pushing event updated for resources: {'Port': ['ID=e03f1132-8d22-4cee-bfb8-96335712360d,revision_number=1']} {{(pid=107186) push /opt/stack/neutron/neutron/api/rpc/handlers/resources_rpc.py:237}}
Sep 05 11:37:30.987078 dv-neutron-855850-5-hyperv neutron-server[107186]: DEBUG neutron.db.l3_dvrscheduler_db [None req-6442e2ca-483d-4298-a307-8413d62899a0 None None] Received port after_create {{(pid=107186) _notify_l3_agent_new_port /opt/stack/neutron/neutron/db/l3_dvrscheduler_db.py:538}}
Sep 05 11:37:30.992327 dv-neutron-855850-5-hyperv neutron-server[107185]: DEBUG novaclient.v2.client [-] RESP: [200] Connection: close Content-Length: 179 Content-Type: application/json Date: Mon, 05 Sep 2022 11:37:30 GMT OpenStack-API-Version: compute 2.1 Server: Apache/2.4.41 (Ubuntu) Vary: OpenStack-API-Version,X-OpenStack-Nova-API-Version X-OpenStack-Nova-API-Version: 2.1 x-compute-request-id: req-4d6cc580-45cd-4b19-8665-03ddfbde8974 x-openstack-request-id: req-4d6cc580-45cd-4b19-8665-03ddfbde8974 {{(pid=107185) _http_log_response /usr/local/lib/python3.8/dist-packages/keystoneauth1/session.py:550}}
Sep 05 11:37:30.992935 dv-neutron-855850-5-hyperv neutron-server[107185]: DEBUG novaclient.v2.client [-] RESP BODY: {"events": [{"name": "network-changed", "server_uuid": "07c8991d-f1a4-427a-8005-f76ac470c3aa", "tag": "41e052bc-8898-4e21-9079-e9c24ac437f1", "status": "completed", "code": 200}]} {{(pid=107185) _http_log_response /usr/local/lib/python3.8/dist-packages/keystoneauth1/session.py:582}}
Sep 05 11:37:30.992935 dv-neutron-855850-5-hyperv neutron-server[107185]: DEBUG novaclient.v2.client [-] POST call to compute for http://10.222.0.42/compute/v2.1/os-server-external-events used request id req-4d6cc580-45cd-4b19-8665-03ddfbde8974 {{(pid=107185) request /usr/local/lib/python3.8/dist-packages/keystoneauth1/session.py:954}}
Sep 05 11:37:30.993368 dv-neutron-855850-5-hyperv neutron-server[107185]: INFO neutron.notifiers.nova [-] Nova event matching ['req-4d6cc580-45cd-4b19-8665-03ddfbde8974'] response: {'name': 'network-changed', 'server_uuid': '07c8991d-f1a4-427a-8005-f76ac470c3aa', 'tag': '41e052bc-8898-4e21-9079-e9c24ac437f1', 'status': 'completed', 'code': 200}
Sep 05 11:37:31.031185 dv-neutron-855850-5-hyperv neutron-server[107186]: DEBUG dbcounter [-] [107186] Writing DB stats neutron:SELECT=89,neutron:UPDATE=6,neutron:INSERT=5 {{(pid=107186) stat_writer /usr/local/lib/python3.8/dist-packages/dbcounter.py:114}}
Sep 05 11:37:31.108900 dv-neutron-855850-5-hyperv neutron-server[107186]: DEBUG neutron.plugins.ml2.managers [None req-6442e2ca-483d-4298-a307-8413d62899a0 None None] Attempting to bind port e03f1132-8d22-4cee-bfb8-96335712360d on host dv-neutron-855850-5-hyperv for vnic_type normal with profile {{(pid=107186) bind_port /opt/stack/neutron/neutron/plugins/ml2/managers.py:810}}
Sep 05 11:37:31.109592 dv-neutron-855850-5-hyperv neutron-server[107186]: DEBUG neutron.plugins.ml2.managers [None req-6442e2ca-483d-4298-a307-8413d62899a0 None None] Attempting to bind port e03f1132-8d22-4cee-bfb8-96335712360d by drivers openvswitch,hyperv on host dv-neutron-855850-5-hyperv at level 0 using segments [{'id': 'dfa090a2-36c4-4833-a66c-c7d1f61d5202', 'network_type': 'vlan', 'physical_network': 'physnet1', 'segmentation_id': 394, 'network_id': '800934c6-e969-49b0-8d6b-0a2219920e7e'}] {{(pid=107186) _bind_port_level /opt/stack/neutron/neutron/plugins/ml2/managers.py:835}}
Sep 05 11:37:31.110289 dv-neutron-855850-5-hyperv neutron-server[107186]: DEBUG neutron.plugins.ml2.drivers.mech_agent [None req-6442e2ca-483d-4298-a307-8413d62899a0 None None] Attempting to bind port e03f1132-8d22-4cee-bfb8-96335712360d on network 800934c6-e969-49b0-8d6b-0a2219920e7e {{(pid=107186) bind_port /opt/stack/neutron/neutron/plugins/ml2/drivers/mech_agent.py:91}}
Sep 05 11:37:31.167942 dv-neutron-855850-5-hyperv neutron-server[107184]: INFO neutron.wsgi [req-df8e6cab-d3e0-41eb-a6ef-b55e79309bf7 req-48471c55-aa24-4ced-8ec2-68240959851a tempest-ServersTestJSON-1387377916 tempest-ServersTestJSON-1387377916-project] 10.222.0.42 "GET /networking/v2.0/security-groups?id=bd72ca6f-8c99-4b25-9bfa-e5a0896f6319&fields=id&fields=name HTTP/1.1" status: 200 len: 311 time: 1.0140507
Sep 05 11:37:31.199943 dv-neutron-855850-5-hyperv neutron-server[107185]: INFO neutron.wsgi [req-57ea960d-a4c8-4b7f-9f2a-eab2a4e96e6b req-017a2556-db43-4dfa-bf30-78dbe00d84c6 service neutron] 10.222.0.44 "GET /networking/v2.0/floatingips?fixed_ip_address=172.20.0.12&port_id=41e052bc-8898-4e21-9079-e9c24ac437f1 HTTP/1.1" status: 200 len: 217 time: 0.6787407
Sep 05 11:37:31.219297 dv-neutron-855850-5-hyperv neutron-server[107186]: DEBUG neutron.plugins.ml2.drivers.mech_agent [None req-6442e2ca-483d-4298-a307-8413d62899a0 None None] Checking agent: {'id': '50b20596-ff1f-486a-80b5-2b2189eb42f7', 'agent_type': 'Open vSwitch agent', 'binary': 'neutron-openvswitch-agent', 'topic': 'N/A', 'host': 'dv-neutron-855850-5-hyperv', 'admin_state_up': True, 'created_at': datetime.datetime(2022, 9, 5, 11, 29, 26), 'started_at': datetime.datetime(2022, 9, 5, 11, 29, 56), 'heartbeat_timestamp': datetime.datetime(2022, 9, 5, 11, 37, 26), 'description': None, 'resources_synced': None, 'availability_zone': None, 'alive': True, 'configurations': {'arp_responder_enabled': False, 'baremetal_smartnic': False, 'bridge_mappings': {'physnet1': 'br-data'}, 'datapath_type': 'system', 'devices': 0, 'enable_distributed_routing': False, 'extensions': [], 'in_distributed_mode': False, 'integration_bridge': 'br-int', 'l2_population': False, 'log_agent_heartbeats': False, 'ovs_capabilities': {'datapath_types': ['netdev', 'system'], 'iface_types': ['erspan', 'geneve', 'gre', 'internal', 'ip6erspan', 'ip6gre', 'lisp', 'patch', 'stt', 'system', 'tap', 'vxlan']}, 'ovs_hybrid_plug': False, 'resource_provider_bandwidths': {}, 'resource_provider_hypervisors': {'br-data': 'dv-neutron-855850-5-hyperv'}, 'resource_provider_inventory_defaults': {'allocation_ratio': 1.0, 'min_unit': 1, 'step_size': 1, 'reserved': 0}, 'resource_provider_packet_processing_inventory_defaults': {'allocation_ratio': 1.0, 'min_unit': 1, 'step_size': 1, 'reserved': 0}, 'resource_provider_packet_processing_with_direction': {}, 'resource_provider_packet_processing_without_direction': {}, 'tunnel_types': [], 'tunneling_ip': None, 'vhostuser_socket_dir': '/var/run/openvswitch'}, 'resource_versions': {'AddressGroup': '1.2', 'Agent': '1.1', 'ConntrackHelper': '1.0', 'LocalIPAssociation': '1.0', 'Log': '1.0', 'NDPProxy': '1.0', 'Network': '1.1', 'Port': '1.7', 'PortForwarding': '1.3', 'QosPolicy': '1.10', 'SecurityGroup': '1.5', 'SecurityGroupRule': '1.2', 'SubPort': '1.0', 'Subnet': '1.1', 'Trunk': '1.1'}} {{(pid=107186) bind_port /opt/stack/neutron/neutron/plugins/ml2/drivers/mech_agent.py:127}}
Sep 05 11:37:31.222335 dv-neutron-855850-5-hyperv neutron-server[107186]: DEBUG neutron.plugins.ml2.drivers.mech_agent [None req-6442e2ca-483d-4298-a307-8413d62899a0 None None] Checking segment: {'id': 'dfa090a2-36c4-4833-a66c-c7d1f61d5202', 'network_type': 'vlan', 'physical_network': 'physnet1', 'segmentation_id': 394, 'network_id': '800934c6-e969-49b0-8d6b-0a2219920e7e'} for mappings: {'physnet1': 'br-data'} with network types: ['local', 'flat', 'vlan'] {{(pid=107186) check_segment_for_agent /opt/stack/neutron/neutron/plugins/ml2/drivers/mech_agent.py:399}}
Sep 05 11:37:31.224534 dv-neutron-855850-5-hyperv neutron-server[107186]: DEBUG neutron_lib.callbacks.manager [None req-6442e2ca-483d-4298-a307-8413d62899a0 None None] Publish callbacks [] for ovs_bridge_name (None), before_read {{(pid=107186) _notify_loop /usr/local/lib/python3.8/dist-packages/neutron_lib/callbacks/manager.py:176}}
Sep 05 11:37:31.227319 dv-neutron-855850-5-hyperv neutron-server[107186]: DEBUG neutron.plugins.ml2.drivers.mech_agent [None req-6442e2ca-483d-4298-a307-8413d62899a0 None None] Bound using segment: {'id': 'dfa090a2-36c4-4833-a66c-c7d1f61d5202', 'network_type': 'vlan', 'physical_network': 'physnet1', 'segmentation_id': 394, 'network_id': '800934c6-e969-49b0-8d6b-0a2219920e7e'} {{(pid=107186) bind_port /opt/stack/neutron/neutron/plugins/ml2/drivers/mech_agent.py:137}}
Sep 05 11:37:31.228577 dv-neutron-855850-5-hyperv neutron-server[107186]: DEBUG neutron.plugins.ml2.managers [None req-6442e2ca-483d-4298-a307-8413d62899a0 None None] Bound port: e03f1132-8d22-4cee-bfb8-96335712360d, host: dv-neutron-855850-5-hyperv, vif_type: ovs, vif_details: {"connectivity": "l2", "port_filter": true, "ovs_hybrid_plug": false, "datapath_type": "system", "bridge_name": "br-int"}, binding_levels: [{'bound_driver': 'openvswitch', 'bound_segment': {'id': 'dfa090a2-36c4-4833-a66c-c7d1f61d5202', 'network_type': 'vlan', 'physical_network': 'physnet1', 'segmentation_id': 394, 'network_id': '800934c6-e969-49b0-8d6b-0a2219920e7e'}}] {{(pid=107186) _bind_port_level /opt/stack/neutron/neutron/plugins/ml2/managers.py:947}}
Sep 05 11:37:31.229322 dv-neutron-855850-5-hyperv neutron-server[107186]: DEBUG neutron_lib.callbacks.manager [None req-6442e2ca-483d-4298-a307-8413d62899a0 None None] Publish callbacks ['neutron.plugins.ml2.plugin.SecurityGroupDbMixin._ensure_default_security_group_handler-3588314'] for port (e03f1132-8d22-4cee-bfb8-96335712360d), before_update {{(pid=107186) _notify_loop /usr/local/lib/python3.8/dist-packages/neutron_lib/callbacks/manager.py:176}}
Sep 05 11:37:31.321813 dv-neutron-855850-5-hyperv neutron-server[107186]: DEBUG neutron.plugins.ml2.db [None req-6442e2ca-483d-4298-a307-8413d62899a0 None None] For port e03f1132-8d22-4cee-bfb8-96335712360d, host dv-neutron-855850-5-hyperv, cleared binding levels {{(pid=107186) clear_binding_levels /opt/stack/neutron/neutron/plugins/ml2/db.py:87}}
Sep 05 11:37:31.325932 dv-neutron-855850-5-hyperv neutron-server[107186]: DEBUG neutron.plugins.ml2.db [None req-6442e2ca-483d-4298-a307-8413d62899a0 None None] For port e03f1132-8d22-4cee-bfb8-96335712360d, host dv-neutron-855850-5-hyperv, set binding levels [PortBindingLevel(driver='openvswitch',host='dv-neutron-855850-5-hyperv',level=0,port_id=e03f1132-8d22-4cee-bfb8-96335712360d,segment=NetworkSegment(dfa090a2-36c4-4833-a66c-c7d1f61d5202),segment_id=dfa090a2-36c4-4833-a66c-c7d1f61d5202)] {{(pid=107186) set_binding_levels /opt/stack/neutron/neutron/plugins/ml2/db.py:59}}
Sep 05 11:37:31.337471 dv-neutron-855850-5-hyperv neutron-server[107186]: DEBUG neutron_lib.callbacks.manager [None req-6442e2ca-483d-4298-a307-8413d62899a0 None None] Publish callbacks ['neutron.plugins.ml2.plugin.SecurityGroupServerNotifierRpcMixin._notify_sg_on_port_change-3588249', 'neutron.plugins.ml2.ovo_rpc._ObjectChangeHandler.handle_event-53216', 'neutron.api.rpc.agentnotifiers.dhcp_rpc_agent_api.DhcpAgentNotifyAPI._native_event_send_dhcp_notification-1601964', 'neutron.db.l3_db.L3RpcNotifierMixin._notify_gateway_port_ip_changed-8783457032066', 'neutron.db.l3_dvrscheduler_db._notify_l3_agent_port_update-8783456586114', 'neutron.db.l3_hascheduler_db._notify_l3_agent_ha_port_update-8783456586132'] for port (e03f1132-8d22-4cee-bfb8-96335712360d), after_update {{(pid=107186) _notify_loop /usr/local/lib/python3.8/dist-packages/neutron_lib/callbacks/manager.py:176}}
Sep 05 11:37:31.365075 dv-neutron-855850-5-hyperv neutron-server[107184]: DEBUG neutron.db.db_base_plugin_common [None req-455400cd-6332-49f1-942c-499b4ea06d2f tempest-FloatingIPAdminTestJSON-1671042612 tempest-FloatingIPAdminTestJSON-1671042612-project-admin] Allocated IP 172.26.11.123 (4580df1f-338f-4255-915e-b4f89068ee56/2c6b92d3-09de-46ba-bd5f-dcb704771f2d/82e977c9-be05-46ab-8a42-64db5eea899a) {{(pid=107184) _store_ip_allocation /opt/stack/neutron/neutron/db/db_base_plugin_common.py:131}}
Sep 05 11:37:31.423020 dv-neutron-855850-5-hyperv neutron-server[107186]: DEBUG neutron.api.rpc.handlers.resources_rpc [None req-6442e2ca-483d-4298-a307-8413d62899a0 None None] Pushing event updated for resources: {'Port': ['ID=e03f1132-8d22-4cee-bfb8-96335712360d,revision_number=2']} {{(pid=107186) push /opt/stack/neutron/neutron/api/rpc/handlers/resources_rpc.py:237}}
Sep 05 11:37:31.443230 dv-neutron-855850-5-hyperv neutron-server[107184]: DEBUG dbcounter [-] [107184] Writing DB stats neutron:SELECT=93,neutron:UPDATE=4,neutron:INSERT=3 {{(pid=107184) stat_writer /usr/local/lib/python3.8/dist-packages/dbcounter.py:114}}
