Sep 05 11:37:15.046637 dv-neutron-855850-5-hyperv neutron-server[107185]: DEBUG neutron_lib.callbacks.manager [None req-112f3612-b152-4ce6-8c24-53e2a94a939b tempest-ExternalNetworksTestJSON-827881738 tempest-ExternalNetworksTestJSON-827881738-project-admin] Subscribe: > port after_delete 55550000 {{(pid=107185) subscribe /usr/local/lib/python3.8/dist-packages/neutron_lib/callbacks/manager.py:45}}
Sep 05 11:37:15.047032 dv-neutron-855850-5-hyperv neutron-server[107185]: DEBUG neutron_lib.callbacks.manager [None req-112f3612-b152-4ce6-8c24-53e2a94a939b tempest-ExternalNetworksTestJSON-827881738 tempest-ExternalNetworksTestJSON-827881738-project-admin] Subscribe: > port after_update 55550000 {{(pid=107185) subscribe /usr/local/lib/python3.8/dist-packages/neutron_lib/callbacks/manager.py:45}}
Sep 05 11:37:15.047354 dv-neutron-855850-5-hyperv neutron-server[107185]: DEBUG neutron_lib.callbacks.manager [None req-112f3612-b152-4ce6-8c24-53e2a94a939b tempest-ExternalNetworksTestJSON-827881738 tempest-ExternalNetworksTestJSON-827881738-project-admin] Subscribe: > segment after_delete 55550000 {{(pid=107185) subscribe /usr/local/lib/python3.8/dist-packages/neutron_lib/callbacks/manager.py:45}}
Sep 05 11:37:15.047687 dv-neutron-855850-5-hyperv neutron-server[107185]: DEBUG neutron_lib.callbacks.manager [None req-112f3612-b152-4ce6-8c24-53e2a94a939b tempest-ExternalNetworksTestJSON-827881738 tempest-ExternalNetworksTestJSON-827881738-project-admin] Subscribe: > subnet after_create 55550000 {{(pid=107185) subscribe /usr/local/lib/python3.8/dist-packages/neutron_lib/callbacks/manager.py:45}}
Sep 05 11:37:15.048001 dv-neutron-855850-5-hyperv neutron-server[107185]: DEBUG neutron_lib.callbacks.manager [None req-112f3612-b152-4ce6-8c24-53e2a94a939b tempest-ExternalNetworksTestJSON-827881738 tempest-ExternalNetworksTestJSON-827881738-project-admin] Subscribe: > subnet after_delete 55550000 {{(pid=107185) subscribe /usr/local/lib/python3.8/dist-packages/neutron_lib/callbacks/manager.py:45}}
Sep 05 11:37:15.048588 dv-neutron-855850-5-hyperv neutron-server[107185]: DEBUG neutron_lib.callbacks.manager [None req-112f3612-b152-4ce6-8c24-53e2a94a939b tempest-ExternalNetworksTestJSON-827881738 tempest-ExternalNetworksTestJSON-827881738-project-admin] Subscribe: > subnet after_update 55550000 {{(pid=107185) subscribe /usr/local/lib/python3.8/dist-packages/neutron_lib/callbacks/manager.py:45}}
Sep 05 11:37:15.087824 dv-neutron-855850-5-hyperv neutron-server[107184]: DEBUG neutron_lib.callbacks.manager [None req-bfcc2fd3-9d1c-4051-8915-55c759956236 tempest-PortsAdminExtendedAttrsTestJSON-2081157158 tempest-PortsAdminExtendedAttrsTestJSON-2081157158-project] Publish callbacks ['neutron.services.auto_allocate.db._ensure_external_network_default_value_callback-8783456559014'] for network (5dab26a4-1320-4b3d-9dcf-49d88c88c609), precommit_create {{(pid=107184) _notify_loop /usr/local/lib/python3.8/dist-packages/neutron_lib/callbacks/manager.py:176}}
Sep 05 11:37:15.111009 dv-neutron-855850-5-hyperv neutron-server[107184]: DEBUG neutron.api.rpc.handlers.resources_rpc [None req-5b978b71-5182-461e-be2a-240227af5c18 tempest-ServersTestManualDisk-1477327479 tempest-ServersTestManualDisk-1477327479-project] Pushing event updated for resources: {'SecurityGroup': ['ID=1c64ccbd-7cb6-4bb7-a09f-89b835bd4e59,revision_number=1']} {{(pid=107184) push /opt/stack/neutron/neutron/api/rpc/handlers/resources_rpc.py:237}}
Sep 05 11:37:15.264003 dv-neutron-855850-5-hyperv neutron-server[107185]: DEBUG neutron_lib.callbacks.manager [None req-112f3612-b152-4ce6-8c24-53e2a94a939b tempest-ExternalNetworksTestJSON-827881738 tempest-ExternalNetworksTestJSON-827881738-project-admin] Subscribe: > subnet after_create 55550000 {{(pid=107185) subscribe /usr/local/lib/python3.8/dist-packages/neutron_lib/callbacks/manager.py:45}}
Sep 05 11:37:15.264415 dv-neutron-855850-5-hyperv neutron-server[107185]: DEBUG neutron_lib.callbacks.manager [None req-112f3612-b152-4ce6-8c24-53e2a94a939b tempest-ExternalNetworksTestJSON-827881738 tempest-ExternalNetworksTestJSON-827881738-project-admin] Subscribe: > subnet after_delete 55550000 {{(pid=107185) subscribe /usr/local/lib/python3.8/dist-packages/neutron_lib/callbacks/manager.py:45}}
Sep 05 11:37:15.264794 dv-neutron-855850-5-hyperv neutron-server[107185]: DEBUG neutron_lib.callbacks.manager [None req-112f3612-b152-4ce6-8c24-53e2a94a939b tempest-ExternalNetworksTestJSON-827881738 tempest-ExternalNetworksTestJSON-827881738-project-admin] Subscribe: > subnet before_create 55550000 {{(pid=107185) subscribe /usr/local/lib/python3.8/dist-packages/neutron_lib/callbacks/manager.py:45}}
Sep 05 11:37:15.265129 dv-neutron-855850-5-hyperv neutron-server[107185]: DEBUG neutron_lib.callbacks.manager [None req-112f3612-b152-4ce6-8c24-53e2a94a939b tempest-ExternalNetworksTestJSON-827881738 tempest-ExternalNetworksTestJSON-827881738-project-admin] Subscribe: > subnet before_update 55550000 {{(pid=107185) subscribe /usr/local/lib/python3.8/dist-packages/neutron_lib/callbacks/manager.py:45}}
Sep 05 11:37:15.265480 dv-neutron-855850-5-hyperv neutron-server[107185]: DEBUG neutron.services.segments.db [None req-112f3612-b152-4ce6-8c24-53e2a94a939b tempest-ExternalNetworksTestJSON-827881738 tempest-ExternalNetworksTestJSON-827881738-project-admin] neutron.services.segments.plugin.Plugin method get_segments called with arguments (,) {'filters': {'network_id': ['97394183-a8c2-49d0-9967-ff0bfce08445']}} {{(pid=107185) wrapper /usr/local/lib/python3.8/dist-packages/oslo_log/helpers.py:65}}
Sep 05 11:37:15.276877 dv-neutron-855850-5-hyperv neutron-server[107184]: DEBUG neutron.wsgi [-] (107184) accepted ('10.222.0.42', 54642) {{(pid=107184) server /usr/local/lib/python3.8/dist-packages/eventlet/wsgi.py:1004}}
Sep 05 11:37:15.280473 dv-neutron-855850-5-hyperv neutron-server[107184]: DEBUG neutron_lib.callbacks.manager [None req-6449dcf9-ea91-4ad6-93c5-16d449b944f6 tempest-RoutersIpV6AdminTest-105682720 tempest-RoutersIpV6AdminTest-105682720-project-admin] Publish callbacks [] for router_gateway (dd030734-7b87-4c9c-97e4-08a8596b33fc), before_delete {{(pid=107184) _notify_loop /usr/local/lib/python3.8/dist-packages/neutron_lib/callbacks/manager.py:176}}
Sep 05 11:37:15.311434 dv-neutron-855850-5-hyperv neutron-server[107186]: DEBUG dbcounter [-] [107186] Writing DB stats neutron:SELECT=99,neutron:UPDATE=1 {{(pid=107186) stat_writer /usr/local/lib/python3.8/dist-packages/dbcounter.py:114}}
Sep 05 11:37:15.313223 dv-neutron-855850-5-hyperv neutron-server[107186]: DEBUG neutron.db.provisioning_blocks [None req-09d75f00-f9c0-49d8-aa52-46419cbe5c04 None None] Provisioning complete for port af5beafb-d33b-427f-8af6-2a8e3e443029 triggered by entity L2. {{(pid=107186) provisioning_complete /opt/stack/neutron/neutron/db/provisioning_blocks.py:144}}
Sep 05 11:37:15.313622 dv-neutron-855850-5-hyperv neutron-server[107186]: DEBUG neutron_lib.callbacks.manager [None req-09d75f00-f9c0-49d8-aa52-46419cbe5c04 None None] Publish callbacks ['neutron.plugins.ml2.plugin.Ml2Plugin._port_provisioned-3488106'] for port (af5beafb-d33b-427f-8af6-2a8e3e443029), provisioning_complete {{(pid=107186) _notify_loop /usr/local/lib/python3.8/dist-packages/neutron_lib/callbacks/manager.py:176}}
Sep 05 11:37:15.318482 dv-neutron-855850-5-hyperv neutron-server[107184]: DEBUG neutron_lib.callbacks.manager [None req-bfcc2fd3-9d1c-4051-8915-55c759956236 tempest-PortsAdminExtendedAttrsTestJSON-2081157158 tempest-PortsAdminExtendedAttrsTestJSON-2081157158-project] Publish callbacks ['neutron.plugins.ml2.ovo_rpc._ObjectChangeHandler.handle_event-1791049', 'neutron.api.rpc.agentnotifiers.dhcp_rpc_agent_api.DhcpAgentNotifyAPI._native_event_send_dhcp_notification-1601964'] for network (5dab26a4-1320-4b3d-9dcf-49d88c88c609), after_create {{(pid=107184) _notify_loop /usr/local/lib/python3.8/dist-packages/neutron_lib/callbacks/manager.py:176}}
Sep 05 11:37:15.323620 dv-neutron-855850-5-hyperv neutron-server[107184]: DEBUG neutron.pecan_wsgi.hooks.policy_enforcement [None req-bfcc2fd3-9d1c-4051-8915-55c759956236 tempest-PortsAdminExtendedAttrsTestJSON-2081157158 tempest-PortsAdminExtendedAttrsTestJSON-2081157158-project] Attributes excluded by policy engine: ['standard_attr_id', 'provider:network_type', 'provider:physical_network', 'provider:segmentation_id', 'vlan_transparent'] {{(pid=107184) _exclude_attributes_by_policy /opt/stack/neutron/neutron/pecan_wsgi/hooks/policy_enforcement.py:259}}
Sep 05 11:37:15.324204 dv-neutron-855850-5-hyperv neutron-server[107184]: DEBUG neutron_lib.callbacks.manager [None req-bfcc2fd3-9d1c-4051-8915-55c759956236 tempest-PortsAdminExtendedAttrsTestJSON-2081157158 tempest-PortsAdminExtendedAttrsTestJSON-2081157158-project] Publish callbacks ['neutron.api.rpc.agentnotifiers.dhcp_rpc_agent_api.DhcpAgentNotifyAPI._send_dhcp_notification-1604438'] for network (None), before_response {{(pid=107184) _notify_loop /usr/local/lib/python3.8/dist-packages/neutron_lib/callbacks/manager.py:176}}
Sep 05 11:37:15.368073 dv-neutron-855850-5-hyperv neutron-server[107185]: DEBUG neutron.services.segments.db [None req-112f3612-b152-4ce6-8c24-53e2a94a939b tempest-ExternalNetworksTestJSON-827881738 tempest-ExternalNetworksTestJSON-827881738-project-admin] neutron.services.segments.plugin.Plugin method delete_segment called with arguments (, 'ea129aa4-3c38-4ebd-8c65-a523817f328c') {'for_net_delete': True} {{(pid=107185) wrapper /usr/local/lib/python3.8/dist-packages/oslo_log/helpers.py:65}}
Sep 05 11:37:15.368364 dv-neutron-855850-5-hyperv neutron-server[107185]: DEBUG neutron.services.segments.db [None req-112f3612-b152-4ce6-8c24-53e2a94a939b tempest-ExternalNetworksTestJSON-827881738 tempest-ExternalNetworksTestJSON-827881738-project-admin] neutron.services.segments.plugin.Plugin method get_segment called with arguments (, 'ea129aa4-3c38-4ebd-8c65-a523817f328c') {} {{(pid=107185) wrapper /usr/local/lib/python3.8/dist-packages/oslo_log/helpers.py:65}}
Sep 05 11:37:15.384564 dv-neutron-855850-5-hyperv neutron-server[107185]: DEBUG dbcounter [-] [107185] Writing DB stats neutron:SELECT=99,neutron:INSERT=1 {{(pid=107185) stat_writer /usr/local/lib/python3.8/dist-packages/dbcounter.py:114}}
Sep 05 11:37:15.391090 dv-neutron-855850-5-hyperv neutron-server[107185]: DEBUG neutron_lib.callbacks.manager [None req-699b982b-7264-44fe-a06f-aa7deb27bb4a tempest-ServersTestManualDisk-1477327479 tempest-ServersTestManualDisk-1477327479-project] Publish callbacks [] for security_group_rule (393807f9-b0f6-4b7a-9b5f-ac7fc278c669), before_create {{(pid=107185) _notify_loop /usr/local/lib/python3.8/dist-packages/neutron_lib/callbacks/manager.py:176}}
Sep 05 11:37:15.397079 dv-neutron-855850-5-hyperv neutron-server[107185]: DEBUG neutron_lib.callbacks.manager [None req-112f3612-b152-4ce6-8c24-53e2a94a939b tempest-ExternalNetworksTestJSON-827881738 tempest-ExternalNetworksTestJSON-827881738-project-admin] Publish callbacks ['neutron.plugins.ml2.db._prevent_segment_delete_with_port_bound-8783457114772', 'neutron.services.segments.plugin.Plugin._prevent_segment_delete_with_subnet_associated-8361936'] for segment (ea129aa4-3c38-4ebd-8c65-a523817f328c), before_delete {{(pid=107185) _notify_loop /usr/local/lib/python3.8/dist-packages/neutron_lib/callbacks/manager.py:176}}
Sep 05 11:37:15.471335 dv-neutron-855850-5-hyperv neutron-server[107185]: DEBUG neutron_lib.callbacks.manager [None req-112f3612-b152-4ce6-8c24-53e2a94a939b tempest-ExternalNetworksTestJSON-827881738 tempest-ExternalNetworksTestJSON-827881738-project-admin] Publish callbacks ['neutron.plugins.ml2.plugin.Ml2Plugin._handle_segment_change-3484129'] for segment (ea129aa4-3c38-4ebd-8c65-a523817f328c), precommit_delete {{(pid=107185) _notify_loop /usr/local/lib/python3.8/dist-packages/neutron_lib/callbacks/manager.py:176}}
Sep 05 11:37:15.473319 dv-neutron-855850-5-hyperv neutron-server[107186]: DEBUG dbcounter [-] [107186] Writing DB stats neutron:SELECT=100 {{(pid=107186) stat_writer /usr/local/lib/python3.8/dist-packages/dbcounter.py:114}}
Sep 05 11:37:15.474239 dv-neutron-855850-5-hyperv neutron-server[107186]: DEBUG neutron.plugins.ml2.plugin [None req-09d75f00-f9c0-49d8-aa52-46419cbe5c04 None None] Current status of the port af5beafb-d33b-427f-8af6-2a8e3e443029 is: ACTIVE; New status is: ACTIVE {{(pid=107186) _update_individual_port_db_status /opt/stack/neutron/neutron/plugins/ml2/plugin.py:2302}}
Sep 05 11:37:15.475206 dv-neutron-855850-5-hyperv neutron-server[107186]: DEBUG neutron.plugins.ml2.rpc [None req-09d75f00-f9c0-49d8-aa52-46419cbe5c04 None None] Device f9126519-e45b-473e-b214-4f242170a8a3 up at agent ovs-agent-dv-neutron-855850-5-hyperv {{(pid=107186) update_device_up /opt/stack/neutron/neutron/plugins/ml2/rpc.py:296}}
Sep 05 11:37:15.506264 dv-neutron-855850-5-hyperv neutron-server[107185]: DEBUG neutron.plugins.ml2.drivers.type_vlan [None req-112f3612-b152-4ce6-8c24-53e2a94a939b tempest-ExternalNetworksTestJSON-827881738 tempest-ExternalNetworksTestJSON-827881738-project-admin] Releasing vlan 357 on physical network physnet1 to pool {{(pid=107185) release_segment /opt/stack/neutron/neutron/plugins/ml2/drivers/type_vlan.py:304}}
Sep 05 11:37:15.506669 dv-neutron-855850-5-hyperv neutron-server[107185]: DEBUG neutron_lib.callbacks.manager [None req-112f3612-b152-4ce6-8c24-53e2a94a939b tempest-ExternalNetworksTestJSON-827881738 tempest-ExternalNetworksTestJSON-827881738-project-admin] Publish callbacks ['neutron.plugins.ml2.plugin.Ml2Plugin._handle_segment_change-3484129', 'neutron.services.segments.plugin.NovaSegmentNotifier._notify_segment_deleted-2718231'] for segment (ea129aa4-3c38-4ebd-8c65-a523817f328c), after_delete {{(pid=107185) _notify_loop /usr/local/lib/python3.8/dist-packages/neutron_lib/callbacks/manager.py:176}}
Sep 05 11:37:15.581020 dv-neutron-855850-5-hyperv neutron-server[107186]: DEBUG neutron_lib.callbacks.manager [None req-8571b11a-fe4c-4002-ba76-4949c0dd46f0 None None] Publish callbacks [] for port (e88def05-8a3d-4d94-821a-93b3e59f19c2), precommit_update {{(pid=107186) _notify_loop /usr/local/lib/python3.8/dist-packages/neutron_lib/callbacks/manager.py:176}}
Sep 05 11:37:15.601841 dv-neutron-855850-5-hyperv neutron-server[107186]: DEBUG neutron_lib.callbacks.manager [None req-8571b11a-fe4c-4002-ba76-4949c0dd46f0 None None] Publish callbacks ['neutron.plugins.ml2.plugin.SecurityGroupServerNotifierRpcMixin._notify_sg_on_port_change-3588249', 'neutron.plugins.ml2.ovo_rpc._ObjectChangeHandler.handle_event-53216', 'neutron.api.rpc.agentnotifiers.dhcp_rpc_agent_api.DhcpAgentNotifyAPI._native_event_send_dhcp_notification-1601964', 'neutron.db.l3_db.L3RpcNotifierMixin._notify_gateway_port_ip_changed-8783457032066', 'neutron.db.l3_dvrscheduler_db._notify_l3_agent_port_update-8783456586114', 'neutron.db.l3_hascheduler_db._notify_l3_agent_ha_port_update-8783456586132'] for port (e88def05-8a3d-4d94-821a-93b3e59f19c2), after_update {{(pid=107186) _notify_loop /usr/local/lib/python3.8/dist-packages/neutron_lib/callbacks/manager.py:176}}
Sep 05 11:37:15.602907 dv-neutron-855850-5-hyperv neutron-server[107184]: INFO neutron.wsgi [None req-bfcc2fd3-9d1c-4051-8915-55c759956236 tempest-PortsAdminExtendedAttrsTestJSON-2081157158 tempest-PortsAdminExtendedAttrsTestJSON-2081157158-project] 10.222.0.42 "POST /networking/v2.0/networks HTTP/1.1" status: 201 len: 799 time: 3.2259908
Sep 05 11:37:15.666940 dv-neutron-855850-5-hyperv neutron-server[107184]: DEBUG neutron.api.rpc.handlers.resources_rpc [None req-bfcc2fd3-9d1c-4051-8915-55c759956236 tempest-PortsAdminExtendedAttrsTestJSON-2081157158 tempest-PortsAdminExtendedAttrsTestJSON-2081157158-project] Pushing event updated for resources: {'Network': ['ID=5dab26a4-1320-4b3d-9dcf-49d88c88c609,revision_number=1']} {{(pid=107184) push /opt/stack/neutron/neutron/api/rpc/handlers/resources_rpc.py:237}}
Sep 05 11:37:15.674906 dv-neutron-855850-5-hyperv neutron-server[107184]: DEBUG neutron_lib.callbacks.manager [None req-27149610-7780-408f-a60b-0f50bf0a2447 tempest-MeteringTestJSON-1292534525 tempest-MeteringTestJSON-1292534525-project-admin] Publish callbacks [] for metering_label_rule (None), before_response {{(pid=107184) _notify_loop /usr/local/lib/python3.8/dist-packages/neutron_lib/callbacks/manager.py:176}}
Sep 05 11:37:15.679124 dv-neutron-855850-5-hyperv neutron-server[107184]: INFO neutron.wsgi [None req-27149610-7780-408f-a60b-0f50bf0a2447 tempest-MeteringTestJSON-1292534525 tempest-MeteringTestJSON-1292534525-project-admin] 10.222.0.42 "DELETE /networking/v2.0/metering/metering-label-rules/5f3e218d-6600-45bf-a194-f079d14a9c9e HTTP/1.1" status: 204 len: 168 time: 0.6376333
Sep 05 11:37:15.682347 dv-neutron-855850-5-hyperv neutron-server[107184]: INFO neutron.wsgi [req-556e1b6b-4643-48f0-ac94-fbd73691ebbc req-e533a8da-78c2-417a-a36c-caf215b83ffe tempest-ServersTestJSON-1387377916 tempest-ServersTestJSON-1387377916-project] 10.222.0.42 "GET /networking/v2.0/ports?device_id=07c8991d-f1a4-427a-8005-f76ac470c3aa HTTP/1.1" status: 200 len: 210 time: 0.3969336
Sep 05 11:37:15.682642 dv-neutron-855850-5-hyperv neutron-server[107184]: DEBUG neutron.wsgi [-] (107184) accepted ('10.222.0.42', 54664) {{(pid=107184) server /usr/local/lib/python3.8/dist-packages/eventlet/wsgi.py:1004}}
Sep 05 11:37:15.692731 dv-neutron-855850-5-hyperv neutron-server[107185]: DEBUG neutron_lib.callbacks.manager [None req-699b982b-7264-44fe-a06f-aa7deb27bb4a tempest-ServersTestManualDisk-1477327479 tempest-ServersTestManualDisk-1477327479-project] Publish callbacks [] for security_group_rule (393807f9-b0f6-4b7a-9b5f-ac7fc278c669), precommit_create {{(pid=107185) _notify_loop /usr/local/lib/python3.8/dist-packages/neutron_lib/callbacks/manager.py:176}}
Sep 05 11:37:15.701624 dv-neutron-855850-5-hyperv neutron-server[107185]: DEBUG neutron_lib.callbacks.manager [None req-3706e726-b1dd-4d9c-8acc-34fe4cfc8656 tempest-ServerActionsTestJSON-1396410741 tempest-ServerActionsTestJSON-1396410741-project] Publish callbacks [] for port (5d3f88ec-c58f-465a-bb0d-2b80f3fcc588), precommit_update {{(pid=107185) _notify_loop /usr/local/lib/python3.8/dist-packages/neutron_lib/callbacks/manager.py:176}}
Sep 05 11:37:15.708376 dv-neutron-855850-5-hyperv neutron-server[107186]: DEBUG neutron.api.rpc.handlers.resources_rpc [None req-f00c3d70-6d51-4cb0-ac0d-6cabd80bca6e None None] Pushing event updated for resources: {'Port': ['ID=e88def05-8a3d-4d94-821a-93b3e59f19c2,revision_number=2']} {{(pid=107186) push /opt/stack/neutron/neutron/api/rpc/handlers/resources_rpc.py:237}}
Sep 05 11:37:15.708546 dv-neutron-855850-5-hyperv neutron-server[107185]: DEBUG neutron_lib.callbacks.manager [None req-699b982b-7264-44fe-a06f-aa7deb27bb4a tempest-ServersTestManualDisk-1477327479 tempest-ServersTestManualDisk-1477327479-project] Publish callbacks ['neutron.plugins.ml2.ovo_rpc._ObjectChangeHandler.handle_event-1793068'] for security_group_rule (393807f9-b0f6-4b7a-9b5f-ac7fc278c669), after_create {{(pid=107185) _notify_loop /usr/local/lib/python3.8/dist-packages/neutron_lib/callbacks/manager.py:176}}
Sep 05 11:37:15.712334 dv-neutron-855850-5-hyperv neutron-server[107186]: DEBUG neutron.plugins.ml2.rpc [None req-09d75f00-f9c0-49d8-aa52-46419cbe5c04 None None] Network 5dab26a4-1320-4b3d-9dcf-49d88c88c609 details requested by agent ovs-agent-dv-neutron-855850-5-hyperv with host dv-neutron-855850-5-hyperv {{(pid=107186) get_network_details /opt/stack/neutron/neutron/plugins/ml2/rpc.py:248}}
Sep 05 11:37:15.730014 dv-neutron-855850-5-hyperv neutron-server[107185]: DEBUG neutron_lib.callbacks.manager [None req-112f3612-b152-4ce6-8c24-53e2a94a939b tempest-ExternalNetworksTestJSON-827881738 tempest-ExternalNetworksTestJSON-827881738-project-admin] Publish callbacks ['neutron.plugins.ml2.plugin.Ml2Plugin._network_delete_after_delete_handler-3482052', 'neutron.plugins.ml2.ovo_rpc._ObjectChangeHandler.handle_event-1791049', 'neutron.api.rpc.agentnotifiers.dhcp_rpc_agent_api.DhcpAgentNotifyAPI._native_event_send_dhcp_notification-1601964', 'neutron.services.l3_router.l3_router_plugin.DVRResourceOperationHandler.delete_fip_namespaces_for_ext_net-1696247'] for network (97394183-a8c2-49d0-9967-ff0bfce08445), after_delete {{(pid=107185) _notify_loop /usr/local/lib/python3.8/dist-packages/neutron_lib/callbacks/manager.py:176}}
Sep 05 11:37:15.736679 dv-neutron-855850-5-hyperv neutron-server[107185]: DEBUG neutron.api.rpc.agentnotifiers.l3_rpc_agent_api [None req-112f3612-b152-4ce6-8c24-53e2a94a939b tempest-ExternalNetworksTestJSON-827881738 tempest-ExternalNetworksTestJSON-827881738-project-admin] Fanout notify agent at l3_agent the message fipnamespace_delete_on_ext_net for external_network 97394183-a8c2-49d0-9967-ff0bfce08445 {{(pid=107185) _notification_fanout /opt/stack/neutron/neutron/api/rpc/agentnotifiers/l3_rpc_agent_api.py:120}}
Sep 05 11:37:15.744154 dv-neutron-855850-5-hyperv neutron-server[107185]: DEBUG neutron_lib.callbacks.manager [None req-3706e726-b1dd-4d9c-8acc-34fe4cfc8656 tempest-ServerActionsTestJSON-1396410741 tempest-ServerActionsTestJSON-1396410741-project] Publish callbacks ['neutron.plugins.ml2.plugin.SecurityGroupServerNotifierRpcMixin._notify_sg_on_port_change-3588249', 'neutron.plugins.ml2.ovo_rpc._ObjectChangeHandler.handle_event-53216', 'neutron.api.rpc.agentnotifiers.dhcp_rpc_agent_api.DhcpAgentNotifyAPI._native_event_send_dhcp_notification-1601964', 'neutron.db.l3_db.L3RpcNotifierMixin._notify_gateway_port_ip_changed-8783457032066', 'neutron.db.l3_dvrscheduler_db._notify_l3_agent_port_update-8783456586114', 'neutron.db.l3_hascheduler_db._notify_l3_agent_ha_port_update-8783456586132', 'neutron.services.segments.plugin.NovaSegmentNotifier._notify_port_updated-2718323'] for port (5d3f88ec-c58f-465a-bb0d-2b80f3fcc588), after_update {{(pid=107185) _notify_loop /usr/local/lib/python3.8/dist-packages/neutron_lib/callbacks/manager.py:176}}
Sep 05 11:37:15.762302 dv-neutron-855850-5-hyperv neutron-server[107185]: DEBUG neutron_lib.callbacks.manager [None req-112f3612-b152-4ce6-8c24-53e2a94a939b tempest-ExternalNetworksTestJSON-827881738 tempest-ExternalNetworksTestJSON-827881738-project-admin] Publish callbacks ['neutron.api.rpc.agentnotifiers.dhcp_rpc_agent_api.DhcpAgentNotifyAPI._send_dhcp_notification-1604438'] for network (None), before_response {{(pid=107185) _notify_loop /usr/local/lib/python3.8/dist-packages/neutron_lib/callbacks/manager.py:176}}
Sep 05 11:37:15.766098 dv-neutron-855850-5-hyperv neutron-server[107185]: INFO neutron.wsgi [None req-112f3612-b152-4ce6-8c24-53e2a94a939b tempest-ExternalNetworksTestJSON-827881738 tempest-ExternalNetworksTestJSON-827881738-project-admin] 10.222.0.42 "DELETE /networking/v2.0/networks/97394183-a8c2-49d0-9967-ff0bfce08445 HTTP/1.1" status: 204 len: 168 time: 1.1386383
Sep 05 11:37:15.822149 dv-neutron-855850-5-hyperv neutron-server[107186]: DEBUG neutron.db.provisioning_blocks [None req-09d75f00-f9c0-49d8-aa52-46419cbe5c04 None None] Provisioning complete for port f9126519-e45b-473e-b214-4f242170a8a3 triggered by entity L2. {{(pid=107186) provisioning_complete /opt/stack/neutron/neutron/db/provisioning_blocks.py:144}}
Sep 05 11:37:15.822544 dv-neutron-855850-5-hyperv neutron-server[107186]: DEBUG neutron_lib.callbacks.manager [None req-09d75f00-f9c0-49d8-aa52-46419cbe5c04 None None] Publish callbacks ['neutron.plugins.ml2.plugin.Ml2Plugin._port_provisioned-3488106'] for port (f9126519-e45b-473e-b214-4f242170a8a3), provisioning_complete {{(pid=107186) _notify_loop /usr/local/lib/python3.8/dist-packages/neutron_lib/callbacks/manager.py:176}}
Sep 05 11:37:15.825635 dv-neutron-855850-5-hyperv neutron-server[107185]: DEBUG neutron.wsgi [-] (107185) accepted ('10.222.0.42', 54668) {{(pid=107185) server /usr/local/lib/python3.8/dist-packages/eventlet/wsgi.py:1004}}
Sep 05 11:37:15.833910 dv-neutron-855850-5-hyperv neutron-server[107185]: DEBUG neutron.api.v2.base [None req-f9ec1199-5755-4729-8e23-dfb79c723eca tempest-ExternalNetworksTestJSON-827881738 tempest-ExternalNetworksTestJSON-827881738-project-admin] Request body: {'network': {'name': 'tempest-network--962986677'}} {{(pid=107185) prepare_request_body /opt/stack/neutron/neutron/api/v2/base.py:730}}
Sep 05 11:37:15.842208 dv-neutron-855850-5-hyperv neutron-server[107185]: DEBUG neutron.api.rpc.handlers.resources_rpc [None req-699b982b-7264-44fe-a06f-aa7deb27bb4a tempest-ServersTestManualDisk-1477327479 tempest-ServersTestManualDisk-1477327479-project] Pushing event updated for resources: {'SecurityGroupRule': ['ID=393807f9-b0f6-4b7a-9b5f-ac7fc278c669,revision_number=0']} {{(pid=107185) push /opt/stack/neutron/neutron/api/rpc/handlers/resources_rpc.py:237}}
Sep 05 11:37:15.855915 dv-neutron-855850-5-hyperv neutron-server[107185]: DEBUG neutron.api.rpc.handlers.resources_rpc [None req-112f3612-b152-4ce6-8c24-53e2a94a939b tempest-ExternalNetworksTestJSON-827881738 tempest-ExternalNetworksTestJSON-827881738-project-admin] Pushing event deleted for resources: {'Network': ['ID=97394183-a8c2-49d0-9967-ff0bfce08445,revision_number=None']} {{(pid=107185) push /opt/stack/neutron/neutron/api/rpc/handlers/resources_rpc.py:237}}
Sep 05 11:37:15.859365 dv-neutron-855850-5-hyperv neutron-server[107184]: DEBUG neutron.plugins.ml2.plugin [None req-6449dcf9-ea91-4ad6-93c5-16d449b944f6 tempest-RoutersIpV6AdminTest-105682720 tempest-RoutersIpV6AdminTest-105682720-project-admin] Deleting port e88def05-8a3d-4d94-821a-93b3e59f19c2 {{(pid=107184) _pre_delete_port /opt/stack/neutron/neutron/plugins/ml2/plugin.py:2047}}
Sep 05 11:37:15.865219 dv-neutron-855850-5-hyperv neutron-server[107184]: DEBUG neutron_lib.callbacks.manager [None req-6449dcf9-ea91-4ad6-93c5-16d449b944f6 tempest-RoutersIpV6AdminTest-105682720 tempest-RoutersIpV6AdminTest-105682720-project-admin] Publish callbacks ['neutron.db.l3_db.L3_NAT_dbonly_mixin._prevent_l3_port_delete_callback-8783457027036'] for port (e88def05-8a3d-4d94-821a-93b3e59f19c2), before_delete {{(pid=107184) _notify_loop /usr/local/lib/python3.8/dist-packages/neutron_lib/callbacks/manager.py:176}}
Sep 05 11:37:15.876846 dv-neutron-855850-5-hyperv neutron-server[107185]: DEBUG neutron_lib.callbacks.manager [None req-699b982b-7264-44fe-a06f-aa7deb27bb4a tempest-ServersTestManualDisk-1477327479 tempest-ServersTestManualDisk-1477327479-project] Publish callbacks [] for security_group_rule (None), before_response {{(pid=107185) _notify_loop /usr/local/lib/python3.8/dist-packages/neutron_lib/callbacks/manager.py:176}}
Sep 05 11:37:15.878430 dv-neutron-855850-5-hyperv neutron-server[107185]: INFO neutron.wsgi [None req-699b982b-7264-44fe-a06f-aa7deb27bb4a tempest-ServersTestManualDisk-1477327479 tempest-ServersTestManualDisk-1477327479-project] 10.222.0.42 "POST /networking/v2.0/security-group-rules HTTP/1.1" status: 201 len: 764 time: 0.9824612
Sep 05 11:37:15.884448 dv-neutron-855850-5-hyperv neutron-server[107186]: DEBUG neutron.plugins.ml2.managers [None req-8571b11a-fe4c-4002-ba76-4949c0dd46f0 None None] Attempting to bind port e88def05-8a3d-4d94-821a-93b3e59f19c2 on host dv-neutron-855850-5-hyperv for vnic_type normal with profile {{(pid=107186) bind_port /opt/stack/neutron/neutron/plugins/ml2/managers.py:810}}
Sep 05 11:37:15.884831 dv-neutron-855850-5-hyperv neutron-server[107186]: DEBUG neutron.plugins.ml2.managers [None req-8571b11a-fe4c-4002-ba76-4949c0dd46f0 None None] Attempting to bind port e88def05-8a3d-4d94-821a-93b3e59f19c2 by drivers openvswitch,hyperv on host dv-neutron-855850-5-hyperv at level 0 using segments [{'id': '59bdc7c1-99f2-4e0b-993f-32595076a7dd', 'network_type': 'vlan', 'physical_network': 'physnet1', 'segmentation_id': 366, 'network_id': 'c148ca36-eb53-43e5-bcdc-3184274afb71'}] {{(pid=107186) _bind_port_level /opt/stack/neutron/neutron/plugins/ml2/managers.py:835}}
Sep 05 11:37:15.885325 dv-neutron-855850-5-hyperv neutron-server[107186]: DEBUG neutron.plugins.ml2.drivers.mech_agent [None req-8571b11a-fe4c-4002-ba76-4949c0dd46f0 None None] Attempting to bind port e88def05-8a3d-4d94-821a-93b3e59f19c2 on network c148ca36-eb53-43e5-bcdc-3184274afb71 {{(pid=107186) bind_port /opt/stack/neutron/neutron/plugins/ml2/drivers/mech_agent.py:91}}
Sep 05 11:37:15.889308 dv-neutron-855850-5-hyperv neutron-server[107185]: DEBUG neutron.wsgi [-] (107185) accepted ('10.222.0.42', 54672) {{(pid=107185) server /usr/local/lib/python3.8/dist-packages/eventlet/wsgi.py:1004}}
Sep 05 11:37:15.895303 dv-neutron-855850-5-hyperv neutron-server[107185]: DEBUG dbcounter [-] [107185] Writing DB stats neutron:SELECT=87,neutron:INSERT=4,neutron:UPDATE=3,neutron:DELETE=6 {{(pid=107185) stat_writer /usr/local/lib/python3.8/dist-packages/dbcounter.py:114}}
Sep 05 11:37:15.905866 dv-neutron-855850-5-hyperv neutron-server[107185]: DEBUG neutron.api.v2.base [None req-b7e53ed3-3554-4108-a2a6-66aca402c12d tempest-ServersTestManualDisk-1477327479 tempest-ServersTestManualDisk-1477327479-project] Request body: {'security_group_rule': {'security_group_id': '1c64ccbd-7cb6-4bb7-a09f-89b835bd4e59', 'protocol': 'icmp', 'ethertype': 'IPv4', 'direction': 'ingress'}} {{(pid=107185) prepare_request_body /opt/stack/neutron/neutron/api/v2/base.py:730}}
Sep 05 11:37:15.958554 dv-neutron-855850-5-hyperv neutron-server[107185]: DEBUG neutron_lib.callbacks.manager [None req-3706e726-b1dd-4d9c-8acc-34fe4cfc8656 tempest-ServerActionsTestJSON-1396410741 tempest-ServerActionsTestJSON-1396410741-project] Publish callbacks ['neutron.services.l3_router.l3_router_plugin.DVRResourceOperationHandler._create_dvr_floating_gw_port-1696210'] for floatingip (d35b7110-3766-4ea1-ab7c-13fa9609a54e), after_create {{(pid=107185) _notify_loop /usr/local/lib/python3.8/dist-packages/neutron_lib/callbacks/manager.py:176}}
Sep 05 11:37:15.982501 dv-neutron-855850-5-hyperv neutron-server[107185]: DEBUG neutron.wsgi [-] (107185) accepted ('10.222.0.42', 54676) {{(pid=107185) server /usr/local/lib/python3.8/dist-packages/eventlet/wsgi.py:1004}}
Sep 05 11:37:15.987318 dv-neutron-855850-5-hyperv neutron-server[107185]: INFO neutron.services.segments.plugin [-] Segment ea129aa4-3c38-4ebd-8c65-a523817f328c resource provider aggregate not found
Sep 05 11:37:15.992792 dv-neutron-855850-5-hyperv neutron-server[107186]: DEBUG neutron.plugins.ml2.drivers.mech_agent [None req-8571b11a-fe4c-4002-ba76-4949c0dd46f0 None None] Checking agent: {'id': '50b20596-ff1f-486a-80b5-2b2189eb42f7', 'agent_type': 'Open vSwitch agent', 'binary': 'neutron-openvswitch-agent', 'topic': 'N/A', 'host': 'dv-neutron-855850-5-hyperv', 'admin_state_up': True, 'created_at': datetime.datetime(2022, 9, 5, 11, 29, 26), 'started_at': datetime.datetime(2022, 9, 5, 11, 29, 56), 'heartbeat_timestamp': datetime.datetime(2022, 9, 5, 11, 36, 56), 'description': None, 'resources_synced': None, 'availability_zone': None, 'alive': True, 'configurations': {'arp_responder_enabled': False, 'baremetal_smartnic': False, 'bridge_mappings': {'physnet1': 'br-data'}, 'datapath_type': 'system', 'devices': 0, 'enable_distributed_routing': False, 'extensions': [], 'in_distributed_mode': False, 'integration_bridge': 'br-int', 'l2_population': False, 'log_agent_heartbeats': False, 'ovs_capabilities': {'datapath_types': ['netdev', 'system'], 'iface_types': ['erspan', 'geneve', 'gre', 'internal', 'ip6erspan', 'ip6gre', 'lisp', 'patch', 'stt', 'system', 'tap', 'vxlan']}, 'ovs_hybrid_plug': False, 'resource_provider_bandwidths': {}, 'resource_provider_hypervisors': {'br-data': 'dv-neutron-855850-5-hyperv'}, 'resource_provider_inventory_defaults': {'allocation_ratio': 1.0, 'min_unit': 1, 'step_size': 1, 'reserved': 0}, 'resource_provider_packet_processing_inventory_defaults': {'allocation_ratio': 1.0, 'min_unit': 1, 'step_size': 1, 'reserved': 0}, 'resource_provider_packet_processing_with_direction': {}, 'resource_provider_packet_processing_without_direction': {}, 'tunnel_types': [], 'tunneling_ip': None, 'vhostuser_socket_dir': '/var/run/openvswitch'}, 'resource_versions': {'AddressGroup': '1.2', 'Agent': '1.1', 'ConntrackHelper': '1.0', 'LocalIPAssociation': '1.0', 'Log': '1.0', 'NDPProxy': '1.0', 'Network': '1.1', 'Port': '1.7', 'PortForwarding': '1.3', 'QosPolicy': '1.10', 'SecurityGroup': '1.5', 'SecurityGroupRule': '1.2', 'SubPort': '1.0', 'Subnet': '1.1', 'Trunk': '1.1'}} {{(pid=107186) bind_port /opt/stack/neutron/neutron/plugins/ml2/drivers/mech_agent.py:127}}
Sep 05 11:37:15.995450 dv-neutron-855850-5-hyperv neutron-server[107186]: DEBUG neutron.plugins.ml2.drivers.mech_agent [None req-8571b11a-fe4c-4002-ba76-4949c0dd46f0 None None] Checking segment: {'id': '59bdc7c1-99f2-4e0b-993f-32595076a7dd', 'network_type': 'vlan', 'physical_network': 'physnet1', 'segmentation_id': 366, 'network_id': 'c148ca36-eb53-43e5-bcdc-3184274afb71'} for mappings: {'physnet1': 'br-data'} with network types: ['local', 'flat', 'vlan'] {{(pid=107186) check_segment_for_agent /opt/stack/neutron/neutron/plugins/ml2/drivers/mech_agent.py:399}}
Sep 05 11:37:15.995896 dv-neutron-855850-5-hyperv neutron-server[107186]: DEBUG neutron_lib.callbacks.manager [None req-8571b11a-fe4c-4002-ba76-4949c0dd46f0 None None] Publish callbacks [] for ovs_bridge_name (None), before_read {{(pid=107186) _notify_loop /usr/local/lib/python3.8/dist-packages/neutron_lib/callbacks/manager.py:176}}
Sep 05 11:37:15.996262 dv-neutron-855850-5-hyperv neutron-server[107186]: DEBUG neutron.plugins.ml2.drivers.mech_agent [None req-8571b11a-fe4c-4002-ba76-4949c0dd46f0 None None] Bound using segment: {'id': '59bdc7c1-99f2-4e0b-993f-32595076a7dd', 'network_type': 'vlan', 'physical_network': 'physnet1', 'segmentation_id': 366, 'network_id': 'c148ca36-eb53-43e5-bcdc-3184274afb71'} {{(pid=107186) bind_port /opt/stack/neutron/neutron/plugins/ml2/drivers/mech_agent.py:137}}
Sep 05 11:37:15.996864 dv-neutron-855850-5-hyperv neutron-server[107186]: DEBUG neutron.plugins.ml2.managers [None req-8571b11a-fe4c-4002-ba76-4949c0dd46f0 None None] Bound port: e88def05-8a3d-4d94-821a-93b3e59f19c2, host: dv-neutron-855850-5-hyperv, vif_type: ovs, vif_details: {"connectivity": "l2", "port_filter": true, "ovs_hybrid_plug": false, "datapath_type": "system", "bridge_name": "br-int"}, binding_levels: [{'bound_driver': 'openvswitch', 'bound_segment': {'id': '59bdc7c1-99f2-4e0b-993f-32595076a7dd', 'network_type': 'vlan', 'physical_network': 'physnet1', 'segmentation_id': 366, 'network_id': 'c148ca36-eb53-43e5-bcdc-3184274afb71'}}] {{(pid=107186) _bind_port_level /opt/stack/neutron/neutron/plugins/ml2/managers.py:947}}
Sep 05 11:37:15.998282 dv-neutron-855850-5-hyperv neutron-server[107185]: DEBUG neutron.api.v2.base [None req-a16b9e06-0b16-46e9-a73e-3512655fa5d9 tempest-PortsAdminExtendedAttrsTestJSON-1380152253 tempest-PortsAdminExtendedAttrsTestJSON-1380152253-project-admin] Request body: {'port': {'network_id': '5dab26a4-1320-4b3d-9dcf-49d88c88c609', 'binding:host_id': 'hv-neutron-8558', 'name': 'tempest-PortsAdminExtendedAttrsTestJSON-468809168'}} {{(pid=107185) prepare_request_body /opt/stack/neutron/neutron/api/v2/base.py:730}}
Sep 05 11:37:16.000579 dv-neutron-855850-5-hyperv neutron-server[107186]: DEBUG neutron_lib.callbacks.manager [None req-8571b11a-fe4c-4002-ba76-4949c0dd46f0 None None] Publish callbacks ['neutron.plugins.ml2.plugin.SecurityGroupDbMixin._ensure_default_security_group_handler-3588314'] for port (e88def05-8a3d-4d94-821a-93b3e59f19c2), before_update {{(pid=107186) _notify_loop /usr/local/lib/python3.8/dist-packages/neutron_lib/callbacks/manager.py:176}}
Sep 05 11:37:16.031134 dv-neutron-855850-5-hyperv neutron-server[107185]: DEBUG neutron.api.rpc.handlers.resources_rpc [None req-3706e726-b1dd-4d9c-8acc-34fe4cfc8656 tempest-ServerActionsTestJSON-1396410741 tempest-ServerActionsTestJSON-1396410741-project] Pushing event updated for resources: {'Port': ['ID=5d3f88ec-c58f-465a-bb0d-2b80f3fcc588,revision_number=2']} {{(pid=107185) push /opt/stack/neutron/neutron/api/rpc/handlers/resources_rpc.py:237}}
Sep 05 11:37:16.042493 dv-neutron-855850-5-hyperv neutron-server[107185]: DEBUG neutron.pecan_wsgi.hooks.quota_enforcement [None req-a16b9e06-0b16-46e9-a73e-3512655fa5d9 tempest-PortsAdminExtendedAttrsTestJSON-1380152253 tempest-PortsAdminExtendedAttrsTestJSON-1380152253-project-admin] Made reservation on behalf of b0a4dd75210c44699e34ccd99a08f9b5 for: {'port': 1} {{(pid=107185) before /opt/stack/neutron/neutron/pecan_wsgi/hooks/quota_enforcement.py:53}}
Sep 05 11:37:16.046325 dv-neutron-855850-5-hyperv neutron-server[107185]: DEBUG neutron_lib.callbacks.manager [None req-a16b9e06-0b16-46e9-a73e-3512655fa5d9 tempest-PortsAdminExtendedAttrsTestJSON-1380152253 tempest-PortsAdminExtendedAttrsTestJSON-1380152253-project-admin] Publish callbacks ['neutron.plugins.ml2.plugin.SecurityGroupDbMixin._ensure_default_security_group_handler-3588314'] for port (None), before_create {{(pid=107185) _notify_loop /usr/local/lib/python3.8/dist-packages/neutron_lib/callbacks/manager.py:176}}
Sep 05 11:37:16.059752 dv-neutron-855850-5-hyperv neutron-server[107185]: INFO neutron.services.segments.plugin [-] Segment ea129aa4-3c38-4ebd-8c65-a523817f328c resource provider not found; error: Placement Client Error (4xx): {"errors": [{"status": 404, "title": "Not Found", "detail": "The resource could not be found.\n\n No resource provider with uuid ea129aa4-3c38-4ebd-8c65-a523817f328c found for delete ", "request_id": "req-9377d50e-0dcd-4f5b-a9ca-ddb81834163a"}]}
Sep 05 11:37:16.063990 dv-neutron-855850-5-hyperv neutron-server[107185]: DEBUG neutron_lib.callbacks.manager [None req-a16b9e06-0b16-46e9-a73e-3512655fa5d9 tempest-PortsAdminExtendedAttrsTestJSON-1380152253 tempest-PortsAdminExtendedAttrsTestJSON-1380152253-project-admin] Publish callbacks [] for security_group (None), before_create {{(pid=107185) _notify_loop /usr/local/lib/python3.8/dist-packages/neutron_lib/callbacks/manager.py:176}}
Sep 05 11:37:16.075511 dv-neutron-855850-5-hyperv neutron-server[107185]: DEBUG neutron_lib.callbacks.manager [None req-b7e53ed3-3554-4108-a2a6-66aca402c12d tempest-ServersTestManualDisk-1477327479 tempest-ServersTestManualDisk-1477327479-project] Publish callbacks [] for security_group_rule (fd20e9d6-2fc1-4522-85c2-2e4a132b21a8), before_create {{(pid=107185) _notify_loop /usr/local/lib/python3.8/dist-packages/neutron_lib/callbacks/manager.py:176}}
Sep 05 11:37:16.108620 dv-neutron-855850-5-hyperv neutron-server[107184]: DEBUG dbcounter [-] [107184] Writing DB stats neutron:SELECT=91,neutron:INSERT=4,neutron:UPDATE=3,neutron:DELETE=2 {{(pid=107184) stat_writer /usr/local/lib/python3.8/dist-packages/dbcounter.py:114}}
Sep 05 11:37:16.120824 dv-neutron-855850-5-hyperv neutron-server[107185]: DEBUG neutron.pecan_wsgi.hooks.quota_enforcement [None req-f9ec1199-5755-4729-8e23-dfb79c723eca tempest-ExternalNetworksTestJSON-827881738 tempest-ExternalNetworksTestJSON-827881738-project-admin] Made reservation on behalf of 2af5362a94ea4485b5883918098fc1c1 for: {'network': 1} {{(pid=107185) before /opt/stack/neutron/neutron/pecan_wsgi/hooks/quota_enforcement.py:53}}
Sep 05 11:37:16.124729 dv-neutron-855850-5-hyperv neutron-server[107185]: DEBUG neutron_lib.callbacks.manager [None req-f9ec1199-5755-4729-8e23-dfb79c723eca tempest-ExternalNetworksTestJSON-827881738 tempest-ExternalNetworksTestJSON-827881738-project-admin] Publish callbacks ['neutron.plugins.ml2.plugin.SecurityGroupDbMixin._ensure_default_security_group_handler-3588314'] for network (None), before_create {{(pid=107185) _notify_loop /usr/local/lib/python3.8/dist-packages/neutron_lib/callbacks/manager.py:176}}
Sep 05 11:37:16.139170 dv-neutron-855850-5-hyperv neutron-server[107186]: DEBUG neutron.plugins.ml2.db [None req-8571b11a-fe4c-4002-ba76-4949c0dd46f0 None None] For port e88def05-8a3d-4d94-821a-93b3e59f19c2, host dv-neutron-855850-5-hyperv, cleared binding levels {{(pid=107186) clear_binding_levels /opt/stack/neutron/neutron/plugins/ml2/db.py:87}}
Sep 05 11:37:16.147282 dv-neutron-855850-5-hyperv neutron-server[107186]: DEBUG neutron.plugins.ml2.db [None req-8571b11a-fe4c-4002-ba76-4949c0dd46f0 None None] For port e88def05-8a3d-4d94-821a-93b3e59f19c2, host dv-neutron-855850-5-hyperv, set binding levels [PortBindingLevel(driver='openvswitch',host='dv-neutron-855850-5-hyperv',level=0,port_id=e88def05-8a3d-4d94-821a-93b3e59f19c2,segment=NetworkSegment(59bdc7c1-99f2-4e0b-993f-32595076a7dd),segment_id=59bdc7c1-99f2-4e0b-993f-32595076a7dd)] {{(pid=107186) set_binding_levels /opt/stack/neutron/neutron/plugins/ml2/db.py:59}}
Sep 05 11:37:16.165131 dv-neutron-855850-5-hyperv neutron-server[107185]: DEBUG neutron.plugins.ml2.drivers.helpers [None req-f9ec1199-5755-4729-8e23-dfb79c723eca tempest-ExternalNetworksTestJSON-827881738 tempest-ExternalNetworksTestJSON-827881738-project-admin] vlan segment allocate from pool success with {'vlan_id': 377, 'physical_network': 'physnet1'} {{(pid=107185) allocate_partially_specified_segment /opt/stack/neutron/neutron/plugins/ml2/drivers/helpers.py:153}}
Sep 05 11:37:16.166780 dv-neutron-855850-5-hyperv neutron-server[107186]: DEBUG neutron_lib.callbacks.manager [None req-8571b11a-fe4c-4002-ba76-4949c0dd46f0 None None] Publish callbacks ['neutron.plugins.ml2.plugin.SecurityGroupServerNotifierRpcMixin._notify_sg_on_port_change-3588249', 'neutron.plugins.ml2.ovo_rpc._ObjectChangeHandler.handle_event-53216', 'neutron.api.rpc.agentnotifiers.dhcp_rpc_agent_api.DhcpAgentNotifyAPI._native_event_send_dhcp_notification-1601964', 'neutron.db.l3_db.L3RpcNotifierMixin._notify_gateway_port_ip_changed-8783457032066', 'neutron.db.l3_dvrscheduler_db._notify_l3_agent_port_update-8783456586114', 'neutron.db.l3_hascheduler_db._notify_l3_agent_ha_port_update-8783456586132'] for port (e88def05-8a3d-4d94-821a-93b3e59f19c2), after_update {{(pid=107186) _notify_loop /usr/local/lib/python3.8/dist-packages/neutron_lib/callbacks/manager.py:176}}
Sep 05 11:37:16.176866 dv-neutron-855850-5-hyperv neutron-server[107185]: DEBUG neutron_lib.callbacks.manager [None req-f9ec1199-5755-4729-8e23-dfb79c723eca tempest-ExternalNetworksTestJSON-827881738 tempest-ExternalNetworksTestJSON-827881738-project-admin] Publish callbacks ['neutron.plugins.ml2.plugin.Ml2Plugin._handle_segment_change-3484129'] for segment (0502cf5c-c7f1-4969-855e-cdd91c0c52d5), precommit_create {{(pid=107185) _notify_loop /usr/local/lib/python3.8/dist-packages/neutron_lib/callbacks/manager.py:176}}
Sep 05 11:37:16.177938 dv-neutron-855850-5-hyperv neutron-server[107185]: INFO neutron.db.segments_db [None req-f9ec1199-5755-4729-8e23-dfb79c723eca tempest-ExternalNetworksTestJSON-827881738 tempest-ExternalNetworksTestJSON-827881738-project-admin] Added segment 0502cf5c-c7f1-4969-855e-cdd91c0c52d5 of type vlan for network f741b5d3-e30e-42a3-a8d8-97840f09dcd9
Sep 05 11:37:16.192289 dv-neutron-855850-5-hyperv neutron-server[107184]: DEBUG dbcounter [-] [107184] Writing DB stats neutron:SELECT=93,neutron:INSERT=1,neutron:UPDATE=2,neutron:DELETE=4 {{(pid=107184) stat_writer /usr/local/lib/python3.8/dist-packages/dbcounter.py:114}}
Sep 05 11:37:16.239145 dv-neutron-855850-5-hyperv neutron-server[107185]: DEBUG neutron_lib.callbacks.manager [None req-f9ec1199-5755-4729-8e23-dfb79c723eca tempest-ExternalNetworksTestJSON-827881738 tempest-ExternalNetworksTestJSON-827881738-project-admin] Publish callbacks ['neutron.services.auto_allocate.db._ensure_external_network_default_value_callback-8783456559014'] for network (f741b5d3-e30e-42a3-a8d8-97840f09dcd9), precommit_create {{(pid=107185) _notify_loop /usr/local/lib/python3.8/dist-packages/neutron_lib/callbacks/manager.py:176}}
Sep 05 11:37:16.247507 dv-neutron-855850-5-hyperv neutron-server[107186]: DEBUG neutron.api.rpc.handlers.resources_rpc [None req-f00c3d70-6d51-4cb0-ac0d-6cabd80bca6e None None] Pushing event updated for resources: {'Port': ['ID=e88def05-8a3d-4d94-821a-93b3e59f19c2,revision_number=3']} {{(pid=107186) push /opt/stack/neutron/neutron/api/rpc/handlers/resources_rpc.py:237}}
Sep 05 11:37:16.261093 dv-neutron-855850-5-hyperv neutron-server[107186]: DEBUG neutron.db.l3_dvrscheduler_db [None req-8571b11a-fe4c-4002-ba76-4949c0dd46f0 None None] Routers {'dd030734-7b87-4c9c-97e4-08a8596b33fc'} bound to L3 agent in host dv-neutron-855850-5-hyperv {{(pid=107186) _get_router_ids_for_agent /opt/stack/neutron/neutron/db/l3_dvrscheduler_db.py:422}}
Sep 05 11:37:16.261828 dv-neutron-855850-5-hyperv neutron-server[107186]: DEBUG neutron.db.l3_hamode_db [None req-8571b11a-fe4c-4002-ba76-4949c0dd46f0 None None] neutron.services.l3_router.l3_router_plugin.L3RouterPlugin method get_ha_sync_data_for_host called with arguments (, 'dv-neutron-855850-5-hyperv', Agent(admin_state_up=True,agent_type='L3 agent',availability_zone='nova',binary='neutron-l3-agent',configurations={"agent_mode": "legacy", "ex_gw_ports": 1, "extensions": [], "floating_ips": 0, "handle_internal_only_routers": true, "interface_driver": "openvswitch", "interfaces": 1, "log_agent_heartbeats": false, "routers": 1},created_at=2022-09-05T11:29:23Z,description=,heartbeat_timestamp=2022-09-05T11:36:53Z,host='dv-neutron-855850-5-hyperv',id=57e8e08f-f95a-4fb7-9208-9b8f0cc7a589,load=0,resource_versions=,resources_synced=,started_at=2022-09-05T11:29:23Z,topic='l3_agent')) {'router_ids': ['dd030734-7b87-4c9c-97e4-08a8596b33fc'], 'active': True} {{(pid=107186) wrapper /usr/local/lib/python3.8/dist-packages/oslo_log/helpers.py:65}}
Sep 05 11:37:16.270888 dv-neutron-855850-5-hyperv neutron-server[107185]: DEBUG neutron_lib.callbacks.manager [None req-3706e726-b1dd-4d9c-8acc-34fe4cfc8656 tempest-ServerActionsTestJSON-1396410741 tempest-ServerActionsTestJSON-1396410741-project] Publish callbacks ['neutron.notifiers.nova.Notifier._send_nova_notification-202827'] for floatingip (None), before_response {{(pid=107185) _notify_loop /usr/local/lib/python3.8/dist-packages/neutron_lib/callbacks/manager.py:176}}
Sep 05 11:37:16.273074 dv-neutron-855850-5-hyperv neutron-server[107185]: INFO neutron.wsgi [None req-3706e726-b1dd-4d9c-8acc-34fe4cfc8656 tempest-ServerActionsTestJSON-1396410741 tempest-ServerActionsTestJSON-1396410741-project] 10.222.0.42 "POST /networking/v2.0/floatingips HTTP/1.1" status: 201 len: 694 time: 2.9135098
Sep 05 11:37:16.277688 dv-neutron-855850-5-hyperv neutron-server[107185]: DEBUG dbcounter [-] [107185] Writing DB stats neutron:SELECT=82,neutron:UPDATE=2,neutron:INSERT=11,neutron:DELETE=5 {{(pid=107185) stat_writer /usr/local/lib/python3.8/dist-packages/dbcounter.py:114}}
Sep 05 11:37:16.278729 dv-neutron-855850-5-hyperv neutron-server[107185]: DEBUG neutron_lib.callbacks.manager [None req-f9ec1199-5755-4729-8e23-dfb79c723eca tempest-ExternalNetworksTestJSON-827881738 tempest-ExternalNetworksTestJSON-827881738-project-admin] Publish callbacks ['neutron.plugins.ml2.ovo_rpc._ObjectChangeHandler.handle_event-1791049', 'neutron.api.rpc.agentnotifiers.dhcp_rpc_agent_api.DhcpAgentNotifyAPI._native_event_send_dhcp_notification-1601964'] for network (f741b5d3-e30e-42a3-a8d8-97840f09dcd9), after_create {{(pid=107185) _notify_loop /usr/local/lib/python3.8/dist-packages/neutron_lib/callbacks/manager.py:176}}
Sep 05 11:37:16.279880 dv-neutron-855850-5-hyperv neutron-server[107185]: DEBUG neutron.pecan_wsgi.hooks.policy_enforcement [None req-f9ec1199-5755-4729-8e23-dfb79c723eca tempest-ExternalNetworksTestJSON-827881738 tempest-ExternalNetworksTestJSON-827881738-project-admin] Attributes excluded by policy engine: ['standard_attr_id', 'vlan_transparent'] {{(pid=107185) _exclude_attributes_by_policy /opt/stack/neutron/neutron/pecan_wsgi/hooks/policy_enforcement.py:259}}
Sep 05 11:37:16.280988 dv-neutron-855850-5-hyperv neutron-server[107185]: DEBUG neutron_lib.callbacks.manager [None req-f9ec1199-5755-4729-8e23-dfb79c723eca tempest-ExternalNetworksTestJSON-827881738 tempest-ExternalNetworksTestJSON-827881738-project-admin] Publish callbacks ['neutron.api.rpc.agentnotifiers.dhcp_rpc_agent_api.DhcpAgentNotifyAPI._send_dhcp_notification-1604438'] for network (None), before_response {{(pid=107185) _notify_loop /usr/local/lib/python3.8/dist-packages/neutron_lib/callbacks/manager.py:176}}
Sep 05 11:37:16.294356 dv-neutron-855850-5-hyperv neutron-server[107184]: DEBUG neutron_lib.callbacks.manager [None req-f91af628-375a-4b9b-85e4-38ec11231597 tempest-MeteringTestJSON-1292534525 tempest-MeteringTestJSON-1292534525-project-admin] Publish callbacks [] for metering_label (None), before_response {{(pid=107184) _notify_loop /usr/local/lib/python3.8/dist-packages/neutron_lib/callbacks/manager.py:176}}
Sep 05 11:37:16.295544 dv-neutron-855850-5-hyperv neutron-server[107184]: INFO neutron.wsgi [None req-f91af628-375a-4b9b-85e4-38ec11231597 tempest-MeteringTestJSON-1292534525 tempest-MeteringTestJSON-1292534525-project-admin] 10.222.0.42 "DELETE /networking/v2.0/metering/metering-labels/80022b9e-c249-4209-b809-ca1ccf8c0f4a HTTP/1.1" status: 204 len: 168 time: 0.6061964
Sep 05 11:37:16.417038 dv-neutron-855850-5-hyperv neutron-server[107186]: DEBUG neutron.db.l3_dvr_db [None req-8571b11a-fe4c-4002-ba76-4949c0dd46f0 None None] Set router dd030734-7b87-4c9c-97e4-08a8596b33fc gateway port host: None {{(pid=107186) _build_routers_list /opt/stack/neutron/neutron/db/l3_dvr_db.py:907}}
Sep 05 11:37:16.424818 dv-neutron-855850-5-hyperv neutron-server[107185]: DEBUG neutron_lib.callbacks.manager [None req-b7e53ed3-3554-4108-a2a6-66aca402c12d tempest-ServersTestManualDisk-1477327479 tempest-ServersTestManualDisk-1477327479-project] Publish callbacks [] for security_group_rule (fd20e9d6-2fc1-4522-85c2-2e4a132b21a8), precommit_create {{(pid=107185) _notify_loop /usr/local/lib/python3.8/dist-packages/neutron_lib/callbacks/manager.py:176}}
Sep 05 11:37:16.430861 dv-neutron-855850-5-hyperv neutron-server[107185]: DEBUG neutron.api.rpc.handlers.resources_rpc [None req-f9ec1199-5755-4729-8e23-dfb79c723eca tempest-ExternalNetworksTestJSON-827881738 tempest-ExternalNetworksTestJSON-827881738-project-admin] Pushing event updated for resources: {'Network': ['ID=f741b5d3-e30e-42a3-a8d8-97840f09dcd9,revision_number=1']} {{(pid=107185) push /opt/stack/neutron/neutron/api/rpc/handlers/resources_rpc.py:237}}
