Sep 20 09:15:15.876416 dv-neutron-855703-4-hyperv devstack@keystone.service[81797]: DEBUG keystone.server.flask.request_processing.req_logging [None req-7c923759-587d-4f7f-9965-ec711837d86c None admin] REQUEST_METHOD: `PUT` {{(pid=81797) log_request_info /opt/stack/keystone/keystone/server/flask/request_processing/req_logging.py:27}}
Sep 20 09:15:15.876693 dv-neutron-855703-4-hyperv devstack@keystone.service[81797]: DEBUG keystone.server.flask.request_processing.req_logging [None req-7c923759-587d-4f7f-9965-ec711837d86c None admin] SCRIPT_NAME: `/identity` {{(pid=81797) log_request_info /opt/stack/keystone/keystone/server/flask/request_processing/req_logging.py:28}}
Sep 20 09:15:15.876972 dv-neutron-855703-4-hyperv devstack@keystone.service[81797]: DEBUG keystone.server.flask.request_processing.req_logging [None req-7c923759-587d-4f7f-9965-ec711837d86c None admin] PATH_INFO: `/v3/projects/95ece8a25daf4bc2b47c1c36ea348283/users/ca103f48e01d41c3a24cf91d82d2cf82/roles/2463f415c3e64409acedaa4c3b539753` {{(pid=81797) log_request_info /opt/stack/keystone/keystone/server/flask/request_processing/req_logging.py:29}}
Sep 20 09:15:15.878964 dv-neutron-855703-4-hyperv devstack@keystone.service[81797]: DEBUG keystone.common.rbac_enforcer.enforcer [None req-7c923759-587d-4f7f-9965-ec711837d86c None admin] RBAC: Authorizing `identity:create_grant(project_id=95ece8a25daf4bc2b47c1c36ea348283, user_id=ca103f48e01d41c3a24cf91d82d2cf82, role_id=2463f415c3e64409acedaa4c3b539753)` {{(pid=81797) enforce_call /opt/stack/keystone/keystone/common/rbac_enforcer/enforcer.py:449}}
Sep 20 09:15:15.880416 dv-neutron-855703-4-hyperv devstack@keystone.service[81797]: DEBUG keystone.common.rbac_enforcer.enforcer [None req-7c923759-587d-4f7f-9965-ec711837d86c None admin] RBAC: Authorization granted {{(pid=81797) enforce_call /opt/stack/keystone/keystone/common/rbac_enforcer/enforcer.py:457}}
Sep 20 09:15:15.894402 dv-neutron-855703-4-hyperv devstack@keystone.service[81797]: [pid: 81797|app: 0|req: 96/187] 10.222.0.49 () {58 vars in 1439 bytes} [Tue Sep 20 09:15:15 2022] PUT /identity/v3/projects/95ece8a25daf4bc2b47c1c36ea348283/users/ca103f48e01d41c3a24cf91d82d2cf82/roles/2463f415c3e64409acedaa4c3b539753 => generated 0 bytes in 227 msecs (HTTP/1.1 204) 3 headers in 132 bytes (1 switches on core 0)
Sep 20 09:15:15.896123 dv-neutron-855703-4-hyperv devstack@keystone.service[81797]: DEBUG keystone.server.flask.request_processing.middleware.auth_context [None req-7c923759-587d-4f7f-9965-ec711837d86c None admin] Authenticating user token {{(pid=81797) process_request /usr/local/lib/python3.8/dist-packages/keystonemiddleware/auth_token/__init__.py:407}}
Sep 20 09:15:15.910495 dv-neutron-855703-4-hyperv devstack@keystone.service[81796]: DEBUG keystone.server.flask.request_processing.middleware.auth_context [None req-e0ac3d22-fb77-45c5-ae96-f068bd1b22ea None admin] Validating token access rules against request {{(pid=81796) validate_allowed_request /usr/local/lib/python3.8/dist-packages/keystonemiddleware/auth_token/__init__.py:545}}
Sep 20 09:15:15.949351 dv-neutron-855703-4-hyperv devstack@keystone.service[81796]: DEBUG dbcounter [-] [81796] Writing DB stats keystone:SELECT=100 {{(pid=81796) stat_writer /usr/local/lib/python3.8/dist-packages/dbcounter.py:114}}
Sep 20 09:15:15.954451 dv-neutron-855703-4-hyperv devstack@keystone.service[81797]: DEBUG dbcounter [-] [81797] Writing DB stats keystone:SELECT=99,keystone:INSERT=1 {{(pid=81797) stat_writer /usr/local/lib/python3.8/dist-packages/dbcounter.py:114}}
Sep 20 09:15:15.956645 dv-neutron-855703-4-hyperv devstack@keystone.service[81796]: DEBUG keystone.server.flask.request_processing.middleware.auth_context [None req-9a649aec-637e-4b8a-88cd-b45959ddb008 None admin] RBAC: auth_context: {'token': , 'domain_id': None, 'trust_id': None, 'trustor_id': None, 'trustee_id': None, 'domain_name': None, 'group_ids': [], 'user_id': '0b40548f67384d39a942749b73996bd0', 'user_domain_id': 'default', 'system_scope': 'all', 'project_id': None, 'project_domain_id': None, 'roles': ['admin', 'member', 'reader'], 'is_admin_project': True, 'service_user_id': None, 'service_user_domain_id': None, 'service_project_id': None, 'service_project_domain_id': None, 'service_roles': []} {{(pid=81796) fill_context /opt/stack/keystone/keystone/server/flask/request_processing/middleware/auth_context.py:478}}
Sep 20 09:15:15.957282 dv-neutron-855703-4-hyperv devstack@keystone.service[81796]: DEBUG keystone.server.flask.request_processing.req_logging [None req-9a649aec-637e-4b8a-88cd-b45959ddb008 None admin] REQUEST_METHOD: `GET` {{(pid=81796) log_request_info /opt/stack/keystone/keystone/server/flask/request_processing/req_logging.py:27}}
Sep 20 09:15:15.957570 dv-neutron-855703-4-hyperv devstack@keystone.service[81796]: DEBUG keystone.server.flask.request_processing.req_logging [None req-9a649aec-637e-4b8a-88cd-b45959ddb008 None admin] SCRIPT_NAME: `/identity` {{(pid=81796) log_request_info /opt/stack/keystone/keystone/server/flask/request_processing/req_logging.py:28}}
Sep 20 09:15:15.957840 dv-neutron-855703-4-hyperv devstack@keystone.service[81796]: DEBUG keystone.server.flask.request_processing.req_logging [None req-9a649aec-637e-4b8a-88cd-b45959ddb008 None admin] PATH_INFO: `/v3/roles` {{(pid=81796) log_request_info /opt/stack/keystone/keystone/server/flask/request_processing/req_logging.py:29}}
Sep 20 09:15:15.958531 dv-neutron-855703-4-hyperv devstack@keystone.service[81796]: DEBUG keystone.common.rbac_enforcer.enforcer [None req-9a649aec-637e-4b8a-88cd-b45959ddb008 None admin] RBAC: Adding query filter params (name=admin) {{(pid=81796) _extract_filter_values /opt/stack/keystone/keystone/common/rbac_enforcer/enforcer.py:167}}
Sep 20 09:15:15.959485 dv-neutron-855703-4-hyperv devstack@keystone.service[81796]: DEBUG keystone.common.rbac_enforcer.enforcer [None req-9a649aec-637e-4b8a-88cd-b45959ddb008 None admin] RBAC: Authorizing `identity:list_roles()` {{(pid=81796) enforce_call /opt/stack/keystone/keystone/common/rbac_enforcer/enforcer.py:449}}
Sep 20 09:15:15.960928 dv-neutron-855703-4-hyperv devstack@keystone.service[81796]: DEBUG keystone.common.rbac_enforcer.enforcer [None req-9a649aec-637e-4b8a-88cd-b45959ddb008 None admin] RBAC: Authorization granted {{(pid=81796) enforce_call /opt/stack/keystone/keystone/common/rbac_enforcer/enforcer.py:457}}
Sep 20 09:15:15.970228 dv-neutron-855703-4-hyperv devstack@keystone.service[81796]: [pid: 81796|app: 0|req: 92/188] 10.222.0.49 () {56 vars in 1099 bytes} [Tue Sep 20 09:15:15 2022] GET /identity/v3/roles?name=admin => generated 339 bytes in 207 msecs (HTTP/1.1 200) 5 headers in 177 bytes (1 switches on core 0)
Sep 20 09:15:15.971130 dv-neutron-855703-4-hyperv devstack@keystone.service[81796]: DEBUG keystone.server.flask.request_processing.middleware.auth_context [None req-9a649aec-637e-4b8a-88cd-b45959ddb008 None admin] Authenticating user token {{(pid=81796) process_request /usr/local/lib/python3.8/dist-packages/keystonemiddleware/auth_token/__init__.py:407}}
Sep 20 09:15:16.043869 dv-neutron-855703-4-hyperv devstack@keystone.service[81797]: DEBUG keystone.server.flask.request_processing.middleware.auth_context [None req-7c923759-587d-4f7f-9965-ec711837d86c None admin] Validating token access rules against request {{(pid=81797) validate_allowed_request /usr/local/lib/python3.8/dist-packages/keystonemiddleware/auth_token/__init__.py:545}}
Sep 20 09:15:16.099818 dv-neutron-855703-4-hyperv devstack@keystone.service[81797]: DEBUG keystone.server.flask.request_processing.middleware.auth_context [None req-5b3e8970-ccba-4798-aea6-c2e866126ba3 None admin] RBAC: auth_context: {'token': , 'domain_id': None, 'trust_id': None, 'trustor_id': None, 'trustee_id': None, 'domain_name': None, 'group_ids': [], 'user_id': '0b40548f67384d39a942749b73996bd0', 'user_domain_id': 'default', 'system_scope': 'all', 'project_id': None, 'project_domain_id': None, 'roles': ['admin', 'member', 'reader'], 'is_admin_project': True, 'service_user_id': None, 'service_user_domain_id': None, 'service_project_id': None, 'service_project_domain_id': None, 'service_roles': []} {{(pid=81797) fill_context /opt/stack/keystone/keystone/server/flask/request_processing/middleware/auth_context.py:478}}
Sep 20 09:15:16.100825 dv-neutron-855703-4-hyperv devstack@keystone.service[81797]: DEBUG keystone.server.flask.request_processing.req_logging [None req-5b3e8970-ccba-4798-aea6-c2e866126ba3 None admin] REQUEST_METHOD: `GET` {{(pid=81797) log_request_info /opt/stack/keystone/keystone/server/flask/request_processing/req_logging.py:27}}
Sep 20 09:15:16.101280 dv-neutron-855703-4-hyperv devstack@keystone.service[81797]: DEBUG keystone.server.flask.request_processing.req_logging [None req-5b3e8970-ccba-4798-aea6-c2e866126ba3 None admin] SCRIPT_NAME: `/identity` {{(pid=81797) log_request_info /opt/stack/keystone/keystone/server/flask/request_processing/req_logging.py:28}}
Sep 20 09:15:16.101746 dv-neutron-855703-4-hyperv devstack@keystone.service[81797]: DEBUG keystone.server.flask.request_processing.req_logging [None req-5b3e8970-ccba-4798-aea6-c2e866126ba3 None admin] PATH_INFO: `/v3/domains/default` {{(pid=81797) log_request_info /opt/stack/keystone/keystone/server/flask/request_processing/req_logging.py:29}}
Sep 20 09:15:16.103877 dv-neutron-855703-4-hyperv devstack@keystone.service[81797]: DEBUG keystone.common.rbac_enforcer.enforcer [None req-5b3e8970-ccba-4798-aea6-c2e866126ba3 None admin] RBAC: Authorizing `identity:get_domain(domain_id=default)` {{(pid=81797) enforce_call /opt/stack/keystone/keystone/common/rbac_enforcer/enforcer.py:449}}
Sep 20 09:15:16.106458 dv-neutron-855703-4-hyperv devstack@keystone.service[81797]: DEBUG keystone.common.rbac_enforcer.enforcer [None req-5b3e8970-ccba-4798-aea6-c2e866126ba3 None admin] RBAC: Authorization granted {{(pid=81797) enforce_call /opt/stack/keystone/keystone/common/rbac_enforcer/enforcer.py:457}}
Sep 20 09:15:16.107980 dv-neutron-855703-4-hyperv devstack@keystone.service[81796]: DEBUG keystone.server.flask.request_processing.middleware.auth_context [None req-9a649aec-637e-4b8a-88cd-b45959ddb008 None admin] Validating token access rules against request {{(pid=81796) validate_allowed_request /usr/local/lib/python3.8/dist-packages/keystonemiddleware/auth_token/__init__.py:545}}
Sep 20 09:15:16.109487 dv-neutron-855703-4-hyperv devstack@keystone.service[81797]: [pid: 81797|app: 0|req: 97/189] 10.222.0.49 () {56 vars in 1108 bytes} [Tue Sep 20 09:15:15 2022] GET /identity/v3/domains/default => generated 199 bytes in 215 msecs (HTTP/1.1 200) 5 headers in 177 bytes (1 switches on core 0)
Sep 20 09:15:16.110661 dv-neutron-855703-4-hyperv devstack@keystone.service[81797]: DEBUG keystone.server.flask.request_processing.middleware.auth_context [None req-5b3e8970-ccba-4798-aea6-c2e866126ba3 None admin] Authenticating user token {{(pid=81797) process_request /usr/local/lib/python3.8/dist-packages/keystonemiddleware/auth_token/__init__.py:407}}
Sep 20 09:15:16.149433 dv-neutron-855703-4-hyperv devstack@keystone.service[81796]: DEBUG keystone.server.flask.request_processing.middleware.auth_context [None req-fc4d9f46-e7d6-4c33-bc68-f7923da04d04 None admin] RBAC: auth_context: {'token': , 'domain_id': None, 'trust_id': None, 'trustor_id': None, 'trustee_id': None, 'domain_name': None, 'group_ids': [], 'user_id': '0b40548f67384d39a942749b73996bd0', 'user_domain_id': 'default', 'system_scope': 'all', 'project_id': None, 'project_domain_id': None, 'roles': ['admin', 'member', 'reader'], 'is_admin_project': True, 'service_user_id': None, 'service_user_domain_id': None, 'service_project_id': None, 'service_project_domain_id': None, 'service_roles': []} {{(pid=81796) fill_context /opt/stack/keystone/keystone/server/flask/request_processing/middleware/auth_context.py:478}}
Sep 20 09:15:16.150070 dv-neutron-855703-4-hyperv devstack@keystone.service[81796]: DEBUG keystone.server.flask.request_processing.req_logging [None req-fc4d9f46-e7d6-4c33-bc68-f7923da04d04 None admin] REQUEST_METHOD: `GET` {{(pid=81796) log_request_info /opt/stack/keystone/keystone/server/flask/request_processing/req_logging.py:27}}
Sep 20 09:15:16.150351 dv-neutron-855703-4-hyperv devstack@keystone.service[81796]: DEBUG keystone.server.flask.request_processing.req_logging [None req-fc4d9f46-e7d6-4c33-bc68-f7923da04d04 None admin] SCRIPT_NAME: `/identity` {{(pid=81796) log_request_info /opt/stack/keystone/keystone/server/flask/request_processing/req_logging.py:28}}
Sep 20 09:15:16.150619 dv-neutron-855703-4-hyperv devstack@keystone.service[81796]: DEBUG keystone.server.flask.request_processing.req_logging [None req-fc4d9f46-e7d6-4c33-bc68-f7923da04d04 None admin] PATH_INFO: `/v3/roles/anotherrole` {{(pid=81796) log_request_info /opt/stack/keystone/keystone/server/flask/request_processing/req_logging.py:29}}
Sep 20 09:15:16.162054 dv-neutron-855703-4-hyperv devstack@keystone.service[81796]: DEBUG keystone.common.rbac_enforcer.enforcer [None req-fc4d9f46-e7d6-4c33-bc68-f7923da04d04 None admin] Extracting inferred target data resulted in "NOT FOUND (404)". {{(pid=81796) enforce_call /opt/stack/keystone/keystone/common/rbac_enforcer/enforcer.py:409}}
Sep 20 09:15:16.167424 dv-neutron-855703-4-hyperv devstack@keystone.service[81796]: ERROR keystone.server.flask.application [None req-fc4d9f46-e7d6-4c33-bc68-f7923da04d04 None admin] Could not find role: anotherrole.: keystone.exception.RoleNotFound: Could not find role: anotherrole.
Sep 20 09:15:16.167424 dv-neutron-855703-4-hyperv devstack@keystone.service[81796]: ERROR keystone.server.flask.application
Traceback (most recent call last):
Sep 20 09:15:16.167424 dv-neutron-855703-4-hyperv devstack@keystone.service[81796]: ERROR keystone.server.flask.application
File "/usr/local/lib/python3.8/dist-packages/flask/app.py", line 1820, in full_dispatch_request
Sep 20 09:15:16.167424 dv-neutron-855703-4-hyperv devstack@keystone.service[81796]: ERROR keystone.server.flask.application rv = self.dispatch_request()
Sep 20 09:15:16.167424 dv-neutron-855703-4-hyperv devstack@keystone.service[81796]: ERROR keystone.server.flask.application
File "/usr/local/lib/python3.8/dist-packages/flask/app.py", line 1796, in dispatch_request
Sep 20 09:15:16.167424 dv-neutron-855703-4-hyperv devstack@keystone.service[81796]: ERROR keystone.server.flask.application return self.ensure_sync(self.view_functions[rule.endpoint])(**view_args)
Sep 20 09:15:16.167424 dv-neutron-855703-4-hyperv devstack@keystone.service[81796]: ERROR keystone.server.flask.application
File "/usr/local/lib/python3.8/dist-packages/flask_restful/__init__.py", line 467, in wrapper
Sep 20 09:15:16.167424 dv-neutron-855703-4-hyperv devstack@keystone.service[81796]: ERROR keystone.server.flask.application resp = resource(*args, **kwargs)
Sep 20 09:15:16.167424 dv-neutron-855703-4-hyperv devstack@keystone.service[81796]: ERROR keystone.server.flask.application
File "/usr/local/lib/python3.8/dist-packages/flask/views.py", line 107, in view
Sep 20 09:15:16.167424 dv-neutron-855703-4-hyperv devstack@keystone.service[81796]: ERROR keystone.server.flask.application return current_app.ensure_sync(self.dispatch_request)(**kwargs)
Sep 20 09:15:16.167424 dv-neutron-855703-4-hyperv devstack@keystone.service[81796]: ERROR keystone.server.flask.application
File "/usr/local/lib/python3.8/dist-packages/flask_restful/__init__.py", line 582, in dispatch_request
Sep 20 09:15:16.167424 dv-neutron-855703-4-hyperv devstack@keystone.service[81796]: ERROR keystone.server.flask.application resp = meth(*args, **kwargs)
Sep 20 09:15:16.167424 dv-neutron-855703-4-hyperv devstack@keystone.service[81796]: ERROR keystone.server.flask.application
File "/opt/stack/keystone/keystone/api/roles.py", line 50, in get
Sep 20 09:15:16.167424 dv-neutron-855703-4-hyperv devstack@keystone.service[81796]: ERROR keystone.server.flask.application return self._get_role(role_id)
Sep 20 09:15:16.167424 dv-neutron-855703-4-hyperv devstack@keystone.service[81796]: ERROR keystone.server.flask.application
File "/opt/stack/keystone/keystone/api/roles.py", line 70, in _get_role
Sep 20 09:15:16.167424 dv-neutron-855703-4-hyperv devstack@keystone.service[81796]: ERROR keystone.server.flask.application ENFORCER.enforce_call(action='identity:get_role')
Sep 20 09:15:16.168363 dv-neutron-855703-4-hyperv devstack@keystone.service[81796]: ERROR keystone.server.flask.application
File "/opt/stack/keystone/keystone/common/rbac_enforcer/enforcer.py", line 402, in enforce_call
Sep 20 09:15:16.168363 dv-neutron-855703-4-hyperv devstack@keystone.service[81796]: ERROR keystone.server.flask.application policy_dict.update(cls._extract_member_target_data(
Sep 20 09:15:16.168363 dv-neutron-855703-4-hyperv devstack@keystone.service[81796]: ERROR keystone.server.flask.application
File "/opt/stack/keystone/keystone/common/rbac_enforcer/enforcer.py", line 234, in _extract_member_target_data
Sep 20 09:15:16.168363 dv-neutron-855703-4-hyperv devstack@keystone.service[81796]: ERROR keystone.server.flask.application member_name: func(flask.request.view_args[key])
Sep 20 09:15:16.168363 dv-neutron-855703-4-hyperv devstack@keystone.service[81796]: ERROR keystone.server.flask.application
File "/opt/stack/keystone/keystone/common/manager.py", line 115, in wrapped
Sep 20 09:15:16.168363 dv-neutron-855703-4-hyperv devstack@keystone.service[81796]: ERROR keystone.server.flask.application __ret_val = __f(*args, **kwargs)
Sep 20 09:15:16.168363 dv-neutron-855703-4-hyperv devstack@keystone.service[81796]: ERROR keystone.server.flask.application
File "/usr/local/lib/python3.8/dist-packages/decorator.py", line 232, in fun
Sep 20 09:15:16.168363 dv-neutron-855703-4-hyperv devstack@keystone.service[81796]: ERROR keystone.server.flask.application return caller(func, *(extras + args), **kw)
Sep 20 09:15:16.168363 dv-neutron-855703-4-hyperv devstack@keystone.service[81796]: ERROR keystone.server.flask.application
File "/usr/local/lib/python3.8/dist-packages/dogpile/cache/region.py", line 1577, in get_or_create_for_user_func
Sep 20 09:15:16.168363 dv-neutron-855703-4-hyperv devstack@keystone.service[81796]: ERROR keystone.server.flask.application return self.get_or_create(
Sep 20 09:15:16.168363 dv-neutron-855703-4-hyperv devstack@keystone.service[81796]: ERROR keystone.server.flask.application
File "/usr/local/lib/python3.8/dist-packages/dogpile/cache/region.py", line 1042, in get_or_create
Sep 20 09:15:16.168363 dv-neutron-855703-4-hyperv devstack@keystone.service[81796]: ERROR keystone.server.flask.application with Lock(
Sep 20 09:15:16.168363 dv-neutron-855703-4-hyperv devstack@keystone.service[81796]: ERROR keystone.server.flask.application
File "/usr/local/lib/python3.8/dist-packages/dogpile/lock.py", line 185, in __enter__
Sep 20 09:15:16.168363 dv-neutron-855703-4-hyperv devstack@keystone.service[81796]: ERROR keystone.server.flask.application return self._enter()
Sep 20 09:15:16.168363 dv-neutron-855703-4-hyperv devstack@keystone.service[81796]: ERROR keystone.server.flask.application
File "/usr/local/lib/python3.8/dist-packages/dogpile/lock.py", line 94, in _enter
Sep 20 09:15:16.168363 dv-neutron-855703-4-hyperv devstack@keystone.service[81796]: ERROR keystone.server.flask.application generated = self._enter_create(value, createdtime)
Sep 20 09:15:16.169140 dv-neutron-855703-4-hyperv devstack@keystone.service[81796]: ERROR keystone.server.flask.application
File "/usr/local/lib/python3.8/dist-packages/dogpile/lock.py", line 178, in _enter_create
Sep 20 09:15:16.169140 dv-neutron-855703-4-hyperv devstack@keystone.service[81796]: ERROR keystone.server.flask.application return self.creator()
Sep 20 09:15:16.169140 dv-neutron-855703-4-hyperv devstack@keystone.service[81796]: ERROR keystone.server.flask.application
File "/usr/local/lib/python3.8/dist-packages/dogpile/cache/region.py", line 995, in gen_value
Sep 20 09:15:16.169140 dv-neutron-855703-4-hyperv devstack@keystone.service[81796]: ERROR keystone.server.flask.application created_value = creator(
Sep 20 09:15:16.169140 dv-neutron-855703-4-hyperv devstack@keystone.service[81796]: ERROR keystone.server.flask.application
File "/opt/stack/keystone/keystone/assignment/core.py", line 1276, in get_role
Sep 20 09:15:16.169140 dv-neutron-855703-4-hyperv devstack@keystone.service[81796]: ERROR keystone.server.flask.application return self.driver.get_role(role_id)
Sep 20 09:15:16.169140 dv-neutron-855703-4-hyperv devstack@keystone.service[81796]: ERROR keystone.server.flask.application
File "/opt/stack/keystone/keystone/assignment/role_backends/sql.py", line 70, in get_role
Sep 20 09:15:16.169140 dv-neutron-855703-4-hyperv devstack@keystone.service[81796]: ERROR keystone.server.flask.application return self._get_role(session, role_id).to_dict()
Sep 20 09:15:16.169140 dv-neutron-855703-4-hyperv devstack@keystone.service[81796]: ERROR keystone.server.flask.application
File "/opt/stack/keystone/keystone/assignment/role_backends/sql.py", line 65, in _get_role
Sep 20 09:15:16.169140 dv-neutron-855703-4-hyperv devstack@keystone.service[81796]: ERROR keystone.server.flask.application raise exception.RoleNotFound(role_id=role_id)
Sep 20 09:15:16.169140 dv-neutron-855703-4-hyperv devstack@keystone.service[81796]: ERROR keystone.server.flask.application keystone.exception.RoleNotFound: Could not find role: anotherrole.
Sep 20 09:15:16.169140 dv-neutron-855703-4-hyperv devstack@keystone.service[81796]: ERROR keystone.server.flask.application
Sep 20 09:15:16.169140 dv-neutron-855703-4-hyperv devstack@keystone.service[81796]: [pid: 81796|app: 0|req: 93/190] 10.222.0.49 () {56 vars in 1114 bytes} [Tue Sep 20 09:15:15 2022] GET /identity/v3/roles/anotherrole => generated 89 bytes in 198 msecs (HTTP/1.1 404) 5 headers in 183 bytes (1 switches on core 0)
Sep 20 09:15:16.169795 dv-neutron-855703-4-hyperv devstack@keystone.service[81796]: DEBUG keystone.server.flask.request_processing.middleware.auth_context [None req-fc4d9f46-e7d6-4c33-bc68-f7923da04d04 None admin] Authenticating user token {{(pid=81796) process_request /usr/local/lib/python3.8/dist-packages/keystonemiddleware/auth_token/__init__.py:407}}
Sep 20 09:15:16.230952 dv-neutron-855703-4-hyperv devstack@keystone.service[81796]: DEBUG dbcounter [-] [81796] Writing DB stats keystone:SELECT=100 {{(pid=81796) stat_writer /usr/local/lib/python3.8/dist-packages/dbcounter.py:114}}
Sep 20 09:15:16.236226 dv-neutron-855703-4-hyperv devstack@keystone.service[81797]: DEBUG keystone.server.flask.request_processing.middleware.auth_context [None req-5b3e8970-ccba-4798-aea6-c2e866126ba3 None admin] Validating token access rules against request {{(pid=81797) validate_allowed_request /usr/local/lib/python3.8/dist-packages/keystonemiddleware/auth_token/__init__.py:545}}
Sep 20 09:15:16.249681 dv-neutron-855703-4-hyperv devstack@keystone.service[81797]: DEBUG dbcounter [-] [81797] Writing DB stats keystone:SELECT=100 {{(pid=81797) stat_writer /usr/local/lib/python3.8/dist-packages/dbcounter.py:114}}
Sep 20 09:15:16.277453 dv-neutron-855703-4-hyperv devstack@keystone.service[81797]: DEBUG keystone.server.flask.request_processing.middleware.auth_context [None req-cc26dcce-b5b4-4f50-b7f7-a4cac50c1d47 None admin] RBAC: auth_context: {'token': , 'domain_id': None, 'trust_id': None, 'trustor_id': None, 'trustee_id': None, 'domain_name': None, 'group_ids': [], 'user_id': '0b40548f67384d39a942749b73996bd0', 'user_domain_id': 'default', 'system_scope': 'all', 'project_id': None, 'project_domain_id': None, 'roles': ['admin', 'member', 'reader'], 'is_admin_project': True, 'service_user_id': None, 'service_user_domain_id': None, 'service_project_id': None, 'service_project_domain_id': None, 'service_roles': []} {{(pid=81797) fill_context /opt/stack/keystone/keystone/server/flask/request_processing/middleware/auth_context.py:478}}
Sep 20 09:15:16.278099 dv-neutron-855703-4-hyperv devstack@keystone.service[81797]: DEBUG keystone.server.flask.request_processing.req_logging [None req-cc26dcce-b5b4-4f50-b7f7-a4cac50c1d47 None admin] REQUEST_METHOD: `GET` {{(pid=81797) log_request_info /opt/stack/keystone/keystone/server/flask/request_processing/req_logging.py:27}}
Sep 20 09:15:16.278491 dv-neutron-855703-4-hyperv devstack@keystone.service[81797]: DEBUG keystone.server.flask.request_processing.req_logging [None req-cc26dcce-b5b4-4f50-b7f7-a4cac50c1d47 None admin] SCRIPT_NAME: `/identity` {{(pid=81797) log_request_info /opt/stack/keystone/keystone/server/flask/request_processing/req_logging.py:28}}
Sep 20 09:15:16.278765 dv-neutron-855703-4-hyperv devstack@keystone.service[81797]: DEBUG keystone.server.flask.request_processing.req_logging [None req-cc26dcce-b5b4-4f50-b7f7-a4cac50c1d47 None admin] PATH_INFO: `/v3/users/8488af525ecb4794a3f8b8219e266519` {{(pid=81797) log_request_info /opt/stack/keystone/keystone/server/flask/request_processing/req_logging.py:29}}
Sep 20 09:15:16.283639 dv-neutron-855703-4-hyperv devstack@keystone.service[81796]: DEBUG keystone.server.flask.request_processing.middleware.auth_context [None req-fc4d9f46-e7d6-4c33-bc68-f7923da04d04 None admin] Validating token access rules against request {{(pid=81796) validate_allowed_request /usr/local/lib/python3.8/dist-packages/keystonemiddleware/auth_token/__init__.py:545}}
Sep 20 09:15:16.296593 dv-neutron-855703-4-hyperv devstack@keystone.service[81797]: DEBUG keystone.common.rbac_enforcer.enforcer [None req-cc26dcce-b5b4-4f50-b7f7-a4cac50c1d47 None admin] RBAC: Authorizing `identity:get_user(user_id=8488af525ecb4794a3f8b8219e266519)` {{(pid=81797) enforce_call /opt/stack/keystone/keystone/common/rbac_enforcer/enforcer.py:449}}
Sep 20 09:15:16.298307 dv-neutron-855703-4-hyperv devstack@keystone.service[81797]: DEBUG keystone.common.rbac_enforcer.enforcer [None req-cc26dcce-b5b4-4f50-b7f7-a4cac50c1d47 None admin] RBAC: Authorization granted {{(pid=81797) enforce_call /opt/stack/keystone/keystone/common/rbac_enforcer/enforcer.py:457}}
Sep 20 09:15:16.300342 dv-neutron-855703-4-hyperv devstack@keystone.service[81797]: [pid: 81797|app: 0|req: 98/191] 10.222.0.49 () {56 vars in 1177 bytes} [Tue Sep 20 09:15:16 2022] GET /identity/v3/users/8488af525ecb4794a3f8b8219e266519 => generated 283 bytes in 190 msecs (HTTP/1.1 200) 5 headers in 177 bytes (1 switches on core 0)
Sep 20 09:15:16.300987 dv-neutron-855703-4-hyperv devstack@keystone.service[81797]: DEBUG keystone.server.flask.request_processing.middleware.auth_context [None req-cc26dcce-b5b4-4f50-b7f7-a4cac50c1d47 None admin] Authenticating user token {{(pid=81797) process_request /usr/local/lib/python3.8/dist-packages/keystonemiddleware/auth_token/__init__.py:407}}
Sep 20 09:15:16.343448 dv-neutron-855703-4-hyperv devstack@keystone.service[81796]: DEBUG keystone.server.flask.request_processing.middleware.auth_context [None req-8be8a6cc-aecf-4375-bc28-61da1b28f53a None admin] RBAC: auth_context: {'token': , 'domain_id': None, 'trust_id': None, 'trustor_id': None, 'trustee_id': None, 'domain_name': None, 'group_ids': [], 'user_id': '0b40548f67384d39a942749b73996bd0', 'user_domain_id': 'default', 'system_scope': 'all', 'project_id': None, 'project_domain_id': None, 'roles': ['admin', 'member', 'reader'], 'is_admin_project': True, 'service_user_id': None, 'service_user_domain_id': None, 'service_project_id': None, 'service_project_domain_id': None, 'service_roles': []} {{(pid=81796) fill_context /opt/stack/keystone/keystone/server/flask/request_processing/middleware/auth_context.py:478}}
Sep 20 09:15:16.345018 dv-neutron-855703-4-hyperv devstack@keystone.service[81796]: DEBUG keystone.server.flask.request_processing.req_logging [None req-8be8a6cc-aecf-4375-bc28-61da1b28f53a None admin] REQUEST_METHOD: `POST` {{(pid=81796) log_request_info /opt/stack/keystone/keystone/server/flask/request_processing/req_logging.py:27}}
Sep 20 09:15:16.345919 dv-neutron-855703-4-hyperv devstack@keystone.service[81796]: DEBUG keystone.server.flask.request_processing.req_logging [None req-8be8a6cc-aecf-4375-bc28-61da1b28f53a None admin] SCRIPT_NAME: `/identity` {{(pid=81796) log_request_info /opt/stack/keystone/keystone/server/flask/request_processing/req_logging.py:28}}
Sep 20 09:15:16.346521 dv-neutron-855703-4-hyperv devstack@keystone.service[81796]: DEBUG keystone.server.flask.request_processing.req_logging [None req-8be8a6cc-aecf-4375-bc28-61da1b28f53a None admin] PATH_INFO: `/v3/users` {{(pid=81796) log_request_info /opt/stack/keystone/keystone/server/flask/request_processing/req_logging.py:29}}
Sep 20 09:15:16.347730 dv-neutron-855703-4-hyperv devstack@keystone.service[81796]: DEBUG keystone.common.rbac_enforcer.enforcer [None req-8be8a6cc-aecf-4375-bc28-61da1b28f53a None admin] RBAC: Authorizing `identity:create_user()` {{(pid=81796) enforce_call /opt/stack/keystone/keystone/common/rbac_enforcer/enforcer.py:449}}
Sep 20 09:15:16.350682 dv-neutron-855703-4-hyperv devstack@keystone.service[81796]: DEBUG keystone.common.rbac_enforcer.enforcer [None req-8be8a6cc-aecf-4375-bc28-61da1b28f53a None admin] RBAC: Authorization granted {{(pid=81796) enforce_call /opt/stack/keystone/keystone/common/rbac_enforcer/enforcer.py:457}}
Sep 20 09:15:16.398918 dv-neutron-855703-4-hyperv devstack@keystone.service[81796]: [pid: 81796|app: 0|req: 94/192] 10.222.0.49 () {60 vars in 1132 bytes} [Tue Sep 20 09:15:16 2022] POST /identity/v3/users => generated 297 bytes in 219 msecs (HTTP/1.1 201) 5 headers in 182 bytes (1 switches on core 0)
Sep 20 09:15:16.398918 dv-neutron-855703-4-hyperv devstack@keystone.service[81796]: DEBUG keystone.server.flask.request_processing.middleware.auth_context [None req-8be8a6cc-aecf-4375-bc28-61da1b28f53a None admin] Authenticating user token {{(pid=81796) process_request /usr/local/lib/python3.8/dist-packages/keystonemiddleware/auth_token/__init__.py:407}}
Sep 20 09:15:16.472929 dv-neutron-855703-4-hyperv devstack@keystone.service[81797]: DEBUG keystone.server.flask.request_processing.middleware.auth_context [None req-cc26dcce-b5b4-4f50-b7f7-a4cac50c1d47 None admin] Validating token access rules against request {{(pid=81797) validate_allowed_request /usr/local/lib/python3.8/dist-packages/keystonemiddleware/auth_token/__init__.py:545}}
Sep 20 09:15:16.517634 dv-neutron-855703-4-hyperv devstack@keystone.service[81797]: DEBUG keystone.server.flask.request_processing.middleware.auth_context [None req-d00ad81b-e67f-4800-8146-a36edf1d5687 None admin] RBAC: auth_context: {'token': , 'domain_id': None, 'trust_id': None, 'trustor_id': None, 'trustee_id': None, 'domain_name': None, 'group_ids': [], 'user_id': '0b40548f67384d39a942749b73996bd0', 'user_domain_id': 'default', 'system_scope': 'all', 'project_id': None, 'project_domain_id': None, 'roles': ['admin', 'member', 'reader'], 'is_admin_project': True, 'service_user_id': None, 'service_user_domain_id': None, 'service_project_id': None, 'service_project_domain_id': None, 'service_roles': []} {{(pid=81797) fill_context /opt/stack/keystone/keystone/server/flask/request_processing/middleware/auth_context.py:478}}
Sep 20 09:15:16.518431 dv-neutron-855703-4-hyperv devstack@keystone.service[81797]: DEBUG keystone.server.flask.request_processing.req_logging [None req-d00ad81b-e67f-4800-8146-a36edf1d5687 None admin] REQUEST_METHOD: `GET` {{(pid=81797) log_request_info /opt/stack/keystone/keystone/server/flask/request_processing/req_logging.py:27}}
Sep 20 09:15:16.518823 dv-neutron-855703-4-hyperv devstack@keystone.service[81797]: DEBUG keystone.server.flask.request_processing.req_logging [None req-d00ad81b-e67f-4800-8146-a36edf1d5687 None admin] SCRIPT_NAME: `/identity` {{(pid=81797) log_request_info /opt/stack/keystone/keystone/server/flask/request_processing/req_logging.py:28}}
Sep 20 09:15:16.519217 dv-neutron-855703-4-hyperv devstack@keystone.service[81797]: DEBUG keystone.server.flask.request_processing.req_logging [None req-d00ad81b-e67f-4800-8146-a36edf1d5687 None admin] PATH_INFO: `/v3/roles` {{(pid=81797) log_request_info /opt/stack/keystone/keystone/server/flask/request_processing/req_logging.py:29}}
Sep 20 09:15:16.519994 dv-neutron-855703-4-hyperv devstack@keystone.service[81797]: DEBUG keystone.common.rbac_enforcer.enforcer [None req-d00ad81b-e67f-4800-8146-a36edf1d5687 None admin] RBAC: Adding query filter params (name=anotherrole) {{(pid=81797) _extract_filter_values /opt/stack/keystone/keystone/common/rbac_enforcer/enforcer.py:167}}
Sep 20 09:15:16.520407 dv-neutron-855703-4-hyperv devstack@keystone.service[81797]: DEBUG keystone.common.rbac_enforcer.enforcer [None req-d00ad81b-e67f-4800-8146-a36edf1d5687 None admin] RBAC: Authorizing `identity:list_roles()` {{(pid=81797) enforce_call /opt/stack/keystone/keystone/common/rbac_enforcer/enforcer.py:449}}
Sep 20 09:15:16.521946 dv-neutron-855703-4-hyperv devstack@keystone.service[81797]: DEBUG keystone.common.rbac_enforcer.enforcer [None req-d00ad81b-e67f-4800-8146-a36edf1d5687 None admin] RBAC: Authorization granted {{(pid=81797) enforce_call /opt/stack/keystone/keystone/common/rbac_enforcer/enforcer.py:457}}
Sep 20 09:15:16.531907 dv-neutron-855703-4-hyperv devstack@keystone.service[81797]: [pid: 81797|app: 0|req: 99/193] 10.222.0.49 () {56 vars in 1111 bytes} [Tue Sep 20 09:15:16 2022] GET /identity/v3/roles?name=anotherrole => generated 334 bytes in 231 msecs (HTTP/1.1 200) 5 headers in 177 bytes (1 switches on core 0)
Sep 20 09:15:16.539994 dv-neutron-855703-4-hyperv devstack@keystone.service[81797]: DEBUG keystone.server.flask.request_processing.middleware.auth_context [None req-d00ad81b-e67f-4800-8146-a36edf1d5687 None admin] Authenticating user token {{(pid=81797) process_request /usr/local/lib/python3.8/dist-packages/keystonemiddleware/auth_token/__init__.py:407}}
Sep 20 09:15:16.563849 dv-neutron-855703-4-hyperv devstack@keystone.service[81796]: DEBUG keystone.server.flask.request_processing.middleware.auth_context [None req-8be8a6cc-aecf-4375-bc28-61da1b28f53a None admin] Validating token access rules against request {{(pid=81796) validate_allowed_request /usr/local/lib/python3.8/dist-packages/keystonemiddleware/auth_token/__init__.py:545}}
Sep 20 09:15:16.579229 dv-neutron-855703-4-hyperv devstack@keystone.service[81796]: DEBUG dbcounter [-] [81796] Writing DB stats keystone:SELECT=97,keystone:INSERT=3 {{(pid=81796) stat_writer /usr/local/lib/python3.8/dist-packages/dbcounter.py:114}}
Sep 20 09:15:16.585228 dv-neutron-855703-4-hyperv devstack@keystone.service[81797]: DEBUG dbcounter [-] [81797] Writing DB stats keystone:SELECT=100 {{(pid=81797) stat_writer /usr/local/lib/python3.8/dist-packages/dbcounter.py:114}}
Sep 20 09:15:16.612440 dv-neutron-855703-4-hyperv devstack@keystone.service[81796]: DEBUG keystone.server.flask.request_processing.middleware.auth_context [None req-a8068c3c-322b-48e4-bc75-3dce9fd8a6db None admin] RBAC: auth_context: {'token': , 'domain_id': None, 'trust_id': None, 'trustor_id': None, 'trustee_id': None, 'domain_name': None, 'group_ids': [], 'user_id': '0b40548f67384d39a942749b73996bd0', 'user_domain_id': 'default', 'system_scope': 'all', 'project_id': None, 'project_domain_id': None, 'roles': ['admin', 'member', 'reader'], 'is_admin_project': True, 'service_user_id': None, 'service_user_domain_id': None, 'service_project_id': None, 'service_project_domain_id': None, 'service_roles': []} {{(pid=81796) fill_context /opt/stack/keystone/keystone/server/flask/request_processing/middleware/auth_context.py:478}}
Sep 20 09:15:16.613066 dv-neutron-855703-4-hyperv devstack@keystone.service[81796]: DEBUG keystone.server.flask.request_processing.req_logging [None req-a8068c3c-322b-48e4-bc75-3dce9fd8a6db None admin] REQUEST_METHOD: `GET` {{(pid=81796) log_request_info /opt/stack/keystone/keystone/server/flask/request_processing/req_logging.py:27}}
Sep 20 09:15:16.613363 dv-neutron-855703-4-hyperv devstack@keystone.service[81796]: DEBUG keystone.server.flask.request_processing.req_logging [None req-a8068c3c-322b-48e4-bc75-3dce9fd8a6db None admin] SCRIPT_NAME: `/identity` {{(pid=81796) log_request_info /opt/stack/keystone/keystone/server/flask/request_processing/req_logging.py:28}}
Sep 20 09:15:16.613647 dv-neutron-855703-4-hyperv devstack@keystone.service[81796]: DEBUG keystone.server.flask.request_processing.req_logging [None req-a8068c3c-322b-48e4-bc75-3dce9fd8a6db None admin] PATH_INFO: `/v3/auth/tokens` {{(pid=81796) log_request_info /opt/stack/keystone/keystone/server/flask/request_processing/req_logging.py:29}}
Sep 20 09:15:16.696571 dv-neutron-855703-4-hyperv devstack@keystone.service[81797]: DEBUG keystone.server.flask.request_processing.middleware.auth_context [None req-d00ad81b-e67f-4800-8146-a36edf1d5687 None admin] Validating token access rules against request {{(pid=81797) validate_allowed_request /usr/local/lib/python3.8/dist-packages/keystonemiddleware/auth_token/__init__.py:545}}
Sep 20 09:15:16.714097 dv-neutron-855703-4-hyperv devstack@keystone.service[81796]: DEBUG keystone.common.rbac_enforcer.enforcer [None req-a8068c3c-322b-48e4-bc75-3dce9fd8a6db None admin] RBAC: Authorizing `identity:validate_token()` {{(pid=81796) enforce_call /opt/stack/keystone/keystone/common/rbac_enforcer/enforcer.py:449}}
Sep 20 09:15:16.717115 dv-neutron-855703-4-hyperv devstack@keystone.service[81796]: DEBUG keystone.common.rbac_enforcer.enforcer [None req-a8068c3c-322b-48e4-bc75-3dce9fd8a6db None admin] RBAC: Authorization granted {{(pid=81796) enforce_call /opt/stack/keystone/keystone/common/rbac_enforcer/enforcer.py:457}}
Sep 20 09:15:16.743913 dv-neutron-855703-4-hyperv devstack@keystone.service[81797]: DEBUG keystone.server.flask.request_processing.middleware.auth_context [None req-0490cb22-5a13-4dd5-930f-772843a1d22c None admin] RBAC: auth_context: {'token': , 'domain_id': None, 'trust_id': None, 'trustor_id': None, 'trustee_id': None, 'domain_name': None, 'group_ids': [], 'user_id': '0b40548f67384d39a942749b73996bd0', 'user_domain_id': 'default', 'system_scope': 'all', 'project_id': None, 'project_domain_id': None, 'roles': ['admin', 'member', 'reader'], 'is_admin_project': True, 'service_user_id': None, 'service_user_domain_id': None, 'service_project_id': None, 'service_project_domain_id': None, 'service_roles': []} {{(pid=81797) fill_context /opt/stack/keystone/keystone/server/flask/request_processing/middleware/auth_context.py:478}}
Sep 20 09:15:16.744481 dv-neutron-855703-4-hyperv devstack@keystone.service[81797]: DEBUG keystone.server.flask.request_processing.req_logging [None req-0490cb22-5a13-4dd5-930f-772843a1d22c None admin] REQUEST_METHOD: `GET` {{(pid=81797) log_request_info /opt/stack/keystone/keystone/server/flask/request_processing/req_logging.py:27}}
Sep 20 09:15:16.744764 dv-neutron-855703-4-hyperv devstack@keystone.service[81797]: DEBUG keystone.server.flask.request_processing.req_logging [None req-0490cb22-5a13-4dd5-930f-772843a1d22c None admin] SCRIPT_NAME: `/identity` {{(pid=81797) log_request_info /opt/stack/keystone/keystone/server/flask/request_processing/req_logging.py:28}}
Sep 20 09:15:16.745044 dv-neutron-855703-4-hyperv devstack@keystone.service[81797]: DEBUG keystone.server.flask.request_processing.req_logging [None req-0490cb22-5a13-4dd5-930f-772843a1d22c None admin] PATH_INFO: `/v3/users/8488af525ecb4794a3f8b8219e266519` {{(pid=81797) log_request_info /opt/stack/keystone/keystone/server/flask/request_processing/req_logging.py:29}}
Sep 20 09:15:16.746236 dv-neutron-855703-4-hyperv devstack@keystone.service[81797]: DEBUG keystone.common.rbac_enforcer.enforcer [None req-0490cb22-5a13-4dd5-930f-772843a1d22c None admin] RBAC: Authorizing `identity:get_user(user_id=8488af525ecb4794a3f8b8219e266519)` {{(pid=81797) enforce_call /opt/stack/keystone/keystone/common/rbac_enforcer/enforcer.py:449}}
Sep 20 09:15:16.747898 dv-neutron-855703-4-hyperv devstack@keystone.service[81797]: DEBUG keystone.common.rbac_enforcer.enforcer [None req-0490cb22-5a13-4dd5-930f-772843a1d22c None admin] RBAC: Authorization granted {{(pid=81797) enforce_call /opt/stack/keystone/keystone/common/rbac_enforcer/enforcer.py:457}}
Sep 20 09:15:16.749712 dv-neutron-855703-4-hyperv devstack@keystone.service[81797]: [pid: 81797|app: 0|req: 100/194] 10.222.0.49 () {56 vars in 1177 bytes} [Tue Sep 20 09:15:16 2022] GET /identity/v3/users/8488af525ecb4794a3f8b8219e266519 => generated 283 bytes in 210 msecs (HTTP/1.1 200) 5 headers in 177 bytes (1 switches on core 0)
Sep 20 09:15:16.756949 dv-neutron-855703-4-hyperv devstack@keystone.service[81797]: DEBUG keystone.server.flask.request_processing.middleware.auth_context [None req-0490cb22-5a13-4dd5-930f-772843a1d22c None admin] Authenticating user token {{(pid=81797) process_request /usr/local/lib/python3.8/dist-packages/keystonemiddleware/auth_token/__init__.py:407}}
Sep 20 09:15:16.854150 dv-neutron-855703-4-hyperv devstack@keystone.service[81796]: [pid: 81796|app: 0|req: 95/195] 10.222.0.49 () {58 vars in 1282 bytes} [Tue Sep 20 09:15:16 2022] GET /identity/v3/auth/tokens => generated 799 bytes in 466 msecs (HTTP/1.1 200) 6 headers in 358 bytes (1 switches on core 0)
Sep 20 09:15:16.859823 dv-neutron-855703-4-hyperv devstack@keystone.service[81796]: DEBUG keystone.server.flask.request_processing.middleware.auth_context [None req-a8068c3c-322b-48e4-bc75-3dce9fd8a6db None admin] Authenticating user token {{(pid=81796) process_request /usr/local/lib/python3.8/dist-packages/keystonemiddleware/auth_token/__init__.py:407}}
Sep 20 09:15:16.876377 dv-neutron-855703-4-hyperv devstack@keystone.service[81796]: DEBUG dbcounter [-] [81796] Writing DB stats keystone:SELECT=100 {{(pid=81796) stat_writer /usr/local/lib/python3.8/dist-packages/dbcounter.py:114}}
Sep 20 09:15:16.886199 dv-neutron-855703-4-hyperv devstack@keystone.service[81797]: DEBUG keystone.server.flask.request_processing.middleware.auth_context [None req-0490cb22-5a13-4dd5-930f-772843a1d22c None admin] Validating token access rules against request {{(pid=81797) validate_allowed_request /usr/local/lib/python3.8/dist-packages/keystonemiddleware/auth_token/__init__.py:545}}
Sep 20 09:15:16.895265 dv-neutron-855703-4-hyperv devstack@keystone.service[81797]: DEBUG dbcounter [-] [81797] Writing DB stats keystone:SELECT=100 {{(pid=81797) stat_writer /usr/local/lib/python3.8/dist-packages/dbcounter.py:114}}
Sep 20 09:15:16.925458 dv-neutron-855703-4-hyperv devstack@keystone.service[81797]: DEBUG keystone.server.flask.request_processing.middleware.auth_context [None req-e6c23644-aef6-4354-ab99-191bb021add9 None admin] RBAC: auth_context: {'token': , 'domain_id': None, 'trust_id': None, 'trustor_id': None, 'trustee_id': None, 'domain_name': None, 'group_ids': [], 'user_id': '0b40548f67384d39a942749b73996bd0', 'user_domain_id': 'default', 'system_scope': 'all', 'project_id': None, 'project_domain_id': None, 'roles': ['admin', 'member', 'reader'], 'is_admin_project': True, 'service_user_id': None, 'service_user_domain_id': None, 'service_project_id': None, 'service_project_domain_id': None, 'service_roles': []} {{(pid=81797) fill_context /opt/stack/keystone/keystone/server/flask/request_processing/middleware/auth_context.py:478}}
Sep 20 09:15:16.926226 dv-neutron-855703-4-hyperv devstack@keystone.service[81797]: DEBUG keystone.server.flask.request_processing.req_logging [None req-e6c23644-aef6-4354-ab99-191bb021add9 None admin] REQUEST_METHOD: `GET` {{(pid=81797) log_request_info /opt/stack/keystone/keystone/server/flask/request_processing/req_logging.py:27}}
Sep 20 09:15:16.926518 dv-neutron-855703-4-hyperv devstack@keystone.service[81797]: DEBUG keystone.server.flask.request_processing.req_logging [None req-e6c23644-aef6-4354-ab99-191bb021add9 None admin] SCRIPT_NAME: `/identity` {{(pid=81797) log_request_info /opt/stack/keystone/keystone/server/flask/request_processing/req_logging.py:28}}
Sep 20 09:15:16.926797 dv-neutron-855703-4-hyperv devstack@keystone.service[81797]: DEBUG keystone.server.flask.request_processing.req_logging [None req-e6c23644-aef6-4354-ab99-191bb021add9 None admin] PATH_INFO: `/v3/auth/tokens` {{(pid=81797) log_request_info /opt/stack/keystone/keystone/server/flask/request_processing/req_logging.py:29}}
Sep 20 09:15:16.994995 dv-neutron-855703-4-hyperv devstack@keystone.service[81796]: DEBUG keystone.server.flask.request_processing.middleware.auth_context [None req-a8068c3c-322b-48e4-bc75-3dce9fd8a6db None admin] Validating token access rules against request {{(pid=81796) validate_allowed_request /usr/local/lib/python3.8/dist-packages/keystonemiddleware/auth_token/__init__.py:545}}
Sep 20 09:15:17.009909 dv-neutron-855703-4-hyperv devstack@keystone.service[81797]: DEBUG keystone.common.rbac_enforcer.enforcer [None req-e6c23644-aef6-4354-ab99-191bb021add9 None admin] RBAC: Authorizing `identity:validate_token()` {{(pid=81797) enforce_call /opt/stack/keystone/keystone/common/rbac_enforcer/enforcer.py:449}}
Sep 20 09:15:17.011551 dv-neutron-855703-4-hyperv devstack@keystone.service[81797]: DEBUG keystone.common.rbac_enforcer.enforcer [None req-e6c23644-aef6-4354-ab99-191bb021add9 None admin] RBAC: Authorization granted {{(pid=81797) enforce_call /opt/stack/keystone/keystone/common/rbac_enforcer/enforcer.py:457}}
Sep 20 09:15:17.040396 dv-neutron-855703-4-hyperv devstack@keystone.service[81796]: DEBUG keystone.server.flask.request_processing.middleware.auth_context [None req-e325e1c8-5465-413b-a33b-e4a3020790a2 None admin] RBAC: auth_context: {'token': , 'domain_id': None, 'trust_id': None, 'trustor_id': None, 'trustee_id': None, 'domain_name': None, 'group_ids': [], 'user_id': '0b40548f67384d39a942749b73996bd0', 'user_domain_id': 'default', 'system_scope': 'all', 'project_id': None, 'project_domain_id': None, 'roles': ['admin', 'member', 'reader'], 'is_admin_project': True, 'service_user_id': None, 'service_user_domain_id': None, 'service_project_id': None, 'service_project_domain_id': None, 'service_roles': []} {{(pid=81796) fill_context /opt/stack/keystone/keystone/server/flask/request_processing/middleware/auth_context.py:478}}
Sep 20 09:15:17.041188 dv-neutron-855703-4-hyperv devstack@keystone.service[81796]: DEBUG keystone.server.flask.request_processing.req_logging [None req-e325e1c8-5465-413b-a33b-e4a3020790a2 None admin] REQUEST_METHOD: `GET` {{(pid=81796) log_request_info /opt/stack/keystone/keystone/server/flask/request_processing/req_logging.py:27}}
Sep 20 09:15:17.041780 dv-neutron-855703-4-hyperv devstack@keystone.service[81796]: DEBUG keystone.server.flask.request_processing.req_logging [None req-e325e1c8-5465-413b-a33b-e4a3020790a2 None admin] SCRIPT_NAME: `/identity` {{(pid=81796) log_request_info /opt/stack/keystone/keystone/server/flask/request_processing/req_logging.py:28}}
Sep 20 09:15:17.042076 dv-neutron-855703-4-hyperv devstack@keystone.service[81796]: DEBUG keystone.server.flask.request_processing.req_logging [None req-e325e1c8-5465-413b-a33b-e4a3020790a2 None admin] PATH_INFO: `/v3/projects/fedd303d91d94d92ba059da9c4519b34` {{(pid=81796) log_request_info /opt/stack/keystone/keystone/server/flask/request_processing/req_logging.py:29}}
Sep 20 09:15:17.043519 dv-neutron-855703-4-hyperv devstack@keystone.service[81796]: DEBUG keystone.common.rbac_enforcer.enforcer [None req-e325e1c8-5465-413b-a33b-e4a3020790a2 None admin] RBAC: Authorizing `identity:get_project(project_id=fedd303d91d94d92ba059da9c4519b34)` {{(pid=81796) enforce_call /opt/stack/keystone/keystone/common/rbac_enforcer/enforcer.py:449}}
Sep 20 09:15:17.045861 dv-neutron-855703-4-hyperv devstack@keystone.service[81796]: DEBUG keystone.common.rbac_enforcer.enforcer [None req-e325e1c8-5465-413b-a33b-e4a3020790a2 None admin] RBAC: Authorization granted {{(pid=81796) enforce_call /opt/stack/keystone/keystone/common/rbac_enforcer/enforcer.py:457}}
Sep 20 09:15:17.048014 dv-neutron-855703-4-hyperv devstack@keystone.service[81796]: [pid: 81796|app: 0|req: 96/196] 10.222.0.49 () {56 vars in 1186 bytes} [Tue Sep 20 09:15:16 2022] GET /identity/v3/projects/fedd303d91d94d92ba059da9c4519b34 => generated 302 bytes in 188 msecs (HTTP/1.1 200) 5 headers in 177 bytes (2 switches on core 0)
Sep 20 09:15:17.055854 dv-neutron-855703-4-hyperv devstack@keystone.service[81796]: DEBUG keystone.server.flask.request_processing.middleware.auth_context [None req-e325e1c8-5465-413b-a33b-e4a3020790a2 None admin] Authenticating user token {{(pid=81796) process_request /usr/local/lib/python3.8/dist-packages/keystonemiddleware/auth_token/__init__.py:407}}
Sep 20 09:15:17.163841 dv-neutron-855703-4-hyperv devstack@keystone.service[81797]: DEBUG dbcounter [-] [81797] Writing DB stats keystone:SELECT=100 {{(pid=81797) stat_writer /usr/local/lib/python3.8/dist-packages/dbcounter.py:114}}
Sep 20 09:15:17.170552 dv-neutron-855703-4-hyperv devstack@keystone.service[81797]: [pid: 81797|app: 0|req: 101/197] 10.222.0.49 () {58 vars in 1282 bytes} [Tue Sep 20 09:15:16 2022] GET /identity/v3/auth/tokens => generated 799 bytes in 415 msecs (HTTP/1.1 200) 6 headers in 358 bytes (2 switches on core 0)
Sep 20 09:15:17.179938 dv-neutron-855703-4-hyperv devstack@keystone.service[81797]: DEBUG keystone.server.flask.request_processing.middleware.auth_context [None req-e6c23644-aef6-4354-ab99-191bb021add9 None admin] Authenticating user token {{(pid=81797) process_request /usr/local/lib/python3.8/dist-packages/keystonemiddleware/auth_token/__init__.py:407}}
Sep 20 09:15:17.194099 dv-neutron-855703-4-hyperv devstack@keystone.service[81796]: DEBUG dbcounter [-] [81796] Writing DB stats keystone:SELECT=100 {{(pid=81796) stat_writer /usr/local/lib/python3.8/dist-packages/dbcounter.py:114}}
Sep 20 09:15:17.219439 dv-neutron-855703-4-hyperv devstack@keystone.service[81796]: DEBUG keystone.server.flask.request_processing.middleware.auth_context [None req-e325e1c8-5465-413b-a33b-e4a3020790a2 None admin] Validating token access rules against request {{(pid=81796) validate_allowed_request /usr/local/lib/python3.8/dist-packages/keystonemiddleware/auth_token/__init__.py:545}}
