Sep 20 09:15:12.574332 dv-neutron-855703-4-hyperv devstack@keystone.service[81797]: DEBUG keystone.server.flask.request_processing.req_logging [None req-0d60f693-3c7b-412e-a473-81397bfd0bc9 None admin] PATH_INFO: `/v3/auth/tokens` {{(pid=81797) log_request_info /opt/stack/keystone/keystone/server/flask/request_processing/req_logging.py:29}}
Sep 20 09:15:12.580983 dv-neutron-855703-4-hyperv devstack@keystone.service[81796]: DEBUG keystone.server.flask.request_processing.middleware.auth_context [None req-a478f450-8850-4241-bb63-f565eeebdeea None admin] Validating token access rules against request {{(pid=81796) validate_allowed_request /usr/local/lib/python3.8/dist-packages/keystonemiddleware/auth_token/__init__.py:545}}
Sep 20 09:15:12.672999 dv-neutron-855703-4-hyperv devstack@keystone.service[81796]: DEBUG keystone.server.flask.request_processing.middleware.auth_context [None req-033af35a-3dd4-41f0-b196-17913656237b None admin] RBAC: auth_context: {'token': , 'domain_id': None, 'trust_id': None, 'trustor_id': None, 'trustee_id': None, 'domain_name': None, 'group_ids': [], 'user_id': '0b40548f67384d39a942749b73996bd0', 'user_domain_id': 'default', 'system_scope': 'all', 'project_id': None, 'project_domain_id': None, 'roles': ['admin', 'member', 'reader'], 'is_admin_project': True, 'service_user_id': None, 'service_user_domain_id': None, 'service_project_id': None, 'service_project_domain_id': None, 'service_roles': []} {{(pid=81796) fill_context /opt/stack/keystone/keystone/server/flask/request_processing/middleware/auth_context.py:478}}
Sep 20 09:15:12.673623 dv-neutron-855703-4-hyperv devstack@keystone.service[81796]: DEBUG keystone.server.flask.request_processing.req_logging [None req-033af35a-3dd4-41f0-b196-17913656237b None admin] REQUEST_METHOD: `GET` {{(pid=81796) log_request_info /opt/stack/keystone/keystone/server/flask/request_processing/req_logging.py:27}}
Sep 20 09:15:12.673906 dv-neutron-855703-4-hyperv devstack@keystone.service[81796]: DEBUG keystone.server.flask.request_processing.req_logging [None req-033af35a-3dd4-41f0-b196-17913656237b None admin] SCRIPT_NAME: `/identity` {{(pid=81796) log_request_info /opt/stack/keystone/keystone/server/flask/request_processing/req_logging.py:28}}
Sep 20 09:15:12.674176 dv-neutron-855703-4-hyperv devstack@keystone.service[81796]: DEBUG keystone.server.flask.request_processing.req_logging [None req-033af35a-3dd4-41f0-b196-17913656237b None admin] PATH_INFO: `/v3/roles` {{(pid=81796) log_request_info /opt/stack/keystone/keystone/server/flask/request_processing/req_logging.py:29}}
Sep 20 09:15:12.674851 dv-neutron-855703-4-hyperv devstack@keystone.service[81796]: DEBUG keystone.common.rbac_enforcer.enforcer [None req-033af35a-3dd4-41f0-b196-17913656237b None admin] RBAC: Adding query filter params (name=member) {{(pid=81796) _extract_filter_values /opt/stack/keystone/keystone/common/rbac_enforcer/enforcer.py:167}}
Sep 20 09:15:12.675205 dv-neutron-855703-4-hyperv devstack@keystone.service[81796]: DEBUG keystone.common.rbac_enforcer.enforcer [None req-033af35a-3dd4-41f0-b196-17913656237b None admin] RBAC: Authorizing `identity:list_roles()` {{(pid=81796) enforce_call /opt/stack/keystone/keystone/common/rbac_enforcer/enforcer.py:449}}
Sep 20 09:15:12.676677 dv-neutron-855703-4-hyperv devstack@keystone.service[81796]: DEBUG keystone.common.rbac_enforcer.enforcer [None req-033af35a-3dd4-41f0-b196-17913656237b None admin] RBAC: Authorization granted {{(pid=81796) enforce_call /opt/stack/keystone/keystone/common/rbac_enforcer/enforcer.py:457}}
Sep 20 09:15:12.694864 dv-neutron-855703-4-hyperv devstack@keystone.service[81796]: [pid: 81796|app: 0|req: 77/161] 10.222.0.49 () {56 vars in 1101 bytes} [Tue Sep 20 09:15:12 2022] GET /identity/v3/roles?name=member => generated 341 bytes in 316 msecs (HTTP/1.1 200) 5 headers in 177 bytes (1 switches on core 0)
Sep 20 09:15:12.695587 dv-neutron-855703-4-hyperv devstack@keystone.service[81796]: DEBUG keystone.server.flask.request_processing.middleware.auth_context [None req-033af35a-3dd4-41f0-b196-17913656237b None admin] Authenticating user token {{(pid=81796) process_request /usr/local/lib/python3.8/dist-packages/keystonemiddleware/auth_token/__init__.py:407}}
Sep 20 09:15:12.768090 dv-neutron-855703-4-hyperv devstack@keystone.service[81797]: DEBUG keystone.common.rbac_enforcer.enforcer [None req-0d60f693-3c7b-412e-a473-81397bfd0bc9 None admin] RBAC: Authorizing `identity:validate_token()` {{(pid=81797) enforce_call /opt/stack/keystone/keystone/common/rbac_enforcer/enforcer.py:449}}
Sep 20 09:15:12.769932 dv-neutron-855703-4-hyperv devstack@keystone.service[81797]: DEBUG keystone.common.rbac_enforcer.enforcer [None req-0d60f693-3c7b-412e-a473-81397bfd0bc9 None admin] RBAC: Authorization granted {{(pid=81797) enforce_call /opt/stack/keystone/keystone/common/rbac_enforcer/enforcer.py:457}}
Sep 20 09:15:12.797114 dv-neutron-855703-4-hyperv devstack@keystone.service[81796]: DEBUG dbcounter [-] [81796] Writing DB stats keystone:SELECT=100 {{(pid=81796) stat_writer /usr/local/lib/python3.8/dist-packages/dbcounter.py:114}}
Sep 20 09:15:12.921568 dv-neutron-855703-4-hyperv devstack@keystone.service[81796]: DEBUG keystone.server.flask.request_processing.middleware.auth_context [None req-033af35a-3dd4-41f0-b196-17913656237b None admin] Validating token access rules against request {{(pid=81796) validate_allowed_request /usr/local/lib/python3.8/dist-packages/keystonemiddleware/auth_token/__init__.py:545}}
Sep 20 09:15:12.984996 dv-neutron-855703-4-hyperv devstack@keystone.service[81796]: DEBUG keystone.server.flask.request_processing.middleware.auth_context [None req-cdc13cb9-6085-49ac-9054-144ae4e5f257 None admin] RBAC: auth_context: {'token': , 'domain_id': None, 'trust_id': None, 'trustor_id': None, 'trustee_id': None, 'domain_name': None, 'group_ids': [], 'user_id': '0b40548f67384d39a942749b73996bd0', 'user_domain_id': 'default', 'system_scope': 'all', 'project_id': None, 'project_domain_id': None, 'roles': ['admin', 'member', 'reader'], 'is_admin_project': True, 'service_user_id': None, 'service_user_domain_id': None, 'service_project_id': None, 'service_project_domain_id': None, 'service_roles': []} {{(pid=81796) fill_context /opt/stack/keystone/keystone/server/flask/request_processing/middleware/auth_context.py:478}}
Sep 20 09:15:12.985675 dv-neutron-855703-4-hyperv devstack@keystone.service[81796]: DEBUG keystone.server.flask.request_processing.req_logging [None req-cdc13cb9-6085-49ac-9054-144ae4e5f257 None admin] REQUEST_METHOD: `GET` {{(pid=81796) log_request_info /opt/stack/keystone/keystone/server/flask/request_processing/req_logging.py:27}}
Sep 20 09:15:12.985955 dv-neutron-855703-4-hyperv devstack@keystone.service[81796]: DEBUG keystone.server.flask.request_processing.req_logging [None req-cdc13cb9-6085-49ac-9054-144ae4e5f257 None admin] SCRIPT_NAME: `/identity` {{(pid=81796) log_request_info /opt/stack/keystone/keystone/server/flask/request_processing/req_logging.py:28}}
Sep 20 09:15:12.986231 dv-neutron-855703-4-hyperv devstack@keystone.service[81796]: DEBUG keystone.server.flask.request_processing.req_logging [None req-cdc13cb9-6085-49ac-9054-144ae4e5f257 None admin] PATH_INFO: `/v3/roles` {{(pid=81796) log_request_info /opt/stack/keystone/keystone/server/flask/request_processing/req_logging.py:29}}
Sep 20 09:15:12.986918 dv-neutron-855703-4-hyperv devstack@keystone.service[81796]: DEBUG keystone.common.rbac_enforcer.enforcer [None req-cdc13cb9-6085-49ac-9054-144ae4e5f257 None admin] RBAC: Adding query filter params (name=member) {{(pid=81796) _extract_filter_values /opt/stack/keystone/keystone/common/rbac_enforcer/enforcer.py:167}}
Sep 20 09:15:12.987226 dv-neutron-855703-4-hyperv devstack@keystone.service[81796]: DEBUG keystone.common.rbac_enforcer.enforcer [None req-cdc13cb9-6085-49ac-9054-144ae4e5f257 None admin] RBAC: Authorizing `identity:list_roles()` {{(pid=81796) enforce_call /opt/stack/keystone/keystone/common/rbac_enforcer/enforcer.py:449}}
Sep 20 09:15:12.988625 dv-neutron-855703-4-hyperv devstack@keystone.service[81796]: DEBUG keystone.common.rbac_enforcer.enforcer [None req-cdc13cb9-6085-49ac-9054-144ae4e5f257 None admin] RBAC: Authorization granted {{(pid=81796) enforce_call /opt/stack/keystone/keystone/common/rbac_enforcer/enforcer.py:457}}
Sep 20 09:15:13.006445 dv-neutron-855703-4-hyperv devstack@keystone.service[81796]: [pid: 81796|app: 0|req: 78/162] 10.222.0.49 () {56 vars in 1101 bytes} [Tue Sep 20 09:15:12 2022] GET /identity/v3/roles?name=member => generated 341 bytes in 311 msecs (HTTP/1.1 200) 5 headers in 177 bytes (1 switches on core 0)
Sep 20 09:15:13.007493 dv-neutron-855703-4-hyperv devstack@keystone.service[81796]: DEBUG keystone.server.flask.request_processing.middleware.auth_context [None req-cdc13cb9-6085-49ac-9054-144ae4e5f257 None admin] Authenticating user token {{(pid=81796) process_request /usr/local/lib/python3.8/dist-packages/keystonemiddleware/auth_token/__init__.py:407}}
Sep 20 09:15:13.092133 dv-neutron-855703-4-hyperv devstack@keystone.service[81797]: [pid: 81797|app: 0|req: 85/163] 10.222.0.49 () {58 vars in 1282 bytes} [Tue Sep 20 09:15:12 2022] GET /identity/v3/auth/tokens => generated 799 bytes in 831 msecs (HTTP/1.1 200) 6 headers in 358 bytes (1 switches on core 0)
Sep 20 09:15:13.092917 dv-neutron-855703-4-hyperv devstack@keystone.service[81797]: DEBUG keystone.server.flask.request_processing.middleware.auth_context [None req-0d60f693-3c7b-412e-a473-81397bfd0bc9 None admin] Authenticating user token {{(pid=81797) process_request /usr/local/lib/python3.8/dist-packages/keystonemiddleware/auth_token/__init__.py:407}}
Sep 20 09:15:13.132119 dv-neutron-855703-4-hyperv devstack@keystone.service[81796]: DEBUG keystone.server.flask.request_processing.middleware.auth_context [None req-cdc13cb9-6085-49ac-9054-144ae4e5f257 None admin] Validating token access rules against request {{(pid=81796) validate_allowed_request /usr/local/lib/python3.8/dist-packages/keystonemiddleware/auth_token/__init__.py:545}}
Sep 20 09:15:13.147238 dv-neutron-855703-4-hyperv devstack@keystone.service[81796]: DEBUG dbcounter [-] [81796] Writing DB stats keystone:SELECT=100 {{(pid=81796) stat_writer /usr/local/lib/python3.8/dist-packages/dbcounter.py:114}}
Sep 20 09:15:13.170949 dv-neutron-855703-4-hyperv devstack@keystone.service[81796]: DEBUG keystone.server.flask.request_processing.middleware.auth_context [None req-67babf60-d4b1-4e8a-a6fe-4cebb9385286 None admin] RBAC: auth_context: {'token': , 'domain_id': None, 'trust_id': None, 'trustor_id': None, 'trustee_id': None, 'domain_name': None, 'group_ids': [], 'user_id': '0b40548f67384d39a942749b73996bd0', 'user_domain_id': 'default', 'system_scope': 'all', 'project_id': None, 'project_domain_id': None, 'roles': ['admin', 'member', 'reader'], 'is_admin_project': True, 'service_user_id': None, 'service_user_domain_id': None, 'service_project_id': None, 'service_project_domain_id': None, 'service_roles': []} {{(pid=81796) fill_context /opt/stack/keystone/keystone/server/flask/request_processing/middleware/auth_context.py:478}}
Sep 20 09:15:13.171588 dv-neutron-855703-4-hyperv devstack@keystone.service[81796]: DEBUG keystone.server.flask.request_processing.req_logging [None req-67babf60-d4b1-4e8a-a6fe-4cebb9385286 None admin] REQUEST_METHOD: `GET` {{(pid=81796) log_request_info /opt/stack/keystone/keystone/server/flask/request_processing/req_logging.py:27}}
Sep 20 09:15:13.171865 dv-neutron-855703-4-hyperv devstack@keystone.service[81796]: DEBUG keystone.server.flask.request_processing.req_logging [None req-67babf60-d4b1-4e8a-a6fe-4cebb9385286 None admin] SCRIPT_NAME: `/identity` {{(pid=81796) log_request_info /opt/stack/keystone/keystone/server/flask/request_processing/req_logging.py:28}}
Sep 20 09:15:13.172132 dv-neutron-855703-4-hyperv devstack@keystone.service[81796]: DEBUG keystone.server.flask.request_processing.req_logging [None req-67babf60-d4b1-4e8a-a6fe-4cebb9385286 None admin] PATH_INFO: `/v3/users/dce5f71f1cbe4d63b5ae345395f06901` {{(pid=81796) log_request_info /opt/stack/keystone/keystone/server/flask/request_processing/req_logging.py:29}}
Sep 20 09:15:13.174916 dv-neutron-855703-4-hyperv devstack@keystone.service[81797]: DEBUG dbcounter [-] [81797] Writing DB stats keystone:SELECT=100 {{(pid=81797) stat_writer /usr/local/lib/python3.8/dist-packages/dbcounter.py:114}}
Sep 20 09:15:13.175573 dv-neutron-855703-4-hyperv devstack@keystone.service[81796]: DEBUG keystone.common.rbac_enforcer.enforcer [None req-67babf60-d4b1-4e8a-a6fe-4cebb9385286 None admin] RBAC: Authorizing `identity:get_user(user_id=dce5f71f1cbe4d63b5ae345395f06901)` {{(pid=81796) enforce_call /opt/stack/keystone/keystone/common/rbac_enforcer/enforcer.py:449}}
Sep 20 09:15:13.178663 dv-neutron-855703-4-hyperv devstack@keystone.service[81796]: DEBUG keystone.common.rbac_enforcer.enforcer [None req-67babf60-d4b1-4e8a-a6fe-4cebb9385286 None admin] RBAC: Authorization granted {{(pid=81796) enforce_call /opt/stack/keystone/keystone/common/rbac_enforcer/enforcer.py:457}}
Sep 20 09:15:13.180386 dv-neutron-855703-4-hyperv devstack@keystone.service[81796]: [pid: 81796|app: 0|req: 79/164] 10.222.0.49 () {56 vars in 1177 bytes} [Tue Sep 20 09:15:13 2022] GET /identity/v3/users/dce5f71f1cbe4d63b5ae345395f06901 => generated 275 bytes in 173 msecs (HTTP/1.1 200) 5 headers in 177 bytes (1 switches on core 0)
Sep 20 09:15:13.187521 dv-neutron-855703-4-hyperv devstack@keystone.service[81796]: DEBUG keystone.server.flask.request_processing.req_logging [None req-69633f2f-d413-4e19-b697-0fa7abba9d4e None None] REQUEST_METHOD: `GET` {{(pid=81796) log_request_info /opt/stack/keystone/keystone/server/flask/request_processing/req_logging.py:27}}
Sep 20 09:15:13.187796 dv-neutron-855703-4-hyperv devstack@keystone.service[81796]: DEBUG keystone.server.flask.request_processing.req_logging [None req-69633f2f-d413-4e19-b697-0fa7abba9d4e None None] SCRIPT_NAME: `/identity` {{(pid=81796) log_request_info /opt/stack/keystone/keystone/server/flask/request_processing/req_logging.py:28}}
Sep 20 09:15:13.188072 dv-neutron-855703-4-hyperv devstack@keystone.service[81796]: DEBUG keystone.server.flask.request_processing.req_logging [None req-69633f2f-d413-4e19-b697-0fa7abba9d4e None None] PATH_INFO: `/` {{(pid=81796) log_request_info /opt/stack/keystone/keystone/server/flask/request_processing/req_logging.py:29}}
Sep 20 09:15:13.191897 dv-neutron-855703-4-hyperv devstack@keystone.service[81796]: [pid: 81796|app: 0|req: 80/165] 10.222.0.49 () {54 vars in 927 bytes} [Tue Sep 20 09:15:13 2022] GET /identity => generated 270 bytes in 11 msecs (HTTP/1.1 300) 6 headers in 234 bytes (1 switches on core 0)
Sep 20 09:15:13.194051 dv-neutron-855703-4-hyperv devstack@keystone.service[81796]: DEBUG keystone.server.flask.request_processing.middleware.auth_context [None req-69633f2f-d413-4e19-b697-0fa7abba9d4e None None] Authenticating user token {{(pid=81796) process_request /usr/local/lib/python3.8/dist-packages/keystonemiddleware/auth_token/__init__.py:407}}
Sep 20 09:15:13.305661 dv-neutron-855703-4-hyperv devstack@keystone.service[81797]: DEBUG keystone.server.flask.request_processing.middleware.auth_context [None req-0d60f693-3c7b-412e-a473-81397bfd0bc9 None admin] Validating token access rules against request {{(pid=81797) validate_allowed_request /usr/local/lib/python3.8/dist-packages/keystonemiddleware/auth_token/__init__.py:545}}
Sep 20 09:15:13.379935 dv-neutron-855703-4-hyperv devstack@keystone.service[81797]: DEBUG keystone.server.flask.request_processing.middleware.auth_context [None req-be486385-8562-423f-b077-9998166f3fa0 None admin] RBAC: auth_context: {'token': , 'domain_id': None, 'trust_id': None, 'trustor_id': None, 'trustee_id': None, 'domain_name': None, 'group_ids': [], 'user_id': '0b40548f67384d39a942749b73996bd0', 'user_domain_id': 'default', 'system_scope': 'all', 'project_id': None, 'project_domain_id': None, 'roles': ['admin', 'member', 'reader'], 'is_admin_project': True, 'service_user_id': None, 'service_user_domain_id': None, 'service_project_id': None, 'service_project_domain_id': None, 'service_roles': []} {{(pid=81797) fill_context /opt/stack/keystone/keystone/server/flask/request_processing/middleware/auth_context.py:478}}
Sep 20 09:15:13.380572 dv-neutron-855703-4-hyperv devstack@keystone.service[81797]: DEBUG keystone.server.flask.request_processing.req_logging [None req-be486385-8562-423f-b077-9998166f3fa0 None admin] REQUEST_METHOD: `GET` {{(pid=81797) log_request_info /opt/stack/keystone/keystone/server/flask/request_processing/req_logging.py:27}}
Sep 20 09:15:13.381423 dv-neutron-855703-4-hyperv devstack@keystone.service[81797]: DEBUG keystone.server.flask.request_processing.req_logging [None req-be486385-8562-423f-b077-9998166f3fa0 None admin] SCRIPT_NAME: `/identity` {{(pid=81797) log_request_info /opt/stack/keystone/keystone/server/flask/request_processing/req_logging.py:28}}
Sep 20 09:15:13.381702 dv-neutron-855703-4-hyperv devstack@keystone.service[81797]: DEBUG keystone.server.flask.request_processing.req_logging [None req-be486385-8562-423f-b077-9998166f3fa0 None admin] PATH_INFO: `/v3/users/dce5f71f1cbe4d63b5ae345395f06901` {{(pid=81797) log_request_info /opt/stack/keystone/keystone/server/flask/request_processing/req_logging.py:29}}
Sep 20 09:15:13.384053 dv-neutron-855703-4-hyperv devstack@keystone.service[81797]: DEBUG keystone.common.rbac_enforcer.enforcer [None req-be486385-8562-423f-b077-9998166f3fa0 None admin] RBAC: Authorizing `identity:get_user(user_id=dce5f71f1cbe4d63b5ae345395f06901)` {{(pid=81797) enforce_call /opt/stack/keystone/keystone/common/rbac_enforcer/enforcer.py:449}}
Sep 20 09:15:13.385533 dv-neutron-855703-4-hyperv devstack@keystone.service[81797]: DEBUG keystone.common.rbac_enforcer.enforcer [None req-be486385-8562-423f-b077-9998166f3fa0 None admin] RBAC: Authorization granted {{(pid=81797) enforce_call /opt/stack/keystone/keystone/common/rbac_enforcer/enforcer.py:457}}
Sep 20 09:15:13.387271 dv-neutron-855703-4-hyperv devstack@keystone.service[81797]: [pid: 81797|app: 0|req: 86/166] 10.222.0.49 () {56 vars in 1177 bytes} [Tue Sep 20 09:15:13 2022] GET /identity/v3/users/dce5f71f1cbe4d63b5ae345395f06901 => generated 275 bytes in 295 msecs (HTTP/1.1 200) 5 headers in 177 bytes (1 switches on core 0)
Sep 20 09:15:13.388397 dv-neutron-855703-4-hyperv devstack@keystone.service[81797]: DEBUG keystone.server.flask.request_processing.req_logging [None req-fec9a086-1f52-4f24-8bf0-5343eca3bc08 None None] REQUEST_METHOD: `POST` {{(pid=81797) log_request_info /opt/stack/keystone/keystone/server/flask/request_processing/req_logging.py:27}}
Sep 20 09:15:13.388678 dv-neutron-855703-4-hyperv devstack@keystone.service[81797]: DEBUG keystone.server.flask.request_processing.req_logging [None req-fec9a086-1f52-4f24-8bf0-5343eca3bc08 None None] SCRIPT_NAME: `/identity` {{(pid=81797) log_request_info /opt/stack/keystone/keystone/server/flask/request_processing/req_logging.py:28}}
Sep 20 09:15:13.388945 dv-neutron-855703-4-hyperv devstack@keystone.service[81797]: DEBUG keystone.server.flask.request_processing.req_logging [None req-fec9a086-1f52-4f24-8bf0-5343eca3bc08 None None] PATH_INFO: `/v3/auth/tokens` {{(pid=81797) log_request_info /opt/stack/keystone/keystone/server/flask/request_processing/req_logging.py:29}}
Sep 20 09:15:13.418275 dv-neutron-855703-4-hyperv devstack@keystone.service[81796]: DEBUG keystone.server.flask.request_processing.middleware.auth_context [None req-69633f2f-d413-4e19-b697-0fa7abba9d4e None None] Validating token access rules against request {{(pid=81796) validate_allowed_request /usr/local/lib/python3.8/dist-packages/keystonemiddleware/auth_token/__init__.py:545}}
Sep 20 09:15:13.435976 dv-neutron-855703-4-hyperv devstack@keystone.service[81797]: DEBUG keystone.auth.core [None req-fec9a086-1f52-4f24-8bf0-5343eca3bc08 None None] MFA Rules not processed for user `0b40548f67384d39a942749b73996bd0`. Rule list: `[]` (Enabled: `True`). {{(pid=81797) check_auth_methods_against_rules /opt/stack/keystone/keystone/auth/core.py:438}}
Sep 20 09:15:13.437214 dv-neutron-855703-4-hyperv devstack@keystone.service[81797]: DEBUG keystone.common.fernet_utils [None req-fec9a086-1f52-4f24-8bf0-5343eca3bc08 None None] Loaded 2 Fernet keys from /etc/keystone/fernet-keys/, but `[fernet_tokens] max_active_keys = 3`; perhaps there have not been enough key rotations to reach `max_active_keys` yet? {{(pid=81797) load_keys /opt/stack/keystone/keystone/common/fernet_utils.py:286}}
Sep 20 09:15:13.456063 dv-neutron-855703-4-hyperv devstack@keystone.service[81796]: DEBUG keystone.server.flask.request_processing.middleware.auth_context [None req-e77f8e8b-7e5c-4993-86da-3c9f44eb946e None admin] RBAC: auth_context: {'token': , 'domain_id': None, 'trust_id': None, 'trustor_id': None, 'trustee_id': None, 'domain_name': None, 'group_ids': [], 'user_id': '0b40548f67384d39a942749b73996bd0', 'user_domain_id': 'default', 'system_scope': 'all', 'project_id': None, 'project_domain_id': None, 'roles': ['admin', 'member', 'reader'], 'is_admin_project': True, 'service_user_id': None, 'service_user_domain_id': None, 'service_project_id': None, 'service_project_domain_id': None, 'service_roles': []} {{(pid=81796) fill_context /opt/stack/keystone/keystone/server/flask/request_processing/middleware/auth_context.py:478}}
Sep 20 09:15:13.456748 dv-neutron-855703-4-hyperv devstack@keystone.service[81796]: DEBUG keystone.server.flask.request_processing.req_logging [None req-e77f8e8b-7e5c-4993-86da-3c9f44eb946e None admin] REQUEST_METHOD: `GET` {{(pid=81796) log_request_info /opt/stack/keystone/keystone/server/flask/request_processing/req_logging.py:27}}
Sep 20 09:15:13.457022 dv-neutron-855703-4-hyperv devstack@keystone.service[81796]: DEBUG keystone.server.flask.request_processing.req_logging [None req-e77f8e8b-7e5c-4993-86da-3c9f44eb946e None admin] SCRIPT_NAME: `/identity` {{(pid=81796) log_request_info /opt/stack/keystone/keystone/server/flask/request_processing/req_logging.py:28}}
Sep 20 09:15:13.457379 dv-neutron-855703-4-hyperv devstack@keystone.service[81796]: DEBUG keystone.server.flask.request_processing.req_logging [None req-e77f8e8b-7e5c-4993-86da-3c9f44eb946e None admin] PATH_INFO: `/v3/projects/95ece8a25daf4bc2b47c1c36ea348283` {{(pid=81796) log_request_info /opt/stack/keystone/keystone/server/flask/request_processing/req_logging.py:29}}
Sep 20 09:15:13.458626 dv-neutron-855703-4-hyperv devstack@keystone.service[81796]: DEBUG keystone.common.rbac_enforcer.enforcer [None req-e77f8e8b-7e5c-4993-86da-3c9f44eb946e None admin] RBAC: Authorizing `identity:get_project(project_id=95ece8a25daf4bc2b47c1c36ea348283)` {{(pid=81796) enforce_call /opt/stack/keystone/keystone/common/rbac_enforcer/enforcer.py:449}}
Sep 20 09:15:13.460427 dv-neutron-855703-4-hyperv devstack@keystone.service[81796]: DEBUG keystone.common.rbac_enforcer.enforcer [None req-e77f8e8b-7e5c-4993-86da-3c9f44eb946e None admin] RBAC: Authorization granted {{(pid=81796) enforce_call /opt/stack/keystone/keystone/common/rbac_enforcer/enforcer.py:457}}
Sep 20 09:15:13.462369 dv-neutron-855703-4-hyperv devstack@keystone.service[81796]: [pid: 81796|app: 0|req: 81/167] 10.222.0.49 () {56 vars in 1186 bytes} [Tue Sep 20 09:15:13 2022] GET /identity/v3/projects/95ece8a25daf4bc2b47c1c36ea348283 => generated 298 bytes in 270 msecs (HTTP/1.1 200) 5 headers in 177 bytes (1 switches on core 0)
Sep 20 09:15:13.463603 dv-neutron-855703-4-hyperv devstack@keystone.service[81796]: DEBUG keystone.server.flask.request_processing.middleware.auth_context [None req-e77f8e8b-7e5c-4993-86da-3c9f44eb946e None admin] Authenticating user token {{(pid=81796) process_request /usr/local/lib/python3.8/dist-packages/keystonemiddleware/auth_token/__init__.py:407}}
Sep 20 09:15:13.527202 dv-neutron-855703-4-hyperv devstack@keystone.service[81796]: DEBUG dbcounter [-] [81796] Writing DB stats keystone:SELECT=100 {{(pid=81796) stat_writer /usr/local/lib/python3.8/dist-packages/dbcounter.py:114}}
Sep 20 09:15:13.568687 dv-neutron-855703-4-hyperv devstack@keystone.service[81797]: [pid: 81797|app: 0|req: 87/168] 10.222.0.49 () {58 vars in 1024 bytes} [Tue Sep 20 09:15:13 2022] POST /identity/v3/auth/tokens => generated 799 bytes in 181 msecs (HTTP/1.1 201) 6 headers in 363 bytes (1 switches on core 0)
Sep 20 09:15:13.570237 dv-neutron-855703-4-hyperv devstack@keystone.service[81797]: DEBUG keystone.server.flask.request_processing.middleware.auth_context [None req-fec9a086-1f52-4f24-8bf0-5343eca3bc08 None None] Authenticating user token {{(pid=81797) process_request /usr/local/lib/python3.8/dist-packages/keystonemiddleware/auth_token/__init__.py:407}}
Sep 20 09:15:13.586910 dv-neutron-855703-4-hyperv devstack@keystone.service[81796]: DEBUG keystone.server.flask.request_processing.middleware.auth_context [None req-e77f8e8b-7e5c-4993-86da-3c9f44eb946e None admin] Validating token access rules against request {{(pid=81796) validate_allowed_request /usr/local/lib/python3.8/dist-packages/keystonemiddleware/auth_token/__init__.py:545}}
Sep 20 09:15:13.647592 dv-neutron-855703-4-hyperv devstack@keystone.service[81797]: DEBUG dbcounter [-] [81797] Writing DB stats keystone:SELECT=100 {{(pid=81797) stat_writer /usr/local/lib/python3.8/dist-packages/dbcounter.py:114}}
Sep 20 09:15:13.667640 dv-neutron-855703-4-hyperv devstack@keystone.service[81796]: DEBUG keystone.server.flask.request_processing.middleware.auth_context [None req-37b8d688-b2ca-48d2-8a04-459052df69df None admin] RBAC: auth_context: {'token': , 'domain_id': None, 'trust_id': None, 'trustor_id': None, 'trustee_id': None, 'domain_name': None, 'group_ids': [], 'user_id': '0b40548f67384d39a942749b73996bd0', 'user_domain_id': 'default', 'system_scope': 'all', 'project_id': None, 'project_domain_id': None, 'roles': ['admin', 'member', 'reader'], 'is_admin_project': True, 'service_user_id': None, 'service_user_domain_id': None, 'service_project_id': None, 'service_project_domain_id': None, 'service_roles': []} {{(pid=81796) fill_context /opt/stack/keystone/keystone/server/flask/request_processing/middleware/auth_context.py:478}}
Sep 20 09:15:13.668261 dv-neutron-855703-4-hyperv devstack@keystone.service[81796]: DEBUG keystone.server.flask.request_processing.req_logging [None req-37b8d688-b2ca-48d2-8a04-459052df69df None admin] REQUEST_METHOD: `GET` {{(pid=81796) log_request_info /opt/stack/keystone/keystone/server/flask/request_processing/req_logging.py:27}}
Sep 20 09:15:13.668747 dv-neutron-855703-4-hyperv devstack@keystone.service[81796]: DEBUG keystone.server.flask.request_processing.req_logging [None req-37b8d688-b2ca-48d2-8a04-459052df69df None admin] SCRIPT_NAME: `/identity` {{(pid=81796) log_request_info /opt/stack/keystone/keystone/server/flask/request_processing/req_logging.py:28}}
Sep 20 09:15:13.669189 dv-neutron-855703-4-hyperv devstack@keystone.service[81796]: DEBUG keystone.server.flask.request_processing.req_logging [None req-37b8d688-b2ca-48d2-8a04-459052df69df None admin] PATH_INFO: `/v3/auth/tokens` {{(pid=81796) log_request_info /opt/stack/keystone/keystone/server/flask/request_processing/req_logging.py:29}}
Sep 20 09:15:13.759708 dv-neutron-855703-4-hyperv devstack@keystone.service[81797]: DEBUG keystone.server.flask.request_processing.middleware.auth_context [None req-fec9a086-1f52-4f24-8bf0-5343eca3bc08 None None] Validating token access rules against request {{(pid=81797) validate_allowed_request /usr/local/lib/python3.8/dist-packages/keystonemiddleware/auth_token/__init__.py:545}}
Sep 20 09:15:13.788246 dv-neutron-855703-4-hyperv devstack@keystone.service[81796]: DEBUG keystone.common.rbac_enforcer.enforcer [None req-37b8d688-b2ca-48d2-8a04-459052df69df None admin] RBAC: Authorizing `identity:validate_token()` {{(pid=81796) enforce_call /opt/stack/keystone/keystone/common/rbac_enforcer/enforcer.py:449}}
Sep 20 09:15:13.789969 dv-neutron-855703-4-hyperv devstack@keystone.service[81796]: DEBUG keystone.common.rbac_enforcer.enforcer [None req-37b8d688-b2ca-48d2-8a04-459052df69df None admin] RBAC: Authorization granted {{(pid=81796) enforce_call /opt/stack/keystone/keystone/common/rbac_enforcer/enforcer.py:457}}
Sep 20 09:15:13.827769 dv-neutron-855703-4-hyperv devstack@keystone.service[81797]: DEBUG keystone.server.flask.request_processing.middleware.auth_context [None req-0a784af1-65b2-4240-984b-91ee79fe1dae None admin] RBAC: auth_context: {'token': , 'domain_id': None, 'trust_id': None, 'trustor_id': None, 'trustee_id': None, 'domain_name': None, 'group_ids': [], 'user_id': '0b40548f67384d39a942749b73996bd0', 'user_domain_id': 'default', 'system_scope': 'all', 'project_id': None, 'project_domain_id': None, 'roles': ['admin', 'member', 'reader'], 'is_admin_project': True, 'service_user_id': None, 'service_user_domain_id': None, 'service_project_id': None, 'service_project_domain_id': None, 'service_roles': []} {{(pid=81797) fill_context /opt/stack/keystone/keystone/server/flask/request_processing/middleware/auth_context.py:478}}
Sep 20 09:15:13.828414 dv-neutron-855703-4-hyperv devstack@keystone.service[81797]: DEBUG keystone.server.flask.request_processing.req_logging [None req-0a784af1-65b2-4240-984b-91ee79fe1dae None admin] REQUEST_METHOD: `GET` {{(pid=81797) log_request_info /opt/stack/keystone/keystone/server/flask/request_processing/req_logging.py:27}}
Sep 20 09:15:13.828771 dv-neutron-855703-4-hyperv devstack@keystone.service[81797]: DEBUG keystone.server.flask.request_processing.req_logging [None req-0a784af1-65b2-4240-984b-91ee79fe1dae None admin] SCRIPT_NAME: `/identity` {{(pid=81797) log_request_info /opt/stack/keystone/keystone/server/flask/request_processing/req_logging.py:28}}
Sep 20 09:15:13.828971 dv-neutron-855703-4-hyperv devstack@keystone.service[81797]: DEBUG keystone.server.flask.request_processing.req_logging [None req-0a784af1-65b2-4240-984b-91ee79fe1dae None admin] PATH_INFO: `/v3/auth/tokens` {{(pid=81797) log_request_info /opt/stack/keystone/keystone/server/flask/request_processing/req_logging.py:29}}
Sep 20 09:15:13.922012 dv-neutron-855703-4-hyperv devstack@keystone.service[81796]: DEBUG dbcounter [-] [81796] Writing DB stats keystone:SELECT=100 {{(pid=81796) stat_writer /usr/local/lib/python3.8/dist-packages/dbcounter.py:114}}
Sep 20 09:15:13.965540 dv-neutron-855703-4-hyperv devstack@keystone.service[81797]: DEBUG keystone.common.rbac_enforcer.enforcer [None req-0a784af1-65b2-4240-984b-91ee79fe1dae None admin] RBAC: Authorizing `identity:validate_token()` {{(pid=81797) enforce_call /opt/stack/keystone/keystone/common/rbac_enforcer/enforcer.py:449}}
Sep 20 09:15:13.967042 dv-neutron-855703-4-hyperv devstack@keystone.service[81797]: DEBUG keystone.common.rbac_enforcer.enforcer [None req-0a784af1-65b2-4240-984b-91ee79fe1dae None admin] RBAC: Authorization granted {{(pid=81797) enforce_call /opt/stack/keystone/keystone/common/rbac_enforcer/enforcer.py:457}}
Sep 20 09:15:14.000624 dv-neutron-855703-4-hyperv devstack@keystone.service[81797]: DEBUG dbcounter [-] [81797] Writing DB stats keystone:SELECT=100 {{(pid=81797) stat_writer /usr/local/lib/python3.8/dist-packages/dbcounter.py:114}}
Sep 20 09:15:14.037716 dv-neutron-855703-4-hyperv devstack@keystone.service[81796]: [pid: 81796|app: 0|req: 82/169] 10.222.0.49 () {58 vars in 1282 bytes} [Tue Sep 20 09:15:13 2022] GET /identity/v3/auth/tokens => generated 799 bytes in 574 msecs (HTTP/1.1 200) 6 headers in 358 bytes (1 switches on core 0)
Sep 20 09:15:14.038596 dv-neutron-855703-4-hyperv devstack@keystone.service[81796]: DEBUG keystone.server.flask.request_processing.middleware.auth_context [None req-37b8d688-b2ca-48d2-8a04-459052df69df None admin] Authenticating user token {{(pid=81796) process_request /usr/local/lib/python3.8/dist-packages/keystonemiddleware/auth_token/__init__.py:407}}
Sep 20 09:15:14.135732 dv-neutron-855703-4-hyperv devstack@keystone.service[81797]: [pid: 81797|app: 0|req: 88/170] 10.222.0.49 () {58 vars in 1282 bytes} [Tue Sep 20 09:15:13 2022] GET /identity/v3/auth/tokens => generated 799 bytes in 566 msecs (HTTP/1.1 200) 6 headers in 358 bytes (1 switches on core 0)
Sep 20 09:15:14.136593 dv-neutron-855703-4-hyperv devstack@keystone.service[81797]: DEBUG keystone.server.flask.request_processing.middleware.auth_context [None req-0a784af1-65b2-4240-984b-91ee79fe1dae None admin] Authenticating user token {{(pid=81797) process_request /usr/local/lib/python3.8/dist-packages/keystonemiddleware/auth_token/__init__.py:407}}
Sep 20 09:15:14.233315 dv-neutron-855703-4-hyperv devstack@keystone.service[81796]: DEBUG keystone.server.flask.request_processing.middleware.auth_context [None req-37b8d688-b2ca-48d2-8a04-459052df69df None admin] Validating token access rules against request {{(pid=81796) validate_allowed_request /usr/local/lib/python3.8/dist-packages/keystonemiddleware/auth_token/__init__.py:545}}
Sep 20 09:15:14.306268 dv-neutron-855703-4-hyperv devstack@keystone.service[81796]: DEBUG keystone.server.flask.request_processing.middleware.auth_context [None req-012724c1-45f1-4b7d-8e49-58ccae6fde2c None admin] RBAC: auth_context: {'token': , 'domain_id': None, 'trust_id': None, 'trustor_id': None, 'trustee_id': None, 'domain_name': None, 'group_ids': [], 'user_id': '0b40548f67384d39a942749b73996bd0', 'user_domain_id': 'default', 'system_scope': 'all', 'project_id': None, 'project_domain_id': None, 'roles': ['admin', 'member', 'reader'], 'is_admin_project': True, 'service_user_id': None, 'service_user_domain_id': None, 'service_project_id': None, 'service_project_domain_id': None, 'service_roles': []} {{(pid=81796) fill_context /opt/stack/keystone/keystone/server/flask/request_processing/middleware/auth_context.py:478}}
Sep 20 09:15:14.306901 dv-neutron-855703-4-hyperv devstack@keystone.service[81796]: DEBUG keystone.server.flask.request_processing.req_logging [None req-012724c1-45f1-4b7d-8e49-58ccae6fde2c None admin] REQUEST_METHOD: `GET` {{(pid=81796) log_request_info /opt/stack/keystone/keystone/server/flask/request_processing/req_logging.py:27}}
Sep 20 09:15:14.307178 dv-neutron-855703-4-hyperv devstack@keystone.service[81796]: DEBUG keystone.server.flask.request_processing.req_logging [None req-012724c1-45f1-4b7d-8e49-58ccae6fde2c None admin] SCRIPT_NAME: `/identity` {{(pid=81796) log_request_info /opt/stack/keystone/keystone/server/flask/request_processing/req_logging.py:28}}
Sep 20 09:15:14.308251 dv-neutron-855703-4-hyperv devstack@keystone.service[81796]: DEBUG keystone.server.flask.request_processing.req_logging [None req-012724c1-45f1-4b7d-8e49-58ccae6fde2c None admin] PATH_INFO: `/v3/role_assignments` {{(pid=81796) log_request_info /opt/stack/keystone/keystone/server/flask/request_processing/req_logging.py:29}}
Sep 20 09:15:14.310077 dv-neutron-855703-4-hyperv devstack@keystone.service[81796]: DEBUG keystone.common.rbac_enforcer.enforcer [None req-012724c1-45f1-4b7d-8e49-58ccae6fde2c None admin] RBAC: Adding query filter params (role.id=4796bd5bf4174d69abe57896c90b6275, scope.project.id=95ece8a25daf4bc2b47c1c36ea348283, user.id=dce5f71f1cbe4d63b5ae345395f06901) {{(pid=81796) _extract_filter_values /opt/stack/keystone/keystone/common/rbac_enforcer/enforcer.py:167}}
Sep 20 09:15:14.311715 dv-neutron-855703-4-hyperv devstack@keystone.service[81796]: DEBUG keystone.common.rbac_enforcer.enforcer [None req-012724c1-45f1-4b7d-8e49-58ccae6fde2c None admin] RBAC: Authorizing `identity:list_role_assignments()` {{(pid=81796) enforce_call /opt/stack/keystone/keystone/common/rbac_enforcer/enforcer.py:449}}
Sep 20 09:15:14.314000 dv-neutron-855703-4-hyperv devstack@keystone.service[81796]: DEBUG keystone.common.rbac_enforcer.enforcer [None req-012724c1-45f1-4b7d-8e49-58ccae6fde2c None admin] RBAC: Authorization granted {{(pid=81796) enforce_call /opt/stack/keystone/keystone/common/rbac_enforcer/enforcer.py:457}}
Sep 20 09:15:14.319273 dv-neutron-855703-4-hyperv devstack@keystone.service[81797]: DEBUG keystone.server.flask.request_processing.middleware.auth_context [None req-0a784af1-65b2-4240-984b-91ee79fe1dae None admin] Validating token access rules against request {{(pid=81797) validate_allowed_request /usr/local/lib/python3.8/dist-packages/keystonemiddleware/auth_token/__init__.py:545}}
Sep 20 09:15:14.337361 dv-neutron-855703-4-hyperv devstack@keystone.service[81796]: [pid: 81796|app: 0|req: 83/171] 10.222.0.49 () {56 vars in 1374 bytes} [Tue Sep 20 09:15:14 2022] GET /identity/v3/role_assignments?user.id=dce5f71f1cbe4d63b5ae345395f06901&scope.project.id=95ece8a25daf4bc2b47c1c36ea348283&role.id=4796bd5bf4174d69abe57896c90b6275 => generated 608 bytes in 299 msecs (HTTP/1.1 200) 5 headers in 177 bytes (1 switches on core 0)
Sep 20 09:15:14.338052 dv-neutron-855703-4-hyperv devstack@keystone.service[81796]: DEBUG keystone.server.flask.request_processing.middleware.auth_context [None req-012724c1-45f1-4b7d-8e49-58ccae6fde2c None admin] Authenticating user token {{(pid=81796) process_request /usr/local/lib/python3.8/dist-packages/keystonemiddleware/auth_token/__init__.py:407}}
Sep 20 09:15:14.359155 dv-neutron-855703-4-hyperv devstack@keystone.service[81797]: DEBUG dbcounter [-] [81797] Writing DB stats keystone:SELECT=100 {{(pid=81797) stat_writer /usr/local/lib/python3.8/dist-packages/dbcounter.py:114}}
Sep 20 09:15:14.374438 dv-neutron-855703-4-hyperv devstack@keystone.service[81797]: DEBUG keystone.server.flask.request_processing.middleware.auth_context [None req-578b90ef-872f-49ce-931c-fc993f532371 None admin] RBAC: auth_context: {'token': , 'domain_id': None, 'trust_id': None, 'trustor_id': None, 'trustee_id': None, 'domain_name': None, 'group_ids': [], 'user_id': '0b40548f67384d39a942749b73996bd0', 'user_domain_id': 'default', 'system_scope': 'all', 'project_id': None, 'project_domain_id': None, 'roles': ['admin', 'member', 'reader'], 'is_admin_project': True, 'service_user_id': None, 'service_user_domain_id': None, 'service_project_id': None, 'service_project_domain_id': None, 'service_roles': []} {{(pid=81797) fill_context /opt/stack/keystone/keystone/server/flask/request_processing/middleware/auth_context.py:478}}
Sep 20 09:15:14.375537 dv-neutron-855703-4-hyperv devstack@keystone.service[81797]: DEBUG keystone.server.flask.request_processing.req_logging [None req-578b90ef-872f-49ce-931c-fc993f532371 None admin] REQUEST_METHOD: `GET` {{(pid=81797) log_request_info /opt/stack/keystone/keystone/server/flask/request_processing/req_logging.py:27}}
Sep 20 09:15:14.376254 dv-neutron-855703-4-hyperv devstack@keystone.service[81796]: DEBUG dbcounter [-] [81796] Writing DB stats keystone:SELECT=100 {{(pid=81796) stat_writer /usr/local/lib/python3.8/dist-packages/dbcounter.py:114}}
Sep 20 09:15:14.377319 dv-neutron-855703-4-hyperv devstack@keystone.service[81797]: DEBUG keystone.server.flask.request_processing.req_logging [None req-578b90ef-872f-49ce-931c-fc993f532371 None admin] SCRIPT_NAME: `/identity` {{(pid=81797) log_request_info /opt/stack/keystone/keystone/server/flask/request_processing/req_logging.py:28}}
Sep 20 09:15:14.377875 dv-neutron-855703-4-hyperv devstack@keystone.service[81797]: DEBUG keystone.server.flask.request_processing.req_logging [None req-578b90ef-872f-49ce-931c-fc993f532371 None admin] PATH_INFO: `/v3/roles/reader` {{(pid=81797) log_request_info /opt/stack/keystone/keystone/server/flask/request_processing/req_logging.py:29}}
Sep 20 09:15:14.401831 dv-neutron-855703-4-hyperv devstack@keystone.service[81797]: DEBUG keystone.common.rbac_enforcer.enforcer [None req-578b90ef-872f-49ce-931c-fc993f532371 None admin] Extracting inferred target data resulted in "NOT FOUND (404)". {{(pid=81797) enforce_call /opt/stack/keystone/keystone/common/rbac_enforcer/enforcer.py:409}}
Sep 20 09:15:14.407761 dv-neutron-855703-4-hyperv devstack@keystone.service[81797]: ERROR keystone.server.flask.application [None req-578b90ef-872f-49ce-931c-fc993f532371 None admin] Could not find role: reader.: keystone.exception.RoleNotFound: Could not find role: reader.
Sep 20 09:15:14.407761 dv-neutron-855703-4-hyperv devstack@keystone.service[81797]: ERROR keystone.server.flask.application
Traceback (most recent call last):
Sep 20 09:15:14.407761 dv-neutron-855703-4-hyperv devstack@keystone.service[81797]: ERROR keystone.server.flask.application
File "/usr/local/lib/python3.8/dist-packages/flask/app.py", line 1820, in full_dispatch_request
Sep 20 09:15:14.407761 dv-neutron-855703-4-hyperv devstack@keystone.service[81797]: ERROR keystone.server.flask.application rv = self.dispatch_request()
Sep 20 09:15:14.407761 dv-neutron-855703-4-hyperv devstack@keystone.service[81797]: ERROR keystone.server.flask.application
File "/usr/local/lib/python3.8/dist-packages/flask/app.py", line 1796, in dispatch_request
Sep 20 09:15:14.407761 dv-neutron-855703-4-hyperv devstack@keystone.service[81797]: ERROR keystone.server.flask.application return self.ensure_sync(self.view_functions[rule.endpoint])(**view_args)
Sep 20 09:15:14.407761 dv-neutron-855703-4-hyperv devstack@keystone.service[81797]: ERROR keystone.server.flask.application
File "/usr/local/lib/python3.8/dist-packages/flask_restful/__init__.py", line 467, in wrapper
Sep 20 09:15:14.407761 dv-neutron-855703-4-hyperv devstack@keystone.service[81797]: ERROR keystone.server.flask.application resp = resource(*args, **kwargs)
Sep 20 09:15:14.407761 dv-neutron-855703-4-hyperv devstack@keystone.service[81797]: ERROR keystone.server.flask.application
File "/usr/local/lib/python3.8/dist-packages/flask/views.py", line 107, in view
Sep 20 09:15:14.407761 dv-neutron-855703-4-hyperv devstack@keystone.service[81797]: ERROR keystone.server.flask.application return current_app.ensure_sync(self.dispatch_request)(**kwargs)
Sep 20 09:15:14.407761 dv-neutron-855703-4-hyperv devstack@keystone.service[81797]: ERROR keystone.server.flask.application
File "/usr/local/lib/python3.8/dist-packages/flask_restful/__init__.py", line 582, in dispatch_request
Sep 20 09:15:14.407761 dv-neutron-855703-4-hyperv devstack@keystone.service[81797]: ERROR keystone.server.flask.application resp = meth(*args, **kwargs)
Sep 20 09:15:14.407761 dv-neutron-855703-4-hyperv devstack@keystone.service[81797]: ERROR keystone.server.flask.application
File "/opt/stack/keystone/keystone/api/roles.py", line 50, in get
Sep 20 09:15:14.407761 dv-neutron-855703-4-hyperv devstack@keystone.service[81797]: ERROR keystone.server.flask.application return self._get_role(role_id)
Sep 20 09:15:14.407761 dv-neutron-855703-4-hyperv devstack@keystone.service[81797]: ERROR keystone.server.flask.application
File "/opt/stack/keystone/keystone/api/roles.py", line 70, in _get_role
Sep 20 09:15:14.407761 dv-neutron-855703-4-hyperv devstack@keystone.service[81797]: ERROR keystone.server.flask.application ENFORCER.enforce_call(action='identity:get_role')
Sep 20 09:15:14.408704 dv-neutron-855703-4-hyperv devstack@keystone.service[81797]: ERROR keystone.server.flask.application
File "/opt/stack/keystone/keystone/common/rbac_enforcer/enforcer.py", line 402, in enforce_call
Sep 20 09:15:14.408704 dv-neutron-855703-4-hyperv devstack@keystone.service[81797]: ERROR keystone.server.flask.application policy_dict.update(cls._extract_member_target_data(
Sep 20 09:15:14.408704 dv-neutron-855703-4-hyperv devstack@keystone.service[81797]: ERROR keystone.server.flask.application
File "/opt/stack/keystone/keystone/common/rbac_enforcer/enforcer.py", line 234, in _extract_member_target_data
Sep 20 09:15:14.408704 dv-neutron-855703-4-hyperv devstack@keystone.service[81797]: ERROR keystone.server.flask.application member_name: func(flask.request.view_args[key])
Sep 20 09:15:14.408704 dv-neutron-855703-4-hyperv devstack@keystone.service[81797]: ERROR keystone.server.flask.application
File "/opt/stack/keystone/keystone/common/manager.py", line 115, in wrapped
Sep 20 09:15:14.408704 dv-neutron-855703-4-hyperv devstack@keystone.service[81797]: ERROR keystone.server.flask.application __ret_val = __f(*args, **kwargs)
Sep 20 09:15:14.408704 dv-neutron-855703-4-hyperv devstack@keystone.service[81797]: ERROR keystone.server.flask.application
File "/usr/local/lib/python3.8/dist-packages/decorator.py", line 232, in fun
Sep 20 09:15:14.408704 dv-neutron-855703-4-hyperv devstack@keystone.service[81797]: ERROR keystone.server.flask.application return caller(func, *(extras + args), **kw)
Sep 20 09:15:14.408704 dv-neutron-855703-4-hyperv devstack@keystone.service[81797]: ERROR keystone.server.flask.application
File "/usr/local/lib/python3.8/dist-packages/dogpile/cache/region.py", line 1577, in get_or_create_for_user_func
Sep 20 09:15:14.408704 dv-neutron-855703-4-hyperv devstack@keystone.service[81797]: ERROR keystone.server.flask.application return self.get_or_create(
Sep 20 09:15:14.408704 dv-neutron-855703-4-hyperv devstack@keystone.service[81797]: ERROR keystone.server.flask.application
File "/usr/local/lib/python3.8/dist-packages/dogpile/cache/region.py", line 1042, in get_or_create
Sep 20 09:15:14.408704 dv-neutron-855703-4-hyperv devstack@keystone.service[81797]: ERROR keystone.server.flask.application with Lock(
Sep 20 09:15:14.408704 dv-neutron-855703-4-hyperv devstack@keystone.service[81797]: ERROR keystone.server.flask.application
File "/usr/local/lib/python3.8/dist-packages/dogpile/lock.py", line 185, in __enter__
Sep 20 09:15:14.408704 dv-neutron-855703-4-hyperv devstack@keystone.service[81797]: ERROR keystone.server.flask.application return self._enter()
Sep 20 09:15:14.408704 dv-neutron-855703-4-hyperv devstack@keystone.service[81797]: ERROR keystone.server.flask.application
File "/usr/local/lib/python3.8/dist-packages/dogpile/lock.py", line 94, in _enter
Sep 20 09:15:14.408704 dv-neutron-855703-4-hyperv devstack@keystone.service[81797]: ERROR keystone.server.flask.application generated = self._enter_create(value, createdtime)
Sep 20 09:15:14.409478 dv-neutron-855703-4-hyperv devstack@keystone.service[81797]: ERROR keystone.server.flask.application
File "/usr/local/lib/python3.8/dist-packages/dogpile/lock.py", line 178, in _enter_create
Sep 20 09:15:14.409478 dv-neutron-855703-4-hyperv devstack@keystone.service[81797]: ERROR keystone.server.flask.application return self.creator()
Sep 20 09:15:14.409478 dv-neutron-855703-4-hyperv devstack@keystone.service[81797]: ERROR keystone.server.flask.application
File "/usr/local/lib/python3.8/dist-packages/dogpile/cache/region.py", line 995, in gen_value
Sep 20 09:15:14.409478 dv-neutron-855703-4-hyperv devstack@keystone.service[81797]: ERROR keystone.server.flask.application created_value = creator(
Sep 20 09:15:14.409478 dv-neutron-855703-4-hyperv devstack@keystone.service[81797]: ERROR keystone.server.flask.application
File "/opt/stack/keystone/keystone/assignment/core.py", line 1276, in get_role
Sep 20 09:15:14.409478 dv-neutron-855703-4-hyperv devstack@keystone.service[81797]: ERROR keystone.server.flask.application return self.driver.get_role(role_id)
Sep 20 09:15:14.409478 dv-neutron-855703-4-hyperv devstack@keystone.service[81797]: ERROR keystone.server.flask.application
File "/opt/stack/keystone/keystone/assignment/role_backends/sql.py", line 70, in get_role
Sep 20 09:15:14.409478 dv-neutron-855703-4-hyperv devstack@keystone.service[81797]: ERROR keystone.server.flask.application return self._get_role(session, role_id).to_dict()
Sep 20 09:15:14.409478 dv-neutron-855703-4-hyperv devstack@keystone.service[81797]: ERROR keystone.server.flask.application
File "/opt/stack/keystone/keystone/assignment/role_backends/sql.py", line 65, in _get_role
Sep 20 09:15:14.409478 dv-neutron-855703-4-hyperv devstack@keystone.service[81797]: ERROR keystone.server.flask.application raise exception.RoleNotFound(role_id=role_id)
Sep 20 09:15:14.409478 dv-neutron-855703-4-hyperv devstack@keystone.service[81797]: ERROR keystone.server.flask.application keystone.exception.RoleNotFound: Could not find role: reader.
Sep 20 09:15:14.409478 dv-neutron-855703-4-hyperv devstack@keystone.service[81797]: ERROR keystone.server.flask.application
Sep 20 09:15:14.412534 dv-neutron-855703-4-hyperv devstack@keystone.service[81797]: [pid: 81797|app: 0|req: 89/172] 10.222.0.49 () {56 vars in 1099 bytes} [Tue Sep 20 09:15:14 2022] GET /identity/v3/roles/reader => generated 84 bytes in 276 msecs (HTTP/1.1 404) 5 headers in 183 bytes (1 switches on core 0)
Sep 20 09:15:14.413643 dv-neutron-855703-4-hyperv devstack@keystone.service[81797]: DEBUG keystone.server.flask.request_processing.middleware.auth_context [None req-578b90ef-872f-49ce-931c-fc993f532371 None admin] Authenticating user token {{(pid=81797) process_request /usr/local/lib/python3.8/dist-packages/keystonemiddleware/auth_token/__init__.py:407}}
Sep 20 09:15:14.533487 dv-neutron-855703-4-hyperv devstack@keystone.service[81796]: DEBUG keystone.server.flask.request_processing.middleware.auth_context [None req-012724c1-45f1-4b7d-8e49-58ccae6fde2c None admin] Validating token access rules against request {{(pid=81796) validate_allowed_request /usr/local/lib/python3.8/dist-packages/keystonemiddleware/auth_token/__init__.py:545}}
Sep 20 09:15:14.621290 dv-neutron-855703-4-hyperv devstack@keystone.service[81796]: DEBUG keystone.server.flask.request_processing.middleware.auth_context [None req-dc9a30c2-064c-48bd-a065-24dd8836b43a None admin] RBAC: auth_context: {'token': , 'domain_id': None, 'trust_id': None, 'trustor_id': None, 'trustee_id': None, 'domain_name': None, 'group_ids': [], 'user_id': '0b40548f67384d39a942749b73996bd0', 'user_domain_id': 'default', 'system_scope': 'all', 'project_id': None, 'project_domain_id': None, 'roles': ['admin', 'member', 'reader'], 'is_admin_project': True, 'service_user_id': None, 'service_user_domain_id': None, 'service_project_id': None, 'service_project_domain_id': None, 'service_roles': []} {{(pid=81796) fill_context /opt/stack/keystone/keystone/server/flask/request_processing/middleware/auth_context.py:478}}
