Oct 18 08:41:17.641568 dv-neutron-855677-6-hyperv devstack@n-api.service[127086]: DEBUG nova.api.openstack.wsgi_app [-] oslo_limit.auth_type = None {{(pid=127086) log_opt_values /usr/local/lib/python3.8/dist-packages/oslo_config/cfg.py:2609}}
Oct 18 08:41:17.641568 dv-neutron-855677-6-hyperv devstack@n-api.service[127086]: DEBUG nova.api.openstack.wsgi_app [-] oslo_limit.cafile = None {{(pid=127086) log_opt_values /usr/local/lib/python3.8/dist-packages/oslo_config/cfg.py:2609}}
Oct 18 08:41:17.641568 dv-neutron-855677-6-hyperv devstack@n-api.service[127086]: DEBUG nova.api.openstack.wsgi_app [-] oslo_limit.certfile = None {{(pid=127086) log_opt_values /usr/local/lib/python3.8/dist-packages/oslo_config/cfg.py:2609}}
Oct 18 08:41:17.641568 dv-neutron-855677-6-hyperv devstack@n-api.service[127086]: DEBUG nova.api.openstack.wsgi_app [-] oslo_limit.collect_timing = False {{(pid=127086) log_opt_values /usr/local/lib/python3.8/dist-packages/oslo_config/cfg.py:2609}}
Oct 18 08:41:17.641568 dv-neutron-855677-6-hyperv devstack@n-api.service[127086]: DEBUG nova.api.openstack.wsgi_app [-] oslo_limit.connect_retries = None {{(pid=127086) log_opt_values /usr/local/lib/python3.8/dist-packages/oslo_config/cfg.py:2609}}
Oct 18 08:41:17.641568 dv-neutron-855677-6-hyperv devstack@n-api.service[127086]: DEBUG nova.api.openstack.wsgi_app [-] oslo_limit.connect_retry_delay = None {{(pid=127086) log_opt_values /usr/local/lib/python3.8/dist-packages/oslo_config/cfg.py:2609}}
Oct 18 08:41:17.642688 dv-neutron-855677-6-hyperv devstack@n-api.service[127086]: DEBUG nova.api.openstack.wsgi_app [-] oslo_limit.endpoint_id = None {{(pid=127086) log_opt_values /usr/local/lib/python3.8/dist-packages/oslo_config/cfg.py:2609}}
Oct 18 08:41:17.642688 dv-neutron-855677-6-hyperv devstack@n-api.service[127086]: DEBUG nova.api.openstack.wsgi_app [-] oslo_limit.endpoint_override = None {{(pid=127086) log_opt_values /usr/local/lib/python3.8/dist-packages/oslo_config/cfg.py:2609}}
Oct 18 08:41:17.642688 dv-neutron-855677-6-hyperv devstack@n-api.service[127086]: DEBUG nova.api.openstack.wsgi_app [-] oslo_limit.insecure = False {{(pid=127086) log_opt_values /usr/local/lib/python3.8/dist-packages/oslo_config/cfg.py:2609}}
Oct 18 08:41:17.642688 dv-neutron-855677-6-hyperv devstack@n-api.service[127086]: DEBUG nova.api.openstack.wsgi_app [-] oslo_limit.keyfile = None {{(pid=127086) log_opt_values /usr/local/lib/python3.8/dist-packages/oslo_config/cfg.py:2609}}
Oct 18 08:41:17.642688 dv-neutron-855677-6-hyperv devstack@n-api.service[127086]: DEBUG nova.api.openstack.wsgi_app [-] oslo_limit.max_version = None {{(pid=127086) log_opt_values /usr/local/lib/python3.8/dist-packages/oslo_config/cfg.py:2609}}
Oct 18 08:41:17.642688 dv-neutron-855677-6-hyperv devstack@n-api.service[127086]: DEBUG nova.api.openstack.wsgi_app [-] oslo_limit.min_version = None {{(pid=127086) log_opt_values /usr/local/lib/python3.8/dist-packages/oslo_config/cfg.py:2609}}
Oct 18 08:41:17.642688 dv-neutron-855677-6-hyperv devstack@n-api.service[127086]: DEBUG nova.api.openstack.wsgi_app [-] oslo_limit.region_name = None {{(pid=127086) log_opt_values /usr/local/lib/python3.8/dist-packages/oslo_config/cfg.py:2609}}
Oct 18 08:41:17.642688 dv-neutron-855677-6-hyperv devstack@n-api.service[127086]: DEBUG nova.api.openstack.wsgi_app [-] oslo_limit.service_name = None {{(pid=127086) log_opt_values /usr/local/lib/python3.8/dist-packages/oslo_config/cfg.py:2609}}
Oct 18 08:41:17.643948 dv-neutron-855677-6-hyperv devstack@n-api.service[127086]: DEBUG nova.api.openstack.wsgi_app [-] oslo_limit.service_type = None {{(pid=127086) log_opt_values /usr/local/lib/python3.8/dist-packages/oslo_config/cfg.py:2609}}
Oct 18 08:41:17.643948 dv-neutron-855677-6-hyperv devstack@n-api.service[127086]: DEBUG nova.api.openstack.wsgi_app [-] oslo_limit.split_loggers = False {{(pid=127086) log_opt_values /usr/local/lib/python3.8/dist-packages/oslo_config/cfg.py:2609}}
Oct 18 08:41:17.643948 dv-neutron-855677-6-hyperv devstack@n-api.service[127086]: DEBUG nova.api.openstack.wsgi_app [-] oslo_limit.status_code_retries = None {{(pid=127086) log_opt_values /usr/local/lib/python3.8/dist-packages/oslo_config/cfg.py:2609}}
Oct 18 08:41:17.643948 dv-neutron-855677-6-hyperv devstack@n-api.service[127086]: DEBUG nova.api.openstack.wsgi_app [-] oslo_limit.status_code_retry_delay = None {{(pid=127086) log_opt_values /usr/local/lib/python3.8/dist-packages/oslo_config/cfg.py:2609}}
Oct 18 08:41:17.643948 dv-neutron-855677-6-hyperv devstack@n-api.service[127086]: DEBUG nova.api.openstack.wsgi_app [-] oslo_limit.timeout = None {{(pid=127086) log_opt_values /usr/local/lib/python3.8/dist-packages/oslo_config/cfg.py:2609}}
Oct 18 08:41:17.643948 dv-neutron-855677-6-hyperv devstack@n-api.service[127086]: DEBUG nova.api.openstack.wsgi_app [-] oslo_limit.valid_interfaces = None {{(pid=127086) log_opt_values /usr/local/lib/python3.8/dist-packages/oslo_config/cfg.py:2609}}
Oct 18 08:41:17.643948 dv-neutron-855677-6-hyperv devstack@n-api.service[127086]: DEBUG nova.api.openstack.wsgi_app [-] oslo_limit.version = None {{(pid=127086) log_opt_values /usr/local/lib/python3.8/dist-packages/oslo_config/cfg.py:2609}}
Oct 18 08:41:17.644905 dv-neutron-855677-6-hyperv devstack@n-api.service[127086]: DEBUG nova.api.openstack.wsgi_app [-] oslo_middleware.http_basic_auth_user_file = /etc/htpasswd {{(pid=127086) log_opt_values /usr/local/lib/python3.8/dist-packages/oslo_config/cfg.py:2609}}
Oct 18 08:41:17.644905 dv-neutron-855677-6-hyperv devstack@n-api.service[127086]: DEBUG nova.api.openstack.wsgi_app [-] profiler.connection_string = messaging:// {{(pid=127086) log_opt_values /usr/local/lib/python3.8/dist-packages/oslo_config/cfg.py:2609}}
Oct 18 08:41:17.644905 dv-neutron-855677-6-hyperv devstack@n-api.service[127086]: DEBUG nova.api.openstack.wsgi_app [-] profiler.enabled = False {{(pid=127086) log_opt_values /usr/local/lib/python3.8/dist-packages/oslo_config/cfg.py:2609}}
Oct 18 08:41:17.645455 dv-neutron-855677-6-hyperv devstack@n-api.service[127086]: DEBUG nova.api.openstack.wsgi_app [-] profiler.es_doc_type = notification {{(pid=127086) log_opt_values /usr/local/lib/python3.8/dist-packages/oslo_config/cfg.py:2609}}
Oct 18 08:41:17.645602 dv-neutron-855677-6-hyperv devstack@n-api.service[127086]: DEBUG nova.api.openstack.wsgi_app [-] profiler.es_scroll_size = 10000 {{(pid=127086) log_opt_values /usr/local/lib/python3.8/dist-packages/oslo_config/cfg.py:2609}}
Oct 18 08:41:17.645806 dv-neutron-855677-6-hyperv devstack@n-api.service[127086]: DEBUG nova.api.openstack.wsgi_app [-] profiler.es_scroll_time = 2m {{(pid=127086) log_opt_values /usr/local/lib/python3.8/dist-packages/oslo_config/cfg.py:2609}}
Oct 18 08:41:17.646125 dv-neutron-855677-6-hyperv devstack@n-api.service[127086]: DEBUG nova.api.openstack.wsgi_app [-] profiler.filter_error_trace = False {{(pid=127086) log_opt_values /usr/local/lib/python3.8/dist-packages/oslo_config/cfg.py:2609}}
Oct 18 08:41:17.646456 dv-neutron-855677-6-hyperv devstack@n-api.service[127086]: DEBUG nova.api.openstack.wsgi_app [-] profiler.hmac_keys = SECRET_KEY {{(pid=127086) log_opt_values /usr/local/lib/python3.8/dist-packages/oslo_config/cfg.py:2609}}
Oct 18 08:41:17.646914 dv-neutron-855677-6-hyperv devstack@n-api.service[127086]: DEBUG nova.api.openstack.wsgi_app [-] profiler.sentinel_service_name = mymaster {{(pid=127086) log_opt_values /usr/local/lib/python3.8/dist-packages/oslo_config/cfg.py:2609}}
Oct 18 08:41:17.647180 dv-neutron-855677-6-hyperv devstack@n-api.service[127086]: DEBUG nova.api.openstack.wsgi_app [-] profiler.socket_timeout = 0.1 {{(pid=127086) log_opt_values /usr/local/lib/python3.8/dist-packages/oslo_config/cfg.py:2609}}
Oct 18 08:41:17.647503 dv-neutron-855677-6-hyperv devstack@n-api.service[127086]: DEBUG nova.api.openstack.wsgi_app [-] profiler.trace_sqlalchemy = False {{(pid=127086) log_opt_values /usr/local/lib/python3.8/dist-packages/oslo_config/cfg.py:2609}}
Oct 18 08:41:17.647843 dv-neutron-855677-6-hyperv devstack@n-api.service[127086]: DEBUG nova.api.openstack.wsgi_app [-] oslo_messaging_rabbit.amqp_auto_delete = False {{(pid=127086) log_opt_values /usr/local/lib/python3.8/dist-packages/oslo_config/cfg.py:2609}}
Oct 18 08:41:17.648160 dv-neutron-855677-6-hyperv devstack@n-api.service[127086]: DEBUG nova.api.openstack.wsgi_app [-] oslo_messaging_rabbit.amqp_durable_queues = False {{(pid=127086) log_opt_values /usr/local/lib/python3.8/dist-packages/oslo_config/cfg.py:2609}}
Oct 18 08:41:17.648480 dv-neutron-855677-6-hyperv devstack@n-api.service[127086]: DEBUG nova.api.openstack.wsgi_app [-] oslo_messaging_rabbit.conn_pool_min_size = 2 {{(pid=127086) log_opt_values /usr/local/lib/python3.8/dist-packages/oslo_config/cfg.py:2609}}
Oct 18 08:41:17.648813 dv-neutron-855677-6-hyperv devstack@n-api.service[127086]: DEBUG nova.api.openstack.wsgi_app [-] oslo_messaging_rabbit.conn_pool_ttl = 1200 {{(pid=127086) log_opt_values /usr/local/lib/python3.8/dist-packages/oslo_config/cfg.py:2609}}
Oct 18 08:41:17.649106 dv-neutron-855677-6-hyperv devstack@n-api.service[127086]: DEBUG nova.api.openstack.wsgi_app [-] oslo_messaging_rabbit.direct_mandatory_flag = True {{(pid=127086) log_opt_values /usr/local/lib/python3.8/dist-packages/oslo_config/cfg.py:2609}}
Oct 18 08:41:17.649426 dv-neutron-855677-6-hyperv devstack@n-api.service[127086]: DEBUG nova.api.openstack.wsgi_app [-] oslo_messaging_rabbit.enable_cancel_on_failover = False {{(pid=127086) log_opt_values /usr/local/lib/python3.8/dist-packages/oslo_config/cfg.py:2609}}
Oct 18 08:41:17.649745 dv-neutron-855677-6-hyperv devstack@n-api.service[127086]: DEBUG nova.api.openstack.wsgi_app [-] oslo_messaging_rabbit.heartbeat_in_pthread = False {{(pid=127086) log_opt_values /usr/local/lib/python3.8/dist-packages/oslo_config/cfg.py:2609}}
Oct 18 08:41:17.650080 dv-neutron-855677-6-hyperv devstack@n-api.service[127086]: DEBUG nova.api.openstack.wsgi_app [-] oslo_messaging_rabbit.heartbeat_rate = 3 {{(pid=127086) log_opt_values /usr/local/lib/python3.8/dist-packages/oslo_config/cfg.py:2609}}
Oct 18 08:41:17.650414 dv-neutron-855677-6-hyperv devstack@n-api.service[127086]: DEBUG nova.api.openstack.wsgi_app [-] oslo_messaging_rabbit.heartbeat_timeout_threshold = 600 {{(pid=127086) log_opt_values /usr/local/lib/python3.8/dist-packages/oslo_config/cfg.py:2609}}
Oct 18 08:41:17.650753 dv-neutron-855677-6-hyperv devstack@n-api.service[127086]: DEBUG nova.api.openstack.wsgi_app [-] oslo_messaging_rabbit.kombu_compression = None {{(pid=127086) log_opt_values /usr/local/lib/python3.8/dist-packages/oslo_config/cfg.py:2609}}
Oct 18 08:41:17.651128 dv-neutron-855677-6-hyperv devstack@n-api.service[127086]: DEBUG nova.api.openstack.wsgi_app [-] oslo_messaging_rabbit.kombu_failover_strategy = round-robin {{(pid=127086) log_opt_values /usr/local/lib/python3.8/dist-packages/oslo_config/cfg.py:2609}}
Oct 18 08:41:17.651456 dv-neutron-855677-6-hyperv devstack@n-api.service[127086]: DEBUG nova.api.openstack.wsgi_app [-] oslo_messaging_rabbit.kombu_missing_consumer_retry_timeout = 60 {{(pid=127086) log_opt_values /usr/local/lib/python3.8/dist-packages/oslo_config/cfg.py:2609}}
Oct 18 08:41:17.651780 dv-neutron-855677-6-hyperv devstack@n-api.service[127086]: DEBUG nova.api.openstack.wsgi_app [-] oslo_messaging_rabbit.kombu_reconnect_delay = 1.0 {{(pid=127086) log_opt_values /usr/local/lib/python3.8/dist-packages/oslo_config/cfg.py:2609}}
Oct 18 08:41:17.652105 dv-neutron-855677-6-hyperv devstack@n-api.service[127086]: DEBUG nova.api.openstack.wsgi_app [-] oslo_messaging_rabbit.rabbit_ha_queues = False {{(pid=127086) log_opt_values /usr/local/lib/python3.8/dist-packages/oslo_config/cfg.py:2609}}
Oct 18 08:41:17.652422 dv-neutron-855677-6-hyperv devstack@n-api.service[127086]: DEBUG nova.api.openstack.wsgi_app [-] oslo_messaging_rabbit.rabbit_interval_max = 30 {{(pid=127086) log_opt_values /usr/local/lib/python3.8/dist-packages/oslo_config/cfg.py:2609}}
Oct 18 08:41:17.652756 dv-neutron-855677-6-hyperv devstack@n-api.service[127086]: DEBUG nova.api.openstack.wsgi_app [-] oslo_messaging_rabbit.rabbit_login_method = AMQPLAIN {{(pid=127086) log_opt_values /usr/local/lib/python3.8/dist-packages/oslo_config/cfg.py:2609}}
Oct 18 08:41:17.653075 dv-neutron-855677-6-hyperv devstack@n-api.service[127086]: DEBUG nova.api.openstack.wsgi_app [-] oslo_messaging_rabbit.rabbit_qos_prefetch_count = 0 {{(pid=127086) log_opt_values /usr/local/lib/python3.8/dist-packages/oslo_config/cfg.py:2609}}
Oct 18 08:41:17.653395 dv-neutron-855677-6-hyperv devstack@n-api.service[127086]: DEBUG nova.api.openstack.wsgi_app [-] oslo_messaging_rabbit.rabbit_quorum_delivery_limit = 0 {{(pid=127086) log_opt_values /usr/local/lib/python3.8/dist-packages/oslo_config/cfg.py:2609}}
Oct 18 08:41:17.653710 dv-neutron-855677-6-hyperv devstack@n-api.service[127086]: DEBUG nova.api.openstack.wsgi_app [-] oslo_messaging_rabbit.rabbit_quorum_queue = False {{(pid=127086) log_opt_values /usr/local/lib/python3.8/dist-packages/oslo_config/cfg.py:2609}}
Oct 18 08:41:17.654026 dv-neutron-855677-6-hyperv devstack@n-api.service[127086]: DEBUG nova.api.openstack.wsgi_app [-] oslo_messaging_rabbit.rabbit_quroum_max_memory_bytes = 0 {{(pid=127086) log_opt_values /usr/local/lib/python3.8/dist-packages/oslo_config/cfg.py:2609}}
Oct 18 08:41:17.654342 dv-neutron-855677-6-hyperv devstack@n-api.service[127086]: DEBUG nova.api.openstack.wsgi_app [-] oslo_messaging_rabbit.rabbit_quroum_max_memory_length = 0 {{(pid=127086) log_opt_values /usr/local/lib/python3.8/dist-packages/oslo_config/cfg.py:2609}}
Oct 18 08:41:17.654665 dv-neutron-855677-6-hyperv devstack@n-api.service[127086]: DEBUG nova.api.openstack.wsgi_app [-] oslo_messaging_rabbit.rabbit_retry_backoff = 2 {{(pid=127086) log_opt_values /usr/local/lib/python3.8/dist-packages/oslo_config/cfg.py:2609}}
Oct 18 08:41:17.655006 dv-neutron-855677-6-hyperv devstack@n-api.service[127086]: DEBUG nova.api.openstack.wsgi_app [-] oslo_messaging_rabbit.rabbit_retry_interval = 1 {{(pid=127086) log_opt_values /usr/local/lib/python3.8/dist-packages/oslo_config/cfg.py:2609}}
Oct 18 08:41:17.655377 dv-neutron-855677-6-hyperv devstack@n-api.service[127086]: DEBUG nova.api.openstack.wsgi_app [-] oslo_messaging_rabbit.rabbit_transient_queues_ttl = 1800 {{(pid=127086) log_opt_values /usr/local/lib/python3.8/dist-packages/oslo_config/cfg.py:2609}}
Oct 18 08:41:17.655648 dv-neutron-855677-6-hyperv devstack@n-api.service[127086]: DEBUG nova.api.openstack.wsgi_app [-] oslo_messaging_rabbit.rpc_conn_pool_size = 30 {{(pid=127086) log_opt_values /usr/local/lib/python3.8/dist-packages/oslo_config/cfg.py:2609}}
Oct 18 08:41:17.655971 dv-neutron-855677-6-hyperv devstack@n-api.service[127086]: DEBUG nova.api.openstack.wsgi_app [-] oslo_messaging_rabbit.ssl = False {{(pid=127086) log_opt_values /usr/local/lib/python3.8/dist-packages/oslo_config/cfg.py:2609}}
Oct 18 08:41:17.656303 dv-neutron-855677-6-hyperv devstack@n-api.service[127086]: DEBUG nova.api.openstack.wsgi_app [-] oslo_messaging_rabbit.ssl_ca_file = {{(pid=127086) log_opt_values /usr/local/lib/python3.8/dist-packages/oslo_config/cfg.py:2609}}
Oct 18 08:41:17.656635 dv-neutron-855677-6-hyperv devstack@n-api.service[127086]: DEBUG nova.api.openstack.wsgi_app [-] oslo_messaging_rabbit.ssl_cert_file = {{(pid=127086) log_opt_values /usr/local/lib/python3.8/dist-packages/oslo_config/cfg.py:2609}}
Oct 18 08:41:17.657106 dv-neutron-855677-6-hyperv devstack@n-api.service[127086]: DEBUG nova.api.openstack.wsgi_app [-] oslo_messaging_rabbit.ssl_enforce_fips_mode = False {{(pid=127086) log_opt_values /usr/local/lib/python3.8/dist-packages/oslo_config/cfg.py:2609}}
Oct 18 08:41:17.657306 dv-neutron-855677-6-hyperv devstack@n-api.service[127086]: DEBUG nova.api.openstack.wsgi_app [-] oslo_messaging_rabbit.ssl_key_file = {{(pid=127086) log_opt_values /usr/local/lib/python3.8/dist-packages/oslo_config/cfg.py:2609}}
Oct 18 08:41:17.657641 dv-neutron-855677-6-hyperv devstack@n-api.service[127086]: DEBUG nova.api.openstack.wsgi_app [-] oslo_messaging_rabbit.ssl_version = {{(pid=127086) log_opt_values /usr/local/lib/python3.8/dist-packages/oslo_config/cfg.py:2609}}
Oct 18 08:41:17.657996 dv-neutron-855677-6-hyperv devstack@n-api.service[127086]: DEBUG nova.api.openstack.wsgi_app [-] oslo_messaging_notifications.driver = ['messagingv2'] {{(pid=127086) log_opt_values /usr/local/lib/python3.8/dist-packages/oslo_config/cfg.py:2609}}
Oct 18 08:41:17.658316 dv-neutron-855677-6-hyperv devstack@n-api.service[127086]: DEBUG nova.api.openstack.wsgi_app [-] oslo_messaging_notifications.retry = -1 {{(pid=127086) log_opt_values /usr/local/lib/python3.8/dist-packages/oslo_config/cfg.py:2609}}
Oct 18 08:41:17.658672 dv-neutron-855677-6-hyperv devstack@n-api.service[127086]: DEBUG nova.api.openstack.wsgi_app [-] oslo_messaging_notifications.topics = ['notifications'] {{(pid=127086) log_opt_values /usr/local/lib/python3.8/dist-packages/oslo_config/cfg.py:2609}}
Oct 18 08:41:17.659044 dv-neutron-855677-6-hyperv devstack@n-api.service[127086]: DEBUG nova.api.openstack.wsgi_app [-] oslo_messaging_notifications.transport_url = **** {{(pid=127086) log_opt_values /usr/local/lib/python3.8/dist-packages/oslo_config/cfg.py:2609}}
Oct 18 08:41:17.659373 dv-neutron-855677-6-hyperv devstack@n-api.service[127086]: DEBUG nova.api.openstack.wsgi_app [-] oslo_reports.file_event_handler = None {{(pid=127086) log_opt_values /usr/local/lib/python3.8/dist-packages/oslo_config/cfg.py:2609}}
Oct 18 08:41:17.659692 dv-neutron-855677-6-hyperv devstack@n-api.service[127086]: DEBUG nova.api.openstack.wsgi_app [-] oslo_reports.file_event_handler_interval = 1 {{(pid=127086) log_opt_values /usr/local/lib/python3.8/dist-packages/oslo_config/cfg.py:2609}}
Oct 18 08:41:17.660007 dv-neutron-855677-6-hyperv devstack@n-api.service[127086]: DEBUG nova.api.openstack.wsgi_app [-] oslo_reports.log_dir = None {{(pid=127086) log_opt_values /usr/local/lib/python3.8/dist-packages/oslo_config/cfg.py:2609}}
Oct 18 08:41:17.660257 dv-neutron-855677-6-hyperv devstack@n-api.service[127086]: DEBUG nova.api.openstack.wsgi_app [-] ******************************************************************************** {{(pid=127086) log_opt_values /usr/local/lib/python3.8/dist-packages/oslo_config/cfg.py:2613}}
Oct 18 08:41:17.699864 dv-neutron-855677-6-hyperv devstack@n-api.service[127087]: INFO dbcounter [None req-88d52977-559c-4f4e-b628-cffdca0dcee8 None None] Registered counter for database nova_api
Oct 18 08:41:17.721540 dv-neutron-855677-6-hyperv devstack@n-api.service[127087]: DEBUG oslo_db.sqlalchemy.engines [None req-88d52977-559c-4f4e-b628-cffdca0dcee8 None None] MySQL server mode set to STRICT_TRANS_TABLES,STRICT_ALL_TABLES,NO_ZERO_IN_DATE,NO_ZERO_DATE,ERROR_FOR_DIVISION_BY_ZERO,TRADITIONAL,NO_ENGINE_SUBSTITUTION {{(pid=127087) _check_effective_sql_mode /usr/local/lib/python3.8/dist-packages/oslo_db/sqlalchemy/engines.py:314}}
Oct 18 08:41:17.722291 dv-neutron-855677-6-hyperv devstack@n-api.service[127086]: INFO dbcounter [None req-3ac8df9d-8d86-4788-9120-fd7e904fc206 None None] Registered counter for database nova_api
Oct 18 08:41:17.730999 dv-neutron-855677-6-hyperv devstack@n-api.service[127087]: DEBUG dbcounter [-] [127087] Writer thread running {{(pid=127087) stat_writer /usr/local/lib/python3.8/dist-packages/dbcounter.py:99}}
Oct 18 08:41:17.743146 dv-neutron-855677-6-hyperv devstack@n-api.service[127086]: DEBUG oslo_db.sqlalchemy.engines [None req-3ac8df9d-8d86-4788-9120-fd7e904fc206 None None] MySQL server mode set to STRICT_TRANS_TABLES,STRICT_ALL_TABLES,NO_ZERO_IN_DATE,NO_ZERO_DATE,ERROR_FOR_DIVISION_BY_ZERO,TRADITIONAL,NO_ENGINE_SUBSTITUTION {{(pid=127086) _check_effective_sql_mode /usr/local/lib/python3.8/dist-packages/oslo_db/sqlalchemy/engines.py:314}}
Oct 18 08:41:17.750990 dv-neutron-855677-6-hyperv devstack@n-api.service[127086]: DEBUG dbcounter [-] [127086] Writer thread running {{(pid=127086) stat_writer /usr/local/lib/python3.8/dist-packages/dbcounter.py:99}}
Oct 18 08:41:17.789222 dv-neutron-855677-6-hyperv devstack@n-api.service[127087]: DEBUG nova.context [None req-88d52977-559c-4f4e-b628-cffdca0dcee8 None None] Found 2 cells: 00000000-0000-0000-0000-000000000000(cell0),486fc576-beaa-472d-a1ba-f45db0867981(cell1) {{(pid=127087) load_cells /opt/stack/nova/nova/context.py:464}}
Oct 18 08:41:17.793805 dv-neutron-855677-6-hyperv devstack@n-api.service[127087]: DEBUG oslo_concurrency.lockutils [None req-88d52977-559c-4f4e-b628-cffdca0dcee8 None None] Acquiring lock "00000000-0000-0000-0000-000000000000" by "nova.context.set_target_cell..get_or_set_cached_cell_and_set_connections" {{(pid=127087) inner /usr/local/lib/python3.8/dist-packages/oslo_concurrency/lockutils.py:404}}
Oct 18 08:41:17.794282 dv-neutron-855677-6-hyperv devstack@n-api.service[127087]: DEBUG oslo_concurrency.lockutils [None req-88d52977-559c-4f4e-b628-cffdca0dcee8 None None] Lock "00000000-0000-0000-0000-000000000000" acquired by "nova.context.set_target_cell..get_or_set_cached_cell_and_set_connections" :: waited 0.001s {{(pid=127087) inner /usr/local/lib/python3.8/dist-packages/oslo_concurrency/lockutils.py:409}}
Oct 18 08:41:17.795891 dv-neutron-855677-6-hyperv devstack@n-api.service[127087]: DEBUG oslo_concurrency.lockutils [None req-88d52977-559c-4f4e-b628-cffdca0dcee8 None None] Lock "00000000-0000-0000-0000-000000000000" "released" by "nova.context.set_target_cell..get_or_set_cached_cell_and_set_connections" :: held 0.002s {{(pid=127087) inner /usr/local/lib/python3.8/dist-packages/oslo_concurrency/lockutils.py:423}}
Oct 18 08:41:17.796620 dv-neutron-855677-6-hyperv devstack@n-api.service[127087]: DEBUG oslo_concurrency.lockutils [None req-88d52977-559c-4f4e-b628-cffdca0dcee8 None None] Acquiring lock "486fc576-beaa-472d-a1ba-f45db0867981" by "nova.context.set_target_cell..get_or_set_cached_cell_and_set_connections" {{(pid=127087) inner /usr/local/lib/python3.8/dist-packages/oslo_concurrency/lockutils.py:404}}
Oct 18 08:41:17.797065 dv-neutron-855677-6-hyperv devstack@n-api.service[127087]: DEBUG oslo_concurrency.lockutils [None req-88d52977-559c-4f4e-b628-cffdca0dcee8 None None] Lock "486fc576-beaa-472d-a1ba-f45db0867981" acquired by "nova.context.set_target_cell..get_or_set_cached_cell_and_set_connections" :: waited 0.000s {{(pid=127087) inner /usr/local/lib/python3.8/dist-packages/oslo_concurrency/lockutils.py:409}}
Oct 18 08:41:17.799098 dv-neutron-855677-6-hyperv devstack@n-api.service[127087]: DEBUG oslo_concurrency.lockutils [None req-88d52977-559c-4f4e-b628-cffdca0dcee8 None None] Lock "486fc576-beaa-472d-a1ba-f45db0867981" "released" by "nova.context.set_target_cell..get_or_set_cached_cell_and_set_connections" :: held 0.002s {{(pid=127087) inner /usr/local/lib/python3.8/dist-packages/oslo_concurrency/lockutils.py:423}}
Oct 18 08:41:17.801107 dv-neutron-855677-6-hyperv devstack@n-api.service[127087]: INFO dbcounter [None req-88d52977-559c-4f4e-b628-cffdca0dcee8 None None] Registered counter for database nova_cell0
Oct 18 08:41:17.805152 dv-neutron-855677-6-hyperv devstack@n-api.service[127087]: INFO dbcounter [None req-88d52977-559c-4f4e-b628-cffdca0dcee8 None None] Registered counter for database nova_cell1
Oct 18 08:41:17.809884 dv-neutron-855677-6-hyperv devstack@n-api.service[127086]: DEBUG nova.context [None req-3ac8df9d-8d86-4788-9120-fd7e904fc206 None None] Found 2 cells: 00000000-0000-0000-0000-000000000000(cell0),486fc576-beaa-472d-a1ba-f45db0867981(cell1) {{(pid=127086) load_cells /opt/stack/nova/nova/context.py:464}}
Oct 18 08:41:17.812972 dv-neutron-855677-6-hyperv devstack@n-api.service[127087]: DEBUG oslo_db.sqlalchemy.engines [None req-88d52977-559c-4f4e-b628-cffdca0dcee8 None None] MySQL server mode set to STRICT_TRANS_TABLES,STRICT_ALL_TABLES,NO_ZERO_IN_DATE,NO_ZERO_DATE,ERROR_FOR_DIVISION_BY_ZERO,TRADITIONAL,NO_ENGINE_SUBSTITUTION {{(pid=127087) _check_effective_sql_mode /usr/local/lib/python3.8/dist-packages/oslo_db/sqlalchemy/engines.py:314}}
Oct 18 08:41:17.814917 dv-neutron-855677-6-hyperv devstack@n-api.service[127086]: DEBUG oslo_concurrency.lockutils [None req-3ac8df9d-8d86-4788-9120-fd7e904fc206 None None] Acquiring lock "00000000-0000-0000-0000-000000000000" by "nova.context.set_target_cell..get_or_set_cached_cell_and_set_connections" {{(pid=127086) inner /usr/local/lib/python3.8/dist-packages/oslo_concurrency/lockutils.py:404}}
Oct 18 08:41:17.815433 dv-neutron-855677-6-hyperv devstack@n-api.service[127086]: DEBUG oslo_concurrency.lockutils [None req-3ac8df9d-8d86-4788-9120-fd7e904fc206 None None] Lock "00000000-0000-0000-0000-000000000000" acquired by "nova.context.set_target_cell..get_or_set_cached_cell_and_set_connections" :: waited 0.001s {{(pid=127086) inner /usr/local/lib/python3.8/dist-packages/oslo_concurrency/lockutils.py:409}}
Oct 18 08:41:17.817126 dv-neutron-855677-6-hyperv devstack@n-api.service[127086]: DEBUG oslo_concurrency.lockutils [None req-3ac8df9d-8d86-4788-9120-fd7e904fc206 None None] Lock "00000000-0000-0000-0000-000000000000" "released" by "nova.context.set_target_cell..get_or_set_cached_cell_and_set_connections" :: held 0.002s {{(pid=127086) inner /usr/local/lib/python3.8/dist-packages/oslo_concurrency/lockutils.py:423}}
Oct 18 08:41:17.817980 dv-neutron-855677-6-hyperv devstack@n-api.service[127086]: DEBUG oslo_concurrency.lockutils [None req-3ac8df9d-8d86-4788-9120-fd7e904fc206 None None] Acquiring lock "486fc576-beaa-472d-a1ba-f45db0867981" by "nova.context.set_target_cell..get_or_set_cached_cell_and_set_connections" {{(pid=127086) inner /usr/local/lib/python3.8/dist-packages/oslo_concurrency/lockutils.py:404}}
Oct 18 08:41:17.818417 dv-neutron-855677-6-hyperv devstack@n-api.service[127087]: DEBUG dbcounter [-] [127087] Writer thread running {{(pid=127087) stat_writer /usr/local/lib/python3.8/dist-packages/dbcounter.py:99}}
Oct 18 08:41:17.818574 dv-neutron-855677-6-hyperv devstack@n-api.service[127086]: DEBUG oslo_concurrency.lockutils [None req-3ac8df9d-8d86-4788-9120-fd7e904fc206 None None] Lock "486fc576-beaa-472d-a1ba-f45db0867981" acquired by "nova.context.set_target_cell..get_or_set_cached_cell_and_set_connections" :: waited 0.001s {{(pid=127086) inner /usr/local/lib/python3.8/dist-packages/oslo_concurrency/lockutils.py:409}}
Oct 18 08:41:17.819051 dv-neutron-855677-6-hyperv devstack@n-api.service[127087]: DEBUG oslo_db.sqlalchemy.engines [None req-88d52977-559c-4f4e-b628-cffdca0dcee8 None None] MySQL server mode set to STRICT_TRANS_TABLES,STRICT_ALL_TABLES,NO_ZERO_IN_DATE,NO_ZERO_DATE,ERROR_FOR_DIVISION_BY_ZERO,TRADITIONAL,NO_ENGINE_SUBSTITUTION {{(pid=127087) _check_effective_sql_mode /usr/local/lib/python3.8/dist-packages/oslo_db/sqlalchemy/engines.py:314}}
Oct 18 08:41:17.820850 dv-neutron-855677-6-hyperv devstack@n-api.service[127086]: DEBUG oslo_concurrency.lockutils [None req-3ac8df9d-8d86-4788-9120-fd7e904fc206 None None] Lock "486fc576-beaa-472d-a1ba-f45db0867981" "released" by "nova.context.set_target_cell..get_or_set_cached_cell_and_set_connections" :: held 0.002s {{(pid=127086) inner /usr/local/lib/python3.8/dist-packages/oslo_concurrency/lockutils.py:423}}
Oct 18 08:41:17.823495 dv-neutron-855677-6-hyperv devstack@n-api.service[127086]: INFO dbcounter [None req-3ac8df9d-8d86-4788-9120-fd7e904fc206 None None] Registered counter for database nova_cell0
Oct 18 08:41:17.827362 dv-neutron-855677-6-hyperv devstack@n-api.service[127086]: INFO dbcounter [None req-3ac8df9d-8d86-4788-9120-fd7e904fc206 None None] Registered counter for database nova_cell1
Oct 18 08:41:17.835352 dv-neutron-855677-6-hyperv devstack@n-api.service[127086]: DEBUG oslo_db.sqlalchemy.engines [None req-3ac8df9d-8d86-4788-9120-fd7e904fc206 None None] MySQL server mode set to STRICT_TRANS_TABLES,STRICT_ALL_TABLES,NO_ZERO_IN_DATE,NO_ZERO_DATE,ERROR_FOR_DIVISION_BY_ZERO,TRADITIONAL,NO_ENGINE_SUBSTITUTION {{(pid=127086) _check_effective_sql_mode /usr/local/lib/python3.8/dist-packages/oslo_db/sqlalchemy/engines.py:314}}
Oct 18 08:41:17.837129 dv-neutron-855677-6-hyperv devstack@n-api.service[127086]: DEBUG oslo_db.sqlalchemy.engines [None req-3ac8df9d-8d86-4788-9120-fd7e904fc206 None None] MySQL server mode set to STRICT_TRANS_TABLES,STRICT_ALL_TABLES,NO_ZERO_IN_DATE,NO_ZERO_DATE,ERROR_FOR_DIVISION_BY_ZERO,TRADITIONAL,NO_ENGINE_SUBSTITUTION {{(pid=127086) _check_effective_sql_mode /usr/local/lib/python3.8/dist-packages/oslo_db/sqlalchemy/engines.py:314}}
Oct 18 08:41:17.844833 dv-neutron-855677-6-hyperv devstack@n-api.service[127086]: DEBUG dbcounter [-] [127086] Writer thread running {{(pid=127086) stat_writer /usr/local/lib/python3.8/dist-packages/dbcounter.py:99}}
Oct 18 08:41:17.845179 dv-neutron-855677-6-hyperv devstack@n-api.service[127086]: DEBUG dbcounter [-] [127086] Writer thread running {{(pid=127086) stat_writer /usr/local/lib/python3.8/dist-packages/dbcounter.py:99}}
Oct 18 08:41:17.962575 dv-neutron-855677-6-hyperv devstack@n-api.service[127087]: DEBUG dbcounter [-] [127087] Writer thread running {{(pid=127087) stat_writer /usr/local/lib/python3.8/dist-packages/dbcounter.py:99}}
Oct 18 08:41:17.971257 dv-neutron-855677-6-hyperv devstack@n-api.service[127087]: INFO dbcounter [None req-88d52977-559c-4f4e-b628-cffdca0dcee8 None None] Registered counter for database nova_cell0
Oct 18 08:41:17.977992 dv-neutron-855677-6-hyperv devstack@n-api.service[127087]: DEBUG oslo_db.sqlalchemy.engines [None req-88d52977-559c-4f4e-b628-cffdca0dcee8 None None] MySQL server mode set to STRICT_TRANS_TABLES,STRICT_ALL_TABLES,NO_ZERO_IN_DATE,NO_ZERO_DATE,ERROR_FOR_DIVISION_BY_ZERO,TRADITIONAL,NO_ENGINE_SUBSTITUTION {{(pid=127087) _check_effective_sql_mode /usr/local/lib/python3.8/dist-packages/oslo_db/sqlalchemy/engines.py:314}}
Oct 18 08:41:17.983174 dv-neutron-855677-6-hyperv devstack@n-api.service[127087]: DEBUG dbcounter [-] [127087] Writer thread running {{(pid=127087) stat_writer /usr/local/lib/python3.8/dist-packages/dbcounter.py:99}}
Oct 18 08:41:17.995907 dv-neutron-855677-6-hyperv devstack@n-api.service[127086]: INFO dbcounter [None req-3ac8df9d-8d86-4788-9120-fd7e904fc206 None None] Registered counter for database nova_cell0
Oct 18 08:41:18.002644 dv-neutron-855677-6-hyperv devstack@n-api.service[127086]: DEBUG oslo_db.sqlalchemy.engines [None req-3ac8df9d-8d86-4788-9120-fd7e904fc206 None None] MySQL server mode set to STRICT_TRANS_TABLES,STRICT_ALL_TABLES,NO_ZERO_IN_DATE,NO_ZERO_DATE,ERROR_FOR_DIVISION_BY_ZERO,TRADITIONAL,NO_ENGINE_SUBSTITUTION {{(pid=127086) _check_effective_sql_mode /usr/local/lib/python3.8/dist-packages/oslo_db/sqlalchemy/engines.py:314}}
Oct 18 08:41:18.007322 dv-neutron-855677-6-hyperv devstack@n-api.service[127086]: DEBUG dbcounter [-] [127086] Writer thread running {{(pid=127086) stat_writer /usr/local/lib/python3.8/dist-packages/dbcounter.py:99}}
Oct 18 08:41:18.300751 dv-neutron-855677-6-hyperv devstack@n-api.service[127087]: WARNING keystonemiddleware.auth_token [None req-88d52977-559c-4f4e-b628-cffdca0dcee8 None None] AuthToken middleware is set with keystone_authtoken.service_token_roles_required set to False. This is backwards compatible but deprecated behaviour. Please set this to True.
Oct 18 08:41:18.308105 dv-neutron-855677-6-hyperv devstack@n-api.service[127087]: WARNING keystonemiddleware.auth_token [None req-88d52977-559c-4f4e-b628-cffdca0dcee8 None None] Configuring www_authenticate_uri to point to the public identity endpoint is required; clients may not be able to authenticate against an admin endpoint
Oct 18 08:41:18.342387 dv-neutron-855677-6-hyperv devstack@n-api.service[127086]: WARNING keystonemiddleware.auth_token [None req-3ac8df9d-8d86-4788-9120-fd7e904fc206 None None] AuthToken middleware is set with keystone_authtoken.service_token_roles_required set to False. This is backwards compatible but deprecated behaviour. Please set this to True.
Oct 18 08:41:18.349664 dv-neutron-855677-6-hyperv devstack@n-api.service[127086]: WARNING keystonemiddleware.auth_token [None req-3ac8df9d-8d86-4788-9120-fd7e904fc206 None None] Configuring www_authenticate_uri to point to the public identity endpoint is required; clients may not be able to authenticate against an admin endpoint
Oct 18 08:41:18.649736 dv-neutron-855677-6-hyperv devstack@n-api.service[127087]: WARNING keystonemiddleware.auth_token [None req-88d52977-559c-4f4e-b628-cffdca0dcee8 None None] AuthToken middleware is set with keystone_authtoken.service_token_roles_required set to False. This is backwards compatible but deprecated behaviour. Please set this to True.
Oct 18 08:41:18.656313 dv-neutron-855677-6-hyperv devstack@n-api.service[127087]: WARNING keystonemiddleware.auth_token [None req-88d52977-559c-4f4e-b628-cffdca0dcee8 None None] Configuring www_authenticate_uri to point to the public identity endpoint is required; clients may not be able to authenticate against an admin endpoint
Oct 18 08:41:18.661639 dv-neutron-855677-6-hyperv devstack@n-api.service[127087]: WSGI app 0 (mountpoint='') ready in 5 seconds on interpreter 0x55fea473f9c0 pid: 127087 (default app)
Oct 18 08:41:18.694388 dv-neutron-855677-6-hyperv devstack@n-api.service[127086]: WARNING keystonemiddleware.auth_token [None req-3ac8df9d-8d86-4788-9120-fd7e904fc206 None None] AuthToken middleware is set with keystone_authtoken.service_token_roles_required set to False. This is backwards compatible but deprecated behaviour. Please set this to True.
Oct 18 08:41:18.701547 dv-neutron-855677-6-hyperv devstack@n-api.service[127086]: WARNING keystonemiddleware.auth_token [None req-3ac8df9d-8d86-4788-9120-fd7e904fc206 None None] Configuring www_authenticate_uri to point to the public identity endpoint is required; clients may not be able to authenticate against an admin endpoint
Oct 18 08:41:18.706973 dv-neutron-855677-6-hyperv devstack@n-api.service[127086]: WSGI app 0 (mountpoint='') ready in 5 seconds on interpreter 0x55fea473f9c0 pid: 127086 (default app)
Oct 18 08:42:02.051942 dv-neutron-855677-6-hyperv devstack@n-api.service[127087]: DEBUG dbcounter [-] [127087] Writing DB stats nova_api:SELECT=3 {{(pid=127087) stat_writer /usr/local/lib/python3.8/dist-packages/dbcounter.py:114}}
Oct 18 08:42:02.058120 dv-neutron-855677-6-hyperv devstack@n-api.service[127087]: DEBUG dbcounter [-] [127087] Writing DB stats nova_cell1:SELECT=3 {{(pid=127087) stat_writer /usr/local/lib/python3.8/dist-packages/dbcounter.py:114}}
Oct 18 08:42:02.059240 dv-neutron-855677-6-hyperv devstack@n-api.service[127087]: DEBUG dbcounter [-] [127087] Writing DB stats nova_cell0:SELECT=3 {{(pid=127087) stat_writer /usr/local/lib/python3.8/dist-packages/dbcounter.py:114}}
Oct 18 08:42:02.059961 dv-neutron-855677-6-hyperv devstack@n-api.service[127087]: DEBUG dbcounter [-] [127087] Writing DB stats nova_cell0:SELECT=3 {{(pid=127087) stat_writer /usr/local/lib/python3.8/dist-packages/dbcounter.py:114}}
Oct 18 08:42:02.992735 dv-neutron-855677-6-hyperv devstack@n-api.service[127087]: DEBUG nova.api.openstack.wsgi [None req-d2f826eb-8c70-46b4-ad18-a9e32e264b30 tempest-PortsAdminExtendedAttrsIpV6TestJSON-2064312123 tempest-PortsAdminExtendedAttrsIpV6TestJSON-2064312123-project-admin] Calling method '.version_select at 0x7f748e6b1e50>' {{(pid=127087) _process_stack /opt/stack/nova/nova/api/openstack/wsgi.py:513}}
Oct 18 08:42:03.003503 dv-neutron-855677-6-hyperv devstack@n-api.service[127087]: DEBUG nova.compute.api [None req-d2f826eb-8c70-46b4-ad18-a9e32e264b30 tempest-PortsAdminExtendedAttrsIpV6TestJSON-2064312123 tempest-PortsAdminExtendedAttrsIpV6TestJSON-2064312123-project-admin] Found 2 cells: 00000000-0000-0000-0000-000000000000(cell0),486fc576-beaa-472d-a1ba-f45db0867981(cell1) {{(pid=127087) load_cells /opt/stack/nova/nova/compute/api.py:319}}
Oct 18 08:42:03.004310 dv-neutron-855677-6-hyperv devstack@n-api.service[127087]: DEBUG oslo_concurrency.lockutils [None req-d2f826eb-8c70-46b4-ad18-a9e32e264b30 tempest-PortsAdminExtendedAttrsIpV6TestJSON-2064312123 tempest-PortsAdminExtendedAttrsIpV6TestJSON-2064312123-project-admin] Acquiring lock "486fc576-beaa-472d-a1ba-f45db0867981" by "nova.context.set_target_cell..get_or_set_cached_cell_and_set_connections" {{(pid=127087) inner /usr/local/lib/python3.8/dist-packages/oslo_concurrency/lockutils.py:404}}
Oct 18 08:42:03.004797 dv-neutron-855677-6-hyperv devstack@n-api.service[127087]: DEBUG oslo_concurrency.lockutils [None req-d2f826eb-8c70-46b4-ad18-a9e32e264b30 tempest-PortsAdminExtendedAttrsIpV6TestJSON-2064312123 tempest-PortsAdminExtendedAttrsIpV6TestJSON-2064312123-project-admin] Lock "486fc576-beaa-472d-a1ba-f45db0867981" acquired by "nova.context.set_target_cell..get_or_set_cached_cell_and_set_connections" :: waited 0.001s {{(pid=127087) inner /usr/local/lib/python3.8/dist-packages/oslo_concurrency/lockutils.py:409}}
Oct 18 08:42:03.005231 dv-neutron-855677-6-hyperv devstack@n-api.service[127087]: DEBUG oslo_concurrency.lockutils [None req-d2f826eb-8c70-46b4-ad18-a9e32e264b30 tempest-PortsAdminExtendedAttrsIpV6TestJSON-2064312123 tempest-PortsAdminExtendedAttrsIpV6TestJSON-2064312123-project-admin] Lock "486fc576-beaa-472d-a1ba-f45db0867981" "released" by "nova.context.set_target_cell..get_or_set_cached_cell_and_set_connections" :: held 0.000s {{(pid=127087) inner /usr/local/lib/python3.8/dist-packages/oslo_concurrency/lockutils.py:423}}
Oct 18 08:42:03.044897 dv-neutron-855677-6-hyperv devstack@n-api.service[127087]: DEBUG oslo_concurrency.lockutils [None req-d2f826eb-8c70-46b4-ad18-a9e32e264b30 tempest-PortsAdminExtendedAttrsIpV6TestJSON-2064312123 tempest-PortsAdminExtendedAttrsIpV6TestJSON-2064312123-project-admin] Acquiring lock "486fc576-beaa-472d-a1ba-f45db0867981" by "nova.context.set_target_cell..get_or_set_cached_cell_and_set_connections" {{(pid=127087) inner /usr/local/lib/python3.8/dist-packages/oslo_concurrency/lockutils.py:404}}
Oct 18 08:42:03.045689 dv-neutron-855677-6-hyperv devstack@n-api.service[127087]: DEBUG oslo_concurrency.lockutils [None req-d2f826eb-8c70-46b4-ad18-a9e32e264b30 tempest-PortsAdminExtendedAttrsIpV6TestJSON-2064312123 tempest-PortsAdminExtendedAttrsIpV6TestJSON-2064312123-project-admin] Lock "486fc576-beaa-472d-a1ba-f45db0867981" acquired by "nova.context.set_target_cell..get_or_set_cached_cell_and_set_connections" :: waited 0.002s {{(pid=127087) inner /usr/local/lib/python3.8/dist-packages/oslo_concurrency/lockutils.py:409}}
Oct 18 08:42:03.046322 dv-neutron-855677-6-hyperv devstack@n-api.service[127087]: DEBUG oslo_concurrency.lockutils [None req-d2f826eb-8c70-46b4-ad18-a9e32e264b30 tempest-PortsAdminExtendedAttrsIpV6TestJSON-2064312123 tempest-PortsAdminExtendedAttrsIpV6TestJSON-2064312123-project-admin] Lock "486fc576-beaa-472d-a1ba-f45db0867981" "released" by "nova.context.set_target_cell..get_or_set_cached_cell_and_set_connections" :: held 0.001s {{(pid=127087) inner /usr/local/lib/python3.8/dist-packages/oslo_concurrency/lockutils.py:423}}
Oct 18 08:42:03.058389 dv-neutron-855677-6-hyperv devstack@n-api.service[127087]: INFO nova.api.openstack.requestlog [None req-d2f826eb-8c70-46b4-ad18-a9e32e264b30 tempest-PortsAdminExtendedAttrsIpV6TestJSON-2064312123 tempest-PortsAdminExtendedAttrsIpV6TestJSON-2064312123-project-admin] 10.222.0.40 "GET /compute/v2.1/os-hypervisors" status: 200 len: 106 microversion: 2.1 time: 1.016068
Oct 18 08:42:03.060656 dv-neutron-855677-6-hyperv devstack@n-api.service[127087]: [pid: 127087|app: 0|req: 1/1] 10.222.0.40 () {58 vars in 1146 bytes} [Tue Oct 18 08:42:02 2022] GET /compute/v2.1/os-hypervisors => generated 106 bytes in 1020 msecs (HTTP/1.1 200) 9 headers in 357 bytes (1 switches on core 0)
Oct 18 08:42:07.732007 dv-neutron-855677-6-hyperv devstack@n-api.service[127086]: DEBUG dbcounter [-] [127086] Writing DB stats nova_api:SELECT=3 {{(pid=127086) stat_writer /usr/local/lib/python3.8/dist-packages/dbcounter.py:114}}
Oct 18 08:42:07.733028 dv-neutron-855677-6-hyperv devstack@n-api.service[127086]: DEBUG dbcounter [-] [127086] Writing DB stats nova_cell1:SELECT=3 {{(pid=127086) stat_writer /usr/local/lib/python3.8/dist-packages/dbcounter.py:114}}
Oct 18 08:42:07.735953 dv-neutron-855677-6-hyperv devstack@n-api.service[127086]: DEBUG dbcounter [-] [127086] Writing DB stats nova_cell0:SELECT=3 {{(pid=127086) stat_writer /usr/local/lib/python3.8/dist-packages/dbcounter.py:114}}
Oct 18 08:42:07.736972 dv-neutron-855677-6-hyperv devstack@n-api.service[127086]: DEBUG dbcounter [-] [127086] Writing DB stats nova_cell0:SELECT=3 {{(pid=127086) stat_writer /usr/local/lib/python3.8/dist-packages/dbcounter.py:114}}
Oct 18 08:42:08.732775 dv-neutron-855677-6-hyperv devstack@n-api.service[127086]: DEBUG nova.api.openstack.wsgi [None req-e0fd058b-7715-4438-93cc-2d6551b5cbf2 tempest-ServersTestJSON-269887231 tempest-ServersTestJSON-269887231-project] Action: 'create', calling method: .version_select at 0x7f748e70be50>, body: {"keypair": {"name": "tempest-keypair-1422326834", "public_key": "ecdsa-sha2-nistp384 AAAAE2VjZHNhLXNoYTItbmlzdHAzODQAAAAIbmlzdHAzODQAAABhBBQGnA8Vr6yxw8+lY9iLK+7L3zVPfm17bM6uxzeBz3QQmaSXAfVK0Y9n8Woahkjsyx+Fa+F0Xk9Bh2WPHVZHSCe48Sj0C7/DhF1VTecXFOv5yU3x0DoWr8kqiQPy0LCLPA=="}} {{(pid=127086) _process_stack /opt/stack/nova/nova/api/openstack/wsgi.py:511}}
Oct 18 08:42:08.871402 dv-neutron-855677-6-hyperv devstack@n-api.service[127086]: DEBUG nova.quota [None req-e0fd058b-7715-4438-93cc-2d6551b5cbf2 tempest-ServersTestJSON-269887231 tempest-ServersTestJSON-269887231-project] Getting quotas for project 193a4cb65fff45949e0f99f9dc6c6871. Resources: {'key_pairs'} {{(pid=127086) _get_quotas /opt/stack/nova/nova/quota.py:393}}
Oct 18 08:42:08.888740 dv-neutron-855677-6-hyperv devstack@n-api.service[127086]: DEBUG nova.quota [None req-e0fd058b-7715-4438-93cc-2d6551b5cbf2 tempest-ServersTestJSON-269887231 tempest-ServersTestJSON-269887231-project] Getting quotas for user 58551d5f9b8f468cbf290d2bd629411c and project 193a4cb65fff45949e0f99f9dc6c6871. Resources: {'key_pairs'} {{(pid=127086) _get_quotas /opt/stack/nova/nova/quota.py:383}}
Oct 18 08:42:09.052430 dv-neutron-855677-6-hyperv devstack@n-api.service[127086]: INFO nova.api.openstack.requestlog [None req-e0fd058b-7715-4438-93cc-2d6551b5cbf2 tempest-ServersTestJSON-269887231 tempest-ServersTestJSON-269887231-project] 10.222.0.40 "POST /compute/v2.1/os-keypairs" status: 200 len: 386 microversion: 2.1 time: 1.326223
Oct 18 08:42:09.053201 dv-neutron-855677-6-hyperv devstack@n-api.service[127086]: [pid: 127086|app: 0|req: 1/2] 10.222.0.40 () {60 vars in 1159 bytes} [Tue Oct 18 08:42:07 2022] POST /compute/v2.1/os-keypairs => generated 386 bytes in 1329 msecs (HTTP/1.1 200) 9 headers in 357 bytes (1 switches on core 0)
Oct 18 08:42:10.753436 dv-neutron-855677-6-hyperv devstack@n-api.service[127087]: DEBUG nova.api.openstack.wsgi [None req-c290c98e-da3c-4e51-b3da-5e6cfebdf46f tempest-ServerActionsTestJSON-1223416101 tempest-ServerActionsTestJSON-1223416101-project] Action: 'create', calling method: .version_select at 0x7f748e6313a0>, body: {"keypair": {"name": "tempest-keypair-1762325614", "public_key": "ecdsa-sha2-nistp384 AAAAE2VjZHNhLXNoYTItbmlzdHAzODQAAAAIbmlzdHAzODQAAABhBNygnV70ODwlQS668MfjYezQUn8gVSncM7wqd0Y5Q0sDTUFCv5i+aWnOuNQr4Fa8VgJaGDMlt09/A6EZ5F8dCisD6WszoeKR6oPwoRek5eHpdKAcRdGDMJPvccH1Ke3NrA=="}} {{(pid=127087) _process_stack /opt/stack/nova/nova/api/openstack/wsgi.py:511}}
Oct 18 08:42:10.900969 dv-neutron-855677-6-hyperv devstack@n-api.service[127087]: DEBUG nova.quota [None req-c290c98e-da3c-4e51-b3da-5e6cfebdf46f tempest-ServerActionsTestJSON-1223416101 tempest-ServerActionsTestJSON-1223416101-project] Getting quotas for project ca8343363ba44e6d8ec808bc6f96e4ed. Resources: {'key_pairs'} {{(pid=127087) _get_quotas /opt/stack/nova/nova/quota.py:393}}
Oct 18 08:42:10.911911 dv-neutron-855677-6-hyperv devstack@n-api.service[127087]: DEBUG nova.quota [None req-c290c98e-da3c-4e51-b3da-5e6cfebdf46f tempest-ServerActionsTestJSON-1223416101 tempest-ServerActionsTestJSON-1223416101-project] Getting quotas for user 118fd7f652444cc1b92d6679b5808214 and project ca8343363ba44e6d8ec808bc6f96e4ed. Resources: {'key_pairs'} {{(pid=127087) _get_quotas /opt/stack/nova/nova/quota.py:383}}
Oct 18 08:42:11.101458 dv-neutron-855677-6-hyperv devstack@n-api.service[127087]: INFO nova.api.openstack.requestlog [None req-c290c98e-da3c-4e51-b3da-5e6cfebdf46f tempest-ServerActionsTestJSON-1223416101 tempest-ServerActionsTestJSON-1223416101-project] 10.222.0.40 "POST /compute/v2.1/os-keypairs" status: 200 len: 386 microversion: 2.1 time: 1.144099
Oct 18 08:42:11.106870 dv-neutron-855677-6-hyperv devstack@n-api.service[127087]: [pid: 127087|app: 0|req: 2/3] 10.222.0.40 () {60 vars in 1159 bytes} [Tue Oct 18 08:42:09 2022] POST /compute/v2.1/os-keypairs => generated 386 bytes in 1152 msecs (HTTP/1.1 200) 9 headers in 357 bytes (1 switches on core 0)
Oct 18 08:42:16.190413 dv-neutron-855677-6-hyperv devstack@n-api.service[127086]: DEBUG nova.api.openstack.wsgi [None req-7dea8881-d3a1-4ad8-90d4-210e5fbd1a15 tempest-ServersTestJSON-269887231 tempest-ServersTestJSON-269887231-project] Action: 'create', calling method: >, body: {"server": {"name": "tempest-ServersTestJSON-server-291640657", "imageRef": "d63c5f69-665f-47bd-b0c4-2ce1bde3151a", "flavorRef": "452", "metadata": {"hello": "world"}, "accessIPv4": "1.1.1.1", "accessIPv6": "0000:0000:0000:0000:0000:babe:220.12.22.2", "adminPass": "***", "networks": [{"uuid": "64dbd210-27e3-48b4-90e2-d18ebd0aa1bf"}], "security_groups": [{"name": "tempest-securitygroup--1988979239"}], "key_name": "tempest-keypair-1422326834", "user_data": "IyEvYmluL3NoCmVjaG8gIlByaW50aW5nIHVidW50dSB1c2VyIGF1dGhvcml6ZWQga2V5cyIKY2F0IH51YnVudHUvLnNzaC9hdXRob3JpemVkX2tleXMgfHwgdHJ1ZQo=", "OS-DCF:diskConfig": "}} {{(pid=127086) _process_stack /opt/stack/nova/nova/api/openstack/wsgi.py:511}}
Oct 18 08:42:16.418139 dv-neutron-855677-6-hyperv devstack@n-api.service[127087]: DEBUG dbcounter [-] [127087] Writing DB stats nova_cell1:SELECT=4 {{(pid=127087) stat_writer /usr/local/lib/python3.8/dist-packages/dbcounter.py:114}}
Oct 18 08:42:16.423854 dv-neutron-855677-6-hyperv devstack@n-api.service[127087]: DEBUG nova.api.openstack.wsgi [None req-e09ba38a-eed1-4f7a-a0da-45da14c9e43d tempest-ServerActionsTestJSON-1223416101 tempest-ServerActionsTestJSON-1223416101-project] Action: 'create', calling method: >, body: {"server": {"name": "tempest-ServerActionsTestJSON-server-926691189", "imageRef": "d63c5f69-665f-47bd-b0c4-2ce1bde3151a", "flavorRef": "452", "adminPass": "***", "networks": [{"uuid": "ebb91cd0-1254-4088-b78b-2a6bc250d408"}], "security_groups": [{"name": "tempest-securitygroup--1558072308"}], "key_name": "tempest-keypair-1762325614", "user_data": "}} {{(pid=127087) _process_stack /opt/stack/nova/nova/api/openstack/wsgi.py:511}}
Oct 18 08:42:17.370377 dv-neutron-855677-6-hyperv devstack@n-api.service[127086]: DEBUG nova.network.neutron [None req-7dea8881-d3a1-4ad8-90d4-210e5fbd1a15 tempest-ServersTestJSON-269887231 tempest-ServersTestJSON-269887231-project] validate_networks() for [('64dbd210-27e3-48b4-90e2-d18ebd0aa1bf', None, None, None, None, None)] {{(pid=127086) validate_networks /opt/stack/nova/nova/network/neutron.py:2623}}
Oct 18 08:42:17.432012 dv-neutron-855677-6-hyperv devstack@n-api.service[127087]: DEBUG nova.network.neutron [None req-e09ba38a-eed1-4f7a-a0da-45da14c9e43d tempest-ServerActionsTestJSON-1223416101 tempest-ServerActionsTestJSON-1223416101-project] validate_networks() for [('ebb91cd0-1254-4088-b78b-2a6bc250d408', None, None, None, None, None)] {{(pid=127087) validate_networks /opt/stack/nova/nova/network/neutron.py:2623}}
Oct 18 08:42:18.064898 dv-neutron-855677-6-hyperv devstack@n-api.service[127086]: ERROR nova.api.openstack.wsgi [None req-7dea8881-d3a1-4ad8-90d4-210e5fbd1a15 tempest-ServersTestJSON-269887231 tempest-ServersTestJSON-269887231-project] Unexpected exception in API method: keystoneauth1.exceptions.http.BadRequest: Expecting to find domain in project. The server could not comply with the request since it is either malformed or otherwise incorrect. The client is assumed to be in error. (HTTP 400) (Request-ID: req-1341a76b-ae67-42e2-ae81-3c00d8e3bcec)
Oct 18 08:42:18.064898 dv-neutron-855677-6-hyperv devstack@n-api.service[127086]: ERROR nova.api.openstack.wsgi
Traceback (most recent call last):
Oct 18 08:42:18.064898 dv-neutron-855677-6-hyperv devstack@n-api.service[127086]: ERROR nova.api.openstack.wsgi
File "/opt/stack/nova/nova/api/openstack/wsgi.py", line 664, in wrapped
Oct 18 08:42:18.064898 dv-neutron-855677-6-hyperv devstack@n-api.service[127086]: ERROR nova.api.openstack.wsgi return f(*args, **kwargs)
Oct 18 08:42:18.064898 dv-neutron-855677-6-hyperv devstack@n-api.service[127086]: ERROR nova.api.openstack.wsgi
File "/opt/stack/nova/nova/api/validation/__init__.py", line 110, in wrapper
Oct 18 08:42:18.064898 dv-neutron-855677-6-hyperv devstack@n-api.service[127086]: ERROR nova.api.openstack.wsgi return func(*args, **kwargs)
Oct 18 08:42:18.064898 dv-neutron-855677-6-hyperv devstack@n-api.service[127086]: ERROR nova.api.openstack.wsgi
File "/opt/stack/nova/nova/api/validation/__init__.py", line 110, in wrapper
Oct 18 08:42:18.064898 dv-neutron-855677-6-hyperv devstack@n-api.service[127086]: ERROR nova.api.openstack.wsgi return func(*args, **kwargs)
Oct 18 08:42:18.064898 dv-neutron-855677-6-hyperv devstack@n-api.service[127086]: ERROR nova.api.openstack.wsgi
File "/opt/stack/nova/nova/api/validation/__init__.py", line 110, in wrapper
Oct 18 08:42:18.064898 dv-neutron-855677-6-hyperv devstack@n-api.service[127086]: ERROR nova.api.openstack.wsgi return func(*args, **kwargs)
Oct 18 08:42:18.064898 dv-neutron-855677-6-hyperv devstack@n-api.service[127086]: ERROR nova.api.openstack.wsgi [Previous line repeated 10 more times]
Oct 18 08:42:18.064898 dv-neutron-855677-6-hyperv devstack@n-api.service[127086]: ERROR nova.api.openstack.wsgi
File "/opt/stack/nova/nova/api/openstack/compute/servers.py", line 784, in create
Oct 18 08:42:18.064898 dv-neutron-855677-6-hyperv devstack@n-api.service[127086]: ERROR nova.api.openstack.wsgi instances, resv_id = self.compute_api.create(
Oct 18 08:42:18.064898 dv-neutron-855677-6-hyperv devstack@n-api.service[127086]: ERROR nova.api.openstack.wsgi
