Oct 12 20:45:13.455727 dv-neutron-855677-4-hyperv devstack@keystone.service[81670]: DEBUG keystone.server.flask.request_processing.middleware.auth_context [None req-83f6a3e2-d8ff-4420-8cfd-3dd919238838 admin admin] RBAC: auth_context: {'token': , 'domain_id': None, 'trust_id': None, 'trustor_id': None, 'trustee_id': None, 'domain_name': None, 'group_ids': [], 'user_id': '6a6a31f191504de684ab4b45d06ab761', 'user_domain_id': 'default', 'system_scope': None, 'project_id': '8bb54e1076fb45c198d00bd6c5e1cc06', 'project_domain_id': 'default', 'roles': ['member', 'reader', 'admin'], 'is_admin_project': True, 'service_user_id': None, 'service_user_domain_id': None, 'service_project_id': None, 'service_project_domain_id': None, 'service_roles': []} {{(pid=81670) fill_context /opt/stack/keystone/keystone/server/flask/request_processing/middleware/auth_context.py:478}}
Oct 12 20:45:13.456703 dv-neutron-855677-4-hyperv devstack@keystone.service[81670]: DEBUG keystone.server.flask.request_processing.req_logging [None req-83f6a3e2-d8ff-4420-8cfd-3dd919238838 admin admin] REQUEST_METHOD: `GET` {{(pid=81670) log_request_info /opt/stack/keystone/keystone/server/flask/request_processing/req_logging.py:27}}
Oct 12 20:45:13.457206 dv-neutron-855677-4-hyperv devstack@keystone.service[81670]: DEBUG keystone.server.flask.request_processing.req_logging [None req-83f6a3e2-d8ff-4420-8cfd-3dd919238838 admin admin] SCRIPT_NAME: `/identity` {{(pid=81670) log_request_info /opt/stack/keystone/keystone/server/flask/request_processing/req_logging.py:28}}
Oct 12 20:45:13.457676 dv-neutron-855677-4-hyperv devstack@keystone.service[81670]: DEBUG keystone.server.flask.request_processing.req_logging [None req-83f6a3e2-d8ff-4420-8cfd-3dd919238838 admin admin] PATH_INFO: `/v3/groups/505e7459cb3a4b1fb788627a97d5d07a` {{(pid=81670) log_request_info /opt/stack/keystone/keystone/server/flask/request_processing/req_logging.py:29}}
Oct 12 20:45:13.473541 dv-neutron-855677-4-hyperv devstack@keystone.service[81671]: DEBUG keystone.common.rbac_enforcer.enforcer [None req-a95208c2-b86d-454b-9856-0c16b65f2fad admin admin] Extracting inferred target data resulted in "NOT FOUND (404)". {{(pid=81671) enforce_call /opt/stack/keystone/keystone/common/rbac_enforcer/enforcer.py:409}}
Oct 12 20:45:13.474553 dv-neutron-855677-4-hyperv devstack@keystone.service[81670]: DEBUG keystone.common.rbac_enforcer.enforcer [None req-83f6a3e2-d8ff-4420-8cfd-3dd919238838 admin admin] RBAC: Authorizing `identity:get_group(group_id=505e7459cb3a4b1fb788627a97d5d07a)` {{(pid=81670) enforce_call /opt/stack/keystone/keystone/common/rbac_enforcer/enforcer.py:449}}
Oct 12 20:45:13.475827 dv-neutron-855677-4-hyperv devstack@keystone.service[81670]: WARNING py.warnings [None req-83f6a3e2-d8ff-4420-8cfd-3dd919238838 admin admin] /usr/local/lib/python3.8/dist-packages/oslo_policy/policy.py:1129: UserWarning: Policy "identity:get_group": "(role:reader and system_scope:all) or (role:reader and domain_id:%(target.group.domain_id)s)" failed scope check. The token used to make the request was project scoped but the policy requires ['system', 'domain'] scope. This behavior may change in the future where using the intended scope is required
Oct 12 20:45:13.475827 dv-neutron-855677-4-hyperv devstack@keystone.service[81670]: warnings.warn(msg)
Oct 12 20:45:13.475827 dv-neutron-855677-4-hyperv devstack@keystone.service[81670]:
Oct 12 20:45:13.478635 dv-neutron-855677-4-hyperv devstack@keystone.service[81670]: DEBUG keystone.common.rbac_enforcer.enforcer [None req-83f6a3e2-d8ff-4420-8cfd-3dd919238838 admin admin] RBAC: Authorization granted {{(pid=81670) enforce_call /opt/stack/keystone/keystone/common/rbac_enforcer/enforcer.py:457}}
Oct 12 20:45:13.482409 dv-neutron-855677-4-hyperv devstack@keystone.service[81670]: [pid: 81670|app: 0|req: 138/266] 10.222.0.25 () {56 vars in 1201 bytes} [Wed Oct 12 20:45:13 2022] GET /identity/v3/groups/505e7459cb3a4b1fb788627a97d5d07a => generated 226 bytes in 60 msecs (HTTP/1.1 200) 5 headers in 177 bytes (1 switches on core 0)
Oct 12 20:45:13.485846 dv-neutron-855677-4-hyperv devstack@keystone.service[81670]: DEBUG keystone.server.flask.request_processing.middleware.auth_context [None req-83f6a3e2-d8ff-4420-8cfd-3dd919238838 admin admin] Authenticating user token {{(pid=81670) process_request /usr/local/lib/python3.8/dist-packages/keystonemiddleware/auth_token/__init__.py:407}}
Oct 12 20:45:13.487037 dv-neutron-855677-4-hyperv devstack@keystone.service[81671]: ERROR keystone.server.flask.application [None req-a95208c2-b86d-454b-9856-0c16b65f2fad admin admin] Could not find role: anotherrole.: keystone.exception.RoleNotFound: Could not find role: anotherrole.
Oct 12 20:45:13.487037 dv-neutron-855677-4-hyperv devstack@keystone.service[81671]: ERROR keystone.server.flask.application
Traceback (most recent call last):
Oct 12 20:45:13.487037 dv-neutron-855677-4-hyperv devstack@keystone.service[81671]: ERROR keystone.server.flask.application
File "/usr/local/lib/python3.8/dist-packages/flask/app.py", line 1820, in full_dispatch_request
Oct 12 20:45:13.487037 dv-neutron-855677-4-hyperv devstack@keystone.service[81671]: ERROR keystone.server.flask.application rv = self.dispatch_request()
Oct 12 20:45:13.487037 dv-neutron-855677-4-hyperv devstack@keystone.service[81671]: ERROR keystone.server.flask.application
File "/usr/local/lib/python3.8/dist-packages/flask/app.py", line 1796, in dispatch_request
Oct 12 20:45:13.487037 dv-neutron-855677-4-hyperv devstack@keystone.service[81671]: ERROR keystone.server.flask.application return self.ensure_sync(self.view_functions[rule.endpoint])(**view_args)
Oct 12 20:45:13.487037 dv-neutron-855677-4-hyperv devstack@keystone.service[81671]: ERROR keystone.server.flask.application
File "/usr/local/lib/python3.8/dist-packages/flask_restful/__init__.py", line 467, in wrapper
Oct 12 20:45:13.487037 dv-neutron-855677-4-hyperv devstack@keystone.service[81671]: ERROR keystone.server.flask.application resp = resource(*args, **kwargs)
Oct 12 20:45:13.487037 dv-neutron-855677-4-hyperv devstack@keystone.service[81671]: ERROR keystone.server.flask.application
File "/usr/local/lib/python3.8/dist-packages/flask/views.py", line 107, in view
Oct 12 20:45:13.487037 dv-neutron-855677-4-hyperv devstack@keystone.service[81671]: ERROR keystone.server.flask.application return current_app.ensure_sync(self.dispatch_request)(**kwargs)
Oct 12 20:45:13.487037 dv-neutron-855677-4-hyperv devstack@keystone.service[81671]: ERROR keystone.server.flask.application
File "/usr/local/lib/python3.8/dist-packages/flask_restful/__init__.py", line 582, in dispatch_request
Oct 12 20:45:13.487037 dv-neutron-855677-4-hyperv devstack@keystone.service[81671]: ERROR keystone.server.flask.application resp = meth(*args, **kwargs)
Oct 12 20:45:13.487037 dv-neutron-855677-4-hyperv devstack@keystone.service[81671]: ERROR keystone.server.flask.application
File "/opt/stack/keystone/keystone/api/roles.py", line 50, in get
Oct 12 20:45:13.487037 dv-neutron-855677-4-hyperv devstack@keystone.service[81671]: ERROR keystone.server.flask.application return self._get_role(role_id)
Oct 12 20:45:13.487037 dv-neutron-855677-4-hyperv devstack@keystone.service[81671]: ERROR keystone.server.flask.application
File "/opt/stack/keystone/keystone/api/roles.py", line 70, in _get_role
Oct 12 20:45:13.487037 dv-neutron-855677-4-hyperv devstack@keystone.service[81671]: ERROR keystone.server.flask.application ENFORCER.enforce_call(action='identity:get_role')
Oct 12 20:45:13.488019 dv-neutron-855677-4-hyperv devstack@keystone.service[81671]: ERROR keystone.server.flask.application
File "/opt/stack/keystone/keystone/common/rbac_enforcer/enforcer.py", line 402, in enforce_call
Oct 12 20:45:13.488019 dv-neutron-855677-4-hyperv devstack@keystone.service[81671]: ERROR keystone.server.flask.application policy_dict.update(cls._extract_member_target_data(
Oct 12 20:45:13.488019 dv-neutron-855677-4-hyperv devstack@keystone.service[81671]: ERROR keystone.server.flask.application
File "/opt/stack/keystone/keystone/common/rbac_enforcer/enforcer.py", line 234, in _extract_member_target_data
Oct 12 20:45:13.488019 dv-neutron-855677-4-hyperv devstack@keystone.service[81671]: ERROR keystone.server.flask.application member_name: func(flask.request.view_args[key])
Oct 12 20:45:13.488019 dv-neutron-855677-4-hyperv devstack@keystone.service[81671]: ERROR keystone.server.flask.application
File "/opt/stack/keystone/keystone/common/manager.py", line 115, in wrapped
Oct 12 20:45:13.488019 dv-neutron-855677-4-hyperv devstack@keystone.service[81671]: ERROR keystone.server.flask.application __ret_val = __f(*args, **kwargs)
Oct 12 20:45:13.488019 dv-neutron-855677-4-hyperv devstack@keystone.service[81671]: ERROR keystone.server.flask.application
File "/usr/local/lib/python3.8/dist-packages/decorator.py", line 232, in fun
Oct 12 20:45:13.488019 dv-neutron-855677-4-hyperv devstack@keystone.service[81671]: ERROR keystone.server.flask.application return caller(func, *(extras + args), **kw)
Oct 12 20:45:13.488019 dv-neutron-855677-4-hyperv devstack@keystone.service[81671]: ERROR keystone.server.flask.application
File "/usr/local/lib/python3.8/dist-packages/dogpile/cache/region.py", line 1577, in get_or_create_for_user_func
Oct 12 20:45:13.488019 dv-neutron-855677-4-hyperv devstack@keystone.service[81671]: ERROR keystone.server.flask.application return self.get_or_create(
Oct 12 20:45:13.488019 dv-neutron-855677-4-hyperv devstack@keystone.service[81671]: ERROR keystone.server.flask.application
File "/usr/local/lib/python3.8/dist-packages/dogpile/cache/region.py", line 1042, in get_or_create
Oct 12 20:45:13.488019 dv-neutron-855677-4-hyperv devstack@keystone.service[81671]: ERROR keystone.server.flask.application with Lock(
Oct 12 20:45:13.488019 dv-neutron-855677-4-hyperv devstack@keystone.service[81671]: ERROR keystone.server.flask.application
File "/usr/local/lib/python3.8/dist-packages/dogpile/lock.py", line 185, in __enter__
Oct 12 20:45:13.488019 dv-neutron-855677-4-hyperv devstack@keystone.service[81671]: ERROR keystone.server.flask.application return self._enter()
Oct 12 20:45:13.488019 dv-neutron-855677-4-hyperv devstack@keystone.service[81671]: ERROR keystone.server.flask.application
File "/usr/local/lib/python3.8/dist-packages/dogpile/lock.py", line 94, in _enter
Oct 12 20:45:13.488019 dv-neutron-855677-4-hyperv devstack@keystone.service[81671]: ERROR keystone.server.flask.application generated = self._enter_create(value, createdtime)
Oct 12 20:45:13.488848 dv-neutron-855677-4-hyperv devstack@keystone.service[81671]: ERROR keystone.server.flask.application
File "/usr/local/lib/python3.8/dist-packages/dogpile/lock.py", line 178, in _enter_create
Oct 12 20:45:13.488848 dv-neutron-855677-4-hyperv devstack@keystone.service[81671]: ERROR keystone.server.flask.application return self.creator()
Oct 12 20:45:13.488848 dv-neutron-855677-4-hyperv devstack@keystone.service[81671]: ERROR keystone.server.flask.application
File "/usr/local/lib/python3.8/dist-packages/dogpile/cache/region.py", line 995, in gen_value
Oct 12 20:45:13.488848 dv-neutron-855677-4-hyperv devstack@keystone.service[81671]: ERROR keystone.server.flask.application created_value = creator(
Oct 12 20:45:13.488848 dv-neutron-855677-4-hyperv devstack@keystone.service[81671]: ERROR keystone.server.flask.application
File "/opt/stack/keystone/keystone/assignment/core.py", line 1276, in get_role
Oct 12 20:45:13.488848 dv-neutron-855677-4-hyperv devstack@keystone.service[81671]: ERROR keystone.server.flask.application return self.driver.get_role(role_id)
Oct 12 20:45:13.488848 dv-neutron-855677-4-hyperv devstack@keystone.service[81671]: ERROR keystone.server.flask.application
File "/opt/stack/keystone/keystone/assignment/role_backends/sql.py", line 70, in get_role
Oct 12 20:45:13.488848 dv-neutron-855677-4-hyperv devstack@keystone.service[81671]: ERROR keystone.server.flask.application return self._get_role(session, role_id).to_dict()
Oct 12 20:45:13.488848 dv-neutron-855677-4-hyperv devstack@keystone.service[81671]: ERROR keystone.server.flask.application
File "/opt/stack/keystone/keystone/assignment/role_backends/sql.py", line 65, in _get_role
Oct 12 20:45:13.488848 dv-neutron-855677-4-hyperv devstack@keystone.service[81671]: ERROR keystone.server.flask.application raise exception.RoleNotFound(role_id=role_id)
Oct 12 20:45:13.488848 dv-neutron-855677-4-hyperv devstack@keystone.service[81671]: ERROR keystone.server.flask.application keystone.exception.RoleNotFound: Could not find role: anotherrole.
Oct 12 20:45:13.488848 dv-neutron-855677-4-hyperv devstack@keystone.service[81671]: ERROR keystone.server.flask.application
Oct 12 20:45:13.494628 dv-neutron-855677-4-hyperv devstack@keystone.service[81671]: [pid: 81671|app: 0|req: 129/267] 10.222.0.25 () {56 vars in 1135 bytes} [Wed Oct 12 20:45:13 2022] GET /identity/v3/roles/anotherrole => generated 89 bytes in 85 msecs (HTTP/1.1 404) 5 headers in 183 bytes (2 switches on core 0)
Oct 12 20:45:13.496541 dv-neutron-855677-4-hyperv devstack@keystone.service[81671]: DEBUG keystone.server.flask.request_processing.middleware.auth_context [None req-a95208c2-b86d-454b-9856-0c16b65f2fad admin admin] Authenticating user token {{(pid=81671) process_request /usr/local/lib/python3.8/dist-packages/keystonemiddleware/auth_token/__init__.py:407}}
Oct 12 20:45:13.514783 dv-neutron-855677-4-hyperv devstack@keystone.service[81670]: DEBUG keystone.server.flask.request_processing.middleware.auth_context [None req-83f6a3e2-d8ff-4420-8cfd-3dd919238838 admin admin] Validating token access rules against request {{(pid=81670) validate_allowed_request /usr/local/lib/python3.8/dist-packages/keystonemiddleware/auth_token/__init__.py:545}}
Oct 12 20:45:13.520085 dv-neutron-855677-4-hyperv devstack@keystone.service[81671]: DEBUG keystone.server.flask.request_processing.middleware.auth_context [None req-a95208c2-b86d-454b-9856-0c16b65f2fad admin admin] Validating token access rules against request {{(pid=81671) validate_allowed_request /usr/local/lib/python3.8/dist-packages/keystonemiddleware/auth_token/__init__.py:545}}
Oct 12 20:45:13.525932 dv-neutron-855677-4-hyperv devstack@keystone.service[81670]: DEBUG keystone.server.flask.request_processing.middleware.auth_context [None req-28ddbc4e-b60e-4bbc-9eb5-a79a67817aaa admin admin] RBAC: auth_context: {'token': , 'domain_id': None, 'trust_id': None, 'trustor_id': None, 'trustee_id': None, 'domain_name': None, 'group_ids': [], 'user_id': '6a6a31f191504de684ab4b45d06ab761', 'user_domain_id': 'default', 'system_scope': None, 'project_id': '8bb54e1076fb45c198d00bd6c5e1cc06', 'project_domain_id': 'default', 'roles': ['member', 'reader', 'admin'], 'is_admin_project': True, 'service_user_id': None, 'service_user_domain_id': None, 'service_project_id': None, 'service_project_domain_id': None, 'service_roles': []} {{(pid=81670) fill_context /opt/stack/keystone/keystone/server/flask/request_processing/middleware/auth_context.py:478}}
Oct 12 20:45:13.527368 dv-neutron-855677-4-hyperv devstack@keystone.service[81670]: DEBUG keystone.server.flask.request_processing.req_logging [None req-28ddbc4e-b60e-4bbc-9eb5-a79a67817aaa admin admin] REQUEST_METHOD: `GET` {{(pid=81670) log_request_info /opt/stack/keystone/keystone/server/flask/request_processing/req_logging.py:27}}
Oct 12 20:45:13.528315 dv-neutron-855677-4-hyperv devstack@keystone.service[81670]: DEBUG keystone.server.flask.request_processing.req_logging [None req-28ddbc4e-b60e-4bbc-9eb5-a79a67817aaa admin admin] SCRIPT_NAME: `/identity` {{(pid=81670) log_request_info /opt/stack/keystone/keystone/server/flask/request_processing/req_logging.py:28}}
Oct 12 20:45:13.532079 dv-neutron-855677-4-hyperv devstack@keystone.service[81670]: DEBUG keystone.server.flask.request_processing.req_logging [None req-28ddbc4e-b60e-4bbc-9eb5-a79a67817aaa admin admin] PATH_INFO: `/v3/groups/505e7459cb3a4b1fb788627a97d5d07a` {{(pid=81670) log_request_info /opt/stack/keystone/keystone/server/flask/request_processing/req_logging.py:29}}
Oct 12 20:45:13.533480 dv-neutron-855677-4-hyperv devstack@keystone.service[81670]: DEBUG keystone.common.rbac_enforcer.enforcer [None req-28ddbc4e-b60e-4bbc-9eb5-a79a67817aaa admin admin] RBAC: Authorizing `identity:get_group(group_id=505e7459cb3a4b1fb788627a97d5d07a)` {{(pid=81670) enforce_call /opt/stack/keystone/keystone/common/rbac_enforcer/enforcer.py:449}}
Oct 12 20:45:13.533863 dv-neutron-855677-4-hyperv devstack@keystone.service[81671]: DEBUG keystone.server.flask.request_processing.middleware.auth_context [None req-d0d2e4f9-db98-4317-91f8-77e8c5b6ceee admin admin] RBAC: auth_context: {'token': , 'domain_id': None, 'trust_id': None, 'trustor_id': None, 'trustee_id': None, 'domain_name': None, 'group_ids': [], 'user_id': '6a6a31f191504de684ab4b45d06ab761', 'user_domain_id': 'default', 'system_scope': None, 'project_id': '8bb54e1076fb45c198d00bd6c5e1cc06', 'project_domain_id': 'default', 'roles': ['member', 'reader', 'admin'], 'is_admin_project': True, 'service_user_id': None, 'service_user_domain_id': None, 'service_project_id': None, 'service_project_domain_id': None, 'service_roles': []} {{(pid=81671) fill_context /opt/stack/keystone/keystone/server/flask/request_processing/middleware/auth_context.py:478}}
Oct 12 20:45:13.534798 dv-neutron-855677-4-hyperv devstack@keystone.service[81671]: DEBUG keystone.server.flask.request_processing.req_logging [None req-d0d2e4f9-db98-4317-91f8-77e8c5b6ceee admin admin] REQUEST_METHOD: `GET` {{(pid=81671) log_request_info /opt/stack/keystone/keystone/server/flask/request_processing/req_logging.py:27}}
Oct 12 20:45:13.535284 dv-neutron-855677-4-hyperv devstack@keystone.service[81671]: DEBUG keystone.server.flask.request_processing.req_logging [None req-d0d2e4f9-db98-4317-91f8-77e8c5b6ceee admin admin] SCRIPT_NAME: `/identity` {{(pid=81671) log_request_info /opt/stack/keystone/keystone/server/flask/request_processing/req_logging.py:28}}
Oct 12 20:45:13.535454 dv-neutron-855677-4-hyperv devstack@keystone.service[81670]: DEBUG keystone.common.rbac_enforcer.enforcer [None req-28ddbc4e-b60e-4bbc-9eb5-a79a67817aaa admin admin] RBAC: Authorization granted {{(pid=81670) enforce_call /opt/stack/keystone/keystone/common/rbac_enforcer/enforcer.py:457}}
Oct 12 20:45:13.535941 dv-neutron-855677-4-hyperv devstack@keystone.service[81671]: DEBUG keystone.server.flask.request_processing.req_logging [None req-d0d2e4f9-db98-4317-91f8-77e8c5b6ceee admin admin] PATH_INFO: `/v3/projects/148e3381efa8488a9978a9ba6473d920` {{(pid=81671) log_request_info /opt/stack/keystone/keystone/server/flask/request_processing/req_logging.py:29}}
Oct 12 20:45:13.537114 dv-neutron-855677-4-hyperv devstack@keystone.service[81670]: [pid: 81670|app: 0|req: 139/268] 10.222.0.25 () {56 vars in 1201 bytes} [Wed Oct 12 20:45:13 2022] GET /identity/v3/groups/505e7459cb3a4b1fb788627a97d5d07a => generated 226 bytes in 52 msecs (HTTP/1.1 200) 5 headers in 177 bytes (1 switches on core 0)
Oct 12 20:45:13.537621 dv-neutron-855677-4-hyperv devstack@keystone.service[81671]: DEBUG keystone.common.rbac_enforcer.enforcer [None req-d0d2e4f9-db98-4317-91f8-77e8c5b6ceee admin admin] RBAC: Authorizing `identity:get_project(project_id=148e3381efa8488a9978a9ba6473d920)` {{(pid=81671) enforce_call /opt/stack/keystone/keystone/common/rbac_enforcer/enforcer.py:449}}
Oct 12 20:45:13.537974 dv-neutron-855677-4-hyperv devstack@keystone.service[81670]: DEBUG keystone.server.flask.request_processing.middleware.auth_context [None req-28ddbc4e-b60e-4bbc-9eb5-a79a67817aaa admin admin] Authenticating user token {{(pid=81670) process_request /usr/local/lib/python3.8/dist-packages/keystonemiddleware/auth_token/__init__.py:407}}
Oct 12 20:45:13.540206 dv-neutron-855677-4-hyperv devstack@keystone.service[81671]: DEBUG keystone.common.rbac_enforcer.enforcer [None req-d0d2e4f9-db98-4317-91f8-77e8c5b6ceee admin admin] RBAC: Authorization granted {{(pid=81671) enforce_call /opt/stack/keystone/keystone/common/rbac_enforcer/enforcer.py:457}}
Oct 12 20:45:13.542269 dv-neutron-855677-4-hyperv devstack@keystone.service[81671]: [pid: 81671|app: 0|req: 130/269] 10.222.0.25 () {56 vars in 1207 bytes} [Wed Oct 12 20:45:13 2022] GET /identity/v3/projects/148e3381efa8488a9978a9ba6473d920 => generated 298 bytes in 47 msecs (HTTP/1.1 200) 5 headers in 177 bytes (1 switches on core 0)
Oct 12 20:45:13.543220 dv-neutron-855677-4-hyperv devstack@keystone.service[81671]: DEBUG keystone.server.flask.request_processing.middleware.auth_context [None req-d0d2e4f9-db98-4317-91f8-77e8c5b6ceee admin admin] Authenticating user token {{(pid=81671) process_request /usr/local/lib/python3.8/dist-packages/keystonemiddleware/auth_token/__init__.py:407}}
Oct 12 20:45:13.552377 dv-neutron-855677-4-hyperv devstack@keystone.service[81670]: DEBUG keystone.server.flask.request_processing.middleware.auth_context [None req-28ddbc4e-b60e-4bbc-9eb5-a79a67817aaa admin admin] Validating token access rules against request {{(pid=81670) validate_allowed_request /usr/local/lib/python3.8/dist-packages/keystonemiddleware/auth_token/__init__.py:545}}
Oct 12 20:45:13.558866 dv-neutron-855677-4-hyperv devstack@keystone.service[81671]: DEBUG keystone.server.flask.request_processing.middleware.auth_context [None req-d0d2e4f9-db98-4317-91f8-77e8c5b6ceee admin admin] Validating token access rules against request {{(pid=81671) validate_allowed_request /usr/local/lib/python3.8/dist-packages/keystonemiddleware/auth_token/__init__.py:545}}
Oct 12 20:45:13.565952 dv-neutron-855677-4-hyperv devstack@keystone.service[81670]: DEBUG keystone.server.flask.request_processing.middleware.auth_context [None req-ecfbc9e1-e9c1-446f-afd8-3cdb763f4ff7 admin admin] RBAC: auth_context: {'token': , 'domain_id': None, 'trust_id': None, 'trustor_id': None, 'trustee_id': None, 'domain_name': None, 'group_ids': [], 'user_id': '6a6a31f191504de684ab4b45d06ab761', 'user_domain_id': 'default', 'system_scope': None, 'project_id': '8bb54e1076fb45c198d00bd6c5e1cc06', 'project_domain_id': 'default', 'roles': ['member', 'reader', 'admin'], 'is_admin_project': True, 'service_user_id': None, 'service_user_domain_id': None, 'service_project_id': None, 'service_project_domain_id': None, 'service_roles': []} {{(pid=81670) fill_context /opt/stack/keystone/keystone/server/flask/request_processing/middleware/auth_context.py:478}}
Oct 12 20:45:13.567165 dv-neutron-855677-4-hyperv devstack@keystone.service[81670]: DEBUG keystone.server.flask.request_processing.req_logging [None req-ecfbc9e1-e9c1-446f-afd8-3cdb763f4ff7 admin admin] REQUEST_METHOD: `GET` {{(pid=81670) log_request_info /opt/stack/keystone/keystone/server/flask/request_processing/req_logging.py:27}}
Oct 12 20:45:13.568261 dv-neutron-855677-4-hyperv devstack@keystone.service[81670]: DEBUG keystone.server.flask.request_processing.req_logging [None req-ecfbc9e1-e9c1-446f-afd8-3cdb763f4ff7 admin admin] SCRIPT_NAME: `/identity` {{(pid=81670) log_request_info /opt/stack/keystone/keystone/server/flask/request_processing/req_logging.py:28}}
Oct 12 20:45:13.569060 dv-neutron-855677-4-hyperv devstack@keystone.service[81671]: DEBUG keystone.server.flask.request_processing.middleware.auth_context [None req-efce5c31-8d62-46d2-9987-ff32fd14a3c8 admin admin] RBAC: auth_context: {'token': , 'domain_id': None, 'trust_id': None, 'trustor_id': None, 'trustee_id': None, 'domain_name': None, 'group_ids': [], 'user_id': '6a6a31f191504de684ab4b45d06ab761', 'user_domain_id': 'default', 'system_scope': None, 'project_id': '8bb54e1076fb45c198d00bd6c5e1cc06', 'project_domain_id': 'default', 'roles': ['member', 'reader', 'admin'], 'is_admin_project': True, 'service_user_id': None, 'service_user_domain_id': None, 'service_project_id': None, 'service_project_domain_id': None, 'service_roles': []} {{(pid=81671) fill_context /opt/stack/keystone/keystone/server/flask/request_processing/middleware/auth_context.py:478}}
Oct 12 20:45:13.569955 dv-neutron-855677-4-hyperv devstack@keystone.service[81671]: DEBUG keystone.server.flask.request_processing.req_logging [None req-efce5c31-8d62-46d2-9987-ff32fd14a3c8 admin admin] REQUEST_METHOD: `GET` {{(pid=81671) log_request_info /opt/stack/keystone/keystone/server/flask/request_processing/req_logging.py:27}}
Oct 12 20:45:13.570440 dv-neutron-855677-4-hyperv devstack@keystone.service[81671]: DEBUG keystone.server.flask.request_processing.req_logging [None req-efce5c31-8d62-46d2-9987-ff32fd14a3c8 admin admin] SCRIPT_NAME: `/identity` {{(pid=81671) log_request_info /opt/stack/keystone/keystone/server/flask/request_processing/req_logging.py:28}}
Oct 12 20:45:13.570940 dv-neutron-855677-4-hyperv devstack@keystone.service[81671]: DEBUG keystone.server.flask.request_processing.req_logging [None req-efce5c31-8d62-46d2-9987-ff32fd14a3c8 admin admin] PATH_INFO: `/v3/projects/4413e56d3210464ca196167f8f64f16e` {{(pid=81671) log_request_info /opt/stack/keystone/keystone/server/flask/request_processing/req_logging.py:29}}
Oct 12 20:45:13.572354 dv-neutron-855677-4-hyperv devstack@keystone.service[81671]: DEBUG keystone.common.rbac_enforcer.enforcer [None req-efce5c31-8d62-46d2-9987-ff32fd14a3c8 admin admin] RBAC: Authorizing `identity:get_project(project_id=4413e56d3210464ca196167f8f64f16e)` {{(pid=81671) enforce_call /opt/stack/keystone/keystone/common/rbac_enforcer/enforcer.py:449}}
Oct 12 20:45:13.573163 dv-neutron-855677-4-hyperv devstack@keystone.service[81670]: DEBUG keystone.server.flask.request_processing.req_logging [None req-ecfbc9e1-e9c1-446f-afd8-3cdb763f4ff7 admin admin] PATH_INFO: `/v3/roles` {{(pid=81670) log_request_info /opt/stack/keystone/keystone/server/flask/request_processing/req_logging.py:29}}
Oct 12 20:45:13.573861 dv-neutron-855677-4-hyperv devstack@keystone.service[81670]: DEBUG keystone.common.rbac_enforcer.enforcer [None req-ecfbc9e1-e9c1-446f-afd8-3cdb763f4ff7 admin admin] RBAC: Adding query filter params (name=anotherrole) {{(pid=81670) _extract_filter_values /opt/stack/keystone/keystone/common/rbac_enforcer/enforcer.py:167}}
Oct 12 20:45:13.574173 dv-neutron-855677-4-hyperv devstack@keystone.service[81670]: DEBUG keystone.common.rbac_enforcer.enforcer [None req-ecfbc9e1-e9c1-446f-afd8-3cdb763f4ff7 admin admin] RBAC: Authorizing `identity:list_roles()` {{(pid=81670) enforce_call /opt/stack/keystone/keystone/common/rbac_enforcer/enforcer.py:449}}
Oct 12 20:45:13.575552 dv-neutron-855677-4-hyperv devstack@keystone.service[81671]: DEBUG keystone.common.rbac_enforcer.enforcer [None req-efce5c31-8d62-46d2-9987-ff32fd14a3c8 admin admin] RBAC: Authorization granted {{(pid=81671) enforce_call /opt/stack/keystone/keystone/common/rbac_enforcer/enforcer.py:457}}
Oct 12 20:45:13.575771 dv-neutron-855677-4-hyperv devstack@keystone.service[81670]: DEBUG keystone.common.rbac_enforcer.enforcer [None req-ecfbc9e1-e9c1-446f-afd8-3cdb763f4ff7 admin admin] RBAC: Authorization granted {{(pid=81670) enforce_call /opt/stack/keystone/keystone/common/rbac_enforcer/enforcer.py:457}}
Oct 12 20:45:13.577959 dv-neutron-855677-4-hyperv devstack@keystone.service[81671]: [pid: 81671|app: 0|req: 131/270] 10.222.0.25 () {56 vars in 1207 bytes} [Wed Oct 12 20:45:13 2022] GET /identity/v3/projects/4413e56d3210464ca196167f8f64f16e => generated 302 bytes in 35 msecs (HTTP/1.1 200) 5 headers in 177 bytes (1 switches on core 0)
Oct 12 20:45:13.581753 dv-neutron-855677-4-hyperv devstack@keystone.service[81671]: DEBUG keystone.server.flask.request_processing.middleware.auth_context [None req-efce5c31-8d62-46d2-9987-ff32fd14a3c8 admin admin] Authenticating user token {{(pid=81671) process_request /usr/local/lib/python3.8/dist-packages/keystonemiddleware/auth_token/__init__.py:407}}
Oct 12 20:45:13.595112 dv-neutron-855677-4-hyperv devstack@keystone.service[81670]: [pid: 81670|app: 0|req: 140/271] 10.222.0.25 () {56 vars in 1132 bytes} [Wed Oct 12 20:45:13 2022] GET /identity/v3/roles?name=anotherrole => generated 334 bytes in 55 msecs (HTTP/1.1 200) 5 headers in 177 bytes (1 switches on core 0)
Oct 12 20:45:13.596302 dv-neutron-855677-4-hyperv devstack@keystone.service[81670]: DEBUG keystone.server.flask.request_processing.middleware.auth_context [None req-ecfbc9e1-e9c1-446f-afd8-3cdb763f4ff7 admin admin] Authenticating user token {{(pid=81670) process_request /usr/local/lib/python3.8/dist-packages/keystonemiddleware/auth_token/__init__.py:407}}
Oct 12 20:45:13.596756 dv-neutron-855677-4-hyperv devstack@keystone.service[81671]: DEBUG keystone.server.flask.request_processing.middleware.auth_context [None req-efce5c31-8d62-46d2-9987-ff32fd14a3c8 admin admin] Validating token access rules against request {{(pid=81671) validate_allowed_request /usr/local/lib/python3.8/dist-packages/keystonemiddleware/auth_token/__init__.py:545}}
Oct 12 20:45:13.611146 dv-neutron-855677-4-hyperv devstack@keystone.service[81671]: DEBUG keystone.server.flask.request_processing.middleware.auth_context [None req-eb49e3fe-2016-4788-a27d-bbd88cbd6592 admin admin] RBAC: auth_context: {'token': , 'domain_id': None, 'trust_id': None, 'trustor_id': None, 'trustee_id': None, 'domain_name': None, 'group_ids': [], 'user_id': '6a6a31f191504de684ab4b45d06ab761', 'user_domain_id': 'default', 'system_scope': None, 'project_id': '8bb54e1076fb45c198d00bd6c5e1cc06', 'project_domain_id': 'default', 'roles': ['member', 'reader', 'admin'], 'is_admin_project': True, 'service_user_id': None, 'service_user_domain_id': None, 'service_project_id': None, 'service_project_domain_id': None, 'service_roles': []} {{(pid=81671) fill_context /opt/stack/keystone/keystone/server/flask/request_processing/middleware/auth_context.py:478}}
Oct 12 20:45:13.612570 dv-neutron-855677-4-hyperv devstack@keystone.service[81671]: DEBUG keystone.server.flask.request_processing.req_logging [None req-eb49e3fe-2016-4788-a27d-bbd88cbd6592 admin admin] REQUEST_METHOD: `PUT` {{(pid=81671) log_request_info /opt/stack/keystone/keystone/server/flask/request_processing/req_logging.py:27}}
Oct 12 20:45:13.614159 dv-neutron-855677-4-hyperv devstack@keystone.service[81671]: DEBUG keystone.server.flask.request_processing.req_logging [None req-eb49e3fe-2016-4788-a27d-bbd88cbd6592 admin admin] SCRIPT_NAME: `/identity` {{(pid=81671) log_request_info /opt/stack/keystone/keystone/server/flask/request_processing/req_logging.py:28}}
Oct 12 20:45:13.614854 dv-neutron-855677-4-hyperv devstack@keystone.service[81671]: DEBUG keystone.server.flask.request_processing.req_logging [None req-eb49e3fe-2016-4788-a27d-bbd88cbd6592 admin admin] PATH_INFO: `/v3/projects/148e3381efa8488a9978a9ba6473d920/groups/505e7459cb3a4b1fb788627a97d5d07a/roles/56647aa309b746738b0fc9886b6d41f8` {{(pid=81671) log_request_info /opt/stack/keystone/keystone/server/flask/request_processing/req_logging.py:29}}
Oct 12 20:45:13.620283 dv-neutron-855677-4-hyperv devstack@keystone.service[81671]: DEBUG keystone.common.rbac_enforcer.enforcer [None req-eb49e3fe-2016-4788-a27d-bbd88cbd6592 admin admin] RBAC: Authorizing `identity:create_grant(project_id=148e3381efa8488a9978a9ba6473d920, group_id=505e7459cb3a4b1fb788627a97d5d07a, role_id=56647aa309b746738b0fc9886b6d41f8)` {{(pid=81671) enforce_call /opt/stack/keystone/keystone/common/rbac_enforcer/enforcer.py:449}}
Oct 12 20:45:13.621678 dv-neutron-855677-4-hyperv devstack@keystone.service[81671]: WARNING py.warnings [None req-eb49e3fe-2016-4788-a27d-bbd88cbd6592 admin admin] /usr/local/lib/python3.8/dist-packages/oslo_policy/policy.py:1129: UserWarning: Policy "identity:create_grant": "(role:admin and system_scope:all) or ((role:admin and domain_id:%(target.user.domain_id)s and domain_id:%(target.project.domain_id)s) or (role:admin and domain_id:%(target.user.domain_id)s and domain_id:%(target.domain.id)s) or (role:admin and domain_id:%(target.group.domain_id)s and domain_id:%(target.project.domain_id)s) or (role:admin and domain_id:%(target.group.domain_id)s and domain_id:%(target.domain.id)s)) and (domain_id:%(target.role.domain_id)s or None:%(target.role.domain_id)s)" failed scope check. The token used to make the request was project scoped but the policy requires ['system', 'domain'] scope. This behavior may change in the future where using the intended scope is required
Oct 12 20:45:13.621678 dv-neutron-855677-4-hyperv devstack@keystone.service[81671]: warnings.warn(msg)
Oct 12 20:45:13.621678 dv-neutron-855677-4-hyperv devstack@keystone.service[81671]:
Oct 12 20:45:13.624032 dv-neutron-855677-4-hyperv devstack@keystone.service[81671]: DEBUG keystone.common.rbac_enforcer.enforcer [None req-eb49e3fe-2016-4788-a27d-bbd88cbd6592 admin admin] RBAC: Authorization granted {{(pid=81671) enforce_call /opt/stack/keystone/keystone/common/rbac_enforcer/enforcer.py:457}}
Oct 12 20:45:13.624469 dv-neutron-855677-4-hyperv devstack@keystone.service[81670]: DEBUG keystone.server.flask.request_processing.middleware.auth_context [None req-ecfbc9e1-e9c1-446f-afd8-3cdb763f4ff7 admin admin] Validating token access rules against request {{(pid=81670) validate_allowed_request /usr/local/lib/python3.8/dist-packages/keystonemiddleware/auth_token/__init__.py:545}}
Oct 12 20:45:13.637925 dv-neutron-855677-4-hyperv devstack@keystone.service[81670]: DEBUG keystone.server.flask.request_processing.middleware.auth_context [None req-3ddca5c3-1269-44cf-a2df-29dd18654e17 admin admin] RBAC: auth_context: {'token': , 'domain_id': None, 'trust_id': None, 'trustor_id': None, 'trustee_id': None, 'domain_name': None, 'group_ids': [], 'user_id': '6a6a31f191504de684ab4b45d06ab761', 'user_domain_id': 'default', 'system_scope': None, 'project_id': '8bb54e1076fb45c198d00bd6c5e1cc06', 'project_domain_id': 'default', 'roles': ['member', 'reader', 'admin'], 'is_admin_project': True, 'service_user_id': None, 'service_user_domain_id': None, 'service_project_id': None, 'service_project_domain_id': None, 'service_roles': []} {{(pid=81670) fill_context /opt/stack/keystone/keystone/server/flask/request_processing/middleware/auth_context.py:478}}
Oct 12 20:45:13.637925 dv-neutron-855677-4-hyperv devstack@keystone.service[81670]: DEBUG keystone.server.flask.request_processing.req_logging [None req-3ddca5c3-1269-44cf-a2df-29dd18654e17 admin admin] REQUEST_METHOD: `PUT` {{(pid=81670) log_request_info /opt/stack/keystone/keystone/server/flask/request_processing/req_logging.py:27}}
Oct 12 20:45:13.637925 dv-neutron-855677-4-hyperv devstack@keystone.service[81670]: DEBUG keystone.server.flask.request_processing.req_logging [None req-3ddca5c3-1269-44cf-a2df-29dd18654e17 admin admin] SCRIPT_NAME: `/identity` {{(pid=81670) log_request_info /opt/stack/keystone/keystone/server/flask/request_processing/req_logging.py:28}}
Oct 12 20:45:13.637925 dv-neutron-855677-4-hyperv devstack@keystone.service[81670]: DEBUG keystone.server.flask.request_processing.req_logging [None req-3ddca5c3-1269-44cf-a2df-29dd18654e17 admin admin] PATH_INFO: `/v3/projects/4413e56d3210464ca196167f8f64f16e/groups/505e7459cb3a4b1fb788627a97d5d07a/roles/56647aa309b746738b0fc9886b6d41f8` {{(pid=81670) log_request_info /opt/stack/keystone/keystone/server/flask/request_processing/req_logging.py:29}}
Oct 12 20:45:13.639704 dv-neutron-855677-4-hyperv devstack@keystone.service[81670]: DEBUG keystone.common.rbac_enforcer.enforcer [None req-3ddca5c3-1269-44cf-a2df-29dd18654e17 admin admin] RBAC: Authorizing `identity:create_grant(project_id=4413e56d3210464ca196167f8f64f16e, group_id=505e7459cb3a4b1fb788627a97d5d07a, role_id=56647aa309b746738b0fc9886b6d41f8)` {{(pid=81670) enforce_call /opt/stack/keystone/keystone/common/rbac_enforcer/enforcer.py:449}}
Oct 12 20:45:13.641302 dv-neutron-855677-4-hyperv devstack@keystone.service[81670]: WARNING py.warnings [None req-3ddca5c3-1269-44cf-a2df-29dd18654e17 admin admin] /usr/local/lib/python3.8/dist-packages/oslo_policy/policy.py:1129: UserWarning: Policy "identity:create_grant": "(role:admin and system_scope:all) or ((role:admin and domain_id:%(target.user.domain_id)s and domain_id:%(target.project.domain_id)s) or (role:admin and domain_id:%(target.user.domain_id)s and domain_id:%(target.domain.id)s) or (role:admin and domain_id:%(target.group.domain_id)s and domain_id:%(target.project.domain_id)s) or (role:admin and domain_id:%(target.group.domain_id)s and domain_id:%(target.domain.id)s)) and (domain_id:%(target.role.domain_id)s or None:%(target.role.domain_id)s)" failed scope check. The token used to make the request was project scoped but the policy requires ['system', 'domain'] scope. This behavior may change in the future where using the intended scope is required
Oct 12 20:45:13.641302 dv-neutron-855677-4-hyperv devstack@keystone.service[81670]: warnings.warn(msg)
Oct 12 20:45:13.641302 dv-neutron-855677-4-hyperv devstack@keystone.service[81670]:
Oct 12 20:45:13.643973 dv-neutron-855677-4-hyperv devstack@keystone.service[81670]: DEBUG keystone.common.rbac_enforcer.enforcer [None req-3ddca5c3-1269-44cf-a2df-29dd18654e17 admin admin] RBAC: Authorization granted {{(pid=81670) enforce_call /opt/stack/keystone/keystone/common/rbac_enforcer/enforcer.py:457}}
Oct 12 20:45:13.650738 dv-neutron-855677-4-hyperv devstack@keystone.service[81671]: [pid: 81671|app: 0|req: 132/272] 10.222.0.25 () {58 vars in 1463 bytes} [Wed Oct 12 20:45:13 2022] PUT /identity/v3/projects/148e3381efa8488a9978a9ba6473d920/groups/505e7459cb3a4b1fb788627a97d5d07a/roles/56647aa309b746738b0fc9886b6d41f8 => generated 0 bytes in 72 msecs (HTTP/1.1 204) 3 headers in 132 bytes (0 switches on core 0)
Oct 12 20:45:13.652326 dv-neutron-855677-4-hyperv devstack@keystone.service[81671]: DEBUG keystone.server.flask.request_processing.middleware.auth_context [None req-eb49e3fe-2016-4788-a27d-bbd88cbd6592 admin admin] Authenticating user token {{(pid=81671) process_request /usr/local/lib/python3.8/dist-packages/keystonemiddleware/auth_token/__init__.py:407}}
Oct 12 20:45:13.667028 dv-neutron-855677-4-hyperv devstack@keystone.service[81670]: [pid: 81670|app: 0|req: 141/273] 10.222.0.25 () {58 vars in 1463 bytes} [Wed Oct 12 20:45:13 2022] PUT /identity/v3/projects/4413e56d3210464ca196167f8f64f16e/groups/505e7459cb3a4b1fb788627a97d5d07a/roles/56647aa309b746738b0fc9886b6d41f8 => generated 0 bytes in 71 msecs (HTTP/1.1 204) 3 headers in 132 bytes (0 switches on core 0)
Oct 12 20:45:13.668839 dv-neutron-855677-4-hyperv devstack@keystone.service[81670]: DEBUG keystone.server.flask.request_processing.req_logging [None req-fa64f023-63de-42db-9a79-3e73f62fe0e6 None None] REQUEST_METHOD: `GET` {{(pid=81670) log_request_info /opt/stack/keystone/keystone/server/flask/request_processing/req_logging.py:27}}
Oct 12 20:45:13.669669 dv-neutron-855677-4-hyperv devstack@keystone.service[81670]: DEBUG keystone.server.flask.request_processing.req_logging [None req-fa64f023-63de-42db-9a79-3e73f62fe0e6 None None] SCRIPT_NAME: `/identity` {{(pid=81670) log_request_info /opt/stack/keystone/keystone/server/flask/request_processing/req_logging.py:28}}
Oct 12 20:45:13.670195 dv-neutron-855677-4-hyperv devstack@keystone.service[81670]: DEBUG keystone.server.flask.request_processing.req_logging [None req-fa64f023-63de-42db-9a79-3e73f62fe0e6 None None] PATH_INFO: `/` {{(pid=81670) log_request_info /opt/stack/keystone/keystone/server/flask/request_processing/req_logging.py:29}}
Oct 12 20:45:13.676523 dv-neutron-855677-4-hyperv devstack@keystone.service[81670]: [pid: 81670|app: 0|req: 142/274] 10.222.0.25 () {54 vars in 927 bytes} [Wed Oct 12 20:45:13 2022] GET /identity => generated 270 bytes in 8 msecs (HTTP/1.1 300) 6 headers in 234 bytes (1 switches on core 0)
Oct 12 20:45:13.682735 dv-neutron-855677-4-hyperv devstack@keystone.service[81670]: DEBUG keystone.server.flask.request_processing.req_logging [None req-2757a7a4-062b-4352-9687-539b604331ae None None] REQUEST_METHOD: `POST` {{(pid=81670) log_request_info /opt/stack/keystone/keystone/server/flask/request_processing/req_logging.py:27}}
Oct 12 20:45:13.683428 dv-neutron-855677-4-hyperv devstack@keystone.service[81670]: DEBUG keystone.server.flask.request_processing.req_logging [None req-2757a7a4-062b-4352-9687-539b604331ae None None] SCRIPT_NAME: `/identity` {{(pid=81670) log_request_info /opt/stack/keystone/keystone/server/flask/request_processing/req_logging.py:28}}
Oct 12 20:45:13.683970 dv-neutron-855677-4-hyperv devstack@keystone.service[81670]: DEBUG keystone.server.flask.request_processing.req_logging [None req-2757a7a4-062b-4352-9687-539b604331ae None None] PATH_INFO: `/v3/auth/tokens` {{(pid=81670) log_request_info /opt/stack/keystone/keystone/server/flask/request_processing/req_logging.py:29}}
Oct 12 20:45:13.727214 dv-neutron-855677-4-hyperv devstack@keystone.service[81670]: DEBUG keystone.auth.core [None req-2757a7a4-062b-4352-9687-539b604331ae None None] MFA Rules not processed for user `6a6a31f191504de684ab4b45d06ab761`. Rule list: `[]` (Enabled: `True`). {{(pid=81670) check_auth_methods_against_rules /opt/stack/keystone/keystone/auth/core.py:438}}
Oct 12 20:45:13.730801 dv-neutron-855677-4-hyperv devstack@keystone.service[81670]: DEBUG keystone.common.fernet_utils [None req-2757a7a4-062b-4352-9687-539b604331ae None None] Loaded 2 Fernet keys from /etc/keystone/fernet-keys/, but `[fernet_tokens] max_active_keys = 3`; perhaps there have not been enough key rotations to reach `max_active_keys` yet? {{(pid=81670) load_keys /opt/stack/keystone/keystone/common/fernet_utils.py:286}}
Oct 12 20:45:13.803835 dv-neutron-855677-4-hyperv devstack@keystone.service[81671]: DEBUG keystone.server.flask.request_processing.middleware.auth_context [None req-eb49e3fe-2016-4788-a27d-bbd88cbd6592 admin admin] Validating token access rules against request {{(pid=81671) validate_allowed_request /usr/local/lib/python3.8/dist-packages/keystonemiddleware/auth_token/__init__.py:545}}
Oct 12 20:45:13.886634 dv-neutron-855677-4-hyperv devstack@keystone.service[81670]: [pid: 81670|app: 0|req: 143/275] 10.222.0.25 () {58 vars in 1024 bytes} [Wed Oct 12 20:45:13 2022] POST /identity/v3/auth/tokens => generated 799 bytes in 205 msecs (HTTP/1.1 201) 6 headers in 363 bytes (1 switches on core 0)
Oct 12 20:45:13.896115 dv-neutron-855677-4-hyperv devstack@keystone.service[81671]: DEBUG keystone.server.flask.request_processing.middleware.auth_context [None req-30508bbf-d8a9-4acc-adf2-93746ee62c73 admin admin] RBAC: auth_context: {'token': , 'domain_id': None, 'trust_id': None, 'trustor_id': None, 'trustee_id': None, 'domain_name': None, 'group_ids': [], 'user_id': '6a6a31f191504de684ab4b45d06ab761', 'user_domain_id': 'default', 'system_scope': None, 'project_id': '8bb54e1076fb45c198d00bd6c5e1cc06', 'project_domain_id': 'default', 'roles': ['member', 'reader', 'admin'], 'is_admin_project': True, 'service_user_id': None, 'service_user_domain_id': None, 'service_project_id': None, 'service_project_domain_id': None, 'service_roles': []} {{(pid=81671) fill_context /opt/stack/keystone/keystone/server/flask/request_processing/middleware/auth_context.py:478}}
Oct 12 20:45:13.897148 dv-neutron-855677-4-hyperv devstack@keystone.service[81671]: DEBUG keystone.server.flask.request_processing.req_logging [None req-30508bbf-d8a9-4acc-adf2-93746ee62c73 admin admin] REQUEST_METHOD: `GET` {{(pid=81671) log_request_info /opt/stack/keystone/keystone/server/flask/request_processing/req_logging.py:27}}
Oct 12 20:45:13.897705 dv-neutron-855677-4-hyperv devstack@keystone.service[81671]: DEBUG keystone.server.flask.request_processing.req_logging [None req-30508bbf-d8a9-4acc-adf2-93746ee62c73 admin admin] SCRIPT_NAME: `/identity` {{(pid=81671) log_request_info /opt/stack/keystone/keystone/server/flask/request_processing/req_logging.py:28}}
Oct 12 20:45:13.898192 dv-neutron-855677-4-hyperv devstack@keystone.service[81671]: DEBUG keystone.server.flask.request_processing.req_logging [None req-30508bbf-d8a9-4acc-adf2-93746ee62c73 admin admin] PATH_INFO: `/v3/groups/505e7459cb3a4b1fb788627a97d5d07a` {{(pid=81671) log_request_info /opt/stack/keystone/keystone/server/flask/request_processing/req_logging.py:29}}
Oct 12 20:45:13.899733 dv-neutron-855677-4-hyperv devstack@keystone.service[81671]: DEBUG keystone.common.rbac_enforcer.enforcer [None req-30508bbf-d8a9-4acc-adf2-93746ee62c73 admin admin] RBAC: Authorizing `identity:get_group(group_id=505e7459cb3a4b1fb788627a97d5d07a)` {{(pid=81671) enforce_call /opt/stack/keystone/keystone/common/rbac_enforcer/enforcer.py:449}}
Oct 12 20:45:13.901072 dv-neutron-855677-4-hyperv devstack@keystone.service[81671]: WARNING py.warnings [None req-30508bbf-d8a9-4acc-adf2-93746ee62c73 admin admin] /usr/local/lib/python3.8/dist-packages/oslo_policy/policy.py:1129: UserWarning: Policy "identity:get_group": "(role:reader and system_scope:all) or (role:reader and domain_id:%(target.group.domain_id)s)" failed scope check. The token used to make the request was project scoped but the policy requires ['system', 'domain'] scope. This behavior may change in the future where using the intended scope is required
Oct 12 20:45:13.901072 dv-neutron-855677-4-hyperv devstack@keystone.service[81671]: warnings.warn(msg)
Oct 12 20:45:13.901072 dv-neutron-855677-4-hyperv devstack@keystone.service[81671]:
Oct 12 20:45:13.902692 dv-neutron-855677-4-hyperv devstack@keystone.service[81671]: DEBUG keystone.common.rbac_enforcer.enforcer [None req-30508bbf-d8a9-4acc-adf2-93746ee62c73 admin admin] RBAC: Authorization granted {{(pid=81671) enforce_call /opt/stack/keystone/keystone/common/rbac_enforcer/enforcer.py:457}}
Oct 12 20:45:13.905077 dv-neutron-855677-4-hyperv devstack@keystone.service[81671]: [pid: 81671|app: 0|req: 133/276] 10.222.0.25 () {56 vars in 1201 bytes} [Wed Oct 12 20:45:13 2022] GET /identity/v3/groups/505e7459cb3a4b1fb788627a97d5d07a => generated 226 bytes in 254 msecs (HTTP/1.1 200) 5 headers in 177 bytes (1 switches on core 0)
Oct 12 20:45:13.911905 dv-neutron-855677-4-hyperv devstack@keystone.service[81670]: DEBUG keystone.server.flask.request_processing.middleware.auth_context [None req-2757a7a4-062b-4352-9687-539b604331ae None None] Authenticating user token {{(pid=81670) process_request /usr/local/lib/python3.8/dist-packages/keystonemiddleware/auth_token/__init__.py:407}}
Oct 12 20:45:13.930592 dv-neutron-855677-4-hyperv devstack@keystone.service[81670]: DEBUG keystone.server.flask.request_processing.middleware.auth_context [None req-2757a7a4-062b-4352-9687-539b604331ae None None] Validating token access rules against request {{(pid=81670) validate_allowed_request /usr/local/lib/python3.8/dist-packages/keystonemiddleware/auth_token/__init__.py:545}}
Oct 12 20:45:13.945626 dv-neutron-855677-4-hyperv devstack@keystone.service[81670]: DEBUG keystone.server.flask.request_processing.middleware.auth_context [None req-33763dd3-7174-4531-8a2a-ab090ff355bf admin admin] RBAC: auth_context: {'token': , 'domain_id': None, 'trust_id': None, 'trustor_id': None, 'trustee_id': None, 'domain_name': None, 'group_ids': [], 'user_id': '6a6a31f191504de684ab4b45d06ab761', 'user_domain_id': 'default', 'system_scope': None, 'project_id': '8bb54e1076fb45c198d00bd6c5e1cc06', 'project_domain_id': 'default', 'roles': ['member', 'reader', 'admin'], 'is_admin_project': True, 'service_user_id': None, 'service_user_domain_id': None, 'service_project_id': None, 'service_project_domain_id': None, 'service_roles': []} {{(pid=81670) fill_context /opt/stack/keystone/keystone/server/flask/request_processing/middleware/auth_context.py:478}}
Oct 12 20:45:13.946300 dv-neutron-855677-4-hyperv devstack@keystone.service[81670]: DEBUG keystone.server.flask.request_processing.req_logging [None req-33763dd3-7174-4531-8a2a-ab090ff355bf admin admin] REQUEST_METHOD: `GET` {{(pid=81670) log_request_info /opt/stack/keystone/keystone/server/flask/request_processing/req_logging.py:27}}
Oct 12 20:45:13.946582 dv-neutron-855677-4-hyperv devstack@keystone.service[81670]: DEBUG keystone.server.flask.request_processing.req_logging [None req-33763dd3-7174-4531-8a2a-ab090ff355bf admin admin] SCRIPT_NAME: `/identity` {{(pid=81670) log_request_info /opt/stack/keystone/keystone/server/flask/request_processing/req_logging.py:28}}
Oct 12 20:45:13.946852 dv-neutron-855677-4-hyperv devstack@keystone.service[81670]: DEBUG keystone.server.flask.request_processing.req_logging [None req-33763dd3-7174-4531-8a2a-ab090ff355bf admin admin] PATH_INFO: `/v3/projects/148e3381efa8488a9978a9ba6473d920` {{(pid=81670) log_request_info /opt/stack/keystone/keystone/server/flask/request_processing/req_logging.py:29}}
Oct 12 20:45:13.948117 dv-neutron-855677-4-hyperv devstack@keystone.service[81670]: DEBUG keystone.common.rbac_enforcer.enforcer [None req-33763dd3-7174-4531-8a2a-ab090ff355bf admin admin] RBAC: Authorizing `identity:get_project(project_id=148e3381efa8488a9978a9ba6473d920)` {{(pid=81670) enforce_call /opt/stack/keystone/keystone/common/rbac_enforcer/enforcer.py:449}}
Oct 12 20:45:13.950216 dv-neutron-855677-4-hyperv devstack@keystone.service[81670]: DEBUG keystone.common.rbac_enforcer.enforcer [None req-33763dd3-7174-4531-8a2a-ab090ff355bf admin admin] RBAC: Authorization granted {{(pid=81670) enforce_call /opt/stack/keystone/keystone/common/rbac_enforcer/enforcer.py:457}}
Oct 12 20:45:13.951852 dv-neutron-855677-4-hyperv devstack@keystone.service[81670]: [pid: 81670|app: 0|req: 144/277] 10.222.0.25 () {56 vars in 1207 bytes} [Wed Oct 12 20:45:13 2022] GET /identity/v3/projects/148e3381efa8488a9978a9ba6473d920 => generated 298 bytes in 40 msecs (HTTP/1.1 200) 5 headers in 177 bytes (1 switches on core 0)
Oct 12 20:45:13.958806 dv-neutron-855677-4-hyperv devstack@keystone.service[81671]: DEBUG keystone.server.flask.request_processing.middleware.auth_context [None req-30508bbf-d8a9-4acc-adf2-93746ee62c73 admin admin] Authenticating user token {{(pid=81671) process_request /usr/local/lib/python3.8/dist-packages/keystonemiddleware/auth_token/__init__.py:407}}
