Sep 06 13:36:57.304751 dv-neutron-855668-1-hyperv neutron-server[107552]: DEBUG neutron.api.rpc.handlers.resources_rpc [None req-1634aa88-9c1a-468b-9576-16cda821c438 admin admin] Pushing event deleted for resources: {'SecurityGroup': ['ID=74c15768-3235-44ce-bef4-3574de6544fb,revision_number=None']} {{(pid=107552) push /opt/stack/neutron/neutron/api/rpc/handlers/resources_rpc.py:237}}
Sep 06 13:36:57.385342 dv-neutron-855668-1-hyperv neutron-server[107551]: INFO neutron.wsgi [req-01b1e54d-869d-4d46-9670-a4334c8e80e9 req-554253dc-2d14-495e-a518-695cb575bfdf tempest-ServersTestManualDisk-1180347627 tempest-ServersTestManualDisk-1180347627-project] 10.222.0.26 "GET /networking/v2.0/ports?device_id=87493512-1199-4167-9b76-1e560096dddd HTTP/1.1" status: 200 len: 210 time: 0.1672699
Sep 06 13:36:57.428650 dv-neutron-855668-1-hyperv neutron-server[107552]: DEBUG neutron_lib.callbacks.manager [None req-0ac2ac00-e444-4fdd-bb26-131d7cf58730 tempest-BulkNetworkOpsIpV6Test-1778413118 tempest-BulkNetworkOpsIpV6Test-1778413118-project] Publish callbacks ['neutron.plugins.ml2.ovo_rpc._ObjectChangeHandler.handle_event-1944087', 'neutron.api.rpc.agentnotifiers.dhcp_rpc_agent_api.DhcpAgentNotifyAPI._native_event_send_dhcp_notification-1584353'] for network (1ce8c5f2-af5f-4277-bb5a-fff84123c882), after_create {{(pid=107552) _notify_loop /usr/local/lib/python3.8/dist-packages/neutron_lib/callbacks/manager.py:176}}
Sep 06 13:36:57.438121 dv-neutron-855668-1-hyperv neutron-server[107552]: DEBUG neutron.pecan_wsgi.hooks.policy_enforcement [None req-0ac2ac00-e444-4fdd-bb26-131d7cf58730 tempest-BulkNetworkOpsIpV6Test-1778413118 tempest-BulkNetworkOpsIpV6Test-1778413118-project] Attributes excluded by policy engine: ['standard_attr_id', 'provider:network_type', 'provider:physical_network', 'provider:segmentation_id', 'vlan_transparent'] {{(pid=107552) _exclude_attributes_by_policy /opt/stack/neutron/neutron/pecan_wsgi/hooks/policy_enforcement.py:259}}
Sep 06 13:36:57.439463 dv-neutron-855668-1-hyperv neutron-server[107552]: DEBUG neutron_lib.callbacks.manager [None req-0ac2ac00-e444-4fdd-bb26-131d7cf58730 tempest-BulkNetworkOpsIpV6Test-1778413118 tempest-BulkNetworkOpsIpV6Test-1778413118-project] Publish callbacks ['neutron.api.rpc.agentnotifiers.dhcp_rpc_agent_api.DhcpAgentNotifyAPI._send_dhcp_notification-1586715'] for network (None), before_response {{(pid=107552) _notify_loop /usr/local/lib/python3.8/dist-packages/neutron_lib/callbacks/manager.py:176}}
Sep 06 13:36:57.452839 dv-neutron-855668-1-hyperv neutron-server[107552]: DEBUG neutron_lib.callbacks.manager [None req-8122ec26-076c-4233-b8f4-39bca1ec73f3 tempest-FloatingIPAdminTestJSON-1620780626 tempest-FloatingIPAdminTestJSON-1620780626-project-admin] Publish callbacks ['neutron.plugins.ml2.plugin.SecurityGroupServerNotifierRpcMixin._notify_sg_on_port_change-672921', 'neutron.plugins.ml2.ovo_rpc._ObjectChangeHandler.handle_event-257612', 'neutron.api.rpc.agentnotifiers.dhcp_rpc_agent_api.DhcpAgentNotifyAPI._native_event_send_dhcp_notification-1584353', 'neutron.db.l3_dvrscheduler_db._notify_l3_agent_new_port-8771271905958', 'neutron.services.segments.plugin.NovaSegmentNotifier._notify_port_created_or_deleted-13578681'] for port (bf60bbb1-8b2e-442e-b839-37c3700c0650), after_create {{(pid=107552) _notify_loop /usr/local/lib/python3.8/dist-packages/neutron_lib/callbacks/manager.py:176}}
Sep 06 13:36:57.465349 dv-neutron-855668-1-hyperv neutron-server[107551]: INFO neutron.wsgi [req-6373ca14-5f53-458c-b101-f4cfc1736f5b req-23ec8230-203c-46ac-b451-92225fc568e5 tempest-ServersTestJSON-265811635 tempest-ServersTestJSON-265811635-project] 10.222.0.26 "GET /networking/v2.0/security-groups?id=63a1794e-b985-49f3-8f17-b17fded30eb8&fields=id&fields=name HTTP/1.1" status: 200 len: 312 time: 0.3299942
Sep 06 13:36:57.508640 dv-neutron-855668-1-hyperv neutron-server[107551]: DEBUG neutron.pecan_wsgi.hooks.policy_enforcement [req-3cb891f1-2492-423d-9897-5ebf8fd5cf60 req-97f289a0-11cf-45a1-8b9c-304c0d2d0fa0 service neutron] Attributes excluded by policy engine: ['standard_attr_id'] {{(pid=107551) _exclude_attributes_by_policy /opt/stack/neutron/neutron/pecan_wsgi/hooks/policy_enforcement.py:259}}
Sep 06 13:36:57.510235 dv-neutron-855668-1-hyperv neutron-server[107551]: INFO neutron.wsgi [req-3cb891f1-2492-423d-9897-5ebf8fd5cf60 req-97f289a0-11cf-45a1-8b9c-304c0d2d0fa0 service neutron] 10.222.0.48 "GET /networking/v2.0/ports?network_id=dd54c0dd-1bcf-4df7-adc2-252529b86f0f&device_owner=network%3Adhcp HTTP/1.1" status: 200 len: 1214 time: 0.2287652
Sep 06 13:36:57.539175 dv-neutron-855668-1-hyperv neutron-server[107552]: DEBUG neutron_lib.callbacks.manager [None req-a4b7805e-9a76-4cbf-afde-01fb33f13467 tempest-AllowedAddressPairTestJSON-1709292228 tempest-AllowedAddressPairTestJSON-1709292228-project] Publish callbacks ['neutron.plugins.ml2.plugin.SecurityGroupServerNotifierRpcMixin._notify_sg_on_port_change-672921', 'neutron.plugins.ml2.ovo_rpc._ObjectChangeHandler.handle_event-257612', 'neutron.api.rpc.agentnotifiers.dhcp_rpc_agent_api.DhcpAgentNotifyAPI._native_event_send_dhcp_notification-1584353', 'neutron.db.l3_db.L3RpcNotifierMixin._notify_routers_callback-8771272381130', 'neutron.db.l3_dvrscheduler_db._notify_port_delete-8771271905967', 'neutron.services.segments.plugin.NovaSegmentNotifier._notify_port_created_or_deleted-13578681'] for port (70448537-eaff-4158-9025-426e57e9e5c5), after_delete {{(pid=107552) _notify_loop /usr/local/lib/python3.8/dist-packages/neutron_lib/callbacks/manager.py:176}}
Sep 06 13:36:57.547946 dv-neutron-855668-1-hyperv neutron-server[107552]: DEBUG neutron.scheduler.dhcp_agent_scheduler [None req-8122ec26-076c-4233-b8f4-39bca1ec73f3 tempest-FloatingIPAdminTestJSON-1620780626 tempest-FloatingIPAdminTestJSON-1620780626-project-admin] Network 845f3a0d-3891-4b47-b3ba-a9736e86bf65 is already hosted by enough agents. {{(pid=107552) _get_dhcp_agents_hosting_network /opt/stack/neutron/neutron/scheduler/dhcp_agent_scheduler.py:275}}
Sep 06 13:36:57.564594 dv-neutron-855668-1-hyperv neutron-server[107552]: DEBUG neutron.scheduler.base_scheduler [None req-8122ec26-076c-4233-b8f4-39bca1ec73f3 tempest-FloatingIPAdminTestJSON-1620780626 tempest-FloatingIPAdminTestJSON-1620780626-project-admin] Resources bound (agent type, host, resource id): {{(pid=107552) schedule /opt/stack/neutron/neutron/scheduler/base_scheduler.py:57}}
Sep 06 13:36:57.601615 dv-neutron-855668-1-hyperv neutron-server[107552]: DEBUG neutron.db.l3_dvrscheduler_db [None req-8122ec26-076c-4233-b8f4-39bca1ec73f3 tempest-FloatingIPAdminTestJSON-1620780626 tempest-FloatingIPAdminTestJSON-1620780626-project-admin] Received port after_create {{(pid=107552) _notify_l3_agent_new_port /opt/stack/neutron/neutron/db/l3_dvrscheduler_db.py:538}}
Sep 06 13:36:57.699139 dv-neutron-855668-1-hyperv neutron-server[107551]: INFO neutron.wsgi [req-3cb891f1-2492-423d-9897-5ebf8fd5cf60 req-3dc199c9-d138-4b7a-8726-47c21b9ae58f service neutron] 10.222.0.48 "GET /networking/v2.0/networks/dd54c0dd-1bcf-4df7-adc2-252529b86f0f?fields=segments HTTP/1.1" status: 200 len: 212 time: 0.1819820
Sep 06 13:36:57.715300 dv-neutron-855668-1-hyperv neutron-server[107552]: INFO neutron.wsgi [None req-0ac2ac00-e444-4fdd-bb26-131d7cf58730 tempest-BulkNetworkOpsIpV6Test-1778413118 tempest-BulkNetworkOpsIpV6Test-1778413118-project] 10.222.0.26 "POST /networking/v2.0/networks HTTP/1.1" status: 201 len: 790 time: 1.5541730
Sep 06 13:36:57.719340 dv-neutron-855668-1-hyperv neutron-server[107551]: DEBUG neutron.wsgi [-] (107551) accepted ('10.222.0.26', 43188) {{(pid=107551) server /usr/local/lib/python3.8/dist-packages/eventlet/wsgi.py:1004}}
Sep 06 13:36:57.737152 dv-neutron-855668-1-hyperv neutron-server[107552]: DEBUG neutron.api.rpc.handlers.resources_rpc [None req-0ac2ac00-e444-4fdd-bb26-131d7cf58730 tempest-BulkNetworkOpsIpV6Test-1778413118 tempest-BulkNetworkOpsIpV6Test-1778413118-project] Pushing event updated for resources: {'Network': ['ID=1ce8c5f2-af5f-4277-bb5a-fff84123c882,revision_number=1']} {{(pid=107552) push /opt/stack/neutron/neutron/api/rpc/handlers/resources_rpc.py:237}}
Sep 06 13:36:57.755703 dv-neutron-855668-1-hyperv neutron-server[107553]: DEBUG neutron.plugins.ml2.rpc [None req-9d485aa6-fd52-4ca0-b73e-e5a3ce5ba02a None None] Network 1ce8c5f2-af5f-4277-bb5a-fff84123c882 details requested by agent ovs-agent-dv-neutron-855668-1-hyperv with host dv-neutron-855668-1-hyperv {{(pid=107553) get_network_details /opt/stack/neutron/neutron/plugins/ml2/rpc.py:248}}
Sep 06 13:36:57.820736 dv-neutron-855668-1-hyperv neutron-server[107552]: DEBUG neutron.api.rpc.handlers.resources_rpc [None req-8122ec26-076c-4233-b8f4-39bca1ec73f3 tempest-FloatingIPAdminTestJSON-1620780626 tempest-FloatingIPAdminTestJSON-1620780626-project-admin] Pushing event updated for resources: {'Port': ['ID=bf60bbb1-8b2e-442e-b839-37c3700c0650,revision_number=1']} {{(pid=107552) push /opt/stack/neutron/neutron/api/rpc/handlers/resources_rpc.py:237}}
Sep 06 13:36:57.849314 dv-neutron-855668-1-hyperv neutron-server[107551]: DEBUG neutron.api.v2.base [None req-42c2c86e-929f-4e92-bad1-55f91111a924 tempest-BulkNetworkOpsIpV6Test-1778413118 tempest-BulkNetworkOpsIpV6Test-1778413118-project] Request body: {'ports': [{'network_id': '2a9c08bc-9ad7-42f6-bf9f-96b92679fb73', 'name': 'tempest-port--698712389', 'admin_state_up': True}, {'network_id': '1ce8c5f2-af5f-4277-bb5a-fff84123c882', 'admin_state_up': False}]} {{(pid=107551) prepare_request_body /opt/stack/neutron/neutron/api/v2/base.py:730}}
Sep 06 13:36:57.851433 dv-neutron-855668-1-hyperv neutron-server[107551]: DEBUG neutron.api.v2.base [None req-42c2c86e-929f-4e92-bad1-55f91111a924 tempest-BulkNetworkOpsIpV6Test-1778413118 tempest-BulkNetworkOpsIpV6Test-1778413118-project] Request body: {'port': {'network_id': '2a9c08bc-9ad7-42f6-bf9f-96b92679fb73', 'name': 'tempest-port--698712389', 'admin_state_up': True}} {{(pid=107551) prepare_request_body /opt/stack/neutron/neutron/api/v2/base.py:730}}
Sep 06 13:36:57.851433 dv-neutron-855668-1-hyperv neutron-server[107551]: DEBUG neutron.api.v2.base [None req-42c2c86e-929f-4e92-bad1-55f91111a924 tempest-BulkNetworkOpsIpV6Test-1778413118 tempest-BulkNetworkOpsIpV6Test-1778413118-project] Request body: {'port': {'network_id': '1ce8c5f2-af5f-4277-bb5a-fff84123c882', 'admin_state_up': False}} {{(pid=107551) prepare_request_body /opt/stack/neutron/neutron/api/v2/base.py:730}}
Sep 06 13:36:57.878960 dv-neutron-855668-1-hyperv neutron-server[107552]: DEBUG neutron.api.rpc.handlers.resources_rpc [None req-a4b7805e-9a76-4cbf-afde-01fb33f13467 tempest-AllowedAddressPairTestJSON-1709292228 tempest-AllowedAddressPairTestJSON-1709292228-project] Pushing event deleted for resources: {'Port': ['ID=70448537-eaff-4158-9025-426e57e9e5c5,revision_number=None']} {{(pid=107552) push /opt/stack/neutron/neutron/api/rpc/handlers/resources_rpc.py:237}}
Sep 06 13:36:57.974456 dv-neutron-855668-1-hyperv neutron-server[107552]: DEBUG neutron.pecan_wsgi.hooks.quota_enforcement [req-e6d40318-e11d-47da-b0bf-b14e9392e004 req-bd2ece05-d4e5-4ed9-9edb-7d73722c9db1 tempest-ServersTestManualDisk-1180347627 tempest-ServersTestManualDisk-1180347627-project] Made reservation on behalf of 51fd7289166c462a93353b3ee54fddf1 for: {'port': 1} {{(pid=107552) before /opt/stack/neutron/neutron/pecan_wsgi/hooks/quota_enforcement.py:53}}
Sep 06 13:36:57.974663 dv-neutron-855668-1-hyperv neutron-server[107553]: DEBUG dbcounter [-] [107553] Writing DB stats neutron:SELECT=100 {{(pid=107553) stat_writer /usr/local/lib/python3.8/dist-packages/dbcounter.py:114}}
Sep 06 13:36:57.978694 dv-neutron-855668-1-hyperv neutron-server[107552]: DEBUG neutron_lib.callbacks.manager [req-e6d40318-e11d-47da-b0bf-b14e9392e004 req-bd2ece05-d4e5-4ed9-9edb-7d73722c9db1 tempest-ServersTestManualDisk-1180347627 tempest-ServersTestManualDisk-1180347627-project] Publish callbacks ['neutron.plugins.ml2.plugin.SecurityGroupDbMixin._ensure_default_security_group_handler-672986'] for port (None), before_create {{(pid=107552) _notify_loop /usr/local/lib/python3.8/dist-packages/neutron_lib/callbacks/manager.py:176}}
Sep 06 13:36:58.016393 dv-neutron-855668-1-hyperv neutron-server[107551]: DEBUG neutron_lib.callbacks.manager [None req-94378d3a-78e7-4e23-bdf4-ebb57b1fef5e tempest-MeteringTestJSON-545305864 tempest-MeteringTestJSON-545305864-project-admin] Publish callbacks [] for metering_label (None), before_response {{(pid=107551) _notify_loop /usr/local/lib/python3.8/dist-packages/neutron_lib/callbacks/manager.py:176}}
Sep 06 13:36:58.017952 dv-neutron-855668-1-hyperv neutron-server[107551]: INFO neutron.wsgi [None req-94378d3a-78e7-4e23-bdf4-ebb57b1fef5e tempest-MeteringTestJSON-545305864 tempest-MeteringTestJSON-545305864-project-admin] 10.222.0.26 "DELETE /networking/v2.0/metering/metering-labels/631257e2-c036-41c9-ba23-e712e20cee0a HTTP/1.1" status: 204 len: 168 time: 0.8242316
Sep 06 13:36:58.027997 dv-neutron-855668-1-hyperv neutron-server[107551]: DEBUG neutron.wsgi [-] (107551) accepted ('10.222.0.26', 43196) {{(pid=107551) server /usr/local/lib/python3.8/dist-packages/eventlet/wsgi.py:1004}}
Sep 06 13:36:58.033402 dv-neutron-855668-1-hyperv neutron-server[107551]: DEBUG dbcounter [-] [107551] Writing DB stats neutron:SELECT=87,neutron:INSERT=9,neutron:UPDATE=4 {{(pid=107551) stat_writer /usr/local/lib/python3.8/dist-packages/dbcounter.py:114}}
Sep 06 13:36:58.094507 dv-neutron-855668-1-hyperv neutron-server[107551]: INFO neutron.wsgi [None req-245bc5eb-b74a-4ed9-acd0-c7d85b70ea33 tempest-MeteringTestJSON-545305864 tempest-MeteringTestJSON-545305864-project-admin] 10.222.0.26 "GET /networking/v2.0/metering/metering-labels?id=631257e2-c036-41c9-ba23-e712e20cee0a HTTP/1.1" status: 200 len: 216 time: 0.0646486
Sep 06 13:36:58.118395 dv-neutron-855668-1-hyperv neutron-server[107552]: DEBUG neutron.wsgi [-] (107552) accepted ('10.222.0.26', 43198) {{(pid=107552) server /usr/local/lib/python3.8/dist-packages/eventlet/wsgi.py:1004}}
Sep 06 13:36:58.182060 dv-neutron-855668-1-hyperv neutron-server[107552]: DEBUG dbcounter [-] [107552] Writing DB stats neutron:SELECT=94,neutron:DELETE=5,neutron:UPDATE=1 {{(pid=107552) stat_writer /usr/local/lib/python3.8/dist-packages/dbcounter.py:114}}
Sep 06 13:36:58.192887 dv-neutron-855668-1-hyperv neutron-server[107552]: INFO neutron.wsgi [None req-5a04b52e-ada4-4fbf-8ad9-61543020100b tempest-MeteringTestJSON-545305864 tempest-MeteringTestJSON-545305864-project-admin] 10.222.0.26 "GET /networking/v2.0/metering/metering-label-rules?id=33 HTTP/1.1" status: 200 len: 221 time: 0.0702271
Sep 06 13:36:58.202150 dv-neutron-855668-1-hyperv neutron-server[107552]: DEBUG neutron.wsgi [-] (107552) accepted ('10.222.0.26', 43204) {{(pid=107552) server /usr/local/lib/python3.8/dist-packages/eventlet/wsgi.py:1004}}
Sep 06 13:36:58.255939 dv-neutron-855668-1-hyperv neutron-server[107552]: DEBUG neutron.db.db_base_plugin_common [req-e6d40318-e11d-47da-b0bf-b14e9392e004 req-bd2ece05-d4e5-4ed9-9edb-7d73722c9db1 tempest-ServersTestManualDisk-1180347627 tempest-ServersTestManualDisk-1180347627-project] Allocated IP 172.20.0.6 (9a9c4210-e49c-4083-8e85-93cdc1ce33b8/17ed96ff-c3b4-4ed1-a283-ebdb9b018c1a/05691ce7-d88c-4b6f-9d1e-90718218f551) {{(pid=107552) _store_ip_allocation /opt/stack/neutron/neutron/db/db_base_plugin_common.py:131}}
Sep 06 13:36:58.259094 dv-neutron-855668-1-hyperv neutron-server[107552]: INFO neutron.wsgi [None req-46a71fcd-3c5f-4426-a59a-783180e99de7 tempest-MeteringTestJSON-545305864 tempest-MeteringTestJSON-545305864-project-admin] 10.222.0.26 "GET /networking/v2.0/metering/metering-labels?id=33 HTTP/1.1" status: 200 len: 216 time: 0.0558259
Sep 06 13:36:58.288954 dv-neutron-855668-1-hyperv neutron-server[107551]: DEBUG dbcounter [-] [107551] Writing DB stats neutron:SELECT=94,neutron:DELETE=6 {{(pid=107551) stat_writer /usr/local/lib/python3.8/dist-packages/dbcounter.py:114}}
Sep 06 13:36:58.293635 dv-neutron-855668-1-hyperv neutron-server[107551]: DEBUG neutron.wsgi [-] (107551) accepted ('10.222.0.26', 43210) {{(pid=107551) server /usr/local/lib/python3.8/dist-packages/eventlet/wsgi.py:1004}}
Sep 06 13:36:58.314244 dv-neutron-855668-1-hyperv neutron-server[107552]: DEBUG neutron_lib.callbacks.manager [None req-a4b7805e-9a76-4cbf-afde-01fb33f13467 tempest-AllowedAddressPairTestJSON-1709292228 tempest-AllowedAddressPairTestJSON-1709292228-project] Publish callbacks ['neutron.notifiers.nova.Notifier._send_nova_notification-412344'] for port (None), before_response {{(pid=107552) _notify_loop /usr/local/lib/python3.8/dist-packages/neutron_lib/callbacks/manager.py:176}}
Sep 06 13:36:58.321145 dv-neutron-855668-1-hyperv neutron-server[107552]: INFO neutron.wsgi [None req-a4b7805e-9a76-4cbf-afde-01fb33f13467 tempest-AllowedAddressPairTestJSON-1709292228 tempest-AllowedAddressPairTestJSON-1709292228-project] 10.222.0.26 "DELETE /networking/v2.0/ports/70448537-eaff-4158-9025-426e57e9e5c5 HTTP/1.1" status: 204 len: 168 time: 3.0254614
Sep 06 13:36:58.326066 dv-neutron-855668-1-hyperv neutron-server[107552]: DEBUG neutron.wsgi [-] (107552) accepted ('10.222.0.26', 43216) {{(pid=107552) server /usr/local/lib/python3.8/dist-packages/eventlet/wsgi.py:1004}}
Sep 06 13:36:58.335828 dv-neutron-855668-1-hyperv neutron-server[107551]: INFO neutron.wsgi [req-3cb891f1-2492-423d-9897-5ebf8fd5cf60 req-304551ac-fc94-4231-8319-d6bd0749e00b service neutron] 10.222.0.48 "GET /networking/v2.0/networks/dd54c0dd-1bcf-4df7-adc2-252529b86f0f?fields=provider%3Aphysical_network&fields=provider%3Anetwork_type HTTP/1.1" status: 200 len: 281 time: 0.6120737
Sep 06 13:36:58.370480 dv-neutron-855668-1-hyperv neutron-server[107552]: INFO neutron.pecan_wsgi.hooks.translation [None req-0fbe1408-bfa9-43e4-82dd-43eeaba8e44f tempest-AllowedAddressPairTestJSON-1709292228 tempest-AllowedAddressPairTestJSON-1709292228-project] GET failed (client error): The resource could not be found.
Sep 06 13:36:58.375854 dv-neutron-855668-1-hyperv neutron-server[107552]: INFO neutron.wsgi [None req-0fbe1408-bfa9-43e4-82dd-43eeaba8e44f tempest-AllowedAddressPairTestJSON-1709292228 tempest-AllowedAddressPairTestJSON-1709292228-project] 10.222.0.26 "GET /networking/v2.0/ports/70448537-eaff-4158-9025-426e57e9e5c5 HTTP/1.1" status: 404 len: 333 time: 0.0449209
Sep 06 13:36:58.386615 dv-neutron-855668-1-hyperv neutron-server[107552]: DEBUG neutron.wsgi [-] (107552) accepted ('10.222.0.26', 43218) {{(pid=107552) server /usr/local/lib/python3.8/dist-packages/eventlet/wsgi.py:1004}}
Sep 06 13:36:58.396379 dv-neutron-855668-1-hyperv neutron-server[107552]: DEBUG neutron.api.v2.base [None req-c90a6f4c-a1be-42f2-9278-19425dab9217 tempest-AllowedAddressPairTestJSON-1709292228 tempest-AllowedAddressPairTestJSON-1709292228-project] Request body: {'port': {'network_id': '3be90930-789d-4b09-93d1-09c804be8ddf', 'name': 'tempest-AllowedAddressPairTestJSON-761311063'}} {{(pid=107552) prepare_request_body /opt/stack/neutron/neutron/api/v2/base.py:730}}
Sep 06 13:36:58.510155 dv-neutron-855668-1-hyperv neutron-server[107553]: DEBUG neutron_lib.callbacks.manager [None req-582d78e8-037c-4135-b7f4-9f73064ae10d None None] Publish callbacks ['neutron.services.segments.db._update_segment_host_mapping_for_agent-8771272356482', 'neutron.plugins.ml2.plugin.Ml2Plugin._retry_binding_revived_agents-1030412'] for agent (32946db2-c454-4e24-9576-644aba2ad396), after_update {{(pid=107553) _notify_loop /usr/local/lib/python3.8/dist-packages/neutron_lib/callbacks/manager.py:176}}
Sep 06 13:36:58.526959 dv-neutron-855668-1-hyperv neutron-server[107551]: DEBUG neutron.pecan_wsgi.hooks.quota_enforcement [None req-42c2c86e-929f-4e92-bad1-55f91111a924 tempest-BulkNetworkOpsIpV6Test-1778413118 tempest-BulkNetworkOpsIpV6Test-1778413118-project] Made reservation on behalf of 257e1b056f124d119911994b26554d82 for: {'port': 2} {{(pid=107551) before /opt/stack/neutron/neutron/pecan_wsgi/hooks/quota_enforcement.py:53}}
Sep 06 13:36:58.537786 dv-neutron-855668-1-hyperv neutron-server[107551]: DEBUG neutron_lib.callbacks.manager [None req-42c2c86e-929f-4e92-bad1-55f91111a924 tempest-BulkNetworkOpsIpV6Test-1778413118 tempest-BulkNetworkOpsIpV6Test-1778413118-project] Publish callbacks ['neutron.plugins.ml2.plugin.SecurityGroupDbMixin._ensure_default_security_group_handler-672986'] for port (None), before_create {{(pid=107551) _notify_loop /usr/local/lib/python3.8/dist-packages/neutron_lib/callbacks/manager.py:176}}
Sep 06 13:36:58.541339 dv-neutron-855668-1-hyperv neutron-server[107551]: INFO neutron.wsgi [None req-a2e7ce48-38ee-41e5-a58b-0c09b19e8959 tempest-MeteringTestJSON-545305864 tempest-MeteringTestJSON-545305864-project-admin] 10.222.0.26 "GET /networking/v2.0/metering/metering-labels/8482508e-be6d-479a-aaf6-73f27287db0e HTTP/1.1" status: 200 len: 471 time: 0.2465105
Sep 06 13:36:58.608103 dv-neutron-855668-1-hyperv neutron-server[107551]: DEBUG neutron.wsgi [-] (107551) accepted ('10.222.0.26', 43226) {{(pid=107551) server /usr/local/lib/python3.8/dist-packages/eventlet/wsgi.py:1004}}
Sep 06 13:36:58.608305 dv-neutron-855668-1-hyperv neutron-server[107551]: DEBUG neutron.wsgi [-] (107551) accepted ('10.222.0.26', 43228) {{(pid=107551) server /usr/local/lib/python3.8/dist-packages/eventlet/wsgi.py:1004}}
Sep 06 13:36:58.651159 dv-neutron-855668-1-hyperv neutron-server[107552]: DEBUG dbcounter [-] [107552] Writing DB stats neutron:SELECT=82,neutron:INSERT=14,neutron:UPDATE=2,neutron:DELETE=2 {{(pid=107552) stat_writer /usr/local/lib/python3.8/dist-packages/dbcounter.py:114}}
Sep 06 13:36:58.708141 dv-neutron-855668-1-hyperv neutron-server[107551]: DEBUG neutron_lib.callbacks.manager [None req-42c2c86e-929f-4e92-bad1-55f91111a924 tempest-BulkNetworkOpsIpV6Test-1778413118 tempest-BulkNetworkOpsIpV6Test-1778413118-project] Publish callbacks ['neutron.plugins.ml2.plugin.SecurityGroupDbMixin._ensure_default_security_group_handler-672986'] for port (None), before_create {{(pid=107551) _notify_loop /usr/local/lib/python3.8/dist-packages/neutron_lib/callbacks/manager.py:176}}
Sep 06 13:36:58.719324 dv-neutron-855668-1-hyperv neutron-server[107551]: INFO neutron.wsgi [None req-1962b8c4-a393-4ee8-b299-babf8a5ee09d tempest-MeteringTestJSON-545305864 tempest-MeteringTestJSON-545305864-project-admin] 10.222.0.26 "GET /networking/v2.0/metering/metering-label-rules/7375d56e-5c64-4f22-a271-1b1515857d79 HTTP/1.1" status: 200 len: 461 time: 0.1048622
Sep 06 13:36:58.721909 dv-neutron-855668-1-hyperv neutron-server[107551]: INFO neutron.wsgi [req-5d1ebf11-e69c-4cdb-8233-3a2fea730a51 req-fbe98f14-9e47-47a1-ab00-b0320463aef7 tempest-ServersTestManualDisk-1180347627 tempest-ServersTestManualDisk-1180347627-project] 10.222.0.26 "GET /networking/v2.0/ports?device_id=87493512-1199-4167-9b76-1e560096dddd HTTP/1.1" status: 200 len: 210 time: 0.1795490
Sep 06 13:36:58.722292 dv-neutron-855668-1-hyperv neutron-server[107552]: DEBUG neutron.wsgi [-] (107552) accepted ('10.222.0.26', 43234) {{(pid=107552) server /usr/local/lib/python3.8/dist-packages/eventlet/wsgi.py:1004}}
Sep 06 13:36:58.759276 dv-neutron-855668-1-hyperv neutron-server[107551]: DEBUG neutron.pecan_wsgi.hooks.policy_enforcement [req-e1a3cab1-97a7-4bf0-9b6e-f2f8b9e5e02e req-b95813c5-7384-4806-9edb-71667a37c7e5 service neutron] Attributes excluded by policy engine: ['standard_attr_id'] {{(pid=107551) _exclude_attributes_by_policy /opt/stack/neutron/neutron/pecan_wsgi/hooks/policy_enforcement.py:259}}
Sep 06 13:36:58.760772 dv-neutron-855668-1-hyperv neutron-server[107551]: INFO neutron.wsgi [req-e1a3cab1-97a7-4bf0-9b6e-f2f8b9e5e02e req-b95813c5-7384-4806-9edb-71667a37c7e5 service neutron] 10.222.0.48 "GET /networking/v2.0/ports?tenant_id=88a89b0111d143ea99aa48454adb554f&device_id=2e260184-23d2-4e22-89d9-39ad973bc4eb HTTP/1.1" status: 200 len: 1127 time: 0.2163470
Sep 06 13:36:58.789846 dv-neutron-855668-1-hyperv neutron-server[107551]: DEBUG neutron.pecan_wsgi.hooks.policy_enforcement [req-a5089833-6b7f-4b59-8073-049cf4f41b74 req-6296b36e-d368-4d13-adfb-787d7843d10a tempest-ServersTestJSON-265811635 tempest-ServersTestJSON-265811635-project] Attributes excluded by policy engine: ['standard_attr_id', 'binding:profile', 'binding:host_id', 'binding:vif_type', 'binding:vif_details'] {{(pid=107551) _exclude_attributes_by_policy /opt/stack/neutron/neutron/pecan_wsgi/hooks/policy_enforcement.py:259}}
Sep 06 13:36:58.791481 dv-neutron-855668-1-hyperv neutron-server[107551]: INFO neutron.wsgi [req-a5089833-6b7f-4b59-8073-049cf4f41b74 req-6296b36e-d368-4d13-adfb-787d7843d10a tempest-ServersTestJSON-265811635 tempest-ServersTestJSON-265811635-project] 10.222.0.26 "GET /networking/v2.0/ports?device_id=2e260184-23d2-4e22-89d9-39ad973bc4eb HTTP/1.1" status: 200 len: 943 time: 0.1439617
Sep 06 13:36:58.841931 dv-neutron-855668-1-hyperv neutron-server[107552]: DEBUG neutron_lib.callbacks.manager [req-e6d40318-e11d-47da-b0bf-b14e9392e004 req-bd2ece05-d4e5-4ed9-9edb-7d73722c9db1 tempest-ServersTestManualDisk-1180347627 tempest-ServersTestManualDisk-1180347627-project] Publish callbacks [] for port (05691ce7-d88c-4b6f-9d1e-90718218f551), precommit_create {{(pid=107552) _notify_loop /usr/local/lib/python3.8/dist-packages/neutron_lib/callbacks/manager.py:176}}
Sep 06 13:36:59.140268 dv-neutron-855668-1-hyperv neutron-server[107551]: DEBUG neutron.api.v2.base [None req-747bf0b4-0e55-4e98-b677-ce46d6a4b8c1 tempest-ExtraDHCPOptionsTestJSON-1000078477 tempest-ExtraDHCPOptionsTestJSON-1000078477-project] Request body: {'network': {'name': 'tempest-ExtraDHCPOptionsTestJSON-test-network-670262116'}} {{(pid=107551) prepare_request_body /opt/stack/neutron/neutron/api/v2/base.py:730}}
Sep 06 13:36:59.153130 dv-neutron-855668-1-hyperv neutron-server[107552]: DEBUG neutron_lib.callbacks.manager [None req-8122ec26-076c-4233-b8f4-39bca1ec73f3 tempest-FloatingIPAdminTestJSON-1620780626 tempest-FloatingIPAdminTestJSON-1620780626-project-admin] Publish callbacks [] for floatingip (2a992bc4-9280-4930-94a4-0f09a0de1770), precommit_create {{(pid=107552) _notify_loop /usr/local/lib/python3.8/dist-packages/neutron_lib/callbacks/manager.py:176}}
Sep 06 13:36:59.251015 dv-neutron-855668-1-hyperv neutron-server[107551]: INFO neutron.wsgi [req-a5089833-6b7f-4b59-8073-049cf4f41b74 req-acb5135d-c6e6-4f47-adb5-3ec311b39fda tempest-ServersTestJSON-265811635 tempest-ServersTestJSON-265811635-project] 10.222.0.26 "GET /networking/v2.0/security-groups?id=63a1794e-b985-49f3-8f17-b17fded30eb8&fields=id&fields=name HTTP/1.1" status: 200 len: 312 time: 0.4130573
Sep 06 13:36:59.350593 dv-neutron-855668-1-hyperv neutron-server[107552]: DEBUG neutron_lib.callbacks.manager [None req-b8d5a6d2-4b76-4848-b4ae-f7d4a41ff623 tempest-MeteringTestJSON-545305864 tempest-MeteringTestJSON-545305864-project-admin] Publish callbacks [] for metering_label_rule (None), before_response {{(pid=107552) _notify_loop /usr/local/lib/python3.8/dist-packages/neutron_lib/callbacks/manager.py:176}}
Sep 06 13:36:59.375864 dv-neutron-855668-1-hyperv neutron-server[107552]: INFO neutron.wsgi [None req-b8d5a6d2-4b76-4848-b4ae-f7d4a41ff623 tempest-MeteringTestJSON-545305864 tempest-MeteringTestJSON-545305864-project-admin] 10.222.0.26 "DELETE /networking/v2.0/metering/metering-label-rules/7375d56e-5c64-4f22-a271-1b1515857d79 HTTP/1.1" status: 204 len: 168 time: 0.6285410
Sep 06 13:36:59.376026 dv-neutron-855668-1-hyperv neutron-server[107551]: DEBUG neutron.pecan_wsgi.hooks.policy_enforcement [req-e1a3cab1-97a7-4bf0-9b6e-f2f8b9e5e02e req-726b0bc1-08e5-4f71-bdff-56cfc12bdef6 service neutron] Attributes excluded by policy engine: ['standard_attr_id', 'vlan_transparent'] {{(pid=107551) _exclude_attributes_by_policy /opt/stack/neutron/neutron/pecan_wsgi/hooks/policy_enforcement.py:259}}
Sep 06 13:36:59.376026 dv-neutron-855668-1-hyperv neutron-server[107551]: INFO neutron.wsgi [req-e1a3cab1-97a7-4bf0-9b6e-f2f8b9e5e02e req-726b0bc1-08e5-4f71-bdff-56cfc12bdef6 service neutron] 10.222.0.48 "GET /networking/v2.0/networks?id=dd54c0dd-1bcf-4df7-adc2-252529b86f0f HTTP/1.1" status: 200 len: 907 time: 0.5320332
Sep 06 13:36:59.376026 dv-neutron-855668-1-hyperv neutron-server[107551]: DEBUG neutron.notifiers.nova [None req-42c2c86e-929f-4e92-bad1-55f91111a924 tempest-BulkNetworkOpsIpV6Test-1778413118 tempest-BulkNetworkOpsIpV6Test-1778413118-project] device_id is not set on port 6bda411f-0249-47d7-93e8-a9fb1ecb59a7 yet. {{(pid=107551) _can_notify /opt/stack/neutron/neutron/notifiers/nova.py:201}}
Sep 06 13:36:59.378927 dv-neutron-855668-1-hyperv neutron-server[107552]: DEBUG neutron.wsgi [-] (107552) accepted ('10.222.0.26', 43238) {{(pid=107552) server /usr/local/lib/python3.8/dist-packages/eventlet/wsgi.py:1004}}
Sep 06 13:36:59.551104 dv-neutron-855668-1-hyperv neutron-server[107551]: DEBUG neutron_lib.callbacks.manager [None req-42c2c86e-929f-4e92-bad1-55f91111a924 tempest-BulkNetworkOpsIpV6Test-1778413118 tempest-BulkNetworkOpsIpV6Test-1778413118-project] Publish callbacks [] for port (6bda411f-0249-47d7-93e8-a9fb1ecb59a7), precommit_create {{(pid=107551) _notify_loop /usr/local/lib/python3.8/dist-packages/neutron_lib/callbacks/manager.py:176}}
Sep 06 13:36:59.661081 dv-neutron-855668-1-hyperv neutron-server[107551]: DEBUG neutron.notifiers.nova [None req-42c2c86e-929f-4e92-bad1-55f91111a924 tempest-BulkNetworkOpsIpV6Test-1778413118 tempest-BulkNetworkOpsIpV6Test-1778413118-project] device_id is not set on port 80133d26-5f43-40a2-9e84-4fa7686c75ab yet. {{(pid=107551) _can_notify /opt/stack/neutron/neutron/notifiers/nova.py:201}}
Sep 06 13:36:59.705727 dv-neutron-855668-1-hyperv neutron-server[107551]: DEBUG neutron.pecan_wsgi.hooks.quota_enforcement [None req-747bf0b4-0e55-4e98-b677-ce46d6a4b8c1 tempest-ExtraDHCPOptionsTestJSON-1000078477 tempest-ExtraDHCPOptionsTestJSON-1000078477-project] Made reservation on behalf of c1c6a0808fa04fb1b4e7d9f33f94cabf for: {'network': 1} {{(pid=107551) before /opt/stack/neutron/neutron/pecan_wsgi/hooks/quota_enforcement.py:53}}
Sep 06 13:36:59.713382 dv-neutron-855668-1-hyperv neutron-server[107551]: DEBUG neutron_lib.callbacks.manager [None req-747bf0b4-0e55-4e98-b677-ce46d6a4b8c1 tempest-ExtraDHCPOptionsTestJSON-1000078477 tempest-ExtraDHCPOptionsTestJSON-1000078477-project] Publish callbacks ['neutron.plugins.ml2.plugin.SecurityGroupDbMixin._ensure_default_security_group_handler-672986'] for network (None), before_create {{(pid=107551) _notify_loop /usr/local/lib/python3.8/dist-packages/neutron_lib/callbacks/manager.py:176}}
Sep 06 13:36:59.725343 dv-neutron-855668-1-hyperv neutron-server[107551]: DEBUG neutron_lib.callbacks.manager [None req-747bf0b4-0e55-4e98-b677-ce46d6a4b8c1 tempest-ExtraDHCPOptionsTestJSON-1000078477 tempest-ExtraDHCPOptionsTestJSON-1000078477-project] Publish callbacks [] for security_group (None), before_create {{(pid=107551) _notify_loop /usr/local/lib/python3.8/dist-packages/neutron_lib/callbacks/manager.py:176}}
Sep 06 13:36:59.913040 dv-neutron-855668-1-hyperv neutron-server[107551]: INFO neutron.wsgi [req-e1a3cab1-97a7-4bf0-9b6e-f2f8b9e5e02e req-6d329272-3668-4ea7-9793-fd748b1bad47 service neutron] 10.222.0.48 "GET /networking/v2.0/floatingips?fixed_ip_address=172.20.0.7&port_id=86bce509-efb8-4e36-a056-ea4e7706213f HTTP/1.1" status: 200 len: 217 time: 0.0572984
Sep 06 13:36:59.916094 dv-neutron-855668-1-hyperv neutron-server[107552]: DEBUG neutron_lib.callbacks.manager [req-e6d40318-e11d-47da-b0bf-b14e9392e004 req-bd2ece05-d4e5-4ed9-9edb-7d73722c9db1 tempest-ServersTestManualDisk-1180347627 tempest-ServersTestManualDisk-1180347627-project] Publish callbacks ['neutron.plugins.ml2.plugin.SecurityGroupServerNotifierRpcMixin._notify_sg_on_port_change-672921', 'neutron.plugins.ml2.ovo_rpc._ObjectChangeHandler.handle_event-257612', 'neutron.api.rpc.agentnotifiers.dhcp_rpc_agent_api.DhcpAgentNotifyAPI._native_event_send_dhcp_notification-1584353', 'neutron.db.l3_dvrscheduler_db._notify_l3_agent_new_port-8771271905958', 'neutron.services.segments.plugin.NovaSegmentNotifier._notify_port_created_or_deleted-13578681'] for port (05691ce7-d88c-4b6f-9d1e-90718218f551), after_create {{(pid=107552) _notify_loop /usr/local/lib/python3.8/dist-packages/neutron_lib/callbacks/manager.py:176}}
Sep 06 13:36:59.925400 dv-neutron-855668-1-hyperv neutron-server[107551]: DEBUG neutron_lib.callbacks.manager [None req-42c2c86e-929f-4e92-bad1-55f91111a924 tempest-BulkNetworkOpsIpV6Test-1778413118 tempest-BulkNetworkOpsIpV6Test-1778413118-project] Publish callbacks [] for port (80133d26-5f43-40a2-9e84-4fa7686c75ab), precommit_create {{(pid=107551) _notify_loop /usr/local/lib/python3.8/dist-packages/neutron_lib/callbacks/manager.py:176}}
Sep 06 13:36:59.926407 dv-neutron-855668-1-hyperv neutron-server[107552]: DEBUG neutron.pecan_wsgi.hooks.quota_enforcement [None req-c90a6f4c-a1be-42f2-9278-19425dab9217 tempest-AllowedAddressPairTestJSON-1709292228 tempest-AllowedAddressPairTestJSON-1709292228-project] Made reservation on behalf of 79c1b6f967944594b838b8037e9eabaf for: {'port': 1} {{(pid=107552) before /opt/stack/neutron/neutron/pecan_wsgi/hooks/quota_enforcement.py:53}}
Sep 06 13:36:59.930029 dv-neutron-855668-1-hyperv neutron-server[107552]: DEBUG neutron_lib.callbacks.manager [None req-c90a6f4c-a1be-42f2-9278-19425dab9217 tempest-AllowedAddressPairTestJSON-1709292228 tempest-AllowedAddressPairTestJSON-1709292228-project] Publish callbacks ['neutron.plugins.ml2.plugin.SecurityGroupDbMixin._ensure_default_security_group_handler-672986'] for port (None), before_create {{(pid=107552) _notify_loop /usr/local/lib/python3.8/dist-packages/neutron_lib/callbacks/manager.py:176}}
Sep 06 13:36:59.999745 dv-neutron-855668-1-hyperv neutron-server[107552]: DEBUG neutron.scheduler.dhcp_agent_scheduler [req-e6d40318-e11d-47da-b0bf-b14e9392e004 req-bd2ece05-d4e5-4ed9-9edb-7d73722c9db1 tempest-ServersTestManualDisk-1180347627 tempest-ServersTestManualDisk-1180347627-project] Network 9a9c4210-e49c-4083-8e85-93cdc1ce33b8 is already hosted by enough agents. {{(pid=107552) _get_dhcp_agents_hosting_network /opt/stack/neutron/neutron/scheduler/dhcp_agent_scheduler.py:275}}
Sep 06 13:37:00.005443 dv-neutron-855668-1-hyperv neutron-server[107552]: DEBUG neutron.scheduler.base_scheduler [req-e6d40318-e11d-47da-b0bf-b14e9392e004 req-bd2ece05-d4e5-4ed9-9edb-7d73722c9db1 tempest-ServersTestManualDisk-1180347627 tempest-ServersTestManualDisk-1180347627-project] Resources bound (agent type, host, resource id): {{(pid=107552) schedule /opt/stack/neutron/neutron/scheduler/base_scheduler.py:57}}
Sep 06 13:37:00.008170 dv-neutron-855668-1-hyperv neutron-server[107552]: DEBUG neutron.db.l3_dvrscheduler_db [req-e6d40318-e11d-47da-b0bf-b14e9392e004 req-bd2ece05-d4e5-4ed9-9edb-7d73722c9db1 tempest-ServersTestManualDisk-1180347627 tempest-ServersTestManualDisk-1180347627-project] Received port after_create {{(pid=107552) _notify_l3_agent_new_port /opt/stack/neutron/neutron/db/l3_dvrscheduler_db.py:538}}
Sep 06 13:37:00.031594 dv-neutron-855668-1-hyperv neutron-server[107551]: DEBUG neutron.pecan_wsgi.hooks.policy_enforcement [req-e1a3cab1-97a7-4bf0-9b6e-f2f8b9e5e02e req-8f381b9a-18b5-422a-abc6-be61515be2b1 service neutron] Attributes excluded by policy engine: ['standard_attr_id', 'shared', 'segment_id'] {{(pid=107551) _exclude_attributes_by_policy /opt/stack/neutron/neutron/pecan_wsgi/hooks/policy_enforcement.py:259}}
Sep 06 13:37:00.033076 dv-neutron-855668-1-hyperv neutron-server[107551]: INFO neutron.wsgi [req-e1a3cab1-97a7-4bf0-9b6e-f2f8b9e5e02e req-8f381b9a-18b5-422a-abc6-be61515be2b1 service neutron] 10.222.0.48 "GET /networking/v2.0/subnets?id=177bb88a-e3d7-4fd4-8d1a-7f70ba721443 HTTP/1.1" status: 200 len: 845 time: 0.0860932
Sep 06 13:37:00.053626 dv-neutron-855668-1-hyperv neutron-server[107551]: DEBUG dbcounter [-] [107551] Writing DB stats neutron:SELECT=91,neutron:DELETE=5,neutron:UPDATE=4 {{(pid=107551) stat_writer /usr/local/lib/python3.8/dist-packages/dbcounter.py:114}}
Sep 06 13:37:00.075742 dv-neutron-855668-1-hyperv neutron-server[107552]: DEBUG neutron_lib.callbacks.manager [None req-296866a9-5db8-42f8-aef7-2d907749a4e3 tempest-MeteringTestJSON-545305864 tempest-MeteringTestJSON-545305864-project-admin] Publish callbacks [] for metering_label (None), before_response {{(pid=107552) _notify_loop /usr/local/lib/python3.8/dist-packages/neutron_lib/callbacks/manager.py:176}}
Sep 06 13:37:00.077245 dv-neutron-855668-1-hyperv neutron-server[107552]: INFO neutron.wsgi [None req-296866a9-5db8-42f8-aef7-2d907749a4e3 tempest-MeteringTestJSON-545305864 tempest-MeteringTestJSON-545305864-project-admin] 10.222.0.26 "DELETE /networking/v2.0/metering/metering-labels/8482508e-be6d-479a-aaf6-73f27287db0e HTTP/1.1" status: 204 len: 168 time: 0.6969974
Sep 06 13:37:00.093263 dv-neutron-855668-1-hyperv neutron-server[107552]: DEBUG neutron.notifiers.nova [None req-c90a6f4c-a1be-42f2-9278-19425dab9217 tempest-AllowedAddressPairTestJSON-1709292228 tempest-AllowedAddressPairTestJSON-1709292228-project] device_id is not set on port 964739f9-ecb4-423a-898d-d30e456d167f yet. {{(pid=107552) _can_notify /opt/stack/neutron/neutron/notifiers/nova.py:201}}
Sep 06 13:37:00.102751 dv-neutron-855668-1-hyperv neutron-server[107552]: DEBUG neutron_lib.callbacks.manager [None req-8122ec26-076c-4233-b8f4-39bca1ec73f3 tempest-FloatingIPAdminTestJSON-1620780626 tempest-FloatingIPAdminTestJSON-1620780626-project-admin] Publish callbacks ['neutron.plugins.ml2.plugin.SecurityGroupDbMixin._ensure_default_security_group_handler-672986'] for port (bf60bbb1-8b2e-442e-b839-37c3700c0650), before_update {{(pid=107552) _notify_loop /usr/local/lib/python3.8/dist-packages/neutron_lib/callbacks/manager.py:176}}
Sep 06 13:37:00.103577 dv-neutron-855668-1-hyperv neutron-server[107551]: DEBUG neutron_lib.callbacks.manager [None req-747bf0b4-0e55-4e98-b677-ce46d6a4b8c1 tempest-ExtraDHCPOptionsTestJSON-1000078477 tempest-ExtraDHCPOptionsTestJSON-1000078477-project] Publish callbacks [] for security_group (025a5c1f-c69f-47c3-865b-13bc358672da), precommit_create {{(pid=107551) _notify_loop /usr/local/lib/python3.8/dist-packages/neutron_lib/callbacks/manager.py:176}}
Sep 06 13:37:00.190766 dv-neutron-855668-1-hyperv neutron-server[107551]: DEBUG neutron.pecan_wsgi.hooks.policy_enforcement [req-aeccf3f0-0160-4ff5-ad24-2bbff5b2df02 req-d416778e-99c9-4b3a-8c2d-a6862bae0eaf tempest-ServersTestManualDisk-1180347627 tempest-ServersTestManualDisk-1180347627-project] Attributes excluded by policy engine: ['standard_attr_id', 'binding:profile', 'binding:host_id', 'binding:vif_type', 'binding:vif_details'] {{(pid=107551) _exclude_attributes_by_policy /opt/stack/neutron/neutron/pecan_wsgi/hooks/policy_enforcement.py:259}}
Sep 06 13:37:00.202133 dv-neutron-855668-1-hyperv neutron-server[107551]: INFO neutron.wsgi [req-aeccf3f0-0160-4ff5-ad24-2bbff5b2df02 req-d416778e-99c9-4b3a-8c2d-a6862bae0eaf tempest-ServersTestManualDisk-1180347627 tempest-ServersTestManualDisk-1180347627-project] 10.222.0.26 "GET /networking/v2.0/ports?device_id=87493512-1199-4167-9b76-1e560096dddd HTTP/1.1" status: 200 len: 931 time: 0.2869797
Sep 06 13:37:00.236555 dv-neutron-855668-1-hyperv neutron-server[107551]: DEBUG neutron_lib.callbacks.manager [None req-747bf0b4-0e55-4e98-b677-ce46d6a4b8c1 tempest-ExtraDHCPOptionsTestJSON-1000078477 tempest-ExtraDHCPOptionsTestJSON-1000078477-project] Publish callbacks ['neutron.plugins.ml2.ovo_rpc._ObjectChangeHandler.handle_event-1944154'] for security_group (025a5c1f-c69f-47c3-865b-13bc358672da), after_create {{(pid=107551) _notify_loop /usr/local/lib/python3.8/dist-packages/neutron_lib/callbacks/manager.py:176}}
Sep 06 13:37:00.244662 dv-neutron-855668-1-hyperv neutron-server[107552]: DEBUG neutron.api.rpc.handlers.resources_rpc [None req-bd2ece05-d4e5-4ed9-9edb-7d73722c9db1 tempest-ServersTestManualDisk-1180347627 tempest-ServersTestManualDisk-1180347627-project] Pushing event updated for resources: {'Port': ['ID=05691ce7-d88c-4b6f-9d1e-90718218f551,revision_number=1']} {{(pid=107552) push /opt/stack/neutron/neutron/api/rpc/handlers/resources_rpc.py:237}}
Sep 06 13:37:00.255273 dv-neutron-855668-1-hyperv neutron-server[107551]: DEBUG dbcounter [-] [107551] Writing DB stats neutron:SELECT=97,neutron:UPDATE=2,neutron:INSERT=1 {{(pid=107551) stat_writer /usr/local/lib/python3.8/dist-packages/dbcounter.py:114}}
Sep 06 13:37:00.304559 dv-neutron-855668-1-hyperv neutron-server[107553]: DEBUG neutron_lib.callbacks.manager [None req-fdb93566-2a2a-4c3d-9ddc-992ceb7364ac None None] Publish callbacks ['neutron.services.segments.db._update_segment_host_mapping_for_agent-8771272356482', 'neutron.plugins.ml2.plugin.Ml2Plugin._retry_binding_revived_agents-1030412'] for agent (678fce50-a865-4712-b5db-96d38ccc2b03), after_update {{(pid=107553) _notify_loop /usr/local/lib/python3.8/dist-packages/neutron_lib/callbacks/manager.py:176}}
Sep 06 13:37:00.344454 dv-neutron-855668-1-hyperv neutron-server[107551]: DEBUG neutron.plugins.ml2.drivers.helpers [None req-747bf0b4-0e55-4e98-b677-ce46d6a4b8c1 tempest-ExtraDHCPOptionsTestJSON-1000078477 tempest-ExtraDHCPOptionsTestJSON-1000078477-project] vlan segment allocate from pool success with {'vlan_id': 422, 'physical_network': 'physnet1'} {{(pid=107551) allocate_partially_specified_segment /opt/stack/neutron/neutron/plugins/ml2/drivers/helpers.py:153}}
Sep 06 13:37:00.383975 dv-neutron-855668-1-hyperv neutron-server[107551]: DEBUG neutron.pecan_wsgi.hooks.policy_enforcement [req-e1a3cab1-97a7-4bf0-9b6e-f2f8b9e5e02e req-6c188444-6c53-4f10-bbce-5638dc47f3ef service neutron] Attributes excluded by policy engine: ['standard_attr_id'] {{(pid=107551) _exclude_attributes_by_policy /opt/stack/neutron/neutron/pecan_wsgi/hooks/policy_enforcement.py:259}}
Sep 06 13:37:00.385448 dv-neutron-855668-1-hyperv neutron-server[107551]: INFO neutron.wsgi [req-e1a3cab1-97a7-4bf0-9b6e-f2f8b9e5e02e req-6c188444-6c53-4f10-bbce-5638dc47f3ef service neutron] 10.222.0.48 "GET /networking/v2.0/ports?network_id=dd54c0dd-1bcf-4df7-adc2-252529b86f0f&device_owner=network%3Adhcp HTTP/1.1" status: 200 len: 1214 time: 0.2647252
Sep 06 13:37:00.386478 dv-neutron-855668-1-hyperv neutron-server[107551]: DEBUG neutron_lib.callbacks.manager [None req-42c2c86e-929f-4e92-bad1-55f91111a924 tempest-BulkNetworkOpsIpV6Test-1778413118 tempest-BulkNetworkOpsIpV6Test-1778413118-project] Publish callbacks ['neutron.plugins.ml2.plugin.SecurityGroupServerNotifierRpcMixin._notify_sg_on_port_change-672921', 'neutron.plugins.ml2.ovo_rpc._ObjectChangeHandler.handle_event-257612', 'neutron.api.rpc.agentnotifiers.dhcp_rpc_agent_api.DhcpAgentNotifyAPI._native_event_send_dhcp_notification-1584353', 'neutron.db.l3_dvrscheduler_db._notify_l3_agent_new_port-8771271905958', 'neutron.services.segments.plugin.NovaSegmentNotifier._notify_port_created_or_deleted-16628720'] for port (6bda411f-0249-47d7-93e8-a9fb1ecb59a7), after_create {{(pid=107551) _notify_loop /usr/local/lib/python3.8/dist-packages/neutron_lib/callbacks/manager.py:176}}
Sep 06 13:37:00.401881 dv-neutron-855668-1-hyperv neutron-server[107552]: DEBUG neutron.pecan_wsgi.hooks.policy_enforcement [req-e6d40318-e11d-47da-b0bf-b14e9392e004 req-bd2ece05-d4e5-4ed9-9edb-7d73722c9db1 tempest-ServersTestManualDisk-1180347627 tempest-ServersTestManualDisk-1180347627-project] Attributes excluded by policy engine: ['standard_attr_id', 'binding:profile', 'binding:host_id', 'binding:vif_type', 'binding:vif_details', 'network'] {{(pid=107552) _exclude_attributes_by_policy /opt/stack/neutron/neutron/pecan_wsgi/hooks/policy_enforcement.py:259}}
Sep 06 13:37:00.402401 dv-neutron-855668-1-hyperv neutron-server[107552]: DEBUG neutron_lib.callbacks.manager [req-e6d40318-e11d-47da-b0bf-b14e9392e004 req-bd2ece05-d4e5-4ed9-9edb-7d73722c9db1 tempest-ServersTestManualDisk-1180347627 tempest-ServersTestManualDisk-1180347627-project] Publish callbacks ['neutron.notifiers.nova.Notifier._send_nova_notification-412344'] for port (None), before_response {{(pid=107552) _notify_loop /usr/local/lib/python3.8/dist-packages/neutron_lib/callbacks/manager.py:176}}
Sep 06 13:37:00.418442 dv-neutron-855668-1-hyperv neutron-server[107551]: DEBUG neutron_lib.callbacks.manager [None req-747bf0b4-0e55-4e98-b677-ce46d6a4b8c1 tempest-ExtraDHCPOptionsTestJSON-1000078477 tempest-ExtraDHCPOptionsTestJSON-1000078477-project] Publish callbacks ['neutron.plugins.ml2.plugin.Ml2Plugin._handle_segment_change-1026273'] for segment (77a85324-9442-4fa5-9a8a-4f4225ef0e29), precommit_create {{(pid=107551) _notify_loop /usr/local/lib/python3.8/dist-packages/neutron_lib/callbacks/manager.py:176}}
Sep 06 13:37:00.418681 dv-neutron-855668-1-hyperv neutron-server[107551]: INFO neutron.db.segments_db [None req-747bf0b4-0e55-4e98-b677-ce46d6a4b8c1 tempest-ExtraDHCPOptionsTestJSON-1000078477 tempest-ExtraDHCPOptionsTestJSON-1000078477-project] Added segment 77a85324-9442-4fa5-9a8a-4f4225ef0e29 of type vlan for network 42becbf3-1323-42d1-9cbe-8194a10f7552
Sep 06 13:37:00.430229 dv-neutron-855668-1-hyperv neutron-server[107551]: DEBUG neutron.api.rpc.handlers.resources_rpc [None req-747bf0b4-0e55-4e98-b677-ce46d6a4b8c1 tempest-ExtraDHCPOptionsTestJSON-1000078477 tempest-ExtraDHCPOptionsTestJSON-1000078477-project] Pushing event updated for resources: {'SecurityGroup': ['ID=025a5c1f-c69f-47c3-865b-13bc358672da,revision_number=1']} {{(pid=107551) push /opt/stack/neutron/neutron/api/rpc/handlers/resources_rpc.py:237}}
Sep 06 13:37:00.457472 dv-neutron-855668-1-hyperv neutron-server[107553]: DEBUG neutron.db.provisioning_blocks [None req-5290b394-7067-49a0-9196-b32eaf2e243f None None] Provisioning complete for port 05691ce7-d88c-4b6f-9d1e-90718218f551 triggered by entity DHCP. {{(pid=107553) provisioning_complete /opt/stack/neutron/neutron/db/provisioning_blocks.py:144}}
Sep 06 13:37:00.457576 dv-neutron-855668-1-hyperv neutron-server[107553]: DEBUG neutron_lib.callbacks.manager [None req-5290b394-7067-49a0-9196-b32eaf2e243f None None] Publish callbacks ['neutron.plugins.ml2.plugin.Ml2Plugin._port_provisioned-1030506'] for port (05691ce7-d88c-4b6f-9d1e-90718218f551), provisioning_complete {{(pid=107553) _notify_loop /usr/local/lib/python3.8/dist-packages/neutron_lib/callbacks/manager.py:176}}
Sep 06 13:37:00.469028 dv-neutron-855668-1-hyperv neutron-server[107552]: DEBUG neutron_lib.callbacks.manager [None req-8122ec26-076c-4233-b8f4-39bca1ec73f3 tempest-FloatingIPAdminTestJSON-1620780626 tempest-FloatingIPAdminTestJSON-1620780626-project-admin] Publish callbacks [] for port (bf60bbb1-8b2e-442e-b839-37c3700c0650), precommit_update {{(pid=107552) _notify_loop /usr/local/lib/python3.8/dist-packages/neutron_lib/callbacks/manager.py:176}}
Sep 06 13:37:00.490521 dv-neutron-855668-1-hyperv neutron-server[107552]: DEBUG dbcounter [-] [107552] Writing DB stats neutron:SELECT=92,neutron:UPDATE=3,neutron:DELETE=3,neutron:INSERT=2 {{(pid=107552) stat_writer /usr/local/lib/python3.8/dist-packages/dbcounter.py:114}}
Sep 06 13:37:00.509408 dv-neutron-855668-1-hyperv neutron-server[107552]: INFO neutron.wsgi [req-e6d40318-e11d-47da-b0bf-b14e9392e004 req-bd2ece05-d4e5-4ed9-9edb-7d73722c9db1 tempest-ServersTestManualDisk-1180347627 tempest-ServersTestManualDisk-1180347627-project] 10.222.0.48 "POST /networking/v2.0/ports HTTP/1.1" status: 201 len: 933 time: 4.0136583
Sep 06 13:37:00.532911 dv-neutron-855668-1-hyperv neutron-server[107553]: DEBUG neutron.plugins.ml2.plugin [None req-5290b394-7067-49a0-9196-b32eaf2e243f None None] Port 05691ce7-d88c-4b6f-9d1e-90718218f551 cannot update to ACTIVE because it is not bound. {{(pid=107553) _port_provisioned /opt/stack/neutron/neutron/plugins/ml2/plugin.py:348}}
Sep 06 13:37:00.537367 dv-neutron-855668-1-hyperv neutron-server[107552]: DEBUG neutron.db.db_base_plugin_common [None req-c90a6f4c-a1be-42f2-9278-19425dab9217 tempest-AllowedAddressPairTestJSON-1709292228 tempest-AllowedAddressPairTestJSON-1709292228-project] Allocated IP 172.20.0.8 (3be90930-789d-4b09-93d1-09c804be8ddf/344b6def-a31c-4447-b506-08c987b9c9a9/964739f9-ecb4-423a-898d-d30e456d167f) {{(pid=107552) _store_ip_allocation /opt/stack/neutron/neutron/db/db_base_plugin_common.py:131}}
Sep 06 13:37:00.571573 dv-neutron-855668-1-hyperv neutron-server[107551]: DEBUG neutron.pecan_wsgi.hooks.policy_enforcement [req-b9c213e4-7ba5-46eb-b8be-b380227af435 req-15d442cc-0b8d-4424-9fd2-684c324e296f tempest-ServersTestJSON-265811635 tempest-ServersTestJSON-265811635-project] Attributes excluded by policy engine: ['standard_attr_id', 'binding:profile', 'binding:host_id', 'binding:vif_type', 'binding:vif_details'] {{(pid=107551) _exclude_attributes_by_policy /opt/stack/neutron/neutron/pecan_wsgi/hooks/policy_enforcement.py:259}}
Sep 06 13:37:00.573477 dv-neutron-855668-1-hyperv neutron-server[107552]: DEBUG neutron_lib.callbacks.manager [None req-8122ec26-076c-4233-b8f4-39bca1ec73f3 tempest-FloatingIPAdminTestJSON-1620780626 tempest-FloatingIPAdminTestJSON-1620780626-project-admin] Publish callbacks ['neutron.plugins.ml2.plugin.SecurityGroupServerNotifierRpcMixin._notify_sg_on_port_change-672921', 'neutron.plugins.ml2.ovo_rpc._ObjectChangeHandler.handle_event-257612', 'neutron.api.rpc.agentnotifiers.dhcp_rpc_agent_api.DhcpAgentNotifyAPI._native_event_send_dhcp_notification-1584353', 'neutron.db.l3_db.L3RpcNotifierMixin._notify_gateway_port_ip_changed-8771272381058', 'neutron.db.l3_dvrscheduler_db._notify_l3_agent_port_update-8771271905976', 'neutron.db.l3_hascheduler_db._notify_l3_agent_ha_port_update-8771271905994', 'neutron.services.segments.plugin.NovaSegmentNotifier._notify_port_updated-13578674'] for port (bf60bbb1-8b2e-442e-b839-37c3700c0650), after_update {{(pid=107552) _notify_loop /usr/local/lib/python3.8/dist-packages/neutron_lib/callbacks/manager.py:176}}
Sep 06 13:37:00.578481 dv-neutron-855668-1-hyperv neutron-server[107551]: INFO neutron.wsgi [req-b9c213e4-7ba5-46eb-b8be-b380227af435 req-15d442cc-0b8d-4424-9fd2-684c324e296f tempest-ServersTestJSON-265811635 tempest-ServersTestJSON-265811635-project] 10.222.0.26 "GET /networking/v2.0/ports?device_id=2e260184-23d2-4e22-89d9-39ad973bc4eb HTTP/1.1" status: 200 len: 943 time: 0.1816008
