Sep 02 02:27:57.057154 dv-neutron-855580-1-hyperv devstack@placement-api.service[107609]: DEBUG placement.objects.research_context [req-24bf0e2b-9c80-46b1-9553-fa7ca34cf6ac req-b63bab01-fbab-45c8-a776-ccca93d34a27 service placement] found 1 providers with available 1024 MEMORY_MB {{(pid=107609) get_provider_ids_matching /opt/stack/placement/placement/objects/research_context.py:563}}
Sep 02 02:27:57.057419 dv-neutron-855580-1-hyperv devstack@placement-api.service[107609]: DEBUG placement.objects.research_context [req-24bf0e2b-9c80-46b1-9553-fa7ca34cf6ac req-b63bab01-fbab-45c8-a776-ccca93d34a27 service placement] found 1 providers after filtering by previous result {{(pid=107609) get_provider_ids_matching /opt/stack/placement/placement/objects/research_context.py:594}}
Sep 02 02:27:57.057706 dv-neutron-855580-1-hyperv devstack@placement-api.service[107609]: DEBUG placement.objects.research_context [req-24bf0e2b-9c80-46b1-9553-fa7ca34cf6ac req-b63bab01-fbab-45c8-a776-ccca93d34a27 service placement] found 1 providers with available 1 VCPU {{(pid=107609) get_provider_ids_matching /opt/stack/placement/placement/objects/research_context.py:563}}
Sep 02 02:27:57.057959 dv-neutron-855580-1-hyperv devstack@placement-api.service[107609]: DEBUG placement.objects.research_context [req-24bf0e2b-9c80-46b1-9553-fa7ca34cf6ac req-b63bab01-fbab-45c8-a776-ccca93d34a27 service placement] found 1 providers after filtering by previous result {{(pid=107609) get_provider_ids_matching /opt/stack/placement/placement/objects/research_context.py:594}}
Sep 02 02:27:57.067861 dv-neutron-855580-1-hyperv devstack@placement-api.service[107609]: DEBUG placement.objects.allocation_candidate [req-24bf0e2b-9c80-46b1-9553-fa7ca34cf6ac req-b63bab01-fbab-45c8-a776-ccca93d34a27 service placement] RequestGroup(use_same_provider=False, resources={DISK_GB:1, MEMORY_MB:1024, VCPU:1}, traits=(), aggregates=[]) (suffix '') returned 1 matches {{(pid=107609) _get_by_requests /opt/stack/placement/placement/objects/allocation_candidate.py:156}}
Sep 02 02:27:57.068527 dv-neutron-855580-1-hyperv devstack@placement-api.service[107609]: DEBUG placement.objects.allocation_candidate [req-24bf0e2b-9c80-46b1-9553-fa7ca34cf6ac req-b63bab01-fbab-45c8-a776-ccca93d34a27 service placement] Merging candidates yields 1 allocation requests and 1 provider summaries {{(pid=107609) _merge_candidates /opt/stack/placement/placement/objects/allocation_candidate.py:809}}
Sep 02 02:27:57.069946 dv-neutron-855580-1-hyperv devstack@placement-api.service[107609]: INFO placement.requestlog [req-24bf0e2b-9c80-46b1-9553-fa7ca34cf6ac req-b63bab01-fbab-45c8-a776-ccca93d34a27 service placement] 10.222.0.13 "GET /placement/allocation_candidates?limit=1000&resources=DISK_GB%3A1%2CMEMORY_MB%3A1024%2CVCPU%3A1&root_required=%21COMPUTE_STATUS_DISABLED" status: 200 len: 764 microversion: 1.36
Sep 02 02:27:57.070306 dv-neutron-855580-1-hyperv devstack@placement-api.service[107609]: [pid: 107609|app: 0|req: 447/893] 10.222.0.13 () {60 vars in 1506 bytes} [Fri Sep 2 02:27:56 2022] GET /placement/allocation_candidates?limit=1000&resources=DISK_GB%3A1%2CMEMORY_MB%3A1024%2CVCPU%3A1&root_required=%21COMPUTE_STATUS_DISABLED => generated 764 bytes in 70 msecs (HTTP/1.1 200) 8 headers in 296 bytes (1 switches on core 0)
Sep 02 02:27:57.105641 dv-neutron-855580-1-hyperv devstack@placement-api.service[107608]: DEBUG placement.requestlog [req-24bf0e2b-9c80-46b1-9553-fa7ca34cf6ac req-220debef-f5d8-4bba-9efa-7ae22441c631 None None] Starting request: 10.222.0.13 "GET /placement/allocations/01975662-0759-43d0-98ab-fdcf8dbfdab4" {{(pid=107608) __call__ /opt/stack/placement/placement/requestlog.py:55}}
Sep 02 02:27:57.116943 dv-neutron-855580-1-hyperv devstack@placement-api.service[107608]: INFO placement.requestlog [req-24bf0e2b-9c80-46b1-9553-fa7ca34cf6ac req-220debef-f5d8-4bba-9efa-7ae22441c631 service placement] 10.222.0.13 "GET /placement/allocations/01975662-0759-43d0-98ab-fdcf8dbfdab4" status: 200 len: 19 microversion: 1.28
Sep 02 02:27:57.117269 dv-neutron-855580-1-hyperv devstack@placement-api.service[107608]: [pid: 107608|app: 0|req: 447/894] 10.222.0.13 () {60 vars in 1380 bytes} [Fri Sep 2 02:27:57 2022] GET /placement/allocations/01975662-0759-43d0-98ab-fdcf8dbfdab4 => generated 19 bytes in 12 msecs (HTTP/1.1 200) 8 headers in 295 bytes (1 switches on core 0)
Sep 02 02:27:57.123118 dv-neutron-855580-1-hyperv devstack@placement-api.service[107609]: DEBUG placement.requestlog [req-24bf0e2b-9c80-46b1-9553-fa7ca34cf6ac req-15e07e22-2b24-4ca9-bcf1-e8fdb420b65a None None] Starting request: 10.222.0.13 "PUT /placement/allocations/01975662-0759-43d0-98ab-fdcf8dbfdab4" {{(pid=107609) __call__ /opt/stack/placement/placement/requestlog.py:55}}
Sep 02 02:27:57.195114 dv-neutron-855580-1-hyperv devstack@placement-api.service[107609]: DEBUG placement.handlers.allocation [req-24bf0e2b-9c80-46b1-9553-fa7ca34cf6ac req-15e07e22-2b24-4ca9-bcf1-e8fdb420b65a service placement] Successfully wrote allocations [, , ] {{(pid=107609) _update_consumers_and_create_allocations /opt/stack/placement/placement/handlers/allocation.py:462}}
Sep 02 02:27:57.198963 dv-neutron-855580-1-hyperv devstack@placement-api.service[107609]: INFO placement.requestlog [req-24bf0e2b-9c80-46b1-9553-fa7ca34cf6ac req-15e07e22-2b24-4ca9-bcf1-e8fdb420b65a service placement] 10.222.0.13 "PUT /placement/allocations/01975662-0759-43d0-98ab-fdcf8dbfdab4" status: 204 len: 0 microversion: 1.36
Sep 02 02:27:57.199369 dv-neutron-855580-1-hyperv devstack@placement-api.service[107609]: [pid: 107609|app: 0|req: 448/895] 10.222.0.13 () {64 vars in 1433 bytes} [Fri Sep 2 02:27:57 2022] PUT /placement/allocations/01975662-0759-43d0-98ab-fdcf8dbfdab4 => generated 0 bytes in 77 msecs (HTTP/1.1 204) 5 headers in 199 bytes (1 switches on core 0)
Sep 02 02:27:57.488992 dv-neutron-855580-1-hyperv devstack@placement-api.service[107608]: DEBUG placement.requestlog [req-24bf0e2b-9c80-46b1-9553-fa7ca34cf6ac req-3c369301-e0a2-46d8-9e75-799368c339b1 None None] Starting request: 10.222.0.26 "GET /placement/allocations/01975662-0759-43d0-98ab-fdcf8dbfdab4" {{(pid=107608) __call__ /opt/stack/placement/placement/requestlog.py:55}}
Sep 02 02:27:57.506800 dv-neutron-855580-1-hyperv devstack@placement-api.service[107608]: INFO placement.requestlog [req-24bf0e2b-9c80-46b1-9553-fa7ca34cf6ac req-3c369301-e0a2-46d8-9e75-799368c339b1 service placement] 10.222.0.26 "GET /placement/allocations/01975662-0759-43d0-98ab-fdcf8dbfdab4" status: 200 len: 259 microversion: 1.28
Sep 02 02:27:57.507145 dv-neutron-855580-1-hyperv devstack@placement-api.service[107608]: [pid: 107608|app: 0|req: 448/896] 10.222.0.26 () {60 vars in 1377 bytes} [Fri Sep 2 02:27:57 2022] GET /placement/allocations/01975662-0759-43d0-98ab-fdcf8dbfdab4 => generated 259 bytes in 18 msecs (HTTP/1.1 200) 8 headers in 296 bytes (1 switches on core 0)
Sep 02 02:27:57.631847 dv-neutron-855580-1-hyperv devstack@placement-api.service[107609]: DEBUG placement.requestlog [req-24bf0e2b-9c80-46b1-9553-fa7ca34cf6ac req-899759c7-5f2a-41ff-8552-28630857e589 None None] Starting request: 10.222.0.26 "GET /placement/resource_providers/595ccebb-4fa4-49a4-b5e3-2ea6594e9428/allocations" {{(pid=107609) __call__ /opt/stack/placement/placement/requestlog.py:55}}
Sep 02 02:27:57.651541 dv-neutron-855580-1-hyperv devstack@placement-api.service[107609]: INFO placement.requestlog [req-24bf0e2b-9c80-46b1-9553-fa7ca34cf6ac req-899759c7-5f2a-41ff-8552-28630857e589 service placement] 10.222.0.26 "GET /placement/resource_providers/595ccebb-4fa4-49a4-b5e3-2ea6594e9428/allocations" status: 200 len: 154 microversion: 1.0
Sep 02 02:27:57.652040 dv-neutron-855580-1-hyperv devstack@placement-api.service[107609]: [pid: 107609|app: 0|req: 449/897] 10.222.0.26 () {58 vars in 1390 bytes} [Fri Sep 2 02:27:57 2022] GET /placement/resource_providers/595ccebb-4fa4-49a4-b5e3-2ea6594e9428/allocations => generated 154 bytes in 20 msecs (HTTP/1.1 200) 6 headers in 224 bytes (1 switches on core 0)
Sep 02 02:27:57.659967 dv-neutron-855580-1-hyperv devstack@placement-api.service[107608]: DEBUG placement.requestlog [req-24bf0e2b-9c80-46b1-9553-fa7ca34cf6ac req-33155928-4562-4770-b845-f16340d406f5 None None] Starting request: 10.222.0.26 "GET /placement/allocations/01975662-0759-43d0-98ab-fdcf8dbfdab4" {{(pid=107608) __call__ /opt/stack/placement/placement/requestlog.py:55}}
Sep 02 02:27:57.676061 dv-neutron-855580-1-hyperv devstack@placement-api.service[107608]: INFO placement.requestlog [req-24bf0e2b-9c80-46b1-9553-fa7ca34cf6ac req-33155928-4562-4770-b845-f16340d406f5 service placement] 10.222.0.26 "GET /placement/allocations/01975662-0759-43d0-98ab-fdcf8dbfdab4" status: 200 len: 259 microversion: 1.28
Sep 02 02:27:57.676390 dv-neutron-855580-1-hyperv devstack@placement-api.service[107608]: [pid: 107608|app: 0|req: 449/898] 10.222.0.26 () {60 vars in 1377 bytes} [Fri Sep 2 02:27:57 2022] GET /placement/allocations/01975662-0759-43d0-98ab-fdcf8dbfdab4 => generated 259 bytes in 17 msecs (HTTP/1.1 200) 8 headers in 296 bytes (1 switches on core 0)
Sep 02 02:28:07.649374 dv-neutron-855580-1-hyperv devstack@placement-api.service[107609]: DEBUG dbcounter [-] [107609] Writing DB stats placement:SELECT=35,placement:INSERT=4,placement:DELETE=2,placement:UPDATE=2 {{(pid=107609) stat_writer /usr/local/lib/python3.8/dist-packages/dbcounter.py:114}}
Sep 02 02:28:07.673613 dv-neutron-855580-1-hyperv devstack@placement-api.service[107608]: DEBUG dbcounter [-] [107608] Writing DB stats placement:SELECT=23,placement:DELETE=2 {{(pid=107608) stat_writer /usr/local/lib/python3.8/dist-packages/dbcounter.py:114}}
Sep 02 02:28:16.572893 dv-neutron-855580-1-hyperv devstack@placement-api.service[107609]: DEBUG placement.requestlog [req-5627d1a4-8903-4201-9064-03850f4f2533 req-9e9fe8af-c6a3-4f71-91fb-a3d60520f654 None None] Starting request: 10.222.0.26 "GET /placement/resource_providers/595ccebb-4fa4-49a4-b5e3-2ea6594e9428/allocations" {{(pid=107609) __call__ /opt/stack/placement/placement/requestlog.py:55}}
Sep 02 02:28:16.593448 dv-neutron-855580-1-hyperv devstack@placement-api.service[107609]: INFO placement.requestlog [req-5627d1a4-8903-4201-9064-03850f4f2533 req-9e9fe8af-c6a3-4f71-91fb-a3d60520f654 service placement] 10.222.0.26 "GET /placement/resource_providers/595ccebb-4fa4-49a4-b5e3-2ea6594e9428/allocations" status: 200 len: 154 microversion: 1.0
Sep 02 02:28:16.593741 dv-neutron-855580-1-hyperv devstack@placement-api.service[107609]: [pid: 107609|app: 0|req: 450/899] 10.222.0.26 () {58 vars in 1390 bytes} [Fri Sep 2 02:28:16 2022] GET /placement/resource_providers/595ccebb-4fa4-49a4-b5e3-2ea6594e9428/allocations => generated 154 bytes in 21 msecs (HTTP/1.1 200) 6 headers in 224 bytes (1 switches on core 0)
Sep 02 02:28:16.638628 dv-neutron-855580-1-hyperv devstack@placement-api.service[107608]: DEBUG placement.requestlog [req-5627d1a4-8903-4201-9064-03850f4f2533 req-84c7a6e2-77d4-40df-8645-1cc1bcfe4b3c None None] Starting request: 10.222.0.26 "GET /placement/resource_providers/595ccebb-4fa4-49a4-b5e3-2ea6594e9428/allocations" {{(pid=107608) __call__ /opt/stack/placement/placement/requestlog.py:55}}
Sep 02 02:28:16.662380 dv-neutron-855580-1-hyperv devstack@placement-api.service[107608]: INFO placement.requestlog [req-5627d1a4-8903-4201-9064-03850f4f2533 req-84c7a6e2-77d4-40df-8645-1cc1bcfe4b3c service placement] 10.222.0.26 "GET /placement/resource_providers/595ccebb-4fa4-49a4-b5e3-2ea6594e9428/allocations" status: 200 len: 154 microversion: 1.0
Sep 02 02:28:16.662718 dv-neutron-855580-1-hyperv devstack@placement-api.service[107608]: [pid: 107608|app: 0|req: 450/900] 10.222.0.26 () {58 vars in 1390 bytes} [Fri Sep 2 02:28:16 2022] GET /placement/resource_providers/595ccebb-4fa4-49a4-b5e3-2ea6594e9428/allocations => generated 154 bytes in 24 msecs (HTTP/1.1 200) 6 headers in 224 bytes (1 switches on core 0)
Sep 02 02:28:16.670428 dv-neutron-855580-1-hyperv devstack@placement-api.service[107609]: DEBUG placement.requestlog [req-5627d1a4-8903-4201-9064-03850f4f2533 req-cb82d97c-b7bd-4b57-a2eb-536ae0e228af None None] Starting request: 10.222.0.26 "GET /placement/allocations/01975662-0759-43d0-98ab-fdcf8dbfdab4" {{(pid=107609) __call__ /opt/stack/placement/placement/requestlog.py:55}}
Sep 02 02:28:16.685960 dv-neutron-855580-1-hyperv devstack@placement-api.service[107609]: INFO placement.requestlog [req-5627d1a4-8903-4201-9064-03850f4f2533 req-cb82d97c-b7bd-4b57-a2eb-536ae0e228af service placement] 10.222.0.26 "GET /placement/allocations/01975662-0759-43d0-98ab-fdcf8dbfdab4" status: 200 len: 259 microversion: 1.28
Sep 02 02:28:16.686278 dv-neutron-855580-1-hyperv devstack@placement-api.service[107609]: [pid: 107609|app: 0|req: 451/901] 10.222.0.26 () {60 vars in 1377 bytes} [Fri Sep 2 02:28:16 2022] GET /placement/allocations/01975662-0759-43d0-98ab-fdcf8dbfdab4 => generated 259 bytes in 16 msecs (HTTP/1.1 200) 8 headers in 296 bytes (1 switches on core 0)
Sep 02 02:28:26.660311 dv-neutron-855580-1-hyperv devstack@placement-api.service[107608]: DEBUG dbcounter [-] [107608] Writing DB stats placement:SELECT=6 {{(pid=107608) stat_writer /usr/local/lib/python3.8/dist-packages/dbcounter.py:114}}
Sep 02 02:28:26.683618 dv-neutron-855580-1-hyperv devstack@placement-api.service[107609]: DEBUG dbcounter [-] [107609] Writing DB stats placement:SELECT=10 {{(pid=107609) stat_writer /usr/local/lib/python3.8/dist-packages/dbcounter.py:114}}
Sep 02 02:28:30.484097 dv-neutron-855580-1-hyperv devstack@placement-api.service[107608]: DEBUG placement.requestlog [req-40cd83be-ecd0-4596-bae4-d6c986aa7c53 req-3236fa73-695a-4366-b9e6-7f964cf6f00b None None] Starting request: 10.222.0.26 "GET /placement/resource_providers/595ccebb-4fa4-49a4-b5e3-2ea6594e9428/allocations" {{(pid=107608) __call__ /opt/stack/placement/placement/requestlog.py:55}}
Sep 02 02:28:30.504453 dv-neutron-855580-1-hyperv devstack@placement-api.service[107608]: INFO placement.requestlog [req-40cd83be-ecd0-4596-bae4-d6c986aa7c53 req-3236fa73-695a-4366-b9e6-7f964cf6f00b service placement] 10.222.0.26 "GET /placement/resource_providers/595ccebb-4fa4-49a4-b5e3-2ea6594e9428/allocations" status: 200 len: 154 microversion: 1.0
Sep 02 02:28:30.504779 dv-neutron-855580-1-hyperv devstack@placement-api.service[107608]: [pid: 107608|app: 0|req: 451/902] 10.222.0.26 () {58 vars in 1390 bytes} [Fri Sep 2 02:28:30 2022] GET /placement/resource_providers/595ccebb-4fa4-49a4-b5e3-2ea6594e9428/allocations => generated 154 bytes in 21 msecs (HTTP/1.1 200) 6 headers in 224 bytes (1 switches on core 0)
Sep 02 02:28:30.511859 dv-neutron-855580-1-hyperv devstack@placement-api.service[107609]: DEBUG placement.requestlog [req-40cd83be-ecd0-4596-bae4-d6c986aa7c53 req-8bc7c56e-75b0-4ddd-b7ae-9d61c04d8eec None None] Starting request: 10.222.0.26 "GET /placement/allocations/01975662-0759-43d0-98ab-fdcf8dbfdab4" {{(pid=107609) __call__ /opt/stack/placement/placement/requestlog.py:55}}
Sep 02 02:28:30.528550 dv-neutron-855580-1-hyperv devstack@placement-api.service[107609]: INFO placement.requestlog [req-40cd83be-ecd0-4596-bae4-d6c986aa7c53 req-8bc7c56e-75b0-4ddd-b7ae-9d61c04d8eec service placement] 10.222.0.26 "GET /placement/allocations/01975662-0759-43d0-98ab-fdcf8dbfdab4" status: 200 len: 259 microversion: 1.28
Sep 02 02:28:30.528876 dv-neutron-855580-1-hyperv devstack@placement-api.service[107609]: [pid: 107609|app: 0|req: 452/903] 10.222.0.26 () {60 vars in 1377 bytes} [Fri Sep 2 02:28:30 2022] GET /placement/allocations/01975662-0759-43d0-98ab-fdcf8dbfdab4 => generated 259 bytes in 17 msecs (HTTP/1.1 200) 8 headers in 296 bytes (1 switches on core 0)
Sep 02 02:28:30.750572 dv-neutron-855580-1-hyperv devstack@placement-api.service[107608]: DEBUG placement.requestlog [req-40cd83be-ecd0-4596-bae4-d6c986aa7c53 req-7911c424-ca78-438a-8276-174d703c8b3b None None] Starting request: 10.222.0.26 "DELETE /placement/allocations/01975662-0759-43d0-98ab-fdcf8dbfdab4" {{(pid=107608) __call__ /opt/stack/placement/placement/requestlog.py:55}}
Sep 02 02:28:30.795609 dv-neutron-855580-1-hyperv devstack@placement-api.service[107608]: DEBUG placement.handlers.allocation [req-40cd83be-ecd0-4596-bae4-d6c986aa7c53 req-7911c424-ca78-438a-8276-174d703c8b3b service placement] Successfully deleted allocations [, , ] {{(pid=107608) delete_allocations /opt/stack/placement/placement/handlers/allocation.py:627}}
Sep 02 02:28:30.796107 dv-neutron-855580-1-hyperv devstack@placement-api.service[107608]: INFO placement.requestlog [req-40cd83be-ecd0-4596-bae4-d6c986aa7c53 req-7911c424-ca78-438a-8276-174d703c8b3b service placement] 10.222.0.26 "DELETE /placement/allocations/01975662-0759-43d0-98ab-fdcf8dbfdab4" status: 204 len: 0 microversion: 1.0
Sep 02 02:28:30.796478 dv-neutron-855580-1-hyperv devstack@placement-api.service[107608]: [pid: 107608|app: 0|req: 452/904] 10.222.0.26 () {60 vars in 1355 bytes} [Fri Sep 2 02:28:30 2022] DELETE /placement/allocations/01975662-0759-43d0-98ab-fdcf8dbfdab4 => generated 0 bytes in 46 msecs (HTTP/1.1 204) 5 headers in 198 bytes (1 switches on core 0)
Sep 02 02:28:34.958207 dv-neutron-855580-1-hyperv devstack@placement-api.service[107609]: DEBUG placement.requestlog [None req-8729305b-0999-4297-8400-c1183719dfcc None None] Starting request: 10.222.0.13 "GET /placement/resource_providers/c32db34c-fbbe-4f06-993b-2083b9bb7433/aggregates" {{(pid=107609) __call__ /opt/stack/placement/placement/requestlog.py:55}}
Sep 02 02:28:34.973475 dv-neutron-855580-1-hyperv devstack@placement-api.service[107609]: INFO placement.requestlog [None req-8729305b-0999-4297-8400-c1183719dfcc service placement] 10.222.0.13 "GET /placement/resource_providers/c32db34c-fbbe-4f06-993b-2083b9bb7433/aggregates" status: 404 len: 235 microversion: 1.1
Sep 02 02:28:34.974468 dv-neutron-855580-1-hyperv devstack@placement-api.service[107609]: [pid: 107609|app: 0|req: 453/905] 10.222.0.13 () {58 vars in 1362 bytes} [Fri Sep 2 02:28:34 2022] GET /placement/resource_providers/c32db34c-fbbe-4f06-993b-2083b9bb7433/aggregates => generated 235 bytes in 16 msecs (HTTP/1.1 404) 5 headers in 202 bytes (1 switches on core 0)
Sep 02 02:28:35.005627 dv-neutron-855580-1-hyperv devstack@placement-api.service[107608]: DEBUG placement.requestlog [None req-6bd8ef7b-2635-40fc-99ea-e9776255e0d0 None None] Starting request: 10.222.0.13 "DELETE /placement/resource_providers/c32db34c-fbbe-4f06-993b-2083b9bb7433" {{(pid=107608) __call__ /opt/stack/placement/placement/requestlog.py:55}}
Sep 02 02:28:35.028570 dv-neutron-855580-1-hyperv devstack@placement-api.service[107608]: DEBUG placement.wsgi_wrapper [None req-6bd8ef7b-2635-40fc-99ea-e9776255e0d0 service placement] Placement API returning an error response: No resource provider with uuid c32db34c-fbbe-4f06-993b-2083b9bb7433 found for delete {{(pid=107608) call_func /opt/stack/placement/placement/wsgi_wrapper.py:31}}
Sep 02 02:28:35.028570 dv-neutron-855580-1-hyperv devstack@placement-api.service[107608]: INFO placement.requestlog [None req-6bd8ef7b-2635-40fc-99ea-e9776255e0d0 service placement] 10.222.0.13 "DELETE /placement/resource_providers/c32db34c-fbbe-4f06-993b-2083b9bb7433" status: 404 len: 246 microversion: 1.1
Sep 02 02:28:35.028570 dv-neutron-855580-1-hyperv devstack@placement-api.service[107608]: [pid: 107608|app: 0|req: 453/906] 10.222.0.13 () {60 vars in 1351 bytes} [Fri Sep 2 02:28:35 2022] DELETE /placement/resource_providers/c32db34c-fbbe-4f06-993b-2083b9bb7433 => generated 246 bytes in 20 msecs (HTTP/1.1 404) 6 headers in 231 bytes (1 switches on core 0)
Sep 02 02:28:38.353087 dv-neutron-855580-1-hyperv devstack@placement-api.service[107609]: DEBUG placement.requestlog [None req-4c20588c-c123-45b5-be57-9b89b8bc10bd None None] Starting request: 10.222.0.13 "GET /placement/resource_providers/195c8577-6fca-4518-8b54-f5f840f34a1c/aggregates" {{(pid=107609) __call__ /opt/stack/placement/placement/requestlog.py:55}}
Sep 02 02:28:38.364911 dv-neutron-855580-1-hyperv devstack@placement-api.service[107609]: INFO placement.requestlog [None req-4c20588c-c123-45b5-be57-9b89b8bc10bd service placement] 10.222.0.13 "GET /placement/resource_providers/195c8577-6fca-4518-8b54-f5f840f34a1c/aggregates" status: 404 len: 235 microversion: 1.1
Sep 02 02:28:38.365627 dv-neutron-855580-1-hyperv devstack@placement-api.service[107609]: [pid: 107609|app: 0|req: 454/907] 10.222.0.13 () {58 vars in 1362 bytes} [Fri Sep 2 02:28:38 2022] GET /placement/resource_providers/195c8577-6fca-4518-8b54-f5f840f34a1c/aggregates => generated 235 bytes in 13 msecs (HTTP/1.1 404) 5 headers in 202 bytes (1 switches on core 0)
Sep 02 02:28:38.386917 dv-neutron-855580-1-hyperv devstack@placement-api.service[107608]: DEBUG placement.requestlog [None req-802d91e0-d2ca-4fe1-8889-d94ea981089d None None] Starting request: 10.222.0.13 "DELETE /placement/resource_providers/195c8577-6fca-4518-8b54-f5f840f34a1c" {{(pid=107608) __call__ /opt/stack/placement/placement/requestlog.py:55}}
Sep 02 02:28:38.396606 dv-neutron-855580-1-hyperv devstack@placement-api.service[107608]: DEBUG placement.wsgi_wrapper [None req-802d91e0-d2ca-4fe1-8889-d94ea981089d service placement] Placement API returning an error response: No resource provider with uuid 195c8577-6fca-4518-8b54-f5f840f34a1c found for delete {{(pid=107608) call_func /opt/stack/placement/placement/wsgi_wrapper.py:31}}
Sep 02 02:28:38.397416 dv-neutron-855580-1-hyperv devstack@placement-api.service[107608]: INFO placement.requestlog [None req-802d91e0-d2ca-4fe1-8889-d94ea981089d service placement] 10.222.0.13 "DELETE /placement/resource_providers/195c8577-6fca-4518-8b54-f5f840f34a1c" status: 404 len: 246 microversion: 1.1
Sep 02 02:28:38.403636 dv-neutron-855580-1-hyperv devstack@placement-api.service[107608]: [pid: 107608|app: 0|req: 454/908] 10.222.0.13 () {60 vars in 1351 bytes} [Fri Sep 2 02:28:38 2022] DELETE /placement/resource_providers/195c8577-6fca-4518-8b54-f5f840f34a1c => generated 246 bytes in 12 msecs (HTTP/1.1 404) 6 headers in 231 bytes (1 switches on core 0)
Sep 02 02:28:48.362766 dv-neutron-855580-1-hyperv devstack@placement-api.service[107609]: DEBUG dbcounter [-] [107609] Writing DB stats placement:SELECT=8 {{(pid=107609) stat_writer /usr/local/lib/python3.8/dist-packages/dbcounter.py:114}}
Sep 02 02:28:48.394969 dv-neutron-855580-1-hyperv devstack@placement-api.service[107608]: DEBUG dbcounter [-] [107608] Writing DB stats placement:SELECT=17,placement:DELETE=2 {{(pid=107608) stat_writer /usr/local/lib/python3.8/dist-packages/dbcounter.py:114}}
Sep 02 02:28:59.722654 dv-neutron-855580-1-hyperv devstack@placement-api.service[107609]: DEBUG placement.requestlog [req-5446c6b7-ec8c-4494-8cc6-09587eaffb40 req-d0228946-0795-41c9-9e6d-246e78671fdf None None] Starting request: 10.222.0.13 "GET /placement/allocation_candidates?limit=1000&resources=DISK_GB%3A1%2CMEMORY_MB%3A1024%2CVCPU%3A1&root_required=%21COMPUTE_STATUS_DISABLED" {{(pid=107609) __call__ /opt/stack/placement/placement/requestlog.py:55}}
Sep 02 02:28:59.762420 dv-neutron-855580-1-hyperv devstack@placement-api.service[107609]: DEBUG placement.objects.research_context [req-5446c6b7-ec8c-4494-8cc6-09587eaffb40 req-d0228946-0795-41c9-9e6d-246e78671fdf service placement] getting providers with 1 DISK_GB {{(pid=107609) __init__ /opt/stack/placement/placement/objects/research_context.py:136}}
Sep 02 02:28:59.767834 dv-neutron-855580-1-hyperv devstack@placement-api.service[107609]: DEBUG placement.objects.research_context [req-5446c6b7-ec8c-4494-8cc6-09587eaffb40 req-d0228946-0795-41c9-9e6d-246e78671fdf service placement] getting providers with 1024 MEMORY_MB {{(pid=107609) __init__ /opt/stack/placement/placement/objects/research_context.py:136}}
Sep 02 02:28:59.773201 dv-neutron-855580-1-hyperv devstack@placement-api.service[107609]: DEBUG placement.objects.research_context [req-5446c6b7-ec8c-4494-8cc6-09587eaffb40 req-d0228946-0795-41c9-9e6d-246e78671fdf service placement] getting providers with 1 VCPU {{(pid=107609) __init__ /opt/stack/placement/placement/objects/research_context.py:136}}
Sep 02 02:28:59.778241 dv-neutron-855580-1-hyperv devstack@placement-api.service[107609]: DEBUG placement.objects.research_context [req-5446c6b7-ec8c-4494-8cc6-09587eaffb40 req-d0228946-0795-41c9-9e6d-246e78671fdf service placement] found 1 providers with available 1 DISK_GB {{(pid=107609) get_provider_ids_matching /opt/stack/placement/placement/objects/research_context.py:563}}
Sep 02 02:28:59.778508 dv-neutron-855580-1-hyperv devstack@placement-api.service[107609]: DEBUG placement.objects.research_context [req-5446c6b7-ec8c-4494-8cc6-09587eaffb40 req-d0228946-0795-41c9-9e6d-246e78671fdf service placement] found 1 providers with available 1024 MEMORY_MB {{(pid=107609) get_provider_ids_matching /opt/stack/placement/placement/objects/research_context.py:563}}
Sep 02 02:28:59.778807 dv-neutron-855580-1-hyperv devstack@placement-api.service[107609]: DEBUG placement.objects.research_context [req-5446c6b7-ec8c-4494-8cc6-09587eaffb40 req-d0228946-0795-41c9-9e6d-246e78671fdf service placement] found 1 providers after filtering by previous result {{(pid=107609) get_provider_ids_matching /opt/stack/placement/placement/objects/research_context.py:594}}
Sep 02 02:28:59.779057 dv-neutron-855580-1-hyperv devstack@placement-api.service[107609]: DEBUG placement.objects.research_context [req-5446c6b7-ec8c-4494-8cc6-09587eaffb40 req-d0228946-0795-41c9-9e6d-246e78671fdf service placement] found 1 providers with available 1 VCPU {{(pid=107609) get_provider_ids_matching /opt/stack/placement/placement/objects/research_context.py:563}}
Sep 02 02:28:59.779311 dv-neutron-855580-1-hyperv devstack@placement-api.service[107609]: DEBUG placement.objects.research_context [req-5446c6b7-ec8c-4494-8cc6-09587eaffb40 req-d0228946-0795-41c9-9e6d-246e78671fdf service placement] found 1 providers after filtering by previous result {{(pid=107609) get_provider_ids_matching /opt/stack/placement/placement/objects/research_context.py:594}}
Sep 02 02:28:59.789087 dv-neutron-855580-1-hyperv devstack@placement-api.service[107609]: DEBUG placement.objects.allocation_candidate [req-5446c6b7-ec8c-4494-8cc6-09587eaffb40 req-d0228946-0795-41c9-9e6d-246e78671fdf service placement] RequestGroup(use_same_provider=False, resources={DISK_GB:1, MEMORY_MB:1024, VCPU:1}, traits=(), aggregates=[]) (suffix '') returned 1 matches {{(pid=107609) _get_by_requests /opt/stack/placement/placement/objects/allocation_candidate.py:156}}
Sep 02 02:28:59.789479 dv-neutron-855580-1-hyperv devstack@placement-api.service[107609]: DEBUG placement.objects.allocation_candidate [req-5446c6b7-ec8c-4494-8cc6-09587eaffb40 req-d0228946-0795-41c9-9e6d-246e78671fdf service placement] Merging candidates yields 1 allocation requests and 1 provider summaries {{(pid=107609) _merge_candidates /opt/stack/placement/placement/objects/allocation_candidate.py:809}}
Sep 02 02:28:59.790887 dv-neutron-855580-1-hyperv devstack@placement-api.service[107609]: INFO placement.requestlog [req-5446c6b7-ec8c-4494-8cc6-09587eaffb40 req-d0228946-0795-41c9-9e6d-246e78671fdf service placement] 10.222.0.13 "GET /placement/allocation_candidates?limit=1000&resources=DISK_GB%3A1%2CMEMORY_MB%3A1024%2CVCPU%3A1&root_required=%21COMPUTE_STATUS_DISABLED" status: 200 len: 764 microversion: 1.36
Sep 02 02:28:59.791429 dv-neutron-855580-1-hyperv devstack@placement-api.service[107609]: [pid: 107609|app: 0|req: 455/909] 10.222.0.13 () {60 vars in 1506 bytes} [Fri Sep 2 02:28:59 2022] GET /placement/allocation_candidates?limit=1000&resources=DISK_GB%3A1%2CMEMORY_MB%3A1024%2CVCPU%3A1&root_required=%21COMPUTE_STATUS_DISABLED => generated 764 bytes in 69 msecs (HTTP/1.1 200) 8 headers in 296 bytes (1 switches on core 0)
Sep 02 02:28:59.828446 dv-neutron-855580-1-hyperv devstack@placement-api.service[107608]: DEBUG placement.requestlog [req-5446c6b7-ec8c-4494-8cc6-09587eaffb40 req-9e45c965-ad1b-4011-a2d5-91594d4bb6ea None None] Starting request: 10.222.0.13 "GET /placement/allocations/943f98f7-6fa9-451b-b651-5376015e2571" {{(pid=107608) __call__ /opt/stack/placement/placement/requestlog.py:55}}
Sep 02 02:28:59.839933 dv-neutron-855580-1-hyperv devstack@placement-api.service[107608]: INFO placement.requestlog [req-5446c6b7-ec8c-4494-8cc6-09587eaffb40 req-9e45c965-ad1b-4011-a2d5-91594d4bb6ea service placement] 10.222.0.13 "GET /placement/allocations/943f98f7-6fa9-451b-b651-5376015e2571" status: 200 len: 19 microversion: 1.28
Sep 02 02:28:59.840299 dv-neutron-855580-1-hyperv devstack@placement-api.service[107608]: [pid: 107608|app: 0|req: 455/910] 10.222.0.13 () {60 vars in 1380 bytes} [Fri Sep 2 02:28:59 2022] GET /placement/allocations/943f98f7-6fa9-451b-b651-5376015e2571 => generated 19 bytes in 12 msecs (HTTP/1.1 200) 8 headers in 295 bytes (1 switches on core 0)
Sep 02 02:28:59.848583 dv-neutron-855580-1-hyperv devstack@placement-api.service[107609]: DEBUG placement.requestlog [req-5446c6b7-ec8c-4494-8cc6-09587eaffb40 req-6d4f644c-6a7d-4e0f-9282-2aeea99066dc None None] Starting request: 10.222.0.13 "PUT /placement/allocations/943f98f7-6fa9-451b-b651-5376015e2571" {{(pid=107609) __call__ /opt/stack/placement/placement/requestlog.py:55}}
Sep 02 02:28:59.929093 dv-neutron-855580-1-hyperv devstack@placement-api.service[107609]: DEBUG placement.handlers.allocation [req-5446c6b7-ec8c-4494-8cc6-09587eaffb40 req-6d4f644c-6a7d-4e0f-9282-2aeea99066dc service placement] Successfully wrote allocations [, , ] {{(pid=107609) _update_consumers_and_create_allocations /opt/stack/placement/placement/handlers/allocation.py:462}}
Sep 02 02:28:59.933525 dv-neutron-855580-1-hyperv devstack@placement-api.service[107609]: INFO placement.requestlog [req-5446c6b7-ec8c-4494-8cc6-09587eaffb40 req-6d4f644c-6a7d-4e0f-9282-2aeea99066dc service placement] 10.222.0.13 "PUT /placement/allocations/943f98f7-6fa9-451b-b651-5376015e2571" status: 204 len: 0 microversion: 1.36
Sep 02 02:28:59.933906 dv-neutron-855580-1-hyperv devstack@placement-api.service[107609]: [pid: 107609|app: 0|req: 456/911] 10.222.0.13 () {64 vars in 1433 bytes} [Fri Sep 2 02:28:59 2022] PUT /placement/allocations/943f98f7-6fa9-451b-b651-5376015e2571 => generated 0 bytes in 86 msecs (HTTP/1.1 204) 5 headers in 199 bytes (1 switches on core 0)
Sep 02 02:29:00.247063 dv-neutron-855580-1-hyperv devstack@placement-api.service[107608]: DEBUG placement.requestlog [req-5446c6b7-ec8c-4494-8cc6-09587eaffb40 req-7d2ad280-1874-4f66-8226-30a96e14f619 None None] Starting request: 10.222.0.26 "GET /placement/allocations/943f98f7-6fa9-451b-b651-5376015e2571" {{(pid=107608) __call__ /opt/stack/placement/placement/requestlog.py:55}}
Sep 02 02:29:00.262023 dv-neutron-855580-1-hyperv devstack@placement-api.service[107608]: INFO placement.requestlog [req-5446c6b7-ec8c-4494-8cc6-09587eaffb40 req-7d2ad280-1874-4f66-8226-30a96e14f619 service placement] 10.222.0.26 "GET /placement/allocations/943f98f7-6fa9-451b-b651-5376015e2571" status: 200 len: 259 microversion: 1.28
Sep 02 02:29:00.262357 dv-neutron-855580-1-hyperv devstack@placement-api.service[107608]: [pid: 107608|app: 0|req: 456/912] 10.222.0.26 () {60 vars in 1377 bytes} [Fri Sep 2 02:29:00 2022] GET /placement/allocations/943f98f7-6fa9-451b-b651-5376015e2571 => generated 259 bytes in 16 msecs (HTTP/1.1 200) 8 headers in 296 bytes (1 switches on core 0)
Sep 02 02:29:00.384728 dv-neutron-855580-1-hyperv devstack@placement-api.service[107609]: DEBUG placement.requestlog [req-5446c6b7-ec8c-4494-8cc6-09587eaffb40 req-92158fa3-4889-4ae6-8fe3-41ca6d9fcc6f None None] Starting request: 10.222.0.26 "GET /placement/resource_providers/595ccebb-4fa4-49a4-b5e3-2ea6594e9428/allocations" {{(pid=107609) __call__ /opt/stack/placement/placement/requestlog.py:55}}
Sep 02 02:29:00.405554 dv-neutron-855580-1-hyperv devstack@placement-api.service[107609]: INFO placement.requestlog [req-5446c6b7-ec8c-4494-8cc6-09587eaffb40 req-92158fa3-4889-4ae6-8fe3-41ca6d9fcc6f service placement] 10.222.0.26 "GET /placement/resource_providers/595ccebb-4fa4-49a4-b5e3-2ea6594e9428/allocations" status: 200 len: 154 microversion: 1.0
Sep 02 02:29:00.405907 dv-neutron-855580-1-hyperv devstack@placement-api.service[107609]: [pid: 107609|app: 0|req: 457/913] 10.222.0.26 () {58 vars in 1390 bytes} [Fri Sep 2 02:29:00 2022] GET /placement/resource_providers/595ccebb-4fa4-49a4-b5e3-2ea6594e9428/allocations => generated 154 bytes in 22 msecs (HTTP/1.1 200) 6 headers in 224 bytes (1 switches on core 0)
Sep 02 02:29:00.413722 dv-neutron-855580-1-hyperv devstack@placement-api.service[107608]: DEBUG placement.requestlog [req-5446c6b7-ec8c-4494-8cc6-09587eaffb40 req-34475fda-a6a1-4ba9-bfa6-f4b108f6f711 None None] Starting request: 10.222.0.26 "GET /placement/allocations/943f98f7-6fa9-451b-b651-5376015e2571" {{(pid=107608) __call__ /opt/stack/placement/placement/requestlog.py:55}}
Sep 02 02:29:00.432453 dv-neutron-855580-1-hyperv devstack@placement-api.service[107608]: INFO placement.requestlog [req-5446c6b7-ec8c-4494-8cc6-09587eaffb40 req-34475fda-a6a1-4ba9-bfa6-f4b108f6f711 service placement] 10.222.0.26 "GET /placement/allocations/943f98f7-6fa9-451b-b651-5376015e2571" status: 200 len: 259 microversion: 1.28
Sep 02 02:29:00.432806 dv-neutron-855580-1-hyperv devstack@placement-api.service[107608]: [pid: 107608|app: 0|req: 457/914] 10.222.0.26 () {60 vars in 1377 bytes} [Fri Sep 2 02:29:00 2022] GET /placement/allocations/943f98f7-6fa9-451b-b651-5376015e2571 => generated 259 bytes in 19 msecs (HTTP/1.1 200) 8 headers in 296 bytes (1 switches on core 0)
Sep 02 02:29:10.403194 dv-neutron-855580-1-hyperv devstack@placement-api.service[107609]: DEBUG dbcounter [-] [107609] Writing DB stats placement:SELECT=33,placement:INSERT=6,placement:DELETE=2,placement:UPDATE=2 {{(pid=107609) stat_writer /usr/local/lib/python3.8/dist-packages/dbcounter.py:114}}
Sep 02 02:29:10.429714 dv-neutron-855580-1-hyperv devstack@placement-api.service[107608]: DEBUG dbcounter [-] [107608] Writing DB stats placement:SELECT=10 {{(pid=107608) stat_writer /usr/local/lib/python3.8/dist-packages/dbcounter.py:114}}
Sep 02 02:29:16.556440 dv-neutron-855580-1-hyperv devstack@placement-api.service[107609]: DEBUG placement.requestlog [req-4dd8ef03-35d1-4820-a0c7-62bdc7bcfdec req-874e0694-98f6-4650-8091-91488d5eada2 None None] Starting request: 10.222.0.26 "GET /placement/resource_providers/595ccebb-4fa4-49a4-b5e3-2ea6594e9428/allocations" {{(pid=107609) __call__ /opt/stack/placement/placement/requestlog.py:55}}
Sep 02 02:29:16.581872 dv-neutron-855580-1-hyperv devstack@placement-api.service[107609]: INFO placement.requestlog [req-4dd8ef03-35d1-4820-a0c7-62bdc7bcfdec req-874e0694-98f6-4650-8091-91488d5eada2 service placement] 10.222.0.26 "GET /placement/resource_providers/595ccebb-4fa4-49a4-b5e3-2ea6594e9428/allocations" status: 200 len: 154 microversion: 1.0
Sep 02 02:29:16.582257 dv-neutron-855580-1-hyperv devstack@placement-api.service[107609]: [pid: 107609|app: 0|req: 458/915] 10.222.0.26 () {58 vars in 1390 bytes} [Fri Sep 2 02:29:16 2022] GET /placement/resource_providers/595ccebb-4fa4-49a4-b5e3-2ea6594e9428/allocations => generated 154 bytes in 26 msecs (HTTP/1.1 200) 6 headers in 224 bytes (1 switches on core 0)
Sep 02 02:29:16.621105 dv-neutron-855580-1-hyperv devstack@placement-api.service[107608]: DEBUG placement.requestlog [req-4dd8ef03-35d1-4820-a0c7-62bdc7bcfdec req-5143abfb-449b-41a5-ae45-522b16f74582 None None] Starting request: 10.222.0.26 "GET /placement/resource_providers/595ccebb-4fa4-49a4-b5e3-2ea6594e9428/allocations" {{(pid=107608) __call__ /opt/stack/placement/placement/requestlog.py:55}}
Sep 02 02:29:16.641273 dv-neutron-855580-1-hyperv devstack@placement-api.service[107608]: INFO placement.requestlog [req-4dd8ef03-35d1-4820-a0c7-62bdc7bcfdec req-5143abfb-449b-41a5-ae45-522b16f74582 service placement] 10.222.0.26 "GET /placement/resource_providers/595ccebb-4fa4-49a4-b5e3-2ea6594e9428/allocations" status: 200 len: 154 microversion: 1.0
Sep 02 02:29:16.641627 dv-neutron-855580-1-hyperv devstack@placement-api.service[107608]: [pid: 107608|app: 0|req: 458/916] 10.222.0.26 () {58 vars in 1390 bytes} [Fri Sep 2 02:29:16 2022] GET /placement/resource_providers/595ccebb-4fa4-49a4-b5e3-2ea6594e9428/allocations => generated 154 bytes in 21 msecs (HTTP/1.1 200) 6 headers in 224 bytes (1 switches on core 0)
Sep 02 02:29:16.648599 dv-neutron-855580-1-hyperv devstack@placement-api.service[107609]: DEBUG placement.requestlog [req-4dd8ef03-35d1-4820-a0c7-62bdc7bcfdec req-39cda600-63b0-41d3-ae76-54078309aa9f None None] Starting request: 10.222.0.26 "GET /placement/allocations/943f98f7-6fa9-451b-b651-5376015e2571" {{(pid=107609) __call__ /opt/stack/placement/placement/requestlog.py:55}}
Sep 02 02:29:16.663812 dv-neutron-855580-1-hyperv devstack@placement-api.service[107609]: INFO placement.requestlog [req-4dd8ef03-35d1-4820-a0c7-62bdc7bcfdec req-39cda600-63b0-41d3-ae76-54078309aa9f service placement] 10.222.0.26 "GET /placement/allocations/943f98f7-6fa9-451b-b651-5376015e2571" status: 200 len: 259 microversion: 1.28
Sep 02 02:29:16.664142 dv-neutron-855580-1-hyperv devstack@placement-api.service[107609]: [pid: 107609|app: 0|req: 459/917] 10.222.0.26 () {60 vars in 1377 bytes} [Fri Sep 2 02:29:16 2022] GET /placement/allocations/943f98f7-6fa9-451b-b651-5376015e2571 => generated 259 bytes in 16 msecs (HTTP/1.1 200) 8 headers in 296 bytes (2 switches on core 0)
Sep 02 02:29:26.639202 dv-neutron-855580-1-hyperv devstack@placement-api.service[107608]: DEBUG dbcounter [-] [107608] Writing DB stats placement:SELECT=6 {{(pid=107608) stat_writer /usr/local/lib/python3.8/dist-packages/dbcounter.py:114}}
Sep 02 02:29:26.661436 dv-neutron-855580-1-hyperv devstack@placement-api.service[107609]: DEBUG dbcounter [-] [107609] Writing DB stats placement:SELECT=10 {{(pid=107609) stat_writer /usr/local/lib/python3.8/dist-packages/dbcounter.py:114}}
Sep 02 02:30:19.249986 dv-neutron-855580-1-hyperv devstack@placement-api.service[107608]: DEBUG placement.requestlog [req-2e84526f-f895-4127-a9a3-9dbb674a1079 req-c894f9d8-2b67-4dd3-aea3-6c8522193249 None None] Starting request: 10.222.0.26 "GET /placement/resource_providers/595ccebb-4fa4-49a4-b5e3-2ea6594e9428/allocations" {{(pid=107608) __call__ /opt/stack/placement/placement/requestlog.py:55}}
Sep 02 02:30:19.272516 dv-neutron-855580-1-hyperv devstack@placement-api.service[107608]: INFO placement.requestlog [req-2e84526f-f895-4127-a9a3-9dbb674a1079 req-c894f9d8-2b67-4dd3-aea3-6c8522193249 service placement] 10.222.0.26 "GET /placement/resource_providers/595ccebb-4fa4-49a4-b5e3-2ea6594e9428/allocations" status: 200 len: 154 microversion: 1.0
Sep 02 02:30:19.272879 dv-neutron-855580-1-hyperv devstack@placement-api.service[107608]: [pid: 107608|app: 0|req: 459/918] 10.222.0.26 () {58 vars in 1390 bytes} [Fri Sep 2 02:30:19 2022] GET /placement/resource_providers/595ccebb-4fa4-49a4-b5e3-2ea6594e9428/allocations => generated 154 bytes in 23 msecs (HTTP/1.1 200) 6 headers in 224 bytes (1 switches on core 0)
Sep 02 02:30:19.325645 dv-neutron-855580-1-hyperv devstack@placement-api.service[107609]: DEBUG placement.requestlog [req-2e84526f-f895-4127-a9a3-9dbb674a1079 req-a8523413-5afa-4fb1-9a66-10c8c5c99dd5 None None] Starting request: 10.222.0.26 "GET /placement/resource_providers/595ccebb-4fa4-49a4-b5e3-2ea6594e9428/allocations" {{(pid=107609) __call__ /opt/stack/placement/placement/requestlog.py:55}}
Sep 02 02:30:19.349045 dv-neutron-855580-1-hyperv devstack@placement-api.service[107609]: INFO placement.requestlog [req-2e84526f-f895-4127-a9a3-9dbb674a1079 req-a8523413-5afa-4fb1-9a66-10c8c5c99dd5 service placement] 10.222.0.26 "GET /placement/resource_providers/595ccebb-4fa4-49a4-b5e3-2ea6594e9428/allocations" status: 200 len: 154 microversion: 1.0
Sep 02 02:30:19.349382 dv-neutron-855580-1-hyperv devstack@placement-api.service[107609]: [pid: 107609|app: 0|req: 460/919] 10.222.0.26 () {58 vars in 1390 bytes} [Fri Sep 2 02:30:19 2022] GET /placement/resource_providers/595ccebb-4fa4-49a4-b5e3-2ea6594e9428/allocations => generated 154 bytes in 24 msecs (HTTP/1.1 200) 6 headers in 224 bytes (1 switches on core 0)
Sep 02 02:30:19.356619 dv-neutron-855580-1-hyperv devstack@placement-api.service[107608]: DEBUG placement.requestlog [req-2e84526f-f895-4127-a9a3-9dbb674a1079 req-42712c50-9705-40ad-a72e-cb7615bb360a None None] Starting request: 10.222.0.26 "GET /placement/allocations/943f98f7-6fa9-451b-b651-5376015e2571" {{(pid=107608) __call__ /opt/stack/placement/placement/requestlog.py:55}}
Sep 02 02:30:19.372938 dv-neutron-855580-1-hyperv devstack@placement-api.service[107608]: INFO placement.requestlog [req-2e84526f-f895-4127-a9a3-9dbb674a1079 req-42712c50-9705-40ad-a72e-cb7615bb360a service placement] 10.222.0.26 "GET /placement/allocations/943f98f7-6fa9-451b-b651-5376015e2571" status: 200 len: 259 microversion: 1.28
Sep 02 02:30:19.373254 dv-neutron-855580-1-hyperv devstack@placement-api.service[107608]: [pid: 107608|app: 0|req: 460/920] 10.222.0.26 () {60 vars in 1377 bytes} [Fri Sep 2 02:30:19 2022] GET /placement/allocations/943f98f7-6fa9-451b-b651-5376015e2571 => generated 259 bytes in 17 msecs (HTTP/1.1 200) 8 headers in 296 bytes (1 switches on core 0)
Sep 02 02:30:29.346524 dv-neutron-855580-1-hyperv devstack@placement-api.service[107609]: DEBUG dbcounter [-] [107609] Writing DB stats placement:SELECT=6 {{(pid=107609) stat_writer /usr/local/lib/python3.8/dist-packages/dbcounter.py:114}}
Sep 02 02:30:29.370183 dv-neutron-855580-1-hyperv devstack@placement-api.service[107608]: DEBUG dbcounter [-] [107608] Writing DB stats placement:SELECT=10 {{(pid=107608) stat_writer /usr/local/lib/python3.8/dist-packages/dbcounter.py:114}}
Sep 02 02:31:21.258040 dv-neutron-855580-1-hyperv devstack@placement-api.service[107609]: DEBUG placement.requestlog [req-58276b1a-a6b8-4ee6-8a8d-18b2e4d015ea req-d63081b6-e93a-401a-8b0d-1a1779916f3b None None] Starting request: 10.222.0.26 "GET /placement/resource_providers/595ccebb-4fa4-49a4-b5e3-2ea6594e9428/allocations" {{(pid=107609) __call__ /opt/stack/placement/placement/requestlog.py:55}}
Sep 02 02:31:21.280938 dv-neutron-855580-1-hyperv devstack@placement-api.service[107609]: INFO placement.requestlog [req-58276b1a-a6b8-4ee6-8a8d-18b2e4d015ea req-d63081b6-e93a-401a-8b0d-1a1779916f3b service placement] 10.222.0.26 "GET /placement/resource_providers/595ccebb-4fa4-49a4-b5e3-2ea6594e9428/allocations" status: 200 len: 154 microversion: 1.0
Sep 02 02:31:21.281412 dv-neutron-855580-1-hyperv devstack@placement-api.service[107609]: [pid: 107609|app: 0|req: 461/921] 10.222.0.26 () {58 vars in 1390 bytes} [Fri Sep 2 02:31:21 2022] GET /placement/resource_providers/595ccebb-4fa4-49a4-b5e3-2ea6594e9428/allocations => generated 154 bytes in 24 msecs (HTTP/1.1 200) 6 headers in 224 bytes (1 switches on core 0)
Sep 02 02:31:21.323217 dv-neutron-855580-1-hyperv devstack@placement-api.service[107608]: DEBUG placement.requestlog [req-58276b1a-a6b8-4ee6-8a8d-18b2e4d015ea req-30584481-600b-4d8c-bcd2-7becee806699 None None] Starting request: 10.222.0.26 "GET /placement/resource_providers/595ccebb-4fa4-49a4-b5e3-2ea6594e9428/allocations" {{(pid=107608) __call__ /opt/stack/placement/placement/requestlog.py:55}}
Sep 02 02:31:21.344110 dv-neutron-855580-1-hyperv devstack@placement-api.service[107608]: INFO placement.requestlog [req-58276b1a-a6b8-4ee6-8a8d-18b2e4d015ea req-30584481-600b-4d8c-bcd2-7becee806699 service placement] 10.222.0.26 "GET /placement/resource_providers/595ccebb-4fa4-49a4-b5e3-2ea6594e9428/allocations" status: 200 len: 154 microversion: 1.0
Sep 02 02:31:21.344427 dv-neutron-855580-1-hyperv devstack@placement-api.service[107608]: [pid: 107608|app: 0|req: 461/922] 10.222.0.26 () {58 vars in 1390 bytes} [Fri Sep 2 02:31:21 2022] GET /placement/resource_providers/595ccebb-4fa4-49a4-b5e3-2ea6594e9428/allocations => generated 154 bytes in 22 msecs (HTTP/1.1 200) 6 headers in 224 bytes (1 switches on core 0)
Sep 02 02:31:21.350708 dv-neutron-855580-1-hyperv devstack@placement-api.service[107609]: DEBUG placement.requestlog [req-58276b1a-a6b8-4ee6-8a8d-18b2e4d015ea req-e0b00cdd-7451-4701-8b73-49ca14600d42 None None] Starting request: 10.222.0.26 "GET /placement/allocations/943f98f7-6fa9-451b-b651-5376015e2571" {{(pid=107609) __call__ /opt/stack/placement/placement/requestlog.py:55}}
Sep 02 02:31:21.365887 dv-neutron-855580-1-hyperv devstack@placement-api.service[107609]: INFO placement.requestlog [req-58276b1a-a6b8-4ee6-8a8d-18b2e4d015ea req-e0b00cdd-7451-4701-8b73-49ca14600d42 service placement] 10.222.0.26 "GET /placement/allocations/943f98f7-6fa9-451b-b651-5376015e2571" status: 200 len: 259 microversion: 1.28
Sep 02 02:31:21.366201 dv-neutron-855580-1-hyperv devstack@placement-api.service[107609]: [pid: 107609|app: 0|req: 462/923] 10.222.0.26 () {60 vars in 1377 bytes} [Fri Sep 2 02:31:21 2022] GET /placement/allocations/943f98f7-6fa9-451b-b651-5376015e2571 => generated 259 bytes in 16 msecs (HTTP/1.1 200) 8 headers in 296 bytes (1 switches on core 0)
Sep 02 02:31:31.342085 dv-neutron-855580-1-hyperv devstack@placement-api.service[107608]: DEBUG dbcounter [-] [107608] Writing DB stats placement:SELECT=6 {{(pid=107608) stat_writer /usr/local/lib/python3.8/dist-packages/dbcounter.py:114}}
Sep 02 02:31:31.363804 dv-neutron-855580-1-hyperv devstack@placement-api.service[107609]: DEBUG dbcounter [-] [107609] Writing DB stats placement:SELECT=10 {{(pid=107609) stat_writer /usr/local/lib/python3.8/dist-packages/dbcounter.py:114}}
Sep 02 02:32:21.227508 dv-neutron-855580-1-hyperv devstack@placement-api.service[107608]: DEBUG placement.requestlog [req-9a985d13-3c42-4aa3-bf4a-fcce09b74445 req-bcf88bd5-51a4-41d4-a2e8-b19b86dc54d7 None None] Starting request: 10.222.0.26 "GET /placement/resource_providers/595ccebb-4fa4-49a4-b5e3-2ea6594e9428/allocations" {{(pid=107608) __call__ /opt/stack/placement/placement/requestlog.py:55}}
Sep 02 02:32:21.361264 dv-neutron-855580-1-hyperv devstack@placement-api.service[107608]: INFO placement.requestlog [req-9a985d13-3c42-4aa3-bf4a-fcce09b74445 req-bcf88bd5-51a4-41d4-a2e8-b19b86dc54d7 service placement] 10.222.0.26 "GET /placement/resource_providers/595ccebb-4fa4-49a4-b5e3-2ea6594e9428/allocations" status: 200 len: 154 microversion: 1.0
Sep 02 02:32:21.361558 dv-neutron-855580-1-hyperv devstack@placement-api.service[107608]: [pid: 107608|app: 0|req: 462/924] 10.222.0.26 () {58 vars in 1390 bytes} [Fri Sep 2 02:32:21 2022] GET /placement/resource_providers/595ccebb-4fa4-49a4-b5e3-2ea6594e9428/allocations => generated 154 bytes in 135 msecs (HTTP/1.1 200) 6 headers in 224 bytes (1 switches on core 0)
Sep 02 02:32:21.374138 dv-neutron-855580-1-hyperv devstack@placement-api.service[107609]: DEBUG placement.requestlog [req-9a985d13-3c42-4aa3-bf4a-fcce09b74445 req-093b6171-793a-48e7-8104-eadbd132ed8f None None] Starting request: 10.222.0.26 "GET /placement/resource_providers?in_tree=595ccebb-4fa4-49a4-b5e3-2ea6594e9428" {{(pid=107609) __call__ /opt/stack/placement/placement/requestlog.py:55}}
Sep 02 02:32:21.402982 dv-neutron-855580-1-hyperv devstack@placement-api.service[107609]: INFO placement.requestlog [req-9a985d13-3c42-4aa3-bf4a-fcce09b74445 req-093b6171-793a-48e7-8104-eadbd132ed8f service placement] 10.222.0.26 "GET /placement/resource_providers?in_tree=595ccebb-4fa4-49a4-b5e3-2ea6594e9428" status: 200 len: 865 microversion: 1.14
Sep 02 02:32:21.403288 dv-neutron-855580-1-hyperv devstack@placement-api.service[107609]: [pid: 107609|app: 0|req: 463/925] 10.222.0.26 () {60 vars in 1376 bytes} [Fri Sep 2 02:32:21 2022] GET /placement/resource_providers?in_tree=595ccebb-4fa4-49a4-b5e3-2ea6594e9428 => generated 865 bytes in 30 msecs (HTTP/1.1 200) 6 headers in 225 bytes (1 switches on core 0)
Sep 02 02:32:21.410717 dv-neutron-855580-1-hyperv devstack@placement-api.service[107608]: DEBUG placement.requestlog [req-9a985d13-3c42-4aa3-bf4a-fcce09b74445 req-6658aad3-6e8f-4c85-81d7-33bede1eac75 None None] Starting request: 10.222.0.26 "GET /placement/resource_providers/595ccebb-4fa4-49a4-b5e3-2ea6594e9428/inventories" {{(pid=107608) __call__ /opt/stack/placement/placement/requestlog.py:55}}
Sep 02 02:32:21.429472 dv-neutron-855580-1-hyperv devstack@placement-api.service[107608]: INFO placement.requestlog [req-9a985d13-3c42-4aa3-bf4a-fcce09b74445 req-6658aad3-6e8f-4c85-81d7-33bede1eac75 service placement] 10.222.0.26 "GET /placement/resource_providers/595ccebb-4fa4-49a4-b5e3-2ea6594e9428/inventories" status: 200 len: 398 microversion: 1.0
Sep 02 02:32:21.429808 dv-neutron-855580-1-hyperv devstack@placement-api.service[107608]: [pid: 107608|app: 0|req: 463/926] 10.222.0.26 () {58 vars in 1390 bytes} [Fri Sep 2 02:32:21 2022] GET /placement/resource_providers/595ccebb-4fa4-49a4-b5e3-2ea6594e9428/inventories => generated 398 bytes in 19 msecs (HTTP/1.1 200) 6 headers in 224 bytes (1 switches on core 0)
Sep 02 02:32:21.438284 dv-neutron-855580-1-hyperv devstack@placement-api.service[107609]: DEBUG placement.requestlog [req-9a985d13-3c42-4aa3-bf4a-fcce09b74445 req-eb8dc2f0-bf72-45c3-a1f9-15658dff10d6 None None] Starting request: 10.222.0.26 "GET /placement/resource_providers/595ccebb-4fa4-49a4-b5e3-2ea6594e9428/aggregates" {{(pid=107609) __call__ /opt/stack/placement/placement/requestlog.py:55}}
Sep 02 02:32:21.451372 dv-neutron-855580-1-hyperv devstack@placement-api.service[107609]: INFO placement.requestlog [req-9a985d13-3c42-4aa3-bf4a-fcce09b74445 req-eb8dc2f0-bf72-45c3-a1f9-15658dff10d6 service placement] 10.222.0.26 "GET /placement/resource_providers/595ccebb-4fa4-49a4-b5e3-2ea6594e9428/aggregates" status: 200 len: 54 microversion: 1.19
Sep 02 02:32:21.451683 dv-neutron-855580-1-hyperv devstack@placement-api.service[107609]: [pid: 107609|app: 0|req: 464/927] 10.222.0.26 () {60 vars in 1431 bytes} [Fri Sep 2 02:32:21 2022] GET /placement/resource_providers/595ccebb-4fa4-49a4-b5e3-2ea6594e9428/aggregates => generated 54 bytes in 14 msecs (HTTP/1.1 200) 8 headers in 295 bytes (1 switches on core 0)
