Aug 30 17:10:46.154117 dv-neutron-854993-1-hyperv neutron-server[89113]: DEBUG neutron_lib.callbacks.manager [None req-f0e3198e-d8c4-44e5-abe6-5599c31f10d4 admin admin] Notify callbacks ['neutron.plugins.ml2.plugin.Ml2Plugin._handle_segment_change-855887'] for segment, precommit_create {{(pid=89113) _notify_loop /usr/local/lib/python3.8/dist-packages/neutron_lib/callbacks/manager.py:192}}
Aug 30 17:10:46.154556 dv-neutron-854993-1-hyperv neutron-server[89113]: INFO neutron.db.segments_db [None req-f0e3198e-d8c4-44e5-abe6-5599c31f10d4 admin admin] Added segment 801ec237-9d69-40e8-bc50-85519566bdee of type vlan for network 1e2a3127-9c2f-4049-9e8c-75ac697b7486
Aug 30 17:10:46.183697 dv-neutron-854993-1-hyperv neutron-server[89113]: DEBUG neutron_lib.callbacks.manager [None req-f0e3198e-d8c4-44e5-abe6-5599c31f10d4 admin admin] Notify callbacks ['neutron.services.auto_allocate.db._ensure_external_network_default_value_callback-8793966269525'] for network, precommit_create {{(pid=89113) _notify_loop /usr/local/lib/python3.8/dist-packages/neutron_lib/callbacks/manager.py:192}}
Aug 30 17:10:46.216127 dv-neutron-854993-1-hyperv neutron-server[89113]: DEBUG neutron_lib.callbacks.manager [None req-f0e3198e-d8c4-44e5-abe6-5599c31f10d4 admin admin] Notify callbacks ['neutron.plugins.ml2.ovo_rpc._ObjectChangeHandler.handle_event-8343600', 'neutron.api.rpc.agentnotifiers.dhcp_rpc_agent_api.DhcpAgentNotifyAPI._native_event_send_dhcp_notification-7967232'] for network, after_create {{(pid=89113) _notify_loop /usr/local/lib/python3.8/dist-packages/neutron_lib/callbacks/manager.py:192}}
Aug 30 17:10:46.217640 dv-neutron-854993-1-hyperv neutron-server[89113]: DEBUG neutron.pecan_wsgi.hooks.policy_enforcement [None req-f0e3198e-d8c4-44e5-abe6-5599c31f10d4 admin admin] Attributes excluded by policy engine: ['standard_attr_id', 'vlan_transparent'] {{(pid=89113) _exclude_attributes_by_policy /opt/stack/neutron/neutron/pecan_wsgi/hooks/policy_enforcement.py:259}}
Aug 30 17:10:46.218597 dv-neutron-854993-1-hyperv neutron-server[89113]: DEBUG neutron_lib.callbacks.manager [None req-f0e3198e-d8c4-44e5-abe6-5599c31f10d4 admin admin] Notify callbacks ['neutron.api.rpc.agentnotifiers.dhcp_rpc_agent_api.DhcpAgentNotifyAPI._send_dhcp_notification-7967250'] for network, before_response {{(pid=89113) _notify_loop /usr/local/lib/python3.8/dist-packages/neutron_lib/callbacks/manager.py:192}}
Aug 30 17:10:46.379234 dv-neutron-854993-1-hyperv neutron-server[89114]: DEBUG neutron.wsgi [-] (89114) accepted ('10.222.0.59', 59852) {{(pid=89114) server /usr/local/lib/python3.8/dist-packages/eventlet/wsgi.py:992}}
Aug 30 17:10:46.386520 dv-neutron-854993-1-hyperv neutron-server[89113]: DEBUG neutron.api.rpc.handlers.resources_rpc [None req-f0e3198e-d8c4-44e5-abe6-5599c31f10d4 admin admin] Pushing event updated for resources: {'Network': ['ID=1e2a3127-9c2f-4049-9e8c-75ac697b7486,revision_number=1']} {{(pid=89113) push /opt/stack/neutron/neutron/api/rpc/handlers/resources_rpc.py:237}}
Aug 30 17:10:46.392236 dv-neutron-854993-1-hyperv neutron-server[89113]: INFO neutron.wsgi [None req-f0e3198e-d8c4-44e5-abe6-5599c31f10d4 admin admin] 10.222.0.59 "POST /v2.0/networks HTTP/1.1" status: 201 len: 885 time: 0.9469476
Aug 30 17:10:46.395822 dv-neutron-854993-1-hyperv neutron-server[89113]: DEBUG neutron.wsgi [-] (89113) accepted ('10.222.0.59', 59858) {{(pid=89113) server /usr/local/lib/python3.8/dist-packages/eventlet/wsgi.py:992}}
Aug 30 17:10:46.399853 dv-neutron-854993-1-hyperv neutron-server[89115]: DEBUG neutron.plugins.ml2.rpc [None req-b57d6f91-63f6-41e4-9d86-8d7a183f56ea None None] Network 1e2a3127-9c2f-4049-9e8c-75ac697b7486 details requested by agent ovs-agent-dv-neutron-854993-1-hyperv with host dv-neutron-854993-1-hyperv {{(pid=89115) get_network_details /opt/stack/neutron/neutron/plugins/ml2/rpc.py:232}}
Aug 30 17:10:46.418276 dv-neutron-854993-1-hyperv neutron-server[89113]: DEBUG neutron.api.v2.base [None req-ec6f54eb-e0b7-4e19-bf8b-a6cc6711cd1e admin admin] Request body: {'subnet': {'network_id': '1e2a3127-9c2f-4049-9e8c-75ac697b7486', 'cidr': '172.20.0.0/28', 'name': 'tempest-ServersTestManualDisk-1119108261-subnet', 'tenant_id': '8517cc77d3c84af984e639caca1edfc5', 'enable_dhcp': True, 'ip_version': 4}} {{(pid=89113) prepare_request_body /opt/stack/neutron/neutron/api/v2/base.py:729}}
Aug 30 17:10:46.427658 dv-neutron-854993-1-hyperv neutron-server[89113]: DEBUG neutron.db.quota.driver [None req-ec6f54eb-e0b7-4e19-bf8b-a6cc6711cd1e admin admin] Resources subnetpool have unlimited quota limit. It is not required to calculate headroom {{(pid=89113) make_reservation /opt/stack/neutron/neutron/db/quota/driver.py:219}}
Aug 30 17:10:46.432474 dv-neutron-854993-1-hyperv neutron-server[89113]: DEBUG neutron.quota.resource [None req-ec6f54eb-e0b7-4e19-bf8b-a6cc6711cd1e admin admin] Usage tracker for resource:subnet and tenant:8517cc77d3c84af984e639caca1edfc5 is out of sync, need to count used quota {{(pid=89113) count_used /opt/stack/neutron/neutron/quota/resource.py:270}}
Aug 30 17:10:46.436305 dv-neutron-854993-1-hyperv neutron-server[89113]: DEBUG neutron.quota.resource [None req-ec6f54eb-e0b7-4e19-bf8b-a6cc6711cd1e admin admin] Quota usage for subnet was recalculated. Used quota:0. {{(pid=89113) count_used /opt/stack/neutron/neutron/quota/resource.py:290}}
Aug 30 17:10:46.445877 dv-neutron-854993-1-hyperv neutron-server[89113]: DEBUG neutron.db.quota.driver [None req-ec6f54eb-e0b7-4e19-bf8b-a6cc6711cd1e admin admin] Attempting to reserve 1 items for resource subnet. Total usage: 0; quota limit: 100; headroom:100 {{(pid=89113) make_reservation /opt/stack/neutron/neutron/db/quota/driver.py:246}}
Aug 30 17:10:46.462552 dv-neutron-854993-1-hyperv neutron-server[89113]: DEBUG neutron.pecan_wsgi.hooks.quota_enforcement [None req-ec6f54eb-e0b7-4e19-bf8b-a6cc6711cd1e admin admin] Made reservation on behalf of 8517cc77d3c84af984e639caca1edfc5 for: {'subnet': 1} {{(pid=89113) before /opt/stack/neutron/neutron/pecan_wsgi/hooks/quota_enforcement.py:53}}
Aug 30 17:10:46.465281 dv-neutron-854993-1-hyperv neutron-server[89113]: DEBUG neutron_lib.callbacks.manager [None req-ec6f54eb-e0b7-4e19-bf8b-a6cc6711cd1e admin admin] Notify callbacks [] for subnet, before_create {{(pid=89113) _notify_loop /usr/local/lib/python3.8/dist-packages/neutron_lib/callbacks/manager.py:192}}
Aug 30 17:10:46.615481 dv-neutron-854993-1-hyperv neutron-server[89114]: DEBUG neutron.wsgi [-] (89114) accepted ('10.222.0.59', 59868) {{(pid=89114) server /usr/local/lib/python3.8/dist-packages/eventlet/wsgi.py:992}}
Aug 30 17:10:46.694419 dv-neutron-854993-1-hyperv neutron-server[89113]: DEBUG neutron_lib.callbacks.manager [None req-ec6f54eb-e0b7-4e19-bf8b-a6cc6711cd1e admin admin] Notify callbacks ['neutron.plugins.ml2.ovo_rpc._ObjectChangeHandler.handle_event-8343657', 'neutron.api.rpc.agentnotifiers.dhcp_rpc_agent_api.DhcpAgentNotifyAPI._native_event_send_dhcp_notification-7967232'] for subnet, after_create {{(pid=89113) _notify_loop /usr/local/lib/python3.8/dist-packages/neutron_lib/callbacks/manager.py:192}}
Aug 30 17:10:46.728638 dv-neutron-854993-1-hyperv neutron-server[89114]: DEBUG neutron.api.v2.base [None req-13be27e1-90a7-49ec-9676-6eb00b229ec3 tempest-ExtraDHCPOptionsTestJSON-1496992462 tempest-ExtraDHCPOptionsTestJSON-1496992462-project] Request body: {'network': {'name': 'tempest-ExtraDHCPOptionsTestJSON-test-network-517741729'}} {{(pid=89114) prepare_request_body /opt/stack/neutron/neutron/api/v2/base.py:729}}
Aug 30 17:10:46.735230 dv-neutron-854993-1-hyperv neutron-server[89114]: DEBUG neutron.db.quota.driver [None req-13be27e1-90a7-49ec-9676-6eb00b229ec3 tempest-ExtraDHCPOptionsTestJSON-1496992462 tempest-ExtraDHCPOptionsTestJSON-1496992462-project] Resources subnetpool have unlimited quota limit. It is not required to calculate headroom {{(pid=89114) make_reservation /opt/stack/neutron/neutron/db/quota/driver.py:219}}
Aug 30 17:10:46.741402 dv-neutron-854993-1-hyperv neutron-server[89114]: DEBUG neutron.quota.resource [None req-13be27e1-90a7-49ec-9676-6eb00b229ec3 tempest-ExtraDHCPOptionsTestJSON-1496992462 tempest-ExtraDHCPOptionsTestJSON-1496992462-project] Usage tracker for resource:network and tenant:f84474e0b53d422cad0c51fbd4e1fca7 is out of sync, need to count used quota {{(pid=89114) count_used /opt/stack/neutron/neutron/quota/resource.py:270}}
Aug 30 17:10:46.744806 dv-neutron-854993-1-hyperv neutron-server[89114]: DEBUG neutron.quota.resource [None req-13be27e1-90a7-49ec-9676-6eb00b229ec3 tempest-ExtraDHCPOptionsTestJSON-1496992462 tempest-ExtraDHCPOptionsTestJSON-1496992462-project] Quota usage for network was recalculated. Used quota:0. {{(pid=89114) count_used /opt/stack/neutron/neutron/quota/resource.py:290}}
Aug 30 17:10:46.750857 dv-neutron-854993-1-hyperv neutron-server[89114]: DEBUG neutron.db.quota.driver [None req-13be27e1-90a7-49ec-9676-6eb00b229ec3 tempest-ExtraDHCPOptionsTestJSON-1496992462 tempest-ExtraDHCPOptionsTestJSON-1496992462-project] Attempting to reserve 1 items for resource network. Total usage: 0; quota limit: 100; headroom:100 {{(pid=89114) make_reservation /opt/stack/neutron/neutron/db/quota/driver.py:246}}
Aug 30 17:10:46.763803 dv-neutron-854993-1-hyperv neutron-server[89114]: DEBUG neutron.pecan_wsgi.hooks.quota_enforcement [None req-13be27e1-90a7-49ec-9676-6eb00b229ec3 tempest-ExtraDHCPOptionsTestJSON-1496992462 tempest-ExtraDHCPOptionsTestJSON-1496992462-project] Made reservation on behalf of f84474e0b53d422cad0c51fbd4e1fca7 for: {'network': 1} {{(pid=89114) before /opt/stack/neutron/neutron/pecan_wsgi/hooks/quota_enforcement.py:53}}
Aug 30 17:10:46.768284 dv-neutron-854993-1-hyperv neutron-server[89114]: DEBUG neutron_lib.callbacks.manager [None req-13be27e1-90a7-49ec-9676-6eb00b229ec3 tempest-ExtraDHCPOptionsTestJSON-1496992462 tempest-ExtraDHCPOptionsTestJSON-1496992462-project] Notify callbacks ['neutron.plugins.ml2.plugin.SecurityGroupDbMixin._ensure_default_security_group_handler-935604'] for network, before_create {{(pid=89114) _notify_loop /usr/local/lib/python3.8/dist-packages/neutron_lib/callbacks/manager.py:192}}
Aug 30 17:10:46.780578 dv-neutron-854993-1-hyperv neutron-server[89113]: DEBUG neutron.api.rpc.handlers.resources_rpc [None req-ec6f54eb-e0b7-4e19-bf8b-a6cc6711cd1e admin admin] Pushing event updated for resources: {'Subnet': ['ID=f8f1188f-57d6-4c0b-905c-9bc3f339ee64,revision_number=0']} {{(pid=89113) push /opt/stack/neutron/neutron/api/rpc/handlers/resources_rpc.py:237}}
Aug 30 17:10:46.786636 dv-neutron-854993-1-hyperv neutron-server[89114]: DEBUG neutron.api.v2.base [None req-cb72a59c-1c90-4d0b-91db-448406a9e204 admin admin] Request body: {'network': {'name': 'tempest-ServersTestJSON-918716131-network', 'tenant_id': '6adbf4dd16bf45c6937ccf35b764dcbf'}} {{(pid=89114) prepare_request_body /opt/stack/neutron/neutron/api/v2/base.py:729}}
Aug 30 17:10:46.791406 dv-neutron-854993-1-hyperv neutron-server[89114]: DEBUG neutron.db.quota.driver [None req-cb72a59c-1c90-4d0b-91db-448406a9e204 admin admin] Resources subnetpool have unlimited quota limit. It is not required to calculate headroom {{(pid=89114) make_reservation /opt/stack/neutron/neutron/db/quota/driver.py:219}}
Aug 30 17:10:46.795954 dv-neutron-854993-1-hyperv neutron-server[89114]: DEBUG neutron.quota.resource [None req-cb72a59c-1c90-4d0b-91db-448406a9e204 admin admin] Usage tracker for resource:network and tenant:6adbf4dd16bf45c6937ccf35b764dcbf is out of sync, need to count used quota {{(pid=89114) count_used /opt/stack/neutron/neutron/quota/resource.py:270}}
Aug 30 17:10:46.801194 dv-neutron-854993-1-hyperv neutron-server[89114]: DEBUG neutron.quota.resource [None req-cb72a59c-1c90-4d0b-91db-448406a9e204 admin admin] Quota usage for network was recalculated. Used quota:0. {{(pid=89114) count_used /opt/stack/neutron/neutron/quota/resource.py:290}}
Aug 30 17:10:46.807676 dv-neutron-854993-1-hyperv neutron-server[89114]: DEBUG neutron.db.quota.driver [None req-cb72a59c-1c90-4d0b-91db-448406a9e204 admin admin] Attempting to reserve 1 items for resource network. Total usage: 0; quota limit: 100; headroom:100 {{(pid=89114) make_reservation /opt/stack/neutron/neutron/db/quota/driver.py:246}}
Aug 30 17:10:46.817036 dv-neutron-854993-1-hyperv neutron-server[89114]: DEBUG neutron_lib.callbacks.manager [None req-13be27e1-90a7-49ec-9676-6eb00b229ec3 tempest-ExtraDHCPOptionsTestJSON-1496992462 tempest-ExtraDHCPOptionsTestJSON-1496992462-project] Notify callbacks [] for security_group, before_create {{(pid=89114) _notify_loop /usr/local/lib/python3.8/dist-packages/neutron_lib/callbacks/manager.py:192}}
Aug 30 17:10:46.827319 dv-neutron-854993-1-hyperv neutron-server[89113]: DEBUG neutron.plugins.ml2.drivers.mech_agent [None req-ec6f54eb-e0b7-4e19-bf8b-a6cc6711cd1e admin admin] Checking segment: {'id': '801ec237-9d69-40e8-bc50-85519566bdee', 'network_type': 'vlan', 'physical_network': 'physnet1', 'segmentation_id': 211, 'network_id': '1e2a3127-9c2f-4049-9e8c-75ac697b7486'} for mappings: {'physnet1': 'br-data'} with network types: ['local', 'flat', 'vlan'] {{(pid=89113) check_segment_for_agent /opt/stack/neutron/neutron/plugins/ml2/drivers/mech_agent.py:343}}
Aug 30 17:10:46.827932 dv-neutron-854993-1-hyperv neutron-server[89113]: DEBUG neutron.scheduler.dhcp_agent_scheduler [None req-ec6f54eb-e0b7-4e19-bf8b-a6cc6711cd1e admin admin] Network hostable DHCP agents. Network: 1e2a3127-9c2f-4049-9e8c-75ac697b7486, hostable agents: ['ccccf8dd-6350-4410-ac98-48b5e90421a5'], hosted agents: [] {{(pid=89113) _get_network_hostable_dhcp_agents /opt/stack/neutron/neutron/scheduler/dhcp_agent_scheduler.py:329}}
Aug 30 17:10:46.841233 dv-neutron-854993-1-hyperv neutron-server[89114]: DEBUG neutron.db.quota.driver [None req-13be27e1-90a7-49ec-9676-6eb00b229ec3 tempest-ExtraDHCPOptionsTestJSON-1496992462 tempest-ExtraDHCPOptionsTestJSON-1496992462-project] Resources subnetpool have unlimited quota limit. It is not required to calculate headroom {{(pid=89114) make_reservation /opt/stack/neutron/neutron/db/quota/driver.py:219}}
Aug 30 17:10:46.845844 dv-neutron-854993-1-hyperv neutron-server[89114]: DEBUG neutron.quota.resource [None req-13be27e1-90a7-49ec-9676-6eb00b229ec3 tempest-ExtraDHCPOptionsTestJSON-1496992462 tempest-ExtraDHCPOptionsTestJSON-1496992462-project] Usage tracker for resource:security_group_rule and tenant:f84474e0b53d422cad0c51fbd4e1fca7 is out of sync, need to count used quota {{(pid=89114) count_used /opt/stack/neutron/neutron/quota/resource.py:270}}
Aug 30 17:10:46.850604 dv-neutron-854993-1-hyperv neutron-server[89114]: DEBUG neutron.pecan_wsgi.hooks.quota_enforcement [None req-cb72a59c-1c90-4d0b-91db-448406a9e204 admin admin] Made reservation on behalf of 6adbf4dd16bf45c6937ccf35b764dcbf for: {'network': 1} {{(pid=89114) before /opt/stack/neutron/neutron/pecan_wsgi/hooks/quota_enforcement.py:53}}
Aug 30 17:10:46.852928 dv-neutron-854993-1-hyperv neutron-server[89114]: DEBUG neutron_lib.callbacks.manager [None req-cb72a59c-1c90-4d0b-91db-448406a9e204 admin admin] Notify callbacks ['neutron.plugins.ml2.plugin.SecurityGroupDbMixin._ensure_default_security_group_handler-935604'] for network, before_create {{(pid=89114) _notify_loop /usr/local/lib/python3.8/dist-packages/neutron_lib/callbacks/manager.py:192}}
Aug 30 17:10:46.857260 dv-neutron-854993-1-hyperv neutron-server[89113]: DEBUG neutron.scheduler.dhcp_agent_scheduler [None req-ec6f54eb-e0b7-4e19-bf8b-a6cc6711cd1e admin admin] Network 1e2a3127-9c2f-4049-9e8c-75ac697b7486 is scheduled to be hosted by DHCP agent ccccf8dd-6350-4410-ac98-48b5e90421a5 with binding_index 1 {{(pid=89113) bind /opt/stack/neutron/neutron/scheduler/dhcp_agent_scheduler.py:227}}
Aug 30 17:10:46.866974 dv-neutron-854993-1-hyperv neutron-server[89114]: DEBUG neutron.quota.resource [None req-13be27e1-90a7-49ec-9676-6eb00b229ec3 tempest-ExtraDHCPOptionsTestJSON-1496992462 tempest-ExtraDHCPOptionsTestJSON-1496992462-project] Quota usage for security_group_rule was recalculated. Used quota:0. {{(pid=89114) count_used /opt/stack/neutron/neutron/quota/resource.py:290}}
Aug 30 17:10:46.873596 dv-neutron-854993-1-hyperv neutron-server[89114]: DEBUG neutron.db.quota.driver [None req-13be27e1-90a7-49ec-9676-6eb00b229ec3 tempest-ExtraDHCPOptionsTestJSON-1496992462 tempest-ExtraDHCPOptionsTestJSON-1496992462-project] Attempting to reserve 4 items for resource security_group_rule. Total usage: 0; quota limit: 100; headroom:100 {{(pid=89114) make_reservation /opt/stack/neutron/neutron/db/quota/driver.py:246}}
Aug 30 17:10:46.879888 dv-neutron-854993-1-hyperv neutron-server[89113]: DEBUG neutron.scheduler.base_scheduler [None req-ec6f54eb-e0b7-4e19-bf8b-a6cc6711cd1e admin admin] Resources bound (agent type, host, resource id): (DHCP agent, dv-neutron-854993-1-hyperv, 1e2a3127-9c2f-4049-9e8c-75ac697b7486) {{(pid=89113) schedule /opt/stack/neutron/neutron/scheduler/base_scheduler.py:57}}
Aug 30 17:10:46.884749 dv-neutron-854993-1-hyperv neutron-server[89113]: DEBUG neutron.pecan_wsgi.hooks.policy_enforcement [None req-ec6f54eb-e0b7-4e19-bf8b-a6cc6711cd1e admin admin] Attributes excluded by policy engine: ['standard_attr_id', 'shared', 'network'] {{(pid=89113) _exclude_attributes_by_policy /opt/stack/neutron/neutron/pecan_wsgi/hooks/policy_enforcement.py:259}}
Aug 30 17:10:46.885565 dv-neutron-854993-1-hyperv neutron-server[89113]: DEBUG neutron_lib.callbacks.manager [None req-ec6f54eb-e0b7-4e19-bf8b-a6cc6711cd1e admin admin] Notify callbacks ['neutron.api.rpc.agentnotifiers.dhcp_rpc_agent_api.DhcpAgentNotifyAPI._send_dhcp_notification-7967250'] for subnet, before_response {{(pid=89113) _notify_loop /usr/local/lib/python3.8/dist-packages/neutron_lib/callbacks/manager.py:192}}
Aug 30 17:10:46.892439 dv-neutron-854993-1-hyperv neutron-server[89115]: DEBUG neutron.api.rpc.handlers.dhcp_rpc [None req-27c94f01-f39a-43b5-a4e1-acb6fc54a260 None None] Network 1e2a3127-9c2f-4049-9e8c-75ac697b7486 requested from dv-neutron-854993-1-hyperv {{(pid=89115) get_network_info /opt/stack/neutron/neutron/api/rpc/handlers/dhcp_rpc.py:213}}
Aug 30 17:10:46.917132 dv-neutron-854993-1-hyperv neutron-server[89113]: INFO neutron.wsgi [None req-ec6f54eb-e0b7-4e19-bf8b-a6cc6711cd1e admin admin] 10.222.0.59 "POST /v2.0/subnets HTTP/1.1" status: 201 len: 848 time: 0.5014477
Aug 30 17:10:46.919300 dv-neutron-854993-1-hyperv neutron-server[89113]: DEBUG neutron.wsgi [-] (89113) accepted ('10.222.0.59', 59882) {{(pid=89113) server /usr/local/lib/python3.8/dist-packages/eventlet/wsgi.py:992}}
Aug 30 17:10:46.925745 dv-neutron-854993-1-hyperv neutron-server[89113]: DEBUG neutron.api.v2.base [None req-38f7b493-e99a-4bf3-ae94-b7c2c0ce93b4 admin admin] Request body: {'router': {'name': 'tempest-ServersTestManualDisk-1119108261-router', 'tenant_id': '8517cc77d3c84af984e639caca1edfc5', 'external_gateway_info': {'network_id': 'af704a51-6489-4807-80fc-2a474bd6c569'}}} {{(pid=89113) prepare_request_body /opt/stack/neutron/neutron/api/v2/base.py:729}}
Aug 30 17:10:46.939933 dv-neutron-854993-1-hyperv neutron-server[89113]: DEBUG neutron.db.quota.driver [None req-38f7b493-e99a-4bf3-ae94-b7c2c0ce93b4 admin admin] Resources subnetpool have unlimited quota limit. It is not required to calculate headroom {{(pid=89113) make_reservation /opt/stack/neutron/neutron/db/quota/driver.py:219}}
Aug 30 17:10:46.948324 dv-neutron-854993-1-hyperv neutron-server[89113]: DEBUG neutron.quota.resource [None req-38f7b493-e99a-4bf3-ae94-b7c2c0ce93b4 admin admin] Usage tracker for resource:router and tenant:8517cc77d3c84af984e639caca1edfc5 is out of sync, need to count used quota {{(pid=89113) count_used /opt/stack/neutron/neutron/quota/resource.py:270}}
Aug 30 17:10:46.956373 dv-neutron-854993-1-hyperv neutron-server[89113]: DEBUG neutron.quota.resource [None req-38f7b493-e99a-4bf3-ae94-b7c2c0ce93b4 admin admin] Quota usage for router was recalculated. Used quota:0. {{(pid=89113) count_used /opt/stack/neutron/neutron/quota/resource.py:290}}
Aug 30 17:10:46.977033 dv-neutron-854993-1-hyperv neutron-server[89113]: DEBUG neutron.db.quota.driver [None req-38f7b493-e99a-4bf3-ae94-b7c2c0ce93b4 admin admin] Attempting to reserve 1 items for resource router. Total usage: 0; quota limit: 100; headroom:100 {{(pid=89113) make_reservation /opt/stack/neutron/neutron/db/quota/driver.py:246}}
Aug 30 17:10:47.001665 dv-neutron-854993-1-hyperv neutron-server[89113]: DEBUG neutron_lib.callbacks.manager [None req-38f7b493-e99a-4bf3-ae94-b7c2c0ce93b4 admin admin] Notify callbacks ['neutron.services.l3_router.l3_router_plugin.L3_HA_NAT_db_mixin._before_router_create-8356613', 'neutron.services.l3_router.service_providers.driver_controller.DriverController._check_router_request-3501'] for router, before_create {{(pid=89113) _notify_loop /usr/local/lib/python3.8/dist-packages/neutron_lib/callbacks/manager.py:192}}
Aug 30 17:10:47.003226 dv-neutron-854993-1-hyperv neutron-server[89113]: DEBUG neutron_lib.callbacks.manager [None req-38f7b493-e99a-4bf3-ae94-b7c2c0ce93b4 admin admin] Notify callbacks ['neutron.services.l3_router.l3_router_plugin.L3_HA_NAT_db_mixin._precommit_router_create-8369720', 'neutron.services.l3_router.l3_router_plugin.DVRResourceOperationHandler._set_distributed_flag-8359480', 'neutron.services.l3_router.l3_router_plugin.RouterAvailabilityZoneMixin._process_az_request-8313400', 'neutron.services.l3_router.service_providers.driver_controller.DriverController._set_router_provider-3540'] for router, precommit_create {{(pid=89113) _notify_loop /usr/local/lib/python3.8/dist-packages/neutron_lib/callbacks/manager.py:192}}
Aug 30 17:10:47.043324 dv-neutron-854993-1-hyperv neutron-server[89113]: DEBUG neutron_lib.callbacks.manager [None req-38f7b493-e99a-4bf3-ae94-b7c2c0ce93b4 admin admin] Notify callbacks [] for router_controller, precommit_add_association {{(pid=89113) _notify_loop /usr/local/lib/python3.8/dist-packages/neutron_lib/callbacks/manager.py:192}}
Aug 30 17:10:47.056952 dv-neutron-854993-1-hyperv neutron-server[89114]: DEBUG neutron_lib.callbacks.manager [None req-13be27e1-90a7-49ec-9676-6eb00b229ec3 tempest-ExtraDHCPOptionsTestJSON-1496992462 tempest-ExtraDHCPOptionsTestJSON-1496992462-project] Notify callbacks [] for security_group, precommit_create {{(pid=89114) _notify_loop /usr/local/lib/python3.8/dist-packages/neutron_lib/callbacks/manager.py:192}}
Aug 30 17:10:47.065505 dv-neutron-854993-1-hyperv neutron-server[89114]: DEBUG neutron.api.v2.base [None req-5433a39b-9f1a-47e1-ba14-ff1295170c3f admin admin] Request body: {'network': {'name': 'tempest-ServerActionsTestJSON-1949274502-network', 'tenant_id': '239621186db9439da2e468f88fdbd223'}} {{(pid=89114) prepare_request_body /opt/stack/neutron/neutron/api/v2/base.py:729}}
Aug 30 17:10:47.068851 dv-neutron-854993-1-hyperv neutron-server[89114]: DEBUG neutron_lib.callbacks.manager [None req-cb72a59c-1c90-4d0b-91db-448406a9e204 admin admin] Notify callbacks [] for security_group, before_create {{(pid=89114) _notify_loop /usr/local/lib/python3.8/dist-packages/neutron_lib/callbacks/manager.py:192}}
Aug 30 17:10:47.086710 dv-neutron-854993-1-hyperv neutron-server[89114]: DEBUG neutron.db.quota.driver [None req-cb72a59c-1c90-4d0b-91db-448406a9e204 admin admin] Resources subnetpool have unlimited quota limit. It is not required to calculate headroom {{(pid=89114) make_reservation /opt/stack/neutron/neutron/db/quota/driver.py:219}}
Aug 30 17:10:47.090653 dv-neutron-854993-1-hyperv neutron-server[89114]: DEBUG neutron.quota.resource [None req-cb72a59c-1c90-4d0b-91db-448406a9e204 admin admin] Usage tracker for resource:security_group_rule and tenant:6adbf4dd16bf45c6937ccf35b764dcbf is out of sync, need to count used quota {{(pid=89114) count_used /opt/stack/neutron/neutron/quota/resource.py:270}}
Aug 30 17:10:47.093804 dv-neutron-854993-1-hyperv neutron-server[89114]: DEBUG neutron.quota.resource [None req-cb72a59c-1c90-4d0b-91db-448406a9e204 admin admin] Quota usage for security_group_rule was recalculated. Used quota:0. {{(pid=89114) count_used /opt/stack/neutron/neutron/quota/resource.py:290}}
Aug 30 17:10:47.100721 dv-neutron-854993-1-hyperv neutron-server[89114]: DEBUG neutron.db.quota.driver [None req-cb72a59c-1c90-4d0b-91db-448406a9e204 admin admin] Attempting to reserve 4 items for resource security_group_rule. Total usage: 0; quota limit: 100; headroom:100 {{(pid=89114) make_reservation /opt/stack/neutron/neutron/db/quota/driver.py:246}}
Aug 30 17:10:47.176439 dv-neutron-854993-1-hyperv neutron-server[89114]: DEBUG neutron_lib.callbacks.manager [None req-13be27e1-90a7-49ec-9676-6eb00b229ec3 tempest-ExtraDHCPOptionsTestJSON-1496992462 tempest-ExtraDHCPOptionsTestJSON-1496992462-project] Notify callbacks ['neutron.plugins.ml2.ovo_rpc._ObjectChangeHandler.handle_event-8343681'] for security_group, after_create {{(pid=89114) _notify_loop /usr/local/lib/python3.8/dist-packages/neutron_lib/callbacks/manager.py:192}}
Aug 30 17:10:47.183955 dv-neutron-854993-1-hyperv neutron-server[89115]: DEBUG neutron.api.rpc.handlers.dhcp_rpc [None req-48346230-32ea-4f64-bcd5-6badc2bbd458 None None] Create dhcp port {'port': {'name': '', 'admin_state_up': True, 'device_id': 'dhcpcb1f9b44-08f0-51e7-b0c9-ac837b8b8a5a-1e2a3127-9c2f-4049-9e8c-75ac697b7486', 'network_id': '1e2a3127-9c2f-4049-9e8c-75ac697b7486', 'tenant_id': '8517cc77d3c84af984e639caca1edfc5', 'fixed_ips': [{'subnet_id': 'f8f1188f-57d6-4c0b-905c-9bc3f339ee64'}]}} from dv-neutron-854993-1-hyperv. {{(pid=89115) create_dhcp_port /opt/stack/neutron/neutron/api/rpc/handlers/dhcp_rpc.py:279}}
Aug 30 17:10:47.185155 dv-neutron-854993-1-hyperv neutron-server[89115]: DEBUG neutron_lib.callbacks.manager [None req-48346230-32ea-4f64-bcd5-6badc2bbd458 None None] Notify callbacks ['neutron.plugins.ml2.plugin.SecurityGroupDbMixin._ensure_default_security_group_handler-935604'] for port, before_create {{(pid=89115) _notify_loop /usr/local/lib/python3.8/dist-packages/neutron_lib/callbacks/manager.py:192}}
Aug 30 17:10:47.191427 dv-neutron-854993-1-hyperv neutron-server[89114]: DEBUG neutron.plugins.ml2.drivers.helpers [None req-13be27e1-90a7-49ec-9676-6eb00b229ec3 tempest-ExtraDHCPOptionsTestJSON-1496992462 tempest-ExtraDHCPOptionsTestJSON-1496992462-project] vlan segment allocate from pool success with {'vlan_id': 214, 'physical_network': 'physnet1'} {{(pid=89114) allocate_partially_specified_segment /opt/stack/neutron/neutron/plugins/ml2/drivers/helpers.py:153}}
Aug 30 17:10:47.240102 dv-neutron-854993-1-hyperv neutron-server[89114]: DEBUG neutron_lib.callbacks.manager [None req-13be27e1-90a7-49ec-9676-6eb00b229ec3 tempest-ExtraDHCPOptionsTestJSON-1496992462 tempest-ExtraDHCPOptionsTestJSON-1496992462-project] Notify callbacks ['neutron.plugins.ml2.plugin.Ml2Plugin._handle_segment_change-855887'] for segment, precommit_create {{(pid=89114) _notify_loop /usr/local/lib/python3.8/dist-packages/neutron_lib/callbacks/manager.py:192}}
Aug 30 17:10:47.240483 dv-neutron-854993-1-hyperv neutron-server[89114]: INFO neutron.db.segments_db [None req-13be27e1-90a7-49ec-9676-6eb00b229ec3 tempest-ExtraDHCPOptionsTestJSON-1496992462 tempest-ExtraDHCPOptionsTestJSON-1496992462-project] Added segment feb0cd34-ab1d-4bc3-b3ed-6c43e7a0c8b4 of type vlan for network eaed42a7-8bba-49c6-a202-e406b6372118
Aug 30 17:10:47.269865 dv-neutron-854993-1-hyperv neutron-server[89114]: DEBUG neutron_lib.callbacks.manager [None req-13be27e1-90a7-49ec-9676-6eb00b229ec3 tempest-ExtraDHCPOptionsTestJSON-1496992462 tempest-ExtraDHCPOptionsTestJSON-1496992462-project] Notify callbacks ['neutron.services.auto_allocate.db._ensure_external_network_default_value_callback-8793966269525'] for network, precommit_create {{(pid=89114) _notify_loop /usr/local/lib/python3.8/dist-packages/neutron_lib/callbacks/manager.py:192}}
Aug 30 17:10:47.314977 dv-neutron-854993-1-hyperv neutron-server[89114]: DEBUG neutron_lib.callbacks.manager [None req-13be27e1-90a7-49ec-9676-6eb00b229ec3 tempest-ExtraDHCPOptionsTestJSON-1496992462 tempest-ExtraDHCPOptionsTestJSON-1496992462-project] Notify callbacks ['neutron.plugins.ml2.ovo_rpc._ObjectChangeHandler.handle_event-8343600', 'neutron.api.rpc.agentnotifiers.dhcp_rpc_agent_api.DhcpAgentNotifyAPI._native_event_send_dhcp_notification-7967232'] for network, after_create {{(pid=89114) _notify_loop /usr/local/lib/python3.8/dist-packages/neutron_lib/callbacks/manager.py:192}}
Aug 30 17:10:47.322395 dv-neutron-854993-1-hyperv neutron-server[89114]: DEBUG neutron.pecan_wsgi.hooks.policy_enforcement [None req-13be27e1-90a7-49ec-9676-6eb00b229ec3 tempest-ExtraDHCPOptionsTestJSON-1496992462 tempest-ExtraDHCPOptionsTestJSON-1496992462-project] Attributes excluded by policy engine: ['standard_attr_id', 'provider:network_type', 'provider:physical_network', 'provider:segmentation_id', 'vlan_transparent'] {{(pid=89114) _exclude_attributes_by_policy /opt/stack/neutron/neutron/pecan_wsgi/hooks/policy_enforcement.py:259}}
Aug 30 17:10:47.323610 dv-neutron-854993-1-hyperv neutron-server[89114]: DEBUG neutron_lib.callbacks.manager [None req-13be27e1-90a7-49ec-9676-6eb00b229ec3 tempest-ExtraDHCPOptionsTestJSON-1496992462 tempest-ExtraDHCPOptionsTestJSON-1496992462-project] Notify callbacks ['neutron.api.rpc.agentnotifiers.dhcp_rpc_agent_api.DhcpAgentNotifyAPI._send_dhcp_notification-7967250'] for network, before_response {{(pid=89114) _notify_loop /usr/local/lib/python3.8/dist-packages/neutron_lib/callbacks/manager.py:192}}
Aug 30 17:10:47.381486 dv-neutron-854993-1-hyperv neutron-server[89114]: DEBUG neutron.api.rpc.handlers.resources_rpc [None req-13be27e1-90a7-49ec-9676-6eb00b229ec3 tempest-ExtraDHCPOptionsTestJSON-1496992462 tempest-ExtraDHCPOptionsTestJSON-1496992462-project] Pushing event updated for resources: {'SecurityGroup': ['ID=dca78abe-196c-4fd7-9f7f-f7e6ca6122a9,revision_number=1']} {{(pid=89114) push /opt/stack/neutron/neutron/api/rpc/handlers/resources_rpc.py:237}}
Aug 30 17:10:47.389196 dv-neutron-854993-1-hyperv neutron-server[89114]: DEBUG neutron.db.quota.driver [None req-5433a39b-9f1a-47e1-ba14-ff1295170c3f admin admin] Resources subnetpool have unlimited quota limit. It is not required to calculate headroom {{(pid=89114) make_reservation /opt/stack/neutron/neutron/db/quota/driver.py:219}}
Aug 30 17:10:47.393396 dv-neutron-854993-1-hyperv neutron-server[89114]: DEBUG neutron_lib.callbacks.manager [None req-cb72a59c-1c90-4d0b-91db-448406a9e204 admin admin] Notify callbacks [] for security_group, precommit_create {{(pid=89114) _notify_loop /usr/local/lib/python3.8/dist-packages/neutron_lib/callbacks/manager.py:192}}
Aug 30 17:10:47.402400 dv-neutron-854993-1-hyperv neutron-server[89114]: INFO neutron.wsgi [None req-13be27e1-90a7-49ec-9676-6eb00b229ec3 tempest-ExtraDHCPOptionsTestJSON-1496992462 tempest-ExtraDHCPOptionsTestJSON-1496992462-project] 10.222.0.59 "POST /v2.0/networks HTTP/1.1" status: 201 len: 791 time: 1.3320611
Aug 30 17:10:47.405136 dv-neutron-854993-1-hyperv neutron-server[89113]: DEBUG neutron.wsgi [-] (89113) accepted ('10.222.0.59', 59900) {{(pid=89113) server /usr/local/lib/python3.8/dist-packages/eventlet/wsgi.py:992}}
Aug 30 17:10:47.406920 dv-neutron-854993-1-hyperv neutron-server[89114]: DEBUG neutron.quota.resource [None req-5433a39b-9f1a-47e1-ba14-ff1295170c3f admin admin] Usage tracker for resource:network and tenant:239621186db9439da2e468f88fdbd223 is out of sync, need to count used quota {{(pid=89114) count_used /opt/stack/neutron/neutron/quota/resource.py:270}}
Aug 30 17:10:47.410994 dv-neutron-854993-1-hyperv neutron-server[89114]: DEBUG neutron.api.rpc.callbacks.version_manager [None req-13be27e1-90a7-49ec-9676-6eb00b229ec3 tempest-ExtraDHCPOptionsTestJSON-1496992462 tempest-ExtraDHCPOptionsTestJSON-1496992462-project] Version for resource type AddressGroup changed None to 1.2 on consumer Open vSwitch agent@dv-neutron-854993-1-hyperv {{(pid=89114) _set_version /opt/stack/neutron/neutron/api/rpc/callbacks/version_manager.py:113}}
Aug 30 17:10:47.411686 dv-neutron-854993-1-hyperv neutron-server[89114]: DEBUG neutron.api.rpc.callbacks.version_manager [None req-13be27e1-90a7-49ec-9676-6eb00b229ec3 tempest-ExtraDHCPOptionsTestJSON-1496992462 tempest-ExtraDHCPOptionsTestJSON-1496992462-project] Version for resource type ConntrackHelper changed None to 1.0 on consumer Open vSwitch agent@dv-neutron-854993-1-hyperv {{(pid=89114) _set_version /opt/stack/neutron/neutron/api/rpc/callbacks/version_manager.py:113}}
Aug 30 17:10:47.412662 dv-neutron-854993-1-hyperv neutron-server[89114]: DEBUG neutron.api.rpc.callbacks.version_manager [None req-13be27e1-90a7-49ec-9676-6eb00b229ec3 tempest-ExtraDHCPOptionsTestJSON-1496992462 tempest-ExtraDHCPOptionsTestJSON-1496992462-project] Version for resource type Log changed None to 1.0 on consumer Open vSwitch agent@dv-neutron-854993-1-hyperv {{(pid=89114) _set_version /opt/stack/neutron/neutron/api/rpc/callbacks/version_manager.py:113}}
Aug 30 17:10:47.413173 dv-neutron-854993-1-hyperv neutron-server[89114]: DEBUG neutron.api.rpc.callbacks.version_manager [None req-13be27e1-90a7-49ec-9676-6eb00b229ec3 tempest-ExtraDHCPOptionsTestJSON-1496992462 tempest-ExtraDHCPOptionsTestJSON-1496992462-project] Version for resource type Network changed None to 1.1 on consumer Open vSwitch agent@dv-neutron-854993-1-hyperv {{(pid=89114) _set_version /opt/stack/neutron/neutron/api/rpc/callbacks/version_manager.py:113}}
Aug 30 17:10:47.413673 dv-neutron-854993-1-hyperv neutron-server[89114]: DEBUG neutron.api.rpc.callbacks.version_manager [None req-13be27e1-90a7-49ec-9676-6eb00b229ec3 tempest-ExtraDHCPOptionsTestJSON-1496992462 tempest-ExtraDHCPOptionsTestJSON-1496992462-project] Version for resource type Port changed None to 1.7 on consumer Open vSwitch agent@dv-neutron-854993-1-hyperv {{(pid=89114) _set_version /opt/stack/neutron/neutron/api/rpc/callbacks/version_manager.py:113}}
Aug 30 17:10:47.414370 dv-neutron-854993-1-hyperv neutron-server[89114]: DEBUG neutron.api.rpc.callbacks.version_manager [None req-13be27e1-90a7-49ec-9676-6eb00b229ec3 tempest-ExtraDHCPOptionsTestJSON-1496992462 tempest-ExtraDHCPOptionsTestJSON-1496992462-project] Version for resource type PortForwarding changed None to 1.2 on consumer Open vSwitch agent@dv-neutron-854993-1-hyperv {{(pid=89114) _set_version /opt/stack/neutron/neutron/api/rpc/callbacks/version_manager.py:113}}
Aug 30 17:10:47.414890 dv-neutron-854993-1-hyperv neutron-server[89114]: DEBUG neutron.api.rpc.callbacks.version_manager [None req-13be27e1-90a7-49ec-9676-6eb00b229ec3 tempest-ExtraDHCPOptionsTestJSON-1496992462 tempest-ExtraDHCPOptionsTestJSON-1496992462-project] Version for resource type QosPolicy changed None to 1.8 on consumer Open vSwitch agent@dv-neutron-854993-1-hyperv {{(pid=89114) _set_version /opt/stack/neutron/neutron/api/rpc/callbacks/version_manager.py:113}}
Aug 30 17:10:47.415306 dv-neutron-854993-1-hyperv neutron-server[89113]: DEBUG neutron.api.v2.base [None req-ba2eaf40-a76f-497b-9af2-85371acaa73f tempest-ExtraDHCPOptionsTestJSON-1496992462 tempest-ExtraDHCPOptionsTestJSON-1496992462-project] Request body: {'subnet': {'network_id': 'eaed42a7-8bba-49c6-a202-e406b6372118', 'cidr': '172.20.0.0/28', 'ip_version': 4, 'gateway_ip': '172.20.0.1'}} {{(pid=89113) prepare_request_body /opt/stack/neutron/neutron/api/v2/base.py:729}}
Aug 30 17:10:47.415637 dv-neutron-854993-1-hyperv neutron-server[89114]: DEBUG neutron.api.rpc.callbacks.version_manager [None req-13be27e1-90a7-49ec-9676-6eb00b229ec3 tempest-ExtraDHCPOptionsTestJSON-1496992462 tempest-ExtraDHCPOptionsTestJSON-1496992462-project] Version for resource type SecurityGroup changed None to 1.4 on consumer Open vSwitch agent@dv-neutron-854993-1-hyperv {{(pid=89114) _set_version /opt/stack/neutron/neutron/api/rpc/callbacks/version_manager.py:113}}
Aug 30 17:10:47.416140 dv-neutron-854993-1-hyperv neutron-server[89114]: DEBUG neutron.api.rpc.callbacks.version_manager [None req-13be27e1-90a7-49ec-9676-6eb00b229ec3 tempest-ExtraDHCPOptionsTestJSON-1496992462 tempest-ExtraDHCPOptionsTestJSON-1496992462-project] Version for resource type SecurityGroupRule changed None to 1.2 on consumer Open vSwitch agent@dv-neutron-854993-1-hyperv {{(pid=89114) _set_version /opt/stack/neutron/neutron/api/rpc/callbacks/version_manager.py:113}}
Aug 30 17:10:47.416751 dv-neutron-854993-1-hyperv neutron-server[89114]: DEBUG neutron.api.rpc.callbacks.version_manager [None req-13be27e1-90a7-49ec-9676-6eb00b229ec3 tempest-ExtraDHCPOptionsTestJSON-1496992462 tempest-ExtraDHCPOptionsTestJSON-1496992462-project] Version for resource type SubPort changed None to 1.0 on consumer Open vSwitch agent@dv-neutron-854993-1-hyperv {{(pid=89114) _set_version /opt/stack/neutron/neutron/api/rpc/callbacks/version_manager.py:113}}
Aug 30 17:10:47.417259 dv-neutron-854993-1-hyperv neutron-server[89114]: DEBUG neutron.api.rpc.callbacks.version_manager [None req-13be27e1-90a7-49ec-9676-6eb00b229ec3 tempest-ExtraDHCPOptionsTestJSON-1496992462 tempest-ExtraDHCPOptionsTestJSON-1496992462-project] Version for resource type Subnet changed None to 1.1 on consumer Open vSwitch agent@dv-neutron-854993-1-hyperv {{(pid=89114) _set_version /opt/stack/neutron/neutron/api/rpc/callbacks/version_manager.py:113}}
Aug 30 17:10:47.417759 dv-neutron-854993-1-hyperv neutron-server[89114]: DEBUG neutron.api.rpc.callbacks.version_manager [None req-13be27e1-90a7-49ec-9676-6eb00b229ec3 tempest-ExtraDHCPOptionsTestJSON-1496992462 tempest-ExtraDHCPOptionsTestJSON-1496992462-project] Version for resource type Trunk changed None to 1.1 on consumer Open vSwitch agent@dv-neutron-854993-1-hyperv {{(pid=89114) _set_version /opt/stack/neutron/neutron/api/rpc/callbacks/version_manager.py:113}}
Aug 30 17:10:47.419024 dv-neutron-854993-1-hyperv neutron-server[89114]: DEBUG neutron.api.rpc.callbacks.version_manager [None req-13be27e1-90a7-49ec-9676-6eb00b229ec3 tempest-ExtraDHCPOptionsTestJSON-1496992462 tempest-ExtraDHCPOptionsTestJSON-1496992462-project] Tracked resource versions report:
Aug 30 17:10:47.419024 dv-neutron-854993-1-hyperv neutron-server[89114]: pushed versions:
Aug 30 17:10:47.419024 dv-neutron-854993-1-hyperv neutron-server[89114]: { 'AddressGroup': {'1.2'},
Aug 30 17:10:47.419024 dv-neutron-854993-1-hyperv neutron-server[89114]: 'ConntrackHelper': {'1.0'},
Aug 30 17:10:47.419024 dv-neutron-854993-1-hyperv neutron-server[89114]: 'Log': {'1.0'},
Aug 30 17:10:47.419024 dv-neutron-854993-1-hyperv neutron-server[89114]: 'Network': {'1.1'},
Aug 30 17:10:47.419024 dv-neutron-854993-1-hyperv neutron-server[89114]: 'Port': {'1.7'},
Aug 30 17:10:47.419024 dv-neutron-854993-1-hyperv neutron-server[89114]: 'PortForwarding': {'1.2'},
Aug 30 17:10:47.419024 dv-neutron-854993-1-hyperv neutron-server[89114]: 'QosPolicy': {'1.8'},
Aug 30 17:10:47.419024 dv-neutron-854993-1-hyperv neutron-server[89114]: 'SecurityGroup': {'1.4'},
Aug 30 17:10:47.419024 dv-neutron-854993-1-hyperv neutron-server[89114]: 'SecurityGroupRule': {'1.2'},
Aug 30 17:10:47.419024 dv-neutron-854993-1-hyperv neutron-server[89114]: 'SubPort': {'1.0'},
Aug 30 17:10:47.419024 dv-neutron-854993-1-hyperv neutron-server[89114]: 'Subnet': {'1.1'},
Aug 30 17:10:47.419024 dv-neutron-854993-1-hyperv neutron-server[89114]: 'Trunk': {'1.1'}}
Aug 30 17:10:47.419024 dv-neutron-854993-1-hyperv neutron-server[89114]: consumer versions:
Aug 30 17:10:47.419024 dv-neutron-854993-1-hyperv neutron-server[89114]: { DHCP agent@dv-neutron-854993-1-hyperv: {},
Aug 30 17:10:47.419024 dv-neutron-854993-1-hyperv neutron-server[89114]: HyperV agent@hv-neutron-8549: {},
Aug 30 17:10:47.419024 dv-neutron-854993-1-hyperv neutron-server[89114]: L3 agent@dv-neutron-854993-1-hyperv: {},
Aug 30 17:10:47.419024 dv-neutron-854993-1-hyperv neutron-server[89114]: Metadata agent@dv-neutron-854993-1-hyperv: {},
Aug 30 17:10:47.419024 dv-neutron-854993-1-hyperv neutron-server[89114]: Metering agent@dv-neutron-854993-1-hyperv: {},
Aug 30 17:10:47.419024 dv-neutron-854993-1-hyperv neutron-server[89114]: Open vSwitch agent@dv-neutron-854993-1-hyperv: { 'AddressGroup': '1.2',
Aug 30 17:10:47.419024 dv-neutron-854993-1-hyperv neutron-server[89114]: 'ConntrackHelper': '1.0',
Aug 30 17:10:47.419024 dv-neutron-854993-1-hyperv neutron-server[89114]: 'Log': '1.0',
Aug 30 17:10:47.419024 dv-neutron-854993-1-hyperv neutron-server[89114]: 'Network': '1.1',
Aug 30 17:10:47.419024 dv-neutron-854993-1-hyperv neutron-server[89114]: 'Port': '1.7',
Aug 30 17:10:47.419024 dv-neutron-854993-1-hyperv neutron-server[89114]: 'PortForwarding': '1.2',
Aug 30 17:10:47.419024 dv-neutron-854993-1-hyperv neutron-server[89114]: 'QosPolicy': '1.8',
Aug 30 17:10:47.419024 dv-neutron-854993-1-hyperv neutron-server[89114]: 'SecurityGroup': '1.4',
Aug 30 17:10:47.419024 dv-neutron-854993-1-hyperv neutron-server[89114]: 'SecurityGroupRule': '1.2',
Aug 30 17:10:47.419024 dv-neutron-854993-1-hyperv neutron-server[89114]: 'SubPort': '1.0',
Aug 30 17:10:47.419024 dv-neutron-854993-1-hyperv neutron-server[89114]: 'Subnet': '1.1',
Aug 30 17:10:47.419024 dv-neutron-854993-1-hyperv neutron-server[89114]: 'Trunk': '1.1'}}
Aug 30 17:10:47.419024 dv-neutron-854993-1-hyperv neutron-server[89114]: {{(pid=89114) report /opt/stack/neutron/neutron/api/rpc/callbacks/version_manager.py:175}}
Aug 30 17:10:47.425811 dv-neutron-854993-1-hyperv neutron-server[89114]: DEBUG neutron.quota.resource [None req-5433a39b-9f1a-47e1-ba14-ff1295170c3f admin admin] Quota usage for network was recalculated. Used quota:0. {{(pid=89114) count_used /opt/stack/neutron/neutron/quota/resource.py:290}}
Aug 30 17:10:47.430854 dv-neutron-854993-1-hyperv neutron-server[89114]: DEBUG neutron_lib.callbacks.manager [None req-cb72a59c-1c90-4d0b-91db-448406a9e204 admin admin] Notify callbacks ['neutron.plugins.ml2.ovo_rpc._ObjectChangeHandler.handle_event-8343681'] for security_group, after_create {{(pid=89114) _notify_loop /usr/local/lib/python3.8/dist-packages/neutron_lib/callbacks/manager.py:192}}
Aug 30 17:10:47.444861 dv-neutron-854993-1-hyperv neutron-server[89114]: DEBUG neutron.plugins.ml2.drivers.helpers [None req-cb72a59c-1c90-4d0b-91db-448406a9e204 admin admin] vlan segment allocate from pool success with {'vlan_id': 213, 'physical_network': 'physnet1'} {{(pid=89114) allocate_partially_specified_segment /opt/stack/neutron/neutron/plugins/ml2/drivers/helpers.py:153}}
Aug 30 17:10:47.457588 dv-neutron-854993-1-hyperv neutron-server[89114]: DEBUG neutron_lib.callbacks.manager [None req-cb72a59c-1c90-4d0b-91db-448406a9e204 admin admin] Notify callbacks ['neutron.plugins.ml2.plugin.Ml2Plugin._handle_segment_change-855887'] for segment, precommit_create {{(pid=89114) _notify_loop /usr/local/lib/python3.8/dist-packages/neutron_lib/callbacks/manager.py:192}}
Aug 30 17:10:47.458078 dv-neutron-854993-1-hyperv neutron-server[89114]: INFO neutron.db.segments_db [None req-cb72a59c-1c90-4d0b-91db-448406a9e204 admin admin] Added segment b8ba67e9-8a0f-4241-97b4-630fa6cfcb5e of type vlan for network 09da4a18-3d40-4a0c-b776-71f4f32cffa6
Aug 30 17:10:47.486765 dv-neutron-854993-1-hyperv neutron-server[89114]: DEBUG neutron_lib.callbacks.manager [None req-cb72a59c-1c90-4d0b-91db-448406a9e204 admin admin] Notify callbacks ['neutron.services.auto_allocate.db._ensure_external_network_default_value_callback-8793966269525'] for network, precommit_create {{(pid=89114) _notify_loop /usr/local/lib/python3.8/dist-packages/neutron_lib/callbacks/manager.py:192}}
Aug 30 17:10:47.502227 dv-neutron-854993-1-hyperv neutron-server[89115]: DEBUG neutron.db.db_base_plugin_common [None req-48346230-32ea-4f64-bcd5-6badc2bbd458 None None] Allocated IP 172.20.0.2 (1e2a3127-9c2f-4049-9e8c-75ac697b7486/f8f1188f-57d6-4c0b-905c-9bc3f339ee64/4815c55e-fc10-4a28-a899-f5ebc676b106) {{(pid=89115) _store_ip_allocation /opt/stack/neutron/neutron/db/db_base_plugin_common.py:131}}
Aug 30 17:10:47.533685 dv-neutron-854993-1-hyperv neutron-server[89114]: DEBUG neutron.db.quota.driver [None req-5433a39b-9f1a-47e1-ba14-ff1295170c3f admin admin] Attempting to reserve 1 items for resource network. Total usage: 0; quota limit: 100; headroom:100 {{(pid=89114) make_reservation /opt/stack/neutron/neutron/db/quota/driver.py:246}}
Aug 30 17:10:47.538976 dv-neutron-854993-1-hyperv neutron-server[89114]: DEBUG neutron_lib.callbacks.manager [None req-cb72a59c-1c90-4d0b-91db-448406a9e204 admin admin] Notify callbacks ['neutron.plugins.ml2.ovo_rpc._ObjectChangeHandler.handle_event-8343600', 'neutron.api.rpc.agentnotifiers.dhcp_rpc_agent_api.DhcpAgentNotifyAPI._native_event_send_dhcp_notification-7967232'] for network, after_create {{(pid=89114) _notify_loop /usr/local/lib/python3.8/dist-packages/neutron_lib/callbacks/manager.py:192}}
Aug 30 17:10:47.540247 dv-neutron-854993-1-hyperv neutron-server[89114]: DEBUG neutron.pecan_wsgi.hooks.policy_enforcement [None req-cb72a59c-1c90-4d0b-91db-448406a9e204 admin admin] Attributes excluded by policy engine: ['standard_attr_id', 'vlan_transparent'] {{(pid=89114) _exclude_attributes_by_policy /opt/stack/neutron/neutron/pecan_wsgi/hooks/policy_enforcement.py:259}}
Aug 30 17:10:47.541120 dv-neutron-854993-1-hyperv neutron-server[89114]: DEBUG neutron_lib.callbacks.manager [None req-cb72a59c-1c90-4d0b-91db-448406a9e204 admin admin] Notify callbacks ['neutron.api.rpc.agentnotifiers.dhcp_rpc_agent_api.DhcpAgentNotifyAPI._send_dhcp_notification-7967250'] for network, before_response {{(pid=89114) _notify_loop /usr/local/lib/python3.8/dist-packages/neutron_lib/callbacks/manager.py:192}}
Aug 30 17:10:47.673519 dv-neutron-854993-1-hyperv neutron-server[89114]: DEBUG neutron.api.rpc.handlers.resources_rpc [None req-13be27e1-90a7-49ec-9676-6eb00b229ec3 tempest-ExtraDHCPOptionsTestJSON-1496992462 tempest-ExtraDHCPOptionsTestJSON-1496992462-project] Pushing event updated for resources: {'Network': ['ID=eaed42a7-8bba-49c6-a202-e406b6372118,revision_number=1']} {{(pid=89114) push /opt/stack/neutron/neutron/api/rpc/handlers/resources_rpc.py:237}}
Aug 30 17:10:47.732504 dv-neutron-854993-1-hyperv neutron-server[89115]: DEBUG neutron.plugins.ml2.rpc [None req-b57d6f91-63f6-41e4-9d86-8d7a183f56ea None None] Network eaed42a7-8bba-49c6-a202-e406b6372118 details requested by agent ovs-agent-dv-neutron-854993-1-hyperv with host dv-neutron-854993-1-hyperv {{(pid=89115) get_network_details /opt/stack/neutron/neutron/plugins/ml2/rpc.py:232}}
Aug 30 17:10:47.804564 dv-neutron-854993-1-hyperv neutron-server[89113]: DEBUG neutron_lib.callbacks.manager [None req-38f7b493-e99a-4bf3-ae94-b7c2c0ce93b4 admin admin] Notify callbacks ['neutron.services.l3_router.l3_router_plugin.DVRResourceOperationHandler._handle_distributed_migration-8359438', 'neutron.services.l3_router.l3_router_plugin.L3_HA_NAT_db_mixin._validate_migration-8356622', 'neutron.services.l3_router.service_providers.driver_controller.DriverController._update_router_provider-3522'] for router, precommit_update {{(pid=89113) _notify_loop /usr/local/lib/python3.8/dist-packages/neutron_lib/callbacks/manager.py:192}}
Aug 30 17:10:47.818652 dv-neutron-854993-1-hyperv neutron-server[89114]: INFO neutron.wsgi [None req-cb72a59c-1c90-4d0b-91db-448406a9e204 admin admin] 10.222.0.59 "POST /v2.0/networks HTTP/1.1" status: 201 len: 878 time: 1.4351313
Aug 30 17:10:47.823925 dv-neutron-854993-1-hyperv neutron-server[89114]: DEBUG neutron.pecan_wsgi.hooks.quota_enforcement [None req-5433a39b-9f1a-47e1-ba14-ff1295170c3f admin admin] Made reservation on behalf of 239621186db9439da2e468f88fdbd223 for: {'network': 1} {{(pid=89114) before /opt/stack/neutron/neutron/pecan_wsgi/hooks/quota_enforcement.py:53}}
Aug 30 17:10:47.828018 dv-neutron-854993-1-hyperv neutron-server[89114]: DEBUG neutron_lib.callbacks.manager [None req-5433a39b-9f1a-47e1-ba14-ff1295170c3f admin admin] Notify callbacks ['neutron.plugins.ml2.plugin.SecurityGroupDbMixin._ensure_default_security_group_handler-935604'] for network, before_create {{(pid=89114) _notify_loop /usr/local/lib/python3.8/dist-packages/neutron_lib/callbacks/manager.py:192}}
Aug 30 17:10:47.849609 dv-neutron-854993-1-hyperv neutron-server[89114]: DEBUG neutron.wsgi [-] (89114) accepted ('10.222.0.59', 59918) {{(pid=89114) server /usr/local/lib/python3.8/dist-packages/eventlet/wsgi.py:992}}
Aug 30 17:10:47.857805 dv-neutron-854993-1-hyperv neutron-server[89114]: DEBUG neutron.api.rpc.handlers.resources_rpc [None req-cb72a59c-1c90-4d0b-91db-448406a9e204 admin admin] Pushing event updated for resources: {'SecurityGroup': ['ID=b0f29010-1a69-418a-886b-049c55c4990c,revision_number=1']} {{(pid=89114) push /opt/stack/neutron/neutron/api/rpc/handlers/resources_rpc.py:237}}
Aug 30 17:10:47.884794 dv-neutron-854993-1-hyperv neutron-server[89114]: DEBUG neutron.api.v2.base [None req-8aab669b-07ac-4dc4-b211-13d224c1232b admin admin] Request body: {'subnet': {'network_id': '09da4a18-3d40-4a0c-b776-71f4f32cffa6', 'cidr': '172.20.0.0/28', 'name': 'tempest-ServersTestJSON-918716131-subnet', 'tenant_id': '6adbf4dd16bf45c6937ccf35b764dcbf', 'enable_dhcp': True, 'ip_version': 4}} {{(pid=89114) prepare_request_body /opt/stack/neutron/neutron/api/v2/base.py:729}}
Aug 30 17:10:47.888390 dv-neutron-854993-1-hyperv neutron-server[89114]: DEBUG neutron_lib.callbacks.manager [None req-5433a39b-9f1a-47e1-ba14-ff1295170c3f admin admin] Notify callbacks [] for security_group, before_create {{(pid=89114) _notify_loop /usr/local/lib/python3.8/dist-packages/neutron_lib/callbacks/manager.py:192}}
Aug 30 17:10:47.906769 dv-neutron-854993-1-hyperv neutron-server[89114]: DEBUG neutron.api.rpc.handlers.resources_rpc [None req-cb72a59c-1c90-4d0b-91db-448406a9e204 admin admin] Pushing event updated for resources: {'Network': ['ID=09da4a18-3d40-4a0c-b776-71f4f32cffa6,revision_number=1']} {{(pid=89114) push /opt/stack/neutron/neutron/api/rpc/handlers/resources_rpc.py:237}}
Aug 30 17:10:47.915255 dv-neutron-854993-1-hyperv neutron-server[89114]: DEBUG neutron.db.quota.driver [None req-8aab669b-07ac-4dc4-b211-13d224c1232b admin admin] Resources subnetpool have unlimited quota limit. It is not required to calculate headroom {{(pid=89114) make_reservation /opt/stack/neutron/neutron/db/quota/driver.py:219}}
