Aug 26 15:41:36.927809 dv-neutron-854795-1-hyperv neutron-server[111273]: DEBUG neutron_lib.callbacks.manager [None req-3d6f6b41-e62f-429e-90e4-db693b73fc2a tempest-DHCPAgentSchedulersTestJSON-1633519471 tempest-DHCPAgentSchedulersTestJSON-1633519471-project] Subscribe: > subnet after_create 55550000 {{(pid=111273) subscribe /usr/local/lib/python3.8/dist-packages/neutron_lib/callbacks/manager.py:45}}
Aug 26 15:41:36.928402 dv-neutron-854795-1-hyperv neutron-server[111273]: DEBUG neutron_lib.callbacks.manager [None req-3d6f6b41-e62f-429e-90e4-db693b73fc2a tempest-DHCPAgentSchedulersTestJSON-1633519471 tempest-DHCPAgentSchedulersTestJSON-1633519471-project] Subscribe: > subnet after_delete 55550000 {{(pid=111273) subscribe /usr/local/lib/python3.8/dist-packages/neutron_lib/callbacks/manager.py:45}}
Aug 26 15:41:36.928502 dv-neutron-854795-1-hyperv neutron-server[111273]: DEBUG neutron_lib.callbacks.manager [None req-3d6f6b41-e62f-429e-90e4-db693b73fc2a tempest-DHCPAgentSchedulersTestJSON-1633519471 tempest-DHCPAgentSchedulersTestJSON-1633519471-project] Subscribe: > subnet before_create 55550000 {{(pid=111273) subscribe /usr/local/lib/python3.8/dist-packages/neutron_lib/callbacks/manager.py:45}}
Aug 26 15:41:36.928826 dv-neutron-854795-1-hyperv neutron-server[111273]: DEBUG neutron_lib.callbacks.manager [None req-3d6f6b41-e62f-429e-90e4-db693b73fc2a tempest-DHCPAgentSchedulersTestJSON-1633519471 tempest-DHCPAgentSchedulersTestJSON-1633519471-project] Subscribe: > subnet before_update 55550000 {{(pid=111273) subscribe /usr/local/lib/python3.8/dist-packages/neutron_lib/callbacks/manager.py:45}}
Aug 26 15:41:36.929699 dv-neutron-854795-1-hyperv neutron-server[111273]: DEBUG neutron.services.segments.db [None req-3d6f6b41-e62f-429e-90e4-db693b73fc2a tempest-DHCPAgentSchedulersTestJSON-1633519471 tempest-DHCPAgentSchedulersTestJSON-1633519471-project] neutron.services.segments.plugin.Plugin method get_segments called with arguments (,) {'filters': {'network_id': ['88577a9c-5da2-4a3c-afbb-cba48372222a']}} {{(pid=111273) wrapper /usr/local/lib/python3.8/dist-packages/oslo_log/helpers.py:65}}
Aug 26 15:41:36.941294 dv-neutron-854795-1-hyperv neutron-server[111276]: DEBUG neutron.plugins.ml2.managers [None req-af5ac9df-cb6f-491d-8bc0-ddf8fea583d2 None None] Attempting to bind port e30233db-4fd4-4747-ae85-045564cba044 on host dv-neutron-854795-1-hyperv for vnic_type normal with profile {{(pid=111276) bind_port /opt/stack/neutron/neutron/plugins/ml2/managers.py:811}}
Aug 26 15:41:36.941662 dv-neutron-854795-1-hyperv neutron-server[111276]: DEBUG neutron.plugins.ml2.managers [None req-af5ac9df-cb6f-491d-8bc0-ddf8fea583d2 None None] Attempting to bind port e30233db-4fd4-4747-ae85-045564cba044 by drivers openvswitch,hyperv on host dv-neutron-854795-1-hyperv at level 0 using segments [{'id': 'f0d448eb-a647-4506-a736-a00d037e08a2', 'network_type': 'vlan', 'physical_network': 'physnet1', 'segmentation_id': 867, 'network_id': '806858f4-0634-435a-99e0-05ab4c4d0211'}] {{(pid=111276) _bind_port_level /opt/stack/neutron/neutron/plugins/ml2/managers.py:836}}
Aug 26 15:41:36.942045 dv-neutron-854795-1-hyperv neutron-server[111276]: DEBUG neutron.plugins.ml2.drivers.mech_agent [None req-af5ac9df-cb6f-491d-8bc0-ddf8fea583d2 None None] Attempting to bind port e30233db-4fd4-4747-ae85-045564cba044 on network 806858f4-0634-435a-99e0-05ab4c4d0211 {{(pid=111276) bind_port /opt/stack/neutron/neutron/plugins/ml2/drivers/mech_agent.py:91}}
Aug 26 15:41:36.947122 dv-neutron-854795-1-hyperv neutron-server[111274]: DEBUG neutron_lib.callbacks.manager [None req-617e4cbb-607a-4045-a0ab-faf7de00ef31 tempest-RoutersIpV6AdminTest-2018349811 tempest-RoutersIpV6AdminTest-2018349811-project-admin] Publish callbacks ['neutron.services.l3_router.l3_router_plugin.L3_HA_NAT_db_mixin._release_router_vr_id-548167', 'neutron.services.l3_router.service_providers.driver_controller.DriverController._clear_router_provider-13925'] for router (abdc9c5d-eff6-49d1-b80b-a0f5d1af6950), precommit_delete {{(pid=111274) _notify_loop /usr/local/lib/python3.8/dist-packages/neutron_lib/callbacks/manager.py:176}}
Aug 26 15:41:36.953358 dv-neutron-854795-1-hyperv neutron-server[111276]: DEBUG neutron.plugins.ml2.drivers.mech_agent [None req-af5ac9df-cb6f-491d-8bc0-ddf8fea583d2 None None] Checking agent: {'id': '39e7417e-4f66-4463-8521-f1f5a170f6e3', 'agent_type': 'Open vSwitch agent', 'binary': 'neutron-openvswitch-agent', 'topic': 'N/A', 'host': 'dv-neutron-854795-1-hyperv', 'admin_state_up': True, 'created_at': datetime.datetime(2022, 8, 26, 15, 33, 21), 'started_at': datetime.datetime(2022, 8, 26, 15, 33, 51), 'heartbeat_timestamp': datetime.datetime(2022, 8, 26, 15, 41, 22), 'description': None, 'resources_synced': None, 'availability_zone': None, 'alive': True, 'configurations': {'arp_responder_enabled': False, 'baremetal_smartnic': False, 'bridge_mappings': {'physnet1': 'br-data'}, 'datapath_type': 'system', 'devices': 0, 'enable_distributed_routing': False, 'extensions': [], 'in_distributed_mode': False, 'integration_bridge': 'br-int', 'l2_population': False, 'log_agent_heartbeats': False, 'ovs_capabilities': {'datapath_types': ['netdev', 'system'], 'iface_types': ['erspan', 'geneve', 'gre', 'internal', 'ip6erspan', 'ip6gre', 'lisp', 'patch', 'stt', 'system', 'tap', 'vxlan']}, 'ovs_hybrid_plug': False, 'resource_provider_bandwidths': {}, 'resource_provider_hypervisors': {'br-data': 'dv-neutron-854795-1-hyperv'}, 'resource_provider_inventory_defaults': {'allocation_ratio': 1.0, 'min_unit': 1, 'step_size': 1, 'reserved': 0}, 'resource_provider_packet_processing_inventory_defaults': {'allocation_ratio': 1.0, 'min_unit': 1, 'step_size': 1, 'reserved': 0}, 'resource_provider_packet_processing_with_direction': {}, 'resource_provider_packet_processing_without_direction': {}, 'tunnel_types': [], 'tunneling_ip': None, 'vhostuser_socket_dir': '/var/run/openvswitch'}, 'resource_versions': {'AddressGroup': '1.2', 'ConntrackHelper': '1.0', 'LocalIPAssociation': '1.0', 'Log': '1.0', 'Network': '1.1', 'Port': '1.7', 'PortForwarding': '1.2', 'QosPolicy': '1.10', 'SecurityGroup': '1.5', 'SecurityGroupRule': '1.2', 'SubPort': '1.0', 'Subnet': '1.1', 'Trunk': '1.1'}} {{(pid=111276) bind_port /opt/stack/neutron/neutron/plugins/ml2/drivers/mech_agent.py:110}}
Aug 26 15:41:36.953771 dv-neutron-854795-1-hyperv neutron-server[111276]: DEBUG neutron.plugins.ml2.drivers.mech_agent [None req-af5ac9df-cb6f-491d-8bc0-ddf8fea583d2 None None] Checking segment: {'id': 'f0d448eb-a647-4506-a736-a00d037e08a2', 'network_type': 'vlan', 'physical_network': 'physnet1', 'segmentation_id': 867, 'network_id': '806858f4-0634-435a-99e0-05ab4c4d0211'} for mappings: {'physnet1': 'br-data'} with network types: ['local', 'flat', 'vlan'] {{(pid=111276) check_segment_for_agent /opt/stack/neutron/neutron/plugins/ml2/drivers/mech_agent.py:373}}
Aug 26 15:41:36.954174 dv-neutron-854795-1-hyperv neutron-server[111276]: DEBUG neutron_lib.callbacks.manager [None req-af5ac9df-cb6f-491d-8bc0-ddf8fea583d2 None None] Publish callbacks [] for ovs_bridge_name (None), before_read {{(pid=111276) _notify_loop /usr/local/lib/python3.8/dist-packages/neutron_lib/callbacks/manager.py:176}}
Aug 26 15:41:36.954573 dv-neutron-854795-1-hyperv neutron-server[111276]: DEBUG neutron.plugins.ml2.drivers.mech_agent [None req-af5ac9df-cb6f-491d-8bc0-ddf8fea583d2 None None] Bound using segment: {'id': 'f0d448eb-a647-4506-a736-a00d037e08a2', 'network_type': 'vlan', 'physical_network': 'physnet1', 'segmentation_id': 867, 'network_id': '806858f4-0634-435a-99e0-05ab4c4d0211'} {{(pid=111276) bind_port /opt/stack/neutron/neutron/plugins/ml2/drivers/mech_agent.py:120}}
Aug 26 15:41:36.955492 dv-neutron-854795-1-hyperv neutron-server[111276]: DEBUG neutron.plugins.ml2.managers [None req-af5ac9df-cb6f-491d-8bc0-ddf8fea583d2 None None] Bound port: e30233db-4fd4-4747-ae85-045564cba044, host: dv-neutron-854795-1-hyperv, vif_type: ovs, vif_details: {"connectivity": "l2", "port_filter": true, "ovs_hybrid_plug": false, "datapath_type": "system", "bridge_name": "br-int"}, binding_levels: [{'bound_driver': 'openvswitch', 'bound_segment': {'id': 'f0d448eb-a647-4506-a736-a00d037e08a2', 'network_type': 'vlan', 'physical_network': 'physnet1', 'segmentation_id': 867, 'network_id': '806858f4-0634-435a-99e0-05ab4c4d0211'}}] {{(pid=111276) _bind_port_level /opt/stack/neutron/neutron/plugins/ml2/managers.py:948}}
Aug 26 15:41:36.955492 dv-neutron-854795-1-hyperv neutron-server[111276]: DEBUG neutron_lib.callbacks.manager [None req-af5ac9df-cb6f-491d-8bc0-ddf8fea583d2 None None] Publish callbacks ['neutron.plugins.ml2.plugin.SecurityGroupDbMixin._ensure_default_security_group_handler-1807517'] for port (e30233db-4fd4-4747-ae85-045564cba044), before_update {{(pid=111276) _notify_loop /usr/local/lib/python3.8/dist-packages/neutron_lib/callbacks/manager.py:176}}
Aug 26 15:41:36.958029 dv-neutron-854795-1-hyperv neutron-server[111274]: DEBUG neutron_lib.callbacks.manager [None req-617e4cbb-607a-4045-a0ab-faf7de00ef31 tempest-RoutersIpV6AdminTest-2018349811 tempest-RoutersIpV6AdminTest-2018349811-project-admin] Publish callbacks [] for router_controller (abdc9c5d-eff6-49d1-b80b-a0f5d1af6950), precommit_delete_associations {{(pid=111274) _notify_loop /usr/local/lib/python3.8/dist-packages/neutron_lib/callbacks/manager.py:176}}
Aug 26 15:41:36.962369 dv-neutron-854795-1-hyperv neutron-server[111274]: DEBUG neutron_lib.callbacks.manager [None req-464934e1-2772-4f51-af1c-af0d52e740ec tempest-ServersTestManualDisk-691581334 tempest-ServersTestManualDisk-691581334-project] Publish callbacks [] for floatingip (01a1beea-a98a-4193-ace1-7ffc9a0c351d), precommit_create {{(pid=111274) _notify_loop /usr/local/lib/python3.8/dist-packages/neutron_lib/callbacks/manager.py:176}}
Aug 26 15:41:36.968531 dv-neutron-854795-1-hyperv neutron-server[111273]: DEBUG neutron.services.segments.db [None req-3d6f6b41-e62f-429e-90e4-db693b73fc2a tempest-DHCPAgentSchedulersTestJSON-1633519471 tempest-DHCPAgentSchedulersTestJSON-1633519471-project] neutron.services.segments.plugin.Plugin method delete_segment called with arguments (, '2a9f7812-ee9d-44d0-8940-612c48d2773e') {'for_net_delete': True} {{(pid=111273) wrapper /usr/local/lib/python3.8/dist-packages/oslo_log/helpers.py:65}}
Aug 26 15:41:36.968840 dv-neutron-854795-1-hyperv neutron-server[111273]: DEBUG neutron.services.segments.db [None req-3d6f6b41-e62f-429e-90e4-db693b73fc2a tempest-DHCPAgentSchedulersTestJSON-1633519471 tempest-DHCPAgentSchedulersTestJSON-1633519471-project] neutron.services.segments.plugin.Plugin method get_segment called with arguments (, '2a9f7812-ee9d-44d0-8940-612c48d2773e') {} {{(pid=111273) wrapper /usr/local/lib/python3.8/dist-packages/oslo_log/helpers.py:65}}
Aug 26 15:41:36.981979 dv-neutron-854795-1-hyperv neutron-server[111276]: DEBUG neutron.plugins.ml2.plugin [None req-af5ac9df-cb6f-491d-8bc0-ddf8fea583d2 None None] Port e30233db-4fd4-4747-ae85-045564cba044 has been deleted concurrently {{(pid=111276) _commit_port_binding /opt/stack/neutron/neutron/plugins/ml2/plugin.py:673}}
Aug 26 15:41:36.986887 dv-neutron-854795-1-hyperv neutron-server[111273]: DEBUG neutron_lib.callbacks.manager [None req-3d6f6b41-e62f-429e-90e4-db693b73fc2a tempest-DHCPAgentSchedulersTestJSON-1633519471 tempest-DHCPAgentSchedulersTestJSON-1633519471-project] Publish callbacks ['neutron.plugins.ml2.db._prevent_segment_delete_with_port_bound-8774956454916', 'neutron.services.segments.plugin.Plugin._prevent_segment_delete_with_subnet_associated-127398700'] for segment (2a9f7812-ee9d-44d0-8940-612c48d2773e), before_delete {{(pid=111273) _notify_loop /usr/local/lib/python3.8/dist-packages/neutron_lib/callbacks/manager.py:176}}
Aug 26 15:41:36.996379 dv-neutron-854795-1-hyperv neutron-server[111276]: DEBUG neutron.db.l3_dvrscheduler_db [None req-af5ac9df-cb6f-491d-8bc0-ddf8fea583d2 None None] Routers {'abdc9c5d-eff6-49d1-b80b-a0f5d1af6950'} bound to L3 agent in host dv-neutron-854795-1-hyperv {{(pid=111276) _get_router_ids_for_agent /opt/stack/neutron/neutron/db/l3_dvrscheduler_db.py:417}}
Aug 26 15:41:36.997158 dv-neutron-854795-1-hyperv neutron-server[111276]: DEBUG neutron.db.l3_hamode_db [None req-af5ac9df-cb6f-491d-8bc0-ddf8fea583d2 None None] neutron.services.l3_router.l3_router_plugin.L3RouterPlugin method get_ha_sync_data_for_host called with arguments (, 'dv-neutron-854795-1-hyperv', Agent(admin_state_up=True,agent_type='L3 agent',availability_zone='nova',binary='neutron-l3-agent',configurations={"agent_mode": "legacy", "ex_gw_ports": 1, "extensions": [], "floating_ips": 0, "handle_internal_only_routers": true, "interface_driver": "openvswitch", "interfaces": 1, "log_agent_heartbeats": false, "routers": 1},created_at=2022-08-26T15:33:17Z,description=,heartbeat_timestamp=2022-08-26T15:41:17Z,host='dv-neutron-854795-1-hyperv',id=be320cd6-42fb-4e8d-b499-80bf02c38855,load=0,resource_versions=,resources_synced=,started_at=2022-08-26T15:33:17Z,topic='l3_agent')) {'router_ids': ['abdc9c5d-eff6-49d1-b80b-a0f5d1af6950'], 'active': True} {{(pid=111276) wrapper /usr/local/lib/python3.8/dist-packages/oslo_log/helpers.py:65}}
Aug 26 15:41:37.022803 dv-neutron-854795-1-hyperv neutron-server[111273]: DEBUG neutron.plugins.ml2.plugin [None req-bfaa8b7a-9bcf-473a-ba7e-efe4c9ba9a7a tempest-RoutersAdminTest-1879301344 tempest-RoutersAdminTest-1879301344-project-admin] Calling delete_port for 7c391b6a-edb3-48b6-b02a-f69dd464dbfa owned by network:router_gateway {{(pid=111273) delete_port /opt/stack/neutron/neutron/plugins/ml2/plugin.py:2092}}
Aug 26 15:41:37.025997 dv-neutron-854795-1-hyperv neutron-server[111273]: DEBUG neutron_lib.callbacks.manager [None req-3d6f6b41-e62f-429e-90e4-db693b73fc2a tempest-DHCPAgentSchedulersTestJSON-1633519471 tempest-DHCPAgentSchedulersTestJSON-1633519471-project] Publish callbacks ['neutron.plugins.ml2.plugin.Ml2Plugin._handle_segment_change-1600256'] for segment (2a9f7812-ee9d-44d0-8940-612c48d2773e), precommit_delete {{(pid=111273) _notify_loop /usr/local/lib/python3.8/dist-packages/neutron_lib/callbacks/manager.py:176}}
Aug 26 15:41:37.049507 dv-neutron-854795-1-hyperv neutron-server[111273]: DEBUG neutron_lib.callbacks.manager [None req-390b1d3e-8f58-47b2-8cce-c3023f89e470 tempest-FloatingIPAdminTestJSON-704253818 tempest-FloatingIPAdminTestJSON-704253818-project] Publish callbacks [] for router_gateway (7613aee6-2854-45a7-b1be-23fe7b7572a3), after_create {{(pid=111273) _notify_loop /usr/local/lib/python3.8/dist-packages/neutron_lib/callbacks/manager.py:176}}
Aug 26 15:41:37.079047 dv-neutron-854795-1-hyperv neutron-server[111276]: DEBUG neutron.db.l3_dvr_db [None req-af5ac9df-cb6f-491d-8bc0-ddf8fea583d2 None None] Set router abdc9c5d-eff6-49d1-b80b-a0f5d1af6950 gateway port host: None {{(pid=111276) _build_routers_list /opt/stack/neutron/neutron/db/l3_dvr_db.py:906}}
Aug 26 15:41:37.098670 dv-neutron-854795-1-hyperv neutron-server[111274]: DEBUG neutron.api.rpc.handlers.resources_rpc [None req-617e4cbb-607a-4045-a0ab-faf7de00ef31 tempest-RoutersIpV6AdminTest-2018349811 tempest-RoutersIpV6AdminTest-2018349811-project-admin] Pushing event deleted for resources: {'Port': ['ID=e30233db-4fd4-4747-ae85-045564cba044,revision_number=None']} {{(pid=111274) push /opt/stack/neutron/neutron/api/rpc/handlers/resources_rpc.py:237}}
Aug 26 15:41:37.106155 dv-neutron-854795-1-hyperv neutron-server[111274]: DEBUG neutron_lib.callbacks.manager [None req-617e4cbb-607a-4045-a0ab-faf7de00ef31 tempest-RoutersIpV6AdminTest-2018349811 tempest-RoutersIpV6AdminTest-2018349811-project-admin] Publish callbacks ['neutron.services.l3_router.l3_router_plugin.L3_HA_NAT_db_mixin._cleanup_ha_network_handler-548174'] for router (abdc9c5d-eff6-49d1-b80b-a0f5d1af6950), after_delete {{(pid=111274) _notify_loop /usr/local/lib/python3.8/dist-packages/neutron_lib/callbacks/manager.py:176}}
Aug 26 15:41:37.109969 dv-neutron-854795-1-hyperv neutron-server[111274]: DEBUG neutron.api.rpc.agentnotifiers.l3_rpc_agent_api [None req-617e4cbb-607a-4045-a0ab-faf7de00ef31 tempest-RoutersIpV6AdminTest-2018349811 tempest-RoutersIpV6AdminTest-2018349811-project-admin] Fanout notify agent at l3_agent the message router_deleted on router abdc9c5d-eff6-49d1-b80b-a0f5d1af6950 {{(pid=111274) _notification_fanout /opt/stack/neutron/neutron/api/rpc/agentnotifiers/l3_rpc_agent_api.py:114}}
Aug 26 15:41:37.119269 dv-neutron-854795-1-hyperv neutron-server[111274]: DEBUG neutron_lib.callbacks.manager [None req-617e4cbb-607a-4045-a0ab-faf7de00ef31 tempest-RoutersIpV6AdminTest-2018349811 tempest-RoutersIpV6AdminTest-2018349811-project-admin] Publish callbacks [] for router (None), before_response {{(pid=111274) _notify_loop /usr/local/lib/python3.8/dist-packages/neutron_lib/callbacks/manager.py:176}}
Aug 26 15:41:37.121135 dv-neutron-854795-1-hyperv neutron-server[111274]: INFO neutron.wsgi [None req-617e4cbb-607a-4045-a0ab-faf7de00ef31 tempest-RoutersIpV6AdminTest-2018349811 tempest-RoutersIpV6AdminTest-2018349811-project-admin] 10.222.0.96 "DELETE /v2.0/routers/abdc9c5d-eff6-49d1-b80b-a0f5d1af6950 HTTP/1.1" status: 204 len: 168 time: 2.9296074
Aug 26 15:41:37.121990 dv-neutron-854795-1-hyperv neutron-server[111274]: DEBUG neutron.api.rpc.handlers.resources_rpc [None req-e178c9cc-9f0c-4ca0-897a-f74b5ae9a52f tempest-ServerActionsTestJSON-176911241 tempest-ServerActionsTestJSON-176911241-project] Pushing event updated for resources: {'SecurityGroupRule': ['ID=bb9837d6-7c39-4944-89f4-e33d4e1bf8bf,revision_number=0']} {{(pid=111274) push /opt/stack/neutron/neutron/api/rpc/handlers/resources_rpc.py:237}}
Aug 26 15:41:37.125132 dv-neutron-854795-1-hyperv neutron-server[111274]: DEBUG neutron.wsgi [-] (111274) accepted ('10.222.0.96', 41626) {{(pid=111274) server /usr/local/lib/python3.8/dist-packages/eventlet/wsgi.py:1004}}
Aug 26 15:41:37.139229 dv-neutron-854795-1-hyperv neutron-server[111274]: DEBUG neutron_lib.callbacks.manager [None req-e178c9cc-9f0c-4ca0-897a-f74b5ae9a52f tempest-ServerActionsTestJSON-176911241 tempest-ServerActionsTestJSON-176911241-project] Publish callbacks [] for security_group_rule (None), before_response {{(pid=111274) _notify_loop /usr/local/lib/python3.8/dist-packages/neutron_lib/callbacks/manager.py:176}}
Aug 26 15:41:37.145294 dv-neutron-854795-1-hyperv neutron-server[111274]: INFO neutron.wsgi [None req-e178c9cc-9f0c-4ca0-897a-f74b5ae9a52f tempest-ServerActionsTestJSON-176911241 tempest-ServerActionsTestJSON-176911241-project] 10.222.0.96 "POST /v2.0/security-group-rules HTTP/1.1" status: 201 len: 769 time: 0.8947818
Aug 26 15:41:37.164786 dv-neutron-854795-1-hyperv neutron-server[111276]: DEBUG neutron.db.l3_hamode_db [None req-af5ac9df-cb6f-491d-8bc0-ddf8fea583d2 None None] neutron.services.l3_router.l3_router_plugin.L3RouterPlugin method _process_sync_ha_data called with arguments (, [{'id': 'abdc9c5d-eff6-49d1-b80b-a0f5d1af6950', 'name': '', 'tenant_id': 'aaa774207d9c4eafb1ace389f5a01033', 'admin_state_up': True, 'status': 'ACTIVE', 'external_gateway_info': None, 'gw_port_id': None, 'description': '', 'availability_zones': ['nova'], 'distributed': False, 'ha': False, 'ha_vr_id': 0, 'availability_zone_hints': [], 'routes': [], 'flavor_id': None, 'tags': [], 'created_at': '2022-08-26T15:41:28Z', 'updated_at': '2022-08-26T15:41:36Z', 'revision_number': 5, 'project_id': 'aaa774207d9c4eafb1ace389f5a01033', 'gw_port_host': None}], 'dv-neutron-854795-1-hyperv', False) {} {{(pid=111276) wrapper /usr/local/lib/python3.8/dist-packages/oslo_log/helpers.py:65}}
Aug 26 15:41:37.187813 dv-neutron-854795-1-hyperv neutron-server[111273]: DEBUG neutron.wsgi [-] (111273) accepted ('10.222.0.96', 41628) {{(pid=111273) server /usr/local/lib/python3.8/dist-packages/eventlet/wsgi.py:1004}}
Aug 26 15:41:37.189986 dv-neutron-854795-1-hyperv neutron-server[111273]: DEBUG neutron.plugins.ml2.drivers.type_vlan [None req-3d6f6b41-e62f-429e-90e4-db693b73fc2a tempest-DHCPAgentSchedulersTestJSON-1633519471 tempest-DHCPAgentSchedulersTestJSON-1633519471-project] Releasing vlan 866 on physical network physnet1 to pool {{(pid=111273) release_segment /opt/stack/neutron/neutron/plugins/ml2/drivers/type_vlan.py:304}}
Aug 26 15:41:37.190579 dv-neutron-854795-1-hyperv neutron-server[111273]: DEBUG neutron_lib.callbacks.manager [None req-3d6f6b41-e62f-429e-90e4-db693b73fc2a tempest-DHCPAgentSchedulersTestJSON-1633519471 tempest-DHCPAgentSchedulersTestJSON-1633519471-project] Publish callbacks ['neutron.plugins.ml2.plugin.Ml2Plugin._handle_segment_change-1600256', 'neutron.services.segments.plugin.NovaSegmentNotifier._notify_segment_deleted-125843391'] for segment (2a9f7812-ee9d-44d0-8940-612c48d2773e), after_delete {{(pid=111273) _notify_loop /usr/local/lib/python3.8/dist-packages/neutron_lib/callbacks/manager.py:176}}
Aug 26 15:41:37.208477 dv-neutron-854795-1-hyperv neutron-server[111276]: DEBUG neutron.api.rpc.handlers.l3_rpc [None req-af5ac9df-cb6f-491d-8bc0-ddf8fea583d2 None None] The sync data for ids ['abdc9c5d-eff6-49d1-b80b-a0f5d1af6950'] in dv-neutron-854795-1-hyperv is: [{'id': 'abdc9c5d-eff6-49d1-b80b-a0f5d1af6950', 'name': '', 'tenant_id': 'aaa774207d9c4eafb1ace389f5a01033', 'admin_state_up': True, 'status': 'ACTIVE', 'external_gateway_info': None, 'gw_port_id': None, 'description': '', 'availability_zones': ['nova'], 'distributed': False, 'ha': False, 'ha_vr_id': 0, 'availability_zone_hints': [], 'routes': [], 'flavor_id': None, 'tags': [], 'created_at': '2022-08-26T15:41:28Z', 'updated_at': '2022-08-26T15:41:36Z', 'revision_number': 5, 'project_id': 'aaa774207d9c4eafb1ace389f5a01033', 'gw_port_host': None}] {{(pid=111276) sync_routers /opt/stack/neutron/neutron/api/rpc/handlers/l3_rpc.py:137}}
Aug 26 15:41:37.214264 dv-neutron-854795-1-hyperv neutron-server[111273]: DEBUG neutron.api.v2.base [None req-0b7f5e5b-d49c-4f38-bbf9-522ebd7dc041 tempest-ServerActionsTestJSON-176911241 tempest-ServerActionsTestJSON-176911241-project] Request body: {'floatingip': {'floating_network_id': '664bff2c-657e-4014-8b4e-ba125311c9f8'}} {{(pid=111273) prepare_request_body /opt/stack/neutron/neutron/api/v2/base.py:730}}
Aug 26 15:41:37.223286 dv-neutron-854795-1-hyperv neutron-server[111274]: DEBUG neutron_lib.callbacks.manager [None req-464934e1-2772-4f51-af1c-af0d52e740ec tempest-ServersTestManualDisk-691581334 tempest-ServersTestManualDisk-691581334-project] Publish callbacks ['neutron.plugins.ml2.plugin.SecurityGroupDbMixin._ensure_default_security_group_handler-1807517'] for port (cd0a1670-9f1c-4473-bd93-af93a0feb18a), before_update {{(pid=111274) _notify_loop /usr/local/lib/python3.8/dist-packages/neutron_lib/callbacks/manager.py:176}}
Aug 26 15:41:37.241835 dv-neutron-854795-1-hyperv neutron-server[111274]: DEBUG neutron.db.db_base_plugin_v2 [None req-b5bdbeb3-5679-46d8-bf13-35812eb22814 tempest-RoutersIpV6AdminTest-2018349811 tempest-RoutersIpV6AdminTest-2018349811-project-admin] Deleting subnet f62ea846-369d-4a2d-8317-7a34cbd269fe {{(pid=111274) delete_subnet /opt/stack/neutron/neutron/db/db_base_plugin_v2.py:1066}}
Aug 26 15:41:37.248294 dv-neutron-854795-1-hyperv neutron-server[111274]: DEBUG neutron_lib.callbacks.manager [None req-b5bdbeb3-5679-46d8-bf13-35812eb22814 tempest-RoutersIpV6AdminTest-2018349811 tempest-RoutersIpV6AdminTest-2018349811-project-admin] Publish callbacks [] for subnet (f62ea846-369d-4a2d-8317-7a34cbd269fe), before_delete {{(pid=111274) _notify_loop /usr/local/lib/python3.8/dist-packages/neutron_lib/callbacks/manager.py:176}}
Aug 26 15:41:37.295719 dv-neutron-854795-1-hyperv neutron-server[111273]: DEBUG neutron_lib.callbacks.manager [None req-8673c3c9-2d25-4e98-a158-11b5c0a28ebe tempest-FloatingIPTestJSON-1382361578 tempest-FloatingIPTestJSON-1382361578-project] Publish callbacks ['neutron.plugins.ml2.plugin.SecurityGroupServerNotifierRpcMixin._notify_sg_on_port_change-1695263', 'neutron.plugins.ml2.ovo_rpc._ObjectChangeHandler.handle_event-947832', 'neutron.api.rpc.agentnotifiers.dhcp_rpc_agent_api.DhcpAgentNotifyAPI._native_event_send_dhcp_notification-601519', 'neutron.db.l3_dvrscheduler_db._notify_l3_agent_new_port-8774955957387', 'neutron.services.segments.plugin.NovaSegmentNotifier._notify_port_created_or_deleted-125842792'] for port (3826fff4-97f0-4e57-8b1f-1afdc52debb2), after_create {{(pid=111273) _notify_loop /usr/local/lib/python3.8/dist-packages/neutron_lib/callbacks/manager.py:176}}
Aug 26 15:41:37.321842 dv-neutron-854795-1-hyperv neutron-server[111274]: DEBUG neutron_lib.callbacks.manager [None req-b5bdbeb3-5679-46d8-bf13-35812eb22814 tempest-RoutersIpV6AdminTest-2018349811 tempest-RoutersIpV6AdminTest-2018349811-project-admin] Publish callbacks [] for subnet (f62ea846-369d-4a2d-8317-7a34cbd269fe), precommit_delete_associations {{(pid=111274) _notify_loop /usr/local/lib/python3.8/dist-packages/neutron_lib/callbacks/manager.py:176}}
Aug 26 15:41:37.339550 dv-neutron-854795-1-hyperv neutron-server[111274]: DEBUG neutron_lib.callbacks.manager [None req-b5bdbeb3-5679-46d8-bf13-35812eb22814 tempest-RoutersIpV6AdminTest-2018349811 tempest-RoutersIpV6AdminTest-2018349811-project-admin] Publish callbacks ['neutron.plugins.ml2.plugin.Ml2Plugin._subnet_delete_precommit_handler-1600036'] for subnet (f62ea846-369d-4a2d-8317-7a34cbd269fe), precommit_delete {{(pid=111274) _notify_loop /usr/local/lib/python3.8/dist-packages/neutron_lib/callbacks/manager.py:176}}
Aug 26 15:41:37.381614 dv-neutron-854795-1-hyperv neutron-server[111273]: DEBUG neutron.scheduler.dhcp_agent_scheduler [None req-8673c3c9-2d25-4e98-a158-11b5c0a28ebe tempest-FloatingIPTestJSON-1382361578 tempest-FloatingIPTestJSON-1382361578-project] Network 670f81b6-af34-46b3-b6af-16dd75f06f41 is already hosted by enough agents. {{(pid=111273) _get_dhcp_agents_hosting_network /opt/stack/neutron/neutron/scheduler/dhcp_agent_scheduler.py:275}}
Aug 26 15:41:37.413148 dv-neutron-854795-1-hyperv neutron-server[111273]: DEBUG neutron.scheduler.base_scheduler [None req-8673c3c9-2d25-4e98-a158-11b5c0a28ebe tempest-FloatingIPTestJSON-1382361578 tempest-FloatingIPTestJSON-1382361578-project] Resources bound (agent type, host, resource id): {{(pid=111273) schedule /opt/stack/neutron/neutron/scheduler/base_scheduler.py:57}}
Aug 26 15:41:37.498664 dv-neutron-854795-1-hyperv neutron-server[111273]: DEBUG neutron.db.l3_dvrscheduler_db [None req-8673c3c9-2d25-4e98-a158-11b5c0a28ebe tempest-FloatingIPTestJSON-1382361578 tempest-FloatingIPTestJSON-1382361578-project] Received port after_create {{(pid=111273) _notify_l3_agent_new_port /opt/stack/neutron/neutron/db/l3_dvrscheduler_db.py:532}}
Aug 26 15:41:37.508733 dv-neutron-854795-1-hyperv neutron-server[111274]: DEBUG neutron_lib.callbacks.manager [None req-b5bdbeb3-5679-46d8-bf13-35812eb22814 tempest-RoutersIpV6AdminTest-2018349811 tempest-RoutersIpV6AdminTest-2018349811-project-admin] Publish callbacks ['neutron.plugins.ml2.plugin.Ml2Plugin._subnet_delete_after_delete_handler-1600045', 'neutron.plugins.ml2.ovo_rpc._ObjectChangeHandler.handle_event-747729', 'neutron.api.rpc.agentnotifiers.dhcp_rpc_agent_api.DhcpAgentNotifyAPI._native_event_send_dhcp_notification-601519'] for subnet (f62ea846-369d-4a2d-8317-7a34cbd269fe), after_delete {{(pid=111274) _notify_loop /usr/local/lib/python3.8/dist-packages/neutron_lib/callbacks/manager.py:176}}
Aug 26 15:41:37.543309 dv-neutron-854795-1-hyperv neutron-server[111273]: DEBUG neutron_lib.callbacks.manager [None req-0b7f5e5b-d49c-4f38-bbf9-522ebd7dc041 tempest-ServerActionsTestJSON-176911241 tempest-ServerActionsTestJSON-176911241-project] Publish callbacks [] for floatingip (None), before_create {{(pid=111273) _notify_loop /usr/local/lib/python3.8/dist-packages/neutron_lib/callbacks/manager.py:176}}
Aug 26 15:41:37.550111 dv-neutron-854795-1-hyperv neutron-server[111274]: DEBUG neutron.api.rpc.handlers.resources_rpc [None req-b5bdbeb3-5679-46d8-bf13-35812eb22814 tempest-RoutersIpV6AdminTest-2018349811 tempest-RoutersIpV6AdminTest-2018349811-project-admin] Pushing event deleted for resources: {'Subnet': ['ID=f62ea846-369d-4a2d-8317-7a34cbd269fe,revision_number=None']} {{(pid=111274) push /opt/stack/neutron/neutron/api/rpc/handlers/resources_rpc.py:237}}
Aug 26 15:41:37.552468 dv-neutron-854795-1-hyperv neutron-server[111274]: DEBUG neutron_lib.callbacks.manager [None req-b5bdbeb3-5679-46d8-bf13-35812eb22814 tempest-RoutersIpV6AdminTest-2018349811 tempest-RoutersIpV6AdminTest-2018349811-project-admin] Publish callbacks [] for subnet (None), before_response {{(pid=111274) _notify_loop /usr/local/lib/python3.8/dist-packages/neutron_lib/callbacks/manager.py:176}}
Aug 26 15:41:37.555809 dv-neutron-854795-1-hyperv neutron-server[111274]: INFO neutron.wsgi [None req-b5bdbeb3-5679-46d8-bf13-35812eb22814 tempest-RoutersIpV6AdminTest-2018349811 tempest-RoutersIpV6AdminTest-2018349811-project-admin] 10.222.0.96 "DELETE /v2.0/subnets/f62ea846-369d-4a2d-8317-7a34cbd269fe HTTP/1.1" status: 204 len: 168 time: 0.4289610
Aug 26 15:41:37.561313 dv-neutron-854795-1-hyperv neutron-server[111274]: DEBUG neutron.wsgi [-] (111274) accepted ('10.222.0.96', 41640) {{(pid=111274) server /usr/local/lib/python3.8/dist-packages/eventlet/wsgi.py:1004}}
Aug 26 15:41:37.650619 dv-neutron-854795-1-hyperv neutron-server[111274]: DEBUG neutron_lib.callbacks.manager [None req-464934e1-2772-4f51-af1c-af0d52e740ec tempest-ServersTestManualDisk-691581334 tempest-ServersTestManualDisk-691581334-project] Publish callbacks [] for port (cd0a1670-9f1c-4473-bd93-af93a0feb18a), precommit_update {{(pid=111274) _notify_loop /usr/local/lib/python3.8/dist-packages/neutron_lib/callbacks/manager.py:176}}
Aug 26 15:41:37.697830 dv-neutron-854795-1-hyperv neutron-server[111274]: DEBUG neutron_lib.callbacks.manager [None req-87e78a7c-3fde-4383-97df-8d3cd20e9d14 tempest-RoutersIpV6AdminTest-2018349811 tempest-RoutersIpV6AdminTest-2018349811-project-admin] Publish callbacks ['neutron.plugins.ml2.plugin.External_net_db_mixin._before_network_delete_handler-1708616'] for network (806858f4-0634-435a-99e0-05ab4c4d0211), before_delete {{(pid=111274) _notify_loop /usr/local/lib/python3.8/dist-packages/neutron_lib/callbacks/manager.py:176}}
Aug 26 15:41:37.704753 dv-neutron-854795-1-hyperv neutron-server[111274]: DEBUG neutron_lib.callbacks.manager [None req-464934e1-2772-4f51-af1c-af0d52e740ec tempest-ServersTestManualDisk-691581334 tempest-ServersTestManualDisk-691581334-project] Publish callbacks ['neutron.plugins.ml2.plugin.SecurityGroupServerNotifierRpcMixin._notify_sg_on_port_change-1695263', 'neutron.plugins.ml2.ovo_rpc._ObjectChangeHandler.handle_event-947832', 'neutron.api.rpc.agentnotifiers.dhcp_rpc_agent_api.DhcpAgentNotifyAPI._native_event_send_dhcp_notification-601519', 'neutron.db.l3_db.L3RpcNotifierMixin._notify_gateway_port_ip_changed-8774956527454', 'neutron.db.l3_dvrscheduler_db._notify_l3_agent_port_update-8774955957405', 'neutron.db.l3_hascheduler_db._notify_l3_agent_ha_port_update-8774955957423'] for port (cd0a1670-9f1c-4473-bd93-af93a0feb18a), after_update {{(pid=111274) _notify_loop /usr/local/lib/python3.8/dist-packages/neutron_lib/callbacks/manager.py:176}}
Aug 26 15:41:37.706070 dv-neutron-854795-1-hyperv neutron-server[111274]: DEBUG neutron_lib.callbacks.manager [None req-464934e1-2772-4f51-af1c-af0d52e740ec tempest-ServersTestManualDisk-691581334 tempest-ServersTestManualDisk-691581334-project] Publish callbacks ['neutron.services.l3_router.l3_router_plugin.DVRResourceOperationHandler._create_dvr_floating_gw_port-545516'] for floatingip (01a1beea-a98a-4193-ace1-7ffc9a0c351d), after_create {{(pid=111274) _notify_loop /usr/local/lib/python3.8/dist-packages/neutron_lib/callbacks/manager.py:176}}
Aug 26 15:41:37.749731 dv-neutron-854795-1-hyperv neutron-server[111274]: DEBUG neutron_lib.callbacks.manager [None req-464934e1-2772-4f51-af1c-af0d52e740ec tempest-ServersTestManualDisk-691581334 tempest-ServersTestManualDisk-691581334-project] Publish callbacks ['neutron.notifiers.nova.Notifier._send_nova_notification-145874'] for floatingip (None), before_response {{(pid=111274) _notify_loop /usr/local/lib/python3.8/dist-packages/neutron_lib/callbacks/manager.py:176}}
Aug 26 15:41:37.750995 dv-neutron-854795-1-hyperv neutron-server[111274]: INFO neutron.wsgi [None req-464934e1-2772-4f51-af1c-af0d52e740ec tempest-ServersTestManualDisk-691581334 tempest-ServersTestManualDisk-691581334-project] 10.222.0.96 "POST /v2.0/floatingips HTTP/1.1" status: 201 len: 693 time: 2.9228725
Aug 26 15:41:37.816229 dv-neutron-854795-1-hyperv neutron-server[111273]: INFO neutron.services.segments.plugin [-] Segment 2a9f7812-ee9d-44d0-8940-612c48d2773e resource provider aggregate not found
Aug 26 15:41:37.857364 dv-neutron-854795-1-hyperv neutron-server[111273]: DEBUG neutron_lib.callbacks.manager [None req-3d6f6b41-e62f-429e-90e4-db693b73fc2a tempest-DHCPAgentSchedulersTestJSON-1633519471 tempest-DHCPAgentSchedulersTestJSON-1633519471-project] Publish callbacks ['neutron.plugins.ml2.plugin.Ml2Plugin._network_delete_after_delete_handler-1603242', 'neutron.plugins.ml2.ovo_rpc._ObjectChangeHandler.handle_event-775226', 'neutron.api.rpc.agentnotifiers.dhcp_rpc_agent_api.DhcpAgentNotifyAPI._native_event_send_dhcp_notification-601519', 'neutron.services.l3_router.l3_router_plugin.DVRResourceOperationHandler.delete_fip_namespaces_for_ext_net-545502'] for network (88577a9c-5da2-4a3c-afbb-cba48372222a), after_delete {{(pid=111273) _notify_loop /usr/local/lib/python3.8/dist-packages/neutron_lib/callbacks/manager.py:176}}
Aug 26 15:41:37.875778 dv-neutron-854795-1-hyperv neutron-server[111274]: DEBUG neutron.api.rpc.handlers.resources_rpc [None req-464934e1-2772-4f51-af1c-af0d52e740ec tempest-ServersTestManualDisk-691581334 tempest-ServersTestManualDisk-691581334-project] Pushing event updated for resources: {'Port': ['ID=cd0a1670-9f1c-4473-bd93-af93a0feb18a,revision_number=2']} {{(pid=111274) push /opt/stack/neutron/neutron/api/rpc/handlers/resources_rpc.py:237}}
Aug 26 15:41:37.897899 dv-neutron-854795-1-hyperv neutron-server[111274]: DEBUG neutron_lib.callbacks.manager [None req-87e78a7c-3fde-4383-97df-8d3cd20e9d14 tempest-RoutersIpV6AdminTest-2018349811 tempest-RoutersIpV6AdminTest-2018349811-project-admin] Publish callbacks ['neutron.plugins.ml2.plugin.Ml2Plugin._network_delete_precommit_handler-1603229', 'neutron.services.segments.db._delete_segments_for_network-8774956450798'] for network (806858f4-0634-435a-99e0-05ab4c4d0211), precommit_delete {{(pid=111274) _notify_loop /usr/local/lib/python3.8/dist-packages/neutron_lib/callbacks/manager.py:176}}
Aug 26 15:41:37.924472 dv-neutron-854795-1-hyperv neutron-server[111274]: DEBUG neutron_lib.callbacks.manager [None req-87e78a7c-3fde-4383-97df-8d3cd20e9d14 tempest-RoutersIpV6AdminTest-2018349811 tempest-RoutersIpV6AdminTest-2018349811-project-admin] Subscribe: > segment before_delete 55550000 {{(pid=111274) subscribe /usr/local/lib/python3.8/dist-packages/neutron_lib/callbacks/manager.py:45}}
Aug 26 15:41:37.924838 dv-neutron-854795-1-hyperv neutron-server[111274]: DEBUG neutron_lib.callbacks.manager [None req-87e78a7c-3fde-4383-97df-8d3cd20e9d14 tempest-RoutersIpV6AdminTest-2018349811 tempest-RoutersIpV6AdminTest-2018349811-project-admin] Subscribe: > subnet precommit_delete_associations 55550000 {{(pid=111274) subscribe /usr/local/lib/python3.8/dist-packages/neutron_lib/callbacks/manager.py:45}}
Aug 26 15:41:37.925561 dv-neutron-854795-1-hyperv neutron-server[111274]: DEBUG neutron_lib.callbacks.manager [None req-87e78a7c-3fde-4383-97df-8d3cd20e9d14 tempest-RoutersIpV6AdminTest-2018349811 tempest-RoutersIpV6AdminTest-2018349811-project-admin] Subscribe: > segment_host_mapping after_create 55550000 {{(pid=111274) subscribe /usr/local/lib/python3.8/dist-packages/neutron_lib/callbacks/manager.py:45}}
Aug 26 15:41:37.925915 dv-neutron-854795-1-hyperv neutron-server[111274]: DEBUG neutron_lib.callbacks.manager [None req-87e78a7c-3fde-4383-97df-8d3cd20e9d14 tempest-RoutersIpV6AdminTest-2018349811 tempest-RoutersIpV6AdminTest-2018349811-project-admin] Subscribe: > port after_create 55550000 {{(pid=111274) subscribe /usr/local/lib/python3.8/dist-packages/neutron_lib/callbacks/manager.py:45}}
Aug 26 15:41:37.926253 dv-neutron-854795-1-hyperv neutron-server[111274]: DEBUG neutron_lib.callbacks.manager [None req-87e78a7c-3fde-4383-97df-8d3cd20e9d14 tempest-RoutersIpV6AdminTest-2018349811 tempest-RoutersIpV6AdminTest-2018349811-project-admin] Subscribe: > port after_delete 55550000 {{(pid=111274) subscribe /usr/local/lib/python3.8/dist-packages/neutron_lib/callbacks/manager.py:45}}
Aug 26 15:41:37.926734 dv-neutron-854795-1-hyperv neutron-server[111274]: DEBUG neutron_lib.callbacks.manager [None req-87e78a7c-3fde-4383-97df-8d3cd20e9d14 tempest-RoutersIpV6AdminTest-2018349811 tempest-RoutersIpV6AdminTest-2018349811-project-admin] Subscribe: > port after_update 55550000 {{(pid=111274) subscribe /usr/local/lib/python3.8/dist-packages/neutron_lib/callbacks/manager.py:45}}
Aug 26 15:41:37.926991 dv-neutron-854795-1-hyperv neutron-server[111273]: INFO neutron.services.segments.plugin [-] Segment 2a9f7812-ee9d-44d0-8940-612c48d2773e resource provider not found; error: Placement Client Error (4xx): {"errors": [{"status": 404, "title": "Not Found", "detail": "The resource could not be found.\n\n No resource provider with uuid 2a9f7812-ee9d-44d0-8940-612c48d2773e found for delete ", "request_id": "req-566c9e8a-4fcf-4437-848c-6070436d5424"}]}
Aug 26 15:41:37.927122 dv-neutron-854795-1-hyperv neutron-server[111274]: DEBUG neutron_lib.callbacks.manager [None req-87e78a7c-3fde-4383-97df-8d3cd20e9d14 tempest-RoutersIpV6AdminTest-2018349811 tempest-RoutersIpV6AdminTest-2018349811-project-admin] Subscribe: > segment after_delete 55550000 {{(pid=111274) subscribe /usr/local/lib/python3.8/dist-packages/neutron_lib/callbacks/manager.py:45}}
Aug 26 15:41:37.927685 dv-neutron-854795-1-hyperv neutron-server[111274]: DEBUG neutron_lib.callbacks.manager [None req-87e78a7c-3fde-4383-97df-8d3cd20e9d14 tempest-RoutersIpV6AdminTest-2018349811 tempest-RoutersIpV6AdminTest-2018349811-project-admin] Subscribe: > subnet after_create 55550000 {{(pid=111274) subscribe /usr/local/lib/python3.8/dist-packages/neutron_lib/callbacks/manager.py:45}}
Aug 26 15:41:37.927959 dv-neutron-854795-1-hyperv neutron-server[111274]: DEBUG neutron_lib.callbacks.manager [None req-87e78a7c-3fde-4383-97df-8d3cd20e9d14 tempest-RoutersIpV6AdminTest-2018349811 tempest-RoutersIpV6AdminTest-2018349811-project-admin] Subscribe: > subnet after_delete 55550000 {{(pid=111274) subscribe /usr/local/lib/python3.8/dist-packages/neutron_lib/callbacks/manager.py:45}}
Aug 26 15:41:37.928275 dv-neutron-854795-1-hyperv neutron-server[111274]: DEBUG neutron_lib.callbacks.manager [None req-87e78a7c-3fde-4383-97df-8d3cd20e9d14 tempest-RoutersIpV6AdminTest-2018349811 tempest-RoutersIpV6AdminTest-2018349811-project-admin] Subscribe: > subnet after_update 55550000 {{(pid=111274) subscribe /usr/local/lib/python3.8/dist-packages/neutron_lib/callbacks/manager.py:45}}
Aug 26 15:41:37.940180 dv-neutron-854795-1-hyperv neutron-server[111273]: DEBUG neutron_lib.callbacks.manager [None req-3d6f6b41-e62f-429e-90e4-db693b73fc2a tempest-DHCPAgentSchedulersTestJSON-1633519471 tempest-DHCPAgentSchedulersTestJSON-1633519471-project] Publish callbacks ['neutron.api.rpc.agentnotifiers.dhcp_rpc_agent_api.DhcpAgentNotifyAPI._send_dhcp_notification-601437'] for network (None), before_response {{(pid=111273) _notify_loop /usr/local/lib/python3.8/dist-packages/neutron_lib/callbacks/manager.py:176}}
Aug 26 15:41:37.944167 dv-neutron-854795-1-hyperv neutron-server[111273]: INFO neutron.wsgi [None req-3d6f6b41-e62f-429e-90e4-db693b73fc2a tempest-DHCPAgentSchedulersTestJSON-1633519471 tempest-DHCPAgentSchedulersTestJSON-1633519471-project] 10.222.0.96 "DELETE /v2.0/networks/88577a9c-5da2-4a3c-afbb-cba48372222a HTTP/1.1" status: 204 len: 168 time: 2.2321641
Aug 26 15:41:37.980770 dv-neutron-854795-1-hyperv neutron-server[111273]: DEBUG neutron.wsgi [-] (111273) accepted ('10.222.0.96', 41660) {{(pid=111273) server /usr/local/lib/python3.8/dist-packages/eventlet/wsgi.py:1004}}
Aug 26 15:41:37.984918 dv-neutron-854795-1-hyperv neutron-server[111273]: DEBUG neutron.api.rpc.handlers.resources_rpc [None req-3d6f6b41-e62f-429e-90e4-db693b73fc2a tempest-DHCPAgentSchedulersTestJSON-1633519471 tempest-DHCPAgentSchedulersTestJSON-1633519471-project] Pushing event deleted for resources: {'Network': ['ID=88577a9c-5da2-4a3c-afbb-cba48372222a,revision_number=None']} {{(pid=111273) push /opt/stack/neutron/neutron/api/rpc/handlers/resources_rpc.py:237}}
Aug 26 15:41:37.989423 dv-neutron-854795-1-hyperv neutron-server[111273]: DEBUG neutron.api.rpc.handlers.resources_rpc [None req-8673c3c9-2d25-4e98-a158-11b5c0a28ebe tempest-FloatingIPTestJSON-1382361578 tempest-FloatingIPTestJSON-1382361578-project] Pushing event updated for resources: {'Port': ['ID=3826fff4-97f0-4e57-8b1f-1afdc52debb2,revision_number=1']} {{(pid=111273) push /opt/stack/neutron/neutron/api/rpc/handlers/resources_rpc.py:237}}
Aug 26 15:41:38.036237 dv-neutron-854795-1-hyperv neutron-server[111273]: INFO neutron.pecan_wsgi.hooks.translation [None req-5faf5fe7-cc67-402f-9545-321b382dcbdb tempest-DHCPAgentSchedulersTestJSON-1633519471 tempest-DHCPAgentSchedulersTestJSON-1633519471-project] DELETE failed (client error): The resource could not be found.
Aug 26 15:41:38.036935 dv-neutron-854795-1-hyperv neutron-server[111273]: DEBUG neutron.pecan_wsgi.hooks.notifier [None req-5faf5fe7-cc67-402f-9545-321b382dcbdb tempest-DHCPAgentSchedulersTestJSON-1633519471 tempest-DHCPAgentSchedulersTestJSON-1633519471-project] No notification will be sent due to unsuccessful status code: 404 {{(pid=111273) after /opt/stack/neutron/neutron/pecan_wsgi/hooks/notifier.py:78}}
Aug 26 15:41:38.040988 dv-neutron-854795-1-hyperv neutron-server[111273]: INFO neutron.wsgi [None req-5faf5fe7-cc67-402f-9545-321b382dcbdb tempest-DHCPAgentSchedulersTestJSON-1633519471 tempest-DHCPAgentSchedulersTestJSON-1633519471-project] 10.222.0.96 "DELETE /v2.0/ports/30a69b05-a1b4-4d20-829e-728f676ca81f HTTP/1.1" status: 404 len: 333 time: 0.0481005
Aug 26 15:41:38.052751 dv-neutron-854795-1-hyperv neutron-server[111273]: DEBUG neutron_lib.callbacks.manager [None req-d142542e-c747-45c8-877e-4dc046366efd admin admin] Publish callbacks [] for port (34751324-3e7e-4633-829b-acdf8b6d59f1), precommit_update {{(pid=111273) _notify_loop /usr/local/lib/python3.8/dist-packages/neutron_lib/callbacks/manager.py:176}}
Aug 26 15:41:38.057999 dv-neutron-854795-1-hyperv neutron-server[111273]: DEBUG neutron.wsgi [-] (111273) accepted ('10.222.0.96', 41670) {{(pid=111273) server /usr/local/lib/python3.8/dist-packages/eventlet/wsgi.py:1004}}
Aug 26 15:41:38.151806 dv-neutron-854795-1-hyperv neutron-server[111273]: DEBUG neutron.pecan_wsgi.hooks.policy_enforcement [None req-8673c3c9-2d25-4e98-a158-11b5c0a28ebe tempest-FloatingIPTestJSON-1382361578 tempest-FloatingIPTestJSON-1382361578-project] Attributes excluded by policy engine: ['standard_attr_id', 'binding:profile', 'binding:host_id', 'binding:vif_type', 'binding:vif_details', 'network'] {{(pid=111273) _exclude_attributes_by_policy /opt/stack/neutron/neutron/pecan_wsgi/hooks/policy_enforcement.py:259}}
Aug 26 15:41:38.152493 dv-neutron-854795-1-hyperv neutron-server[111273]: DEBUG neutron_lib.callbacks.manager [None req-8673c3c9-2d25-4e98-a158-11b5c0a28ebe tempest-FloatingIPTestJSON-1382361578 tempest-FloatingIPTestJSON-1382361578-project] Publish callbacks ['neutron.notifiers.nova.Notifier._send_nova_notification-145874'] for port (None), before_response {{(pid=111273) _notify_loop /usr/local/lib/python3.8/dist-packages/neutron_lib/callbacks/manager.py:176}}
Aug 26 15:41:38.155076 dv-neutron-854795-1-hyperv neutron-server[111273]: DEBUG neutron_lib.callbacks.manager [None req-d142542e-c747-45c8-877e-4dc046366efd admin admin] Publish callbacks ['neutron.plugins.ml2.plugin.SecurityGroupServerNotifierRpcMixin._notify_sg_on_port_change-1695263', 'neutron.plugins.ml2.ovo_rpc._ObjectChangeHandler.handle_event-947832', 'neutron.api.rpc.agentnotifiers.dhcp_rpc_agent_api.DhcpAgentNotifyAPI._native_event_send_dhcp_notification-601519', 'neutron.db.l3_db.L3RpcNotifierMixin._notify_gateway_port_ip_changed-8774956527454', 'neutron.db.l3_dvrscheduler_db._notify_l3_agent_port_update-8774955957405', 'neutron.db.l3_hascheduler_db._notify_l3_agent_ha_port_update-8774955957423', 'neutron.services.segments.plugin.NovaSegmentNotifier._notify_port_updated-125842791'] for port (34751324-3e7e-4633-829b-acdf8b6d59f1), after_update {{(pid=111273) _notify_loop /usr/local/lib/python3.8/dist-packages/neutron_lib/callbacks/manager.py:176}}
Aug 26 15:41:38.172816 dv-neutron-854795-1-hyperv neutron-server[111274]: DEBUG neutron_lib.callbacks.manager [None req-87e78a7c-3fde-4383-97df-8d3cd20e9d14 tempest-RoutersIpV6AdminTest-2018349811 tempest-RoutersIpV6AdminTest-2018349811-project-admin] Subscribe: > subnet after_create 55550000 {{(pid=111274) subscribe /usr/local/lib/python3.8/dist-packages/neutron_lib/callbacks/manager.py:45}}
Aug 26 15:41:38.173335 dv-neutron-854795-1-hyperv neutron-server[111274]: DEBUG neutron_lib.callbacks.manager [None req-87e78a7c-3fde-4383-97df-8d3cd20e9d14 tempest-RoutersIpV6AdminTest-2018349811 tempest-RoutersIpV6AdminTest-2018349811-project-admin] Subscribe: > subnet after_delete 55550000 {{(pid=111274) subscribe /usr/local/lib/python3.8/dist-packages/neutron_lib/callbacks/manager.py:45}}
Aug 26 15:41:38.173518 dv-neutron-854795-1-hyperv neutron-server[111274]: DEBUG neutron_lib.callbacks.manager [None req-87e78a7c-3fde-4383-97df-8d3cd20e9d14 tempest-RoutersIpV6AdminTest-2018349811 tempest-RoutersIpV6AdminTest-2018349811-project-admin] Subscribe: > subnet before_create 55550000 {{(pid=111274) subscribe /usr/local/lib/python3.8/dist-packages/neutron_lib/callbacks/manager.py:45}}
Aug 26 15:41:38.173867 dv-neutron-854795-1-hyperv neutron-server[111274]: DEBUG neutron_lib.callbacks.manager [None req-87e78a7c-3fde-4383-97df-8d3cd20e9d14 tempest-RoutersIpV6AdminTest-2018349811 tempest-RoutersIpV6AdminTest-2018349811-project-admin] Subscribe: > subnet before_update 55550000 {{(pid=111274) subscribe /usr/local/lib/python3.8/dist-packages/neutron_lib/callbacks/manager.py:45}}
Aug 26 15:41:38.174609 dv-neutron-854795-1-hyperv neutron-server[111274]: DEBUG neutron.services.segments.db [None req-87e78a7c-3fde-4383-97df-8d3cd20e9d14 tempest-RoutersIpV6AdminTest-2018349811 tempest-RoutersIpV6AdminTest-2018349811-project-admin] neutron.services.segments.plugin.Plugin method get_segments called with arguments (,) {'filters': {'network_id': ['806858f4-0634-435a-99e0-05ab4c4d0211']}} {{(pid=111274) wrapper /usr/local/lib/python3.8/dist-packages/oslo_log/helpers.py:65}}
Aug 26 15:41:38.191972 dv-neutron-854795-1-hyperv neutron-server[111274]: DEBUG neutron.services.segments.db [None req-87e78a7c-3fde-4383-97df-8d3cd20e9d14 tempest-RoutersIpV6AdminTest-2018349811 tempest-RoutersIpV6AdminTest-2018349811-project-admin] neutron.services.segments.plugin.Plugin method delete_segment called with arguments (, 'f0d448eb-a647-4506-a736-a00d037e08a2') {'for_net_delete': True} {{(pid=111274) wrapper /usr/local/lib/python3.8/dist-packages/oslo_log/helpers.py:65}}
Aug 26 15:41:38.192270 dv-neutron-854795-1-hyperv neutron-server[111274]: DEBUG neutron.services.segments.db [None req-87e78a7c-3fde-4383-97df-8d3cd20e9d14 tempest-RoutersIpV6AdminTest-2018349811 tempest-RoutersIpV6AdminTest-2018349811-project-admin] neutron.services.segments.plugin.Plugin method get_segment called with arguments (, 'f0d448eb-a647-4506-a736-a00d037e08a2') {} {{(pid=111274) wrapper /usr/local/lib/python3.8/dist-packages/oslo_log/helpers.py:65}}
Aug 26 15:41:38.212540 dv-neutron-854795-1-hyperv neutron-server[111274]: DEBUG neutron_lib.callbacks.manager [None req-87e78a7c-3fde-4383-97df-8d3cd20e9d14 tempest-RoutersIpV6AdminTest-2018349811 tempest-RoutersIpV6AdminTest-2018349811-project-admin] Publish callbacks ['neutron.plugins.ml2.db._prevent_segment_delete_with_port_bound-8774956454916', 'neutron.services.segments.plugin.Plugin._prevent_segment_delete_with_subnet_associated-127098294'] for segment (f0d448eb-a647-4506-a736-a00d037e08a2), before_delete {{(pid=111274) _notify_loop /usr/local/lib/python3.8/dist-packages/neutron_lib/callbacks/manager.py:176}}
Aug 26 15:41:38.224855 dv-neutron-854795-1-hyperv neutron-server[111273]: DEBUG neutron_lib.callbacks.manager [None req-390b1d3e-8f58-47b2-8cce-c3023f89e470 tempest-FloatingIPAdminTestJSON-704253818 tempest-FloatingIPAdminTestJSON-704253818-project] Publish callbacks ['neutron.services.l3_router.l3_router_plugin.L3_HA_NAT_db_mixin._after_router_create-548496', 'neutron.services.l3_router.l3_router_plugin.DVRResourceOperationHandler._create_snat_interfaces_after_change-545302'] for router (7613aee6-2854-45a7-b1be-23fe7b7572a3), after_create {{(pid=111273) _notify_loop /usr/local/lib/python3.8/dist-packages/neutron_lib/callbacks/manager.py:176}}
Aug 26 15:41:38.240713 dv-neutron-854795-1-hyperv neutron-server[111274]: DEBUG neutron.wsgi [-] (111274) accepted ('10.222.0.96', 41678) {{(pid=111274) server /usr/local/lib/python3.8/dist-packages/eventlet/wsgi.py:1004}}
Aug 26 15:41:38.242934 dv-neutron-854795-1-hyperv neutron-server[111274]: WARNING keystonemiddleware.auth_token [-] A valid token was submitted as a service token, but it was not a valid service token. This is incorrect but backwards compatible behaviour. This will be removed in future releases.
Aug 26 15:41:38.243979 dv-neutron-854795-1-hyperv neutron-server[111273]: DEBUG neutron.db.db_base_plugin_v2 [None req-1b2367e1-b8b3-4a81-bfbe-9aa507274fab tempest-DHCPAgentSchedulersTestJSON-1633519471 tempest-DHCPAgentSchedulersTestJSON-1633519471-project] Deleting subnet d31ac00f-984b-494d-afb2-e0518a1cf811 {{(pid=111273) delete_subnet /opt/stack/neutron/neutron/db/db_base_plugin_v2.py:1066}}
