Aug 23 22:35:35.293161 dv-neutron-854233-1-hyperv neutron-server[105385]: DEBUG neutron.pecan_wsgi.hooks.policy_enforcement [None req-ff40738e-659f-4999-affd-d3a314142403 tempest-PortsAdminExtendedAttrsIpV6TestJSON-1344408372 tempest-PortsAdminExtendedAttrsIpV6TestJSON-1344408372-project-admin] Attributes excluded by policy engine: ['standard_attr_id'] {{(pid=105385) _exclude_attributes_by_policy /opt/stack/neutron/neutron/pecan_wsgi/hooks/policy_enforcement.py:259}}
Aug 23 22:35:35.294134 dv-neutron-854233-1-hyperv neutron-server[105385]: DEBUG neutron.pecan_wsgi.hooks.policy_enforcement [None req-ff40738e-659f-4999-affd-d3a314142403 tempest-PortsAdminExtendedAttrsIpV6TestJSON-1344408372 tempest-PortsAdminExtendedAttrsIpV6TestJSON-1344408372-project-admin] Attributes excluded by policy engine: ['standard_attr_id'] {{(pid=105385) _exclude_attributes_by_policy /opt/stack/neutron/neutron/pecan_wsgi/hooks/policy_enforcement.py:259}}
Aug 23 22:35:35.294888 dv-neutron-854233-1-hyperv neutron-server[105385]: DEBUG neutron.pecan_wsgi.hooks.policy_enforcement [None req-ff40738e-659f-4999-affd-d3a314142403 tempest-PortsAdminExtendedAttrsIpV6TestJSON-1344408372 tempest-PortsAdminExtendedAttrsIpV6TestJSON-1344408372-project-admin] Attributes excluded by policy engine: ['standard_attr_id'] {{(pid=105385) _exclude_attributes_by_policy /opt/stack/neutron/neutron/pecan_wsgi/hooks/policy_enforcement.py:259}}
Aug 23 22:35:35.299430 dv-neutron-854233-1-hyperv neutron-server[105388]: DEBUG neutron.plugins.ml2.managers [None req-9240be87-0f95-4de9-8fc9-69c6b862b871 None None] Attempting to bind port d2f49418-0867-403e-a622-1299149dac0c on host dv-neutron-854233-1-hyperv for vnic_type normal with profile {{(pid=105388) bind_port /opt/stack/neutron/neutron/plugins/ml2/managers.py:811}}
Aug 23 22:35:35.300417 dv-neutron-854233-1-hyperv neutron-server[105385]: DEBUG neutron.pecan_wsgi.hooks.policy_enforcement [None req-ff40738e-659f-4999-affd-d3a314142403 tempest-PortsAdminExtendedAttrsIpV6TestJSON-1344408372 tempest-PortsAdminExtendedAttrsIpV6TestJSON-1344408372-project-admin] Attributes excluded by policy engine: ['standard_attr_id'] {{(pid=105385) _exclude_attributes_by_policy /opt/stack/neutron/neutron/pecan_wsgi/hooks/policy_enforcement.py:259}}
Aug 23 22:35:35.300526 dv-neutron-854233-1-hyperv neutron-server[105388]: DEBUG neutron.plugins.ml2.managers [None req-9240be87-0f95-4de9-8fc9-69c6b862b871 None None] Attempting to bind port d2f49418-0867-403e-a622-1299149dac0c by drivers openvswitch,hyperv on host dv-neutron-854233-1-hyperv at level 0 using segments [{'id': '65792942-21bc-418e-a4da-748657be16e1', 'network_type': 'vlan', 'physical_network': 'physnet1', 'segmentation_id': 701, 'network_id': '5fd36799-7b39-4bb7-9bdc-fcd59d92176b'}] {{(pid=105388) _bind_port_level /opt/stack/neutron/neutron/plugins/ml2/managers.py:836}}
Aug 23 22:35:35.300526 dv-neutron-854233-1-hyperv neutron-server[105388]: DEBUG neutron.plugins.ml2.drivers.mech_agent [None req-9240be87-0f95-4de9-8fc9-69c6b862b871 None None] Attempting to bind port d2f49418-0867-403e-a622-1299149dac0c on network 5fd36799-7b39-4bb7-9bdc-fcd59d92176b {{(pid=105388) bind_port /opt/stack/neutron/neutron/plugins/ml2/drivers/mech_agent.py:91}}
Aug 23 22:35:35.300699 dv-neutron-854233-1-hyperv neutron-server[105385]: DEBUG neutron.pecan_wsgi.hooks.policy_enforcement [None req-ff40738e-659f-4999-affd-d3a314142403 tempest-PortsAdminExtendedAttrsIpV6TestJSON-1344408372 tempest-PortsAdminExtendedAttrsIpV6TestJSON-1344408372-project-admin] Attributes excluded by policy engine: ['standard_attr_id'] {{(pid=105385) _exclude_attributes_by_policy /opt/stack/neutron/neutron/pecan_wsgi/hooks/policy_enforcement.py:259}}
Aug 23 22:35:35.301169 dv-neutron-854233-1-hyperv neutron-server[105385]: DEBUG neutron.pecan_wsgi.hooks.policy_enforcement [None req-ff40738e-659f-4999-affd-d3a314142403 tempest-PortsAdminExtendedAttrsIpV6TestJSON-1344408372 tempest-PortsAdminExtendedAttrsIpV6TestJSON-1344408372-project-admin] Attributes excluded by policy engine: ['standard_attr_id'] {{(pid=105385) _exclude_attributes_by_policy /opt/stack/neutron/neutron/pecan_wsgi/hooks/policy_enforcement.py:259}}
Aug 23 22:35:35.302041 dv-neutron-854233-1-hyperv neutron-server[105385]: DEBUG neutron.pecan_wsgi.hooks.policy_enforcement [None req-ff40738e-659f-4999-affd-d3a314142403 tempest-PortsAdminExtendedAttrsIpV6TestJSON-1344408372 tempest-PortsAdminExtendedAttrsIpV6TestJSON-1344408372-project-admin] Attributes excluded by policy engine: ['standard_attr_id'] {{(pid=105385) _exclude_attributes_by_policy /opt/stack/neutron/neutron/pecan_wsgi/hooks/policy_enforcement.py:259}}
Aug 23 22:35:35.302615 dv-neutron-854233-1-hyperv neutron-server[105385]: DEBUG neutron.pecan_wsgi.hooks.policy_enforcement [None req-ff40738e-659f-4999-affd-d3a314142403 tempest-PortsAdminExtendedAttrsIpV6TestJSON-1344408372 tempest-PortsAdminExtendedAttrsIpV6TestJSON-1344408372-project-admin] Attributes excluded by policy engine: ['standard_attr_id'] {{(pid=105385) _exclude_attributes_by_policy /opt/stack/neutron/neutron/pecan_wsgi/hooks/policy_enforcement.py:259}}
Aug 23 22:35:35.303176 dv-neutron-854233-1-hyperv neutron-server[105385]: DEBUG neutron.pecan_wsgi.hooks.policy_enforcement [None req-ff40738e-659f-4999-affd-d3a314142403 tempest-PortsAdminExtendedAttrsIpV6TestJSON-1344408372 tempest-PortsAdminExtendedAttrsIpV6TestJSON-1344408372-project-admin] Attributes excluded by policy engine: ['standard_attr_id'] {{(pid=105385) _exclude_attributes_by_policy /opt/stack/neutron/neutron/pecan_wsgi/hooks/policy_enforcement.py:259}}
Aug 23 22:35:35.303725 dv-neutron-854233-1-hyperv neutron-server[105385]: DEBUG neutron.pecan_wsgi.hooks.policy_enforcement [None req-ff40738e-659f-4999-affd-d3a314142403 tempest-PortsAdminExtendedAttrsIpV6TestJSON-1344408372 tempest-PortsAdminExtendedAttrsIpV6TestJSON-1344408372-project-admin] Attributes excluded by policy engine: ['standard_attr_id'] {{(pid=105385) _exclude_attributes_by_policy /opt/stack/neutron/neutron/pecan_wsgi/hooks/policy_enforcement.py:259}}
Aug 23 22:35:35.304239 dv-neutron-854233-1-hyperv neutron-server[105385]: DEBUG neutron.pecan_wsgi.hooks.policy_enforcement [None req-ff40738e-659f-4999-affd-d3a314142403 tempest-PortsAdminExtendedAttrsIpV6TestJSON-1344408372 tempest-PortsAdminExtendedAttrsIpV6TestJSON-1344408372-project-admin] Attributes excluded by policy engine: ['standard_attr_id'] {{(pid=105385) _exclude_attributes_by_policy /opt/stack/neutron/neutron/pecan_wsgi/hooks/policy_enforcement.py:259}}
Aug 23 22:35:35.304843 dv-neutron-854233-1-hyperv neutron-server[105385]: DEBUG neutron.pecan_wsgi.hooks.policy_enforcement [None req-ff40738e-659f-4999-affd-d3a314142403 tempest-PortsAdminExtendedAttrsIpV6TestJSON-1344408372 tempest-PortsAdminExtendedAttrsIpV6TestJSON-1344408372-project-admin] Attributes excluded by policy engine: ['standard_attr_id'] {{(pid=105385) _exclude_attributes_by_policy /opt/stack/neutron/neutron/pecan_wsgi/hooks/policy_enforcement.py:259}}
Aug 23 22:35:35.308971 dv-neutron-854233-1-hyperv neutron-server[105388]: DEBUG neutron.plugins.ml2.drivers.mech_agent [None req-9240be87-0f95-4de9-8fc9-69c6b862b871 None None] Checking agent: {'id': '23abad8c-6754-4bf0-b3b3-faf3e55640d7', 'agent_type': 'Open vSwitch agent', 'binary': 'neutron-openvswitch-agent', 'topic': 'N/A', 'host': 'dv-neutron-854233-1-hyperv', 'admin_state_up': True, 'created_at': datetime.datetime(2022, 8, 23, 22, 26, 25), 'started_at': datetime.datetime(2022, 8, 23, 22, 26, 55), 'heartbeat_timestamp': datetime.datetime(2022, 8, 23, 22, 35, 25), 'description': None, 'resources_synced': None, 'availability_zone': None, 'alive': True, 'configurations': {'arp_responder_enabled': False, 'baremetal_smartnic': False, 'bridge_mappings': {'physnet1': 'br-data'}, 'datapath_type': 'system', 'devices': 0, 'enable_distributed_routing': False, 'extensions': [], 'in_distributed_mode': False, 'integration_bridge': 'br-int', 'l2_population': False, 'log_agent_heartbeats': False, 'ovs_capabilities': {'datapath_types': ['netdev', 'system'], 'iface_types': ['erspan', 'geneve', 'gre', 'internal', 'ip6erspan', 'ip6gre', 'lisp', 'patch', 'stt', 'system', 'tap', 'vxlan']}, 'ovs_hybrid_plug': False, 'resource_provider_bandwidths': {}, 'resource_provider_hypervisors': {'br-data': 'dv-neutron-854233-1-hyperv'}, 'resource_provider_inventory_defaults': {'allocation_ratio': 1.0, 'min_unit': 1, 'step_size': 1, 'reserved': 0}, 'resource_provider_packet_processing_inventory_defaults': {'allocation_ratio': 1.0, 'min_unit': 1, 'step_size': 1, 'reserved': 0}, 'resource_provider_packet_processing_with_direction': {}, 'resource_provider_packet_processing_without_direction': {}, 'tunnel_types': [], 'tunneling_ip': None, 'vhostuser_socket_dir': '/var/run/openvswitch'}, 'resource_versions': {'AddressGroup': '1.2', 'ConntrackHelper': '1.0', 'LocalIPAssociation': '1.0', 'Log': '1.0', 'Network': '1.1', 'Port': '1.7', 'PortForwarding': '1.2', 'QosPolicy': '1.10', 'SecurityGroup': '1.5', 'SecurityGroupRule': '1.2', 'SubPort': '1.0', 'Subnet': '1.1', 'Trunk': '1.1'}} {{(pid=105388) bind_port /opt/stack/neutron/neutron/plugins/ml2/drivers/mech_agent.py:110}}
Aug 23 22:35:35.309369 dv-neutron-854233-1-hyperv neutron-server[105388]: DEBUG neutron.plugins.ml2.drivers.mech_agent [None req-9240be87-0f95-4de9-8fc9-69c6b862b871 None None] Checking segment: {'id': '65792942-21bc-418e-a4da-748657be16e1', 'network_type': 'vlan', 'physical_network': 'physnet1', 'segmentation_id': 701, 'network_id': '5fd36799-7b39-4bb7-9bdc-fcd59d92176b'} for mappings: {'physnet1': 'br-data'} with network types: ['local', 'flat', 'vlan'] {{(pid=105388) check_segment_for_agent /opt/stack/neutron/neutron/plugins/ml2/drivers/mech_agent.py:373}}
Aug 23 22:35:35.309884 dv-neutron-854233-1-hyperv neutron-server[105388]: DEBUG neutron_lib.callbacks.manager [None req-9240be87-0f95-4de9-8fc9-69c6b862b871 None None] Publish callbacks [] for ovs_bridge_name (None), before_read {{(pid=105388) _notify_loop /usr/local/lib/python3.8/dist-packages/neutron_lib/callbacks/manager.py:176}}
Aug 23 22:35:35.311365 dv-neutron-854233-1-hyperv neutron-server[105388]: DEBUG neutron.plugins.ml2.drivers.mech_agent [None req-9240be87-0f95-4de9-8fc9-69c6b862b871 None None] Bound using segment: {'id': '65792942-21bc-418e-a4da-748657be16e1', 'network_type': 'vlan', 'physical_network': 'physnet1', 'segmentation_id': 701, 'network_id': '5fd36799-7b39-4bb7-9bdc-fcd59d92176b'} {{(pid=105388) bind_port /opt/stack/neutron/neutron/plugins/ml2/drivers/mech_agent.py:120}}
Aug 23 22:35:35.312242 dv-neutron-854233-1-hyperv neutron-server[105388]: DEBUG neutron.plugins.ml2.managers [None req-9240be87-0f95-4de9-8fc9-69c6b862b871 None None] Bound port: d2f49418-0867-403e-a622-1299149dac0c, host: dv-neutron-854233-1-hyperv, vif_type: ovs, vif_details: {"connectivity": "l2", "port_filter": true, "ovs_hybrid_plug": false, "datapath_type": "system", "bridge_name": "br-int"}, binding_levels: [{'bound_driver': 'openvswitch', 'bound_segment': {'id': '65792942-21bc-418e-a4da-748657be16e1', 'network_type': 'vlan', 'physical_network': 'physnet1', 'segmentation_id': 701, 'network_id': '5fd36799-7b39-4bb7-9bdc-fcd59d92176b'}}] {{(pid=105388) _bind_port_level /opt/stack/neutron/neutron/plugins/ml2/managers.py:948}}
Aug 23 22:35:35.312647 dv-neutron-854233-1-hyperv neutron-server[105388]: DEBUG neutron_lib.callbacks.manager [None req-9240be87-0f95-4de9-8fc9-69c6b862b871 None None] Publish callbacks ['neutron.plugins.ml2.plugin.SecurityGroupDbMixin._ensure_default_security_group_handler-699799'] for port (d2f49418-0867-403e-a622-1299149dac0c), before_update {{(pid=105388) _notify_loop /usr/local/lib/python3.8/dist-packages/neutron_lib/callbacks/manager.py:176}}
Aug 23 22:35:35.315840 dv-neutron-854233-1-hyperv neutron-server[105385]: DEBUG neutron.pecan_wsgi.hooks.policy_enforcement [None req-ff40738e-659f-4999-affd-d3a314142403 tempest-PortsAdminExtendedAttrsIpV6TestJSON-1344408372 tempest-PortsAdminExtendedAttrsIpV6TestJSON-1344408372-project-admin] Attributes excluded by policy engine: ['standard_attr_id'] {{(pid=105385) _exclude_attributes_by_policy /opt/stack/neutron/neutron/pecan_wsgi/hooks/policy_enforcement.py:259}}
Aug 23 22:35:35.316316 dv-neutron-854233-1-hyperv neutron-server[105385]: DEBUG neutron.pecan_wsgi.hooks.policy_enforcement [None req-ff40738e-659f-4999-affd-d3a314142403 tempest-PortsAdminExtendedAttrsIpV6TestJSON-1344408372 tempest-PortsAdminExtendedAttrsIpV6TestJSON-1344408372-project-admin] Attributes excluded by policy engine: ['standard_attr_id'] {{(pid=105385) _exclude_attributes_by_policy /opt/stack/neutron/neutron/pecan_wsgi/hooks/policy_enforcement.py:259}}
Aug 23 22:35:35.316807 dv-neutron-854233-1-hyperv neutron-server[105385]: DEBUG neutron.pecan_wsgi.hooks.policy_enforcement [None req-ff40738e-659f-4999-affd-d3a314142403 tempest-PortsAdminExtendedAttrsIpV6TestJSON-1344408372 tempest-PortsAdminExtendedAttrsIpV6TestJSON-1344408372-project-admin] Attributes excluded by policy engine: ['standard_attr_id'] {{(pid=105385) _exclude_attributes_by_policy /opt/stack/neutron/neutron/pecan_wsgi/hooks/policy_enforcement.py:259}}
Aug 23 22:35:35.328025 dv-neutron-854233-1-hyperv neutron-server[105385]: INFO neutron.wsgi [None req-ff40738e-659f-4999-affd-d3a314142403 tempest-PortsAdminExtendedAttrsIpV6TestJSON-1344408372 tempest-PortsAdminExtendedAttrsIpV6TestJSON-1344408372-project-admin] 10.222.0.67 "GET /v2.0/ports HTTP/1.1" status: 200 len: 17416 time: 0.9299126
Aug 23 22:35:35.332545 dv-neutron-854233-1-hyperv neutron-server[105385]: DEBUG neutron.wsgi [-] (105385) accepted ('10.222.0.67', 37988) {{(pid=105385) server /usr/local/lib/python3.8/dist-packages/eventlet/wsgi.py:1004}}
Aug 23 22:35:35.343271 dv-neutron-854233-1-hyperv neutron-server[105385]: DEBUG neutron_lib.callbacks.manager [None req-34cd1755-bee0-44e0-b690-3814e6706e9a tempest-ExternalNetworksTestJSON-1783453863 tempest-ExternalNetworksTestJSON-1783453863-project-admin] Publish callbacks ['neutron.plugins.ml2.plugin.SecurityGroupServerNotifierRpcMixin._notify_sg_on_port_change-747285', 'neutron.plugins.ml2.ovo_rpc._ObjectChangeHandler.handle_event-33425784', 'neutron.api.rpc.agentnotifiers.dhcp_rpc_agent_api.DhcpAgentNotifyAPI._native_event_send_dhcp_notification-33242031', 'neutron.db.l3_dvrscheduler_db._notify_l3_agent_new_port-8750005564070'] for port (a75d5b35-71a6-4f29-b072-463a90b7025f), after_create {{(pid=105385) _notify_loop /usr/local/lib/python3.8/dist-packages/neutron_lib/callbacks/manager.py:176}}
Aug 23 22:35:35.345473 dv-neutron-854233-1-hyperv neutron-server[105385]: DEBUG neutron_lib.callbacks.manager [None req-db9e058c-5fb2-42d0-b01d-93215b313f44 tempest-ServersTestJSON-1766123454 tempest-ServersTestJSON-1766123454-project] Publish callbacks ['neutron.plugins.ml2.ovo_rpc._ObjectChangeHandler.handle_event-33074315'] for security_group (b370f8bd-68e1-4869-9275-d80c9d64bdad), after_create {{(pid=105385) _notify_loop /usr/local/lib/python3.8/dist-packages/neutron_lib/callbacks/manager.py:176}}
Aug 23 22:35:35.384130 dv-neutron-854233-1-hyperv neutron-server[105385]: DEBUG neutron.api.rpc.handlers.resources_rpc [None req-9252f41d-1fc6-4d96-a364-d11fa901c9ad tempest-ServersTestManualDisk-2100386721 tempest-ServersTestManualDisk-2100386721-project] Pushing event updated for resources: {'SecurityGroup': ['ID=2a3f4210-1f18-422a-bc20-9f3221192eb3,revision_number=1']} {{(pid=105385) push /opt/stack/neutron/neutron/api/rpc/handlers/resources_rpc.py:237}}
Aug 23 22:35:35.412410 dv-neutron-854233-1-hyperv neutron-server[105386]: WARNING keystonemiddleware.auth_token [-] A valid token was submitted as a service token, but it was not a valid service token. This is incorrect but backwards compatible behaviour. This will be removed in future releases.
Aug 23 22:35:35.440958 dv-neutron-854233-1-hyperv neutron-server[105388]: DEBUG neutron.plugins.ml2.db [None req-9240be87-0f95-4de9-8fc9-69c6b862b871 None None] For port d2f49418-0867-403e-a622-1299149dac0c, host dv-neutron-854233-1-hyperv, cleared binding levels {{(pid=105388) clear_binding_levels /opt/stack/neutron/neutron/plugins/ml2/db.py:87}}
Aug 23 22:35:35.444736 dv-neutron-854233-1-hyperv neutron-server[105388]: DEBUG neutron.plugins.ml2.db [None req-9240be87-0f95-4de9-8fc9-69c6b862b871 None None] For port d2f49418-0867-403e-a622-1299149dac0c, host dv-neutron-854233-1-hyperv, set binding levels [PortBindingLevel(driver='openvswitch',host='dv-neutron-854233-1-hyperv',level=0,port_id=d2f49418-0867-403e-a622-1299149dac0c,segment=NetworkSegment(65792942-21bc-418e-a4da-748657be16e1),segment_id=65792942-21bc-418e-a4da-748657be16e1)] {{(pid=105388) set_binding_levels /opt/stack/neutron/neutron/plugins/ml2/db.py:59}}
Aug 23 22:35:35.450156 dv-neutron-854233-1-hyperv neutron-server[105388]: DEBUG neutron.api.rpc.handlers.resources_rpc [None req-85ab5096-ad0c-44a3-8c7e-82d7870cf0a1 None None] Pushing event updated for resources: {'Port': ['ID=d2f49418-0867-403e-a622-1299149dac0c,revision_number=3']} {{(pid=105388) push /opt/stack/neutron/neutron/api/rpc/handlers/resources_rpc.py:237}}
Aug 23 22:35:35.472370 dv-neutron-854233-1-hyperv neutron-server[105388]: DEBUG neutron.db.l3_dvrscheduler_db [None req-fd6b5cca-f9ab-4957-b526-8fe6eeea3a05 None None] Routers {'269806d3-5c4f-491d-8695-807edc7f6231'} bound to L3 agent in host dv-neutron-854233-1-hyperv {{(pid=105388) _get_router_ids_for_agent /opt/stack/neutron/neutron/db/l3_dvrscheduler_db.py:417}}
Aug 23 22:35:35.473018 dv-neutron-854233-1-hyperv neutron-server[105388]: DEBUG neutron.db.l3_hamode_db [None req-fd6b5cca-f9ab-4957-b526-8fe6eeea3a05 None None] neutron.services.l3_router.l3_router_plugin.L3RouterPlugin method get_ha_sync_data_for_host called with arguments (, 'dv-neutron-854233-1-hyperv', Agent(admin_state_up=True,agent_type='L3 agent',availability_zone='nova',binary='neutron-l3-agent',configurations={"agent_mode": "legacy", "ex_gw_ports": 2, "extensions": [], "floating_ips": 0, "handle_internal_only_routers": true, "interface_driver": "openvswitch", "interfaces": 1, "log_agent_heartbeats": false, "routers": 2},created_at=2022-08-23T22:26:21Z,description=,heartbeat_timestamp=2022-08-23T22:35:21Z,host='dv-neutron-854233-1-hyperv',id=43e215a7-0f6c-4ca9-9799-8bc7922e2858,load=0,resource_versions=,resources_synced=,started_at=2022-08-23T22:26:21Z,topic='l3_agent')) {'router_ids': ['269806d3-5c4f-491d-8695-807edc7f6231'], 'active': True} {{(pid=105388) wrapper /usr/local/lib/python3.8/dist-packages/oslo_log/helpers.py:65}}
Aug 23 22:35:35.513663 dv-neutron-854233-1-hyperv neutron-server[105386]: DEBUG neutron.api.rpc.handlers.resources_rpc [None req-ef8a3f25-b90a-4426-b8e3-a0f9cb2e891c tempest-RoutersNegativeIpV6Test-688763297 tempest-RoutersNegativeIpV6Test-688763297-project] Pushing event updated for resources: {'Network': ['ID=399d33fb-06cd-4249-893f-24dfe587d2d2,revision_number=1']} {{(pid=105386) push /opt/stack/neutron/neutron/api/rpc/handlers/resources_rpc.py:237}}
Aug 23 22:35:35.533310 dv-neutron-854233-1-hyperv neutron-server[105386]: INFO neutron.wsgi [req-533e13d7-7083-44c6-86c2-308690c4ecc5 req-8f01139f-c87d-408d-b37d-29dcd8851228 tempest-ServerActionsTestJSON-589078886 tempest-ServerActionsTestJSON-589078886-project] 10.222.0.67 "GET /v2.0/ports?device_id=be491495-f188-4367-aeca-ee44a404b0ac HTTP/1.1" status: 200 len: 210 time: 0.4334328
Aug 23 22:35:35.555357 dv-neutron-854233-1-hyperv neutron-server[105385]: DEBUG neutron_lib.callbacks.manager [None req-9252f41d-1fc6-4d96-a364-d11fa901c9ad tempest-ServersTestManualDisk-2100386721 tempest-ServersTestManualDisk-2100386721-project] Publish callbacks [] for security_group (None), before_response {{(pid=105385) _notify_loop /usr/local/lib/python3.8/dist-packages/neutron_lib/callbacks/manager.py:176}}
Aug 23 22:35:35.560055 dv-neutron-854233-1-hyperv neutron-server[105385]: INFO neutron.wsgi [None req-9252f41d-1fc6-4d96-a364-d11fa901c9ad tempest-ServersTestManualDisk-2100386721 tempest-ServersTestManualDisk-2100386721-project] 10.222.0.67 "POST /v2.0/security-groups HTTP/1.1" status: 201 len: 1797 time: 1.8601761
Aug 23 22:35:35.579744 dv-neutron-854233-1-hyperv neutron-server[105388]: DEBUG neutron_lib.callbacks.manager [None req-9240be87-0f95-4de9-8fc9-69c6b862b871 None None] Publish callbacks ['neutron.plugins.ml2.plugin.SecurityGroupServerNotifierRpcMixin._notify_sg_on_port_change-747285', 'neutron.plugins.ml2.ovo_rpc._ObjectChangeHandler.handle_event-33425784', 'neutron.api.rpc.agentnotifiers.dhcp_rpc_agent_api.DhcpAgentNotifyAPI._native_event_send_dhcp_notification-33242031', 'neutron.db.l3_db.L3RpcNotifierMixin._notify_gateway_port_ip_changed-8750006136926', 'neutron.db.l3_dvrscheduler_db._notify_l3_agent_port_update-8750005564088', 'neutron.db.l3_hascheduler_db._notify_l3_agent_ha_port_update-8750005564106'] for port (d2f49418-0867-403e-a622-1299149dac0c), after_update {{(pid=105388) _notify_loop /usr/local/lib/python3.8/dist-packages/neutron_lib/callbacks/manager.py:176}}
Aug 23 22:35:35.580669 dv-neutron-854233-1-hyperv neutron-server[105385]: DEBUG neutron.wsgi [-] (105385) accepted ('10.222.0.67', 37996) {{(pid=105385) server /usr/local/lib/python3.8/dist-packages/eventlet/wsgi.py:1004}}
Aug 23 22:35:35.598000 dv-neutron-854233-1-hyperv neutron-server[105388]: DEBUG neutron.db.l3_hamode_db [None req-fd6b5cca-f9ab-4957-b526-8fe6eeea3a05 None None] neutron.services.l3_router.l3_router_plugin.L3RouterPlugin method _process_sync_ha_data called with arguments (, [], 'dv-neutron-854233-1-hyperv', False) {} {{(pid=105388) wrapper /usr/local/lib/python3.8/dist-packages/oslo_log/helpers.py:65}}
Aug 23 22:35:35.616565 dv-neutron-854233-1-hyperv neutron-server[105385]: DEBUG neutron.api.v2.base [None req-04cdb082-4700-47b3-a238-4d30da3714ce tempest-ServersTestManualDisk-2100386721 tempest-ServersTestManualDisk-2100386721-project] Request body: {'security_group_rule': {'security_group_id': '2a3f4210-1f18-422a-bc20-9f3221192eb3', 'protocol': 'tcp', 'ethertype': 'IPv4', 'port_range_min': 22, 'port_range_max': 22, 'direction': 'ingress'}} {{(pid=105385) prepare_request_body /opt/stack/neutron/neutron/api/v2/base.py:730}}
Aug 23 22:35:35.655478 dv-neutron-854233-1-hyperv neutron-server[105385]: DEBUG neutron_lib.callbacks.manager [None req-7ccefff2-cd6f-45b3-a01f-9d108c3c59a4 tempest-FloatingIPAdminTestJSON-1425339546 tempest-FloatingIPAdminTestJSON-1425339546-project] Publish callbacks [] for router (None), before_response {{(pid=105385) _notify_loop /usr/local/lib/python3.8/dist-packages/neutron_lib/callbacks/manager.py:176}}
Aug 23 22:35:35.662191 dv-neutron-854233-1-hyperv neutron-server[105385]: INFO neutron.wsgi [None req-7ccefff2-cd6f-45b3-a01f-9d108c3c59a4 tempest-FloatingIPAdminTestJSON-1425339546 tempest-FloatingIPAdminTestJSON-1425339546-project] 10.222.0.67 "POST /v2.0/routers HTTP/1.1" status: 201 len: 891 time: 11.7492034
Aug 23 22:35:35.668344 dv-neutron-854233-1-hyperv neutron-server[105385]: DEBUG neutron.wsgi [-] (105385) accepted ('10.222.0.67', 38000) {{(pid=105385) server /usr/local/lib/python3.8/dist-packages/eventlet/wsgi.py:1004}}
Aug 23 22:35:35.711388 dv-neutron-854233-1-hyperv neutron-server[105388]: DEBUG neutron.db.l3_dvrscheduler_db [None req-fd6b5cca-f9ab-4957-b526-8fe6eeea3a05 None None] Routers {'269806d3-5c4f-491d-8695-807edc7f6231'} bound to L3 agent in host dv-neutron-854233-1-hyperv {{(pid=105388) _get_router_ids_for_agent /opt/stack/neutron/neutron/db/l3_dvrscheduler_db.py:417}}
Aug 23 22:35:35.713261 dv-neutron-854233-1-hyperv neutron-server[105388]: DEBUG neutron.db.l3_hamode_db [None req-fd6b5cca-f9ab-4957-b526-8fe6eeea3a05 None None] neutron.services.l3_router.l3_router_plugin.L3RouterPlugin method get_ha_sync_data_for_host called with arguments (, 'dv-neutron-854233-1-hyperv', Agent(admin_state_up=True,agent_type='L3 agent',availability_zone='nova',binary='neutron-l3-agent',configurations={"agent_mode": "legacy", "ex_gw_ports": 2, "extensions": [], "floating_ips": 0, "handle_internal_only_routers": true, "interface_driver": "openvswitch", "interfaces": 1, "log_agent_heartbeats": false, "routers": 2},created_at=2022-08-23T22:26:21Z,description=,heartbeat_timestamp=2022-08-23T22:35:21Z,host='dv-neutron-854233-1-hyperv',id=43e215a7-0f6c-4ca9-9799-8bc7922e2858,load=0,resource_versions=,resources_synced=,started_at=2022-08-23T22:26:21Z,topic='l3_agent')) {'router_ids': ['269806d3-5c4f-491d-8695-807edc7f6231'], 'active': True} {{(pid=105388) wrapper /usr/local/lib/python3.8/dist-packages/oslo_log/helpers.py:65}}
Aug 23 22:35:35.759206 dv-neutron-854233-1-hyperv neutron-server[105386]: DEBUG neutron.pecan_wsgi.hooks.quota_enforcement [None req-d55f5caa-2767-4094-a37d-1e6c20240d0f tempest-RoutersNegativeIpV6Test-688763297 tempest-RoutersNegativeIpV6Test-688763297-project] Made reservation on behalf of 864a94981b8e4a5e99dce1346b072944 for: {'subnet': 1} {{(pid=105386) before /opt/stack/neutron/neutron/pecan_wsgi/hooks/quota_enforcement.py:53}}
Aug 23 22:35:35.764362 dv-neutron-854233-1-hyperv neutron-server[105386]: DEBUG neutron_lib.callbacks.manager [None req-d55f5caa-2767-4094-a37d-1e6c20240d0f tempest-RoutersNegativeIpV6Test-688763297 tempest-RoutersNegativeIpV6Test-688763297-project] Publish callbacks ['neutron.services.segments.plugin.SegmentHostRoutes.host_routes_before_create-30667430'] for subnet (None), before_create {{(pid=105386) _notify_loop /usr/local/lib/python3.8/dist-packages/neutron_lib/callbacks/manager.py:176}}
Aug 23 22:35:35.784993 dv-neutron-854233-1-hyperv neutron-server[105387]: DEBUG neutron_lib.callbacks.manager [None req-f34ad01b-b35f-40e6-bbda-eafc9b9755ac None None] Publish callbacks [] for port (2c9e5222-34a5-4d18-9bf7-0c5d4ac0fecc), precommit_update {{(pid=105387) _notify_loop /usr/local/lib/python3.8/dist-packages/neutron_lib/callbacks/manager.py:176}}
Aug 23 22:35:35.795065 dv-neutron-854233-1-hyperv neutron-server[105387]: DEBUG neutron.plugins.ml2.rpc [None req-bd224cb1-dbe2-4b26-810e-78d3722c34ad None None] Network 399d33fb-06cd-4249-893f-24dfe587d2d2 details requested by agent ovs-agent-dv-neutron-854233-1-hyperv with host dv-neutron-854233-1-hyperv {{(pid=105387) get_network_details /opt/stack/neutron/neutron/plugins/ml2/rpc.py:248}}
Aug 23 22:35:35.812731 dv-neutron-854233-1-hyperv neutron-server[105387]: DEBUG neutron.db.provisioning_blocks [None req-bd224cb1-dbe2-4b26-810e-78d3722c34ad None None] Provisioning complete for port fb091ccd-8dc1-41ec-a40b-3cb6160267d3 triggered by entity L2. {{(pid=105387) provisioning_complete /opt/stack/neutron/neutron/db/provisioning_blocks.py:140}}
Aug 23 22:35:35.813109 dv-neutron-854233-1-hyperv neutron-server[105387]: DEBUG neutron_lib.callbacks.manager [None req-bd224cb1-dbe2-4b26-810e-78d3722c34ad None None] Publish callbacks ['neutron.plugins.ml2.plugin.Ml2Plugin._port_provisioned-559152'] for port (fb091ccd-8dc1-41ec-a40b-3cb6160267d3), provisioning_complete {{(pid=105387) _notify_loop /usr/local/lib/python3.8/dist-packages/neutron_lib/callbacks/manager.py:176}}
Aug 23 22:35:35.825681 dv-neutron-854233-1-hyperv neutron-server[105388]: DEBUG neutron.db.l3_hamode_db [None req-fd6b5cca-f9ab-4957-b526-8fe6eeea3a05 None None] neutron.services.l3_router.l3_router_plugin.L3RouterPlugin method _process_sync_ha_data called with arguments (, [], 'dv-neutron-854233-1-hyperv', False) {} {{(pid=105388) wrapper /usr/local/lib/python3.8/dist-packages/oslo_log/helpers.py:65}}
Aug 23 22:35:35.828172 dv-neutron-854233-1-hyperv neutron-server[105388]: DEBUG neutron.api.rpc.handlers.l3_rpc [None req-fd6b5cca-f9ab-4957-b526-8fe6eeea3a05 None None] The sync data for ids ['269806d3-5c4f-491d-8695-807edc7f6231'] in dv-neutron-854233-1-hyperv is: [] {{(pid=105388) sync_routers /opt/stack/neutron/neutron/api/rpc/handlers/l3_rpc.py:137}}
Aug 23 22:35:35.852817 dv-neutron-854233-1-hyperv neutron-server[105388]: DEBUG neutron.db.l3_dvrscheduler_db [None req-9240be87-0f95-4de9-8fc9-69c6b862b871 None None] Routers {'d9f23008-5ffa-4f06-b2f1-d785085bca55'} bound to L3 agent in host dv-neutron-854233-1-hyperv {{(pid=105388) _get_router_ids_for_agent /opt/stack/neutron/neutron/db/l3_dvrscheduler_db.py:417}}
Aug 23 22:35:35.859255 dv-neutron-854233-1-hyperv neutron-server[105388]: DEBUG neutron.db.l3_hamode_db [None req-9240be87-0f95-4de9-8fc9-69c6b862b871 None None] neutron.services.l3_router.l3_router_plugin.L3RouterPlugin method get_ha_sync_data_for_host called with arguments (, 'dv-neutron-854233-1-hyperv', Agent(admin_state_up=True,agent_type='L3 agent',availability_zone='nova',binary='neutron-l3-agent',configurations={"agent_mode": "legacy", "ex_gw_ports": 2, "extensions": [], "floating_ips": 0, "handle_internal_only_routers": true, "interface_driver": "openvswitch", "interfaces": 1, "log_agent_heartbeats": false, "routers": 2},created_at=2022-08-23T22:26:21Z,description=,heartbeat_timestamp=2022-08-23T22:35:21Z,host='dv-neutron-854233-1-hyperv',id=43e215a7-0f6c-4ca9-9799-8bc7922e2858,load=0,resource_versions=,resources_synced=,started_at=2022-08-23T22:26:21Z,topic='l3_agent')) {'router_ids': ['d9f23008-5ffa-4f06-b2f1-d785085bca55'], 'active': True} {{(pid=105388) wrapper /usr/local/lib/python3.8/dist-packages/oslo_log/helpers.py:65}}
Aug 23 22:35:35.865886 dv-neutron-854233-1-hyperv neutron-server[105385]: DEBUG neutron.scheduler.dhcp_agent_scheduler [None req-34cd1755-bee0-44e0-b690-3814e6706e9a tempest-ExternalNetworksTestJSON-1783453863 tempest-ExternalNetworksTestJSON-1783453863-project-admin] Network 8f495e70-0bb6-4545-aed2-5bd9c5fe4a0c is already hosted by enough agents. {{(pid=105385) _get_dhcp_agents_hosting_network /opt/stack/neutron/neutron/scheduler/dhcp_agent_scheduler.py:275}}
Aug 23 22:35:35.896832 dv-neutron-854233-1-hyperv neutron-server[105385]: DEBUG neutron.api.rpc.handlers.resources_rpc [None req-db9e058c-5fb2-42d0-b01d-93215b313f44 tempest-ServersTestJSON-1766123454 tempest-ServersTestJSON-1766123454-project] Pushing event updated for resources: {'SecurityGroup': ['ID=b370f8bd-68e1-4869-9275-d80c9d64bdad,revision_number=1']} {{(pid=105385) push /opt/stack/neutron/neutron/api/rpc/handlers/resources_rpc.py:237}}
Aug 23 22:35:35.928615 dv-neutron-854233-1-hyperv neutron-server[105387]: DEBUG neutron_lib.callbacks.manager [None req-f34ad01b-b35f-40e6-bbda-eafc9b9755ac None None] Publish callbacks ['neutron.plugins.ml2.plugin.SecurityGroupServerNotifierRpcMixin._notify_sg_on_port_change-747285', 'neutron.plugins.ml2.ovo_rpc._ObjectChangeHandler.handle_event-33425784', 'neutron.api.rpc.agentnotifiers.dhcp_rpc_agent_api.DhcpAgentNotifyAPI._native_event_send_dhcp_notification-33242031', 'neutron.db.l3_db.L3RpcNotifierMixin._notify_gateway_port_ip_changed-8750006136926', 'neutron.db.l3_dvrscheduler_db._notify_l3_agent_port_update-8750005564088', 'neutron.db.l3_hascheduler_db._notify_l3_agent_ha_port_update-8750005564106'] for port (2c9e5222-34a5-4d18-9bf7-0c5d4ac0fecc), after_update {{(pid=105387) _notify_loop /usr/local/lib/python3.8/dist-packages/neutron_lib/callbacks/manager.py:176}}
Aug 23 22:35:35.960950 dv-neutron-854233-1-hyperv neutron-server[105385]: DEBUG neutron_lib.callbacks.manager [None req-db9e058c-5fb2-42d0-b01d-93215b313f44 tempest-ServersTestJSON-1766123454 tempest-ServersTestJSON-1766123454-project] Publish callbacks [] for security_group (None), before_response {{(pid=105385) _notify_loop /usr/local/lib/python3.8/dist-packages/neutron_lib/callbacks/manager.py:176}}
Aug 23 22:35:35.969195 dv-neutron-854233-1-hyperv neutron-server[105385]: INFO neutron.wsgi [None req-db9e058c-5fb2-42d0-b01d-93215b313f44 tempest-ServersTestJSON-1766123454 tempest-ServersTestJSON-1766123454-project] 10.222.0.67 "POST /v2.0/security-groups HTTP/1.1" status: 201 len: 1797 time: 1.9556937
Aug 23 22:35:35.973612 dv-neutron-854233-1-hyperv neutron-server[105385]: DEBUG neutron.wsgi [-] (105385) accepted ('10.222.0.67', 38004) {{(pid=105385) server /usr/local/lib/python3.8/dist-packages/eventlet/wsgi.py:1004}}
Aug 23 22:35:36.027402 dv-neutron-854233-1-hyperv neutron-server[105388]: DEBUG neutron.api.rpc.handlers.resources_rpc [None req-85ab5096-ad0c-44a3-8c7e-82d7870cf0a1 None None] Pushing event updated for resources: {'Port': ['ID=d2f49418-0867-403e-a622-1299149dac0c,revision_number=4']} {{(pid=105388) push /opt/stack/neutron/neutron/api/rpc/handlers/resources_rpc.py:237}}
Aug 23 22:35:36.036462 dv-neutron-854233-1-hyperv neutron-server[105386]: INFO neutron.wsgi [None req-dbe0f295-8ca8-4771-99e9-ed8860b53c99 tempest-DHCPAgentSchedulersTestJSON-2019276172 tempest-DHCPAgentSchedulersTestJSON-2019276172-project-admin] 10.222.0.67 "GET /v2.0/agents/7710c3bf-1183-486b-877b-9d4fd7aa9be7/dhcp-networks HTTP/1.1" status: 200 len: 8828 time: 1.2838163
Aug 23 22:35:36.048929 dv-neutron-854233-1-hyperv neutron-server[105386]: DEBUG neutron.wsgi [-] (105386) accepted ('10.222.0.67', 38006) {{(pid=105386) server /usr/local/lib/python3.8/dist-packages/eventlet/wsgi.py:1004}}
Aug 23 22:35:36.066219 dv-neutron-854233-1-hyperv neutron-server[105387]: DEBUG neutron.plugins.ml2.managers [None req-f34ad01b-b35f-40e6-bbda-eafc9b9755ac None None] Attempting to bind port 2c9e5222-34a5-4d18-9bf7-0c5d4ac0fecc on host dv-neutron-854233-1-hyperv for vnic_type normal with profile {{(pid=105387) bind_port /opt/stack/neutron/neutron/plugins/ml2/managers.py:811}}
Aug 23 22:35:36.066595 dv-neutron-854233-1-hyperv neutron-server[105387]: DEBUG neutron.plugins.ml2.managers [None req-f34ad01b-b35f-40e6-bbda-eafc9b9755ac None None] Attempting to bind port 2c9e5222-34a5-4d18-9bf7-0c5d4ac0fecc by drivers openvswitch,hyperv on host dv-neutron-854233-1-hyperv at level 0 using segments [{'id': '4b7c39c9-139b-4f7f-aa49-e48632948db2', 'network_type': 'vlan', 'physical_network': 'physnet1', 'segmentation_id': 732, 'network_id': '52fcff4a-1718-4d52-96a8-e97ded90a654'}] {{(pid=105387) _bind_port_level /opt/stack/neutron/neutron/plugins/ml2/managers.py:836}}
Aug 23 22:35:36.066963 dv-neutron-854233-1-hyperv neutron-server[105387]: DEBUG neutron.plugins.ml2.drivers.mech_agent [None req-f34ad01b-b35f-40e6-bbda-eafc9b9755ac None None] Attempting to bind port 2c9e5222-34a5-4d18-9bf7-0c5d4ac0fecc on network 52fcff4a-1718-4d52-96a8-e97ded90a654 {{(pid=105387) bind_port /opt/stack/neutron/neutron/plugins/ml2/drivers/mech_agent.py:91}}
Aug 23 22:35:36.079790 dv-neutron-854233-1-hyperv neutron-server[105387]: DEBUG neutron.plugins.ml2.db [None req-499d8a97-f392-4f89-a048-f30c02822387 None None] For port e55a6a6f-ae57-43fb-a7a3-06ab7b384221, host dv-neutron-854233-1-hyperv, cleared binding levels {{(pid=105387) clear_binding_levels /opt/stack/neutron/neutron/plugins/ml2/db.py:87}}
Aug 23 22:35:36.088063 dv-neutron-854233-1-hyperv neutron-server[105387]: DEBUG neutron.plugins.ml2.db [None req-499d8a97-f392-4f89-a048-f30c02822387 None None] For port e55a6a6f-ae57-43fb-a7a3-06ab7b384221, host dv-neutron-854233-1-hyperv, set binding levels [PortBindingLevel(driver='openvswitch',host='dv-neutron-854233-1-hyperv',level=0,port_id=e55a6a6f-ae57-43fb-a7a3-06ab7b384221,segment=NetworkSegment(7ec4cf89-cec3-4fa3-93a7-82ce70da7b11),segment_id=7ec4cf89-cec3-4fa3-93a7-82ce70da7b11)] {{(pid=105387) set_binding_levels /opt/stack/neutron/neutron/plugins/ml2/db.py:59}}
Aug 23 22:35:36.156035 dv-neutron-854233-1-hyperv neutron-server[105387]: DEBUG neutron.plugins.ml2.drivers.mech_agent [None req-f34ad01b-b35f-40e6-bbda-eafc9b9755ac None None] Checking agent: {'id': '23abad8c-6754-4bf0-b3b3-faf3e55640d7', 'agent_type': 'Open vSwitch agent', 'binary': 'neutron-openvswitch-agent', 'topic': 'N/A', 'host': 'dv-neutron-854233-1-hyperv', 'admin_state_up': True, 'created_at': datetime.datetime(2022, 8, 23, 22, 26, 25), 'started_at': datetime.datetime(2022, 8, 23, 22, 26, 55), 'heartbeat_timestamp': datetime.datetime(2022, 8, 23, 22, 35, 25), 'description': None, 'resources_synced': None, 'availability_zone': None, 'alive': True, 'configurations': {'arp_responder_enabled': False, 'baremetal_smartnic': False, 'bridge_mappings': {'physnet1': 'br-data'}, 'datapath_type': 'system', 'devices': 0, 'enable_distributed_routing': False, 'extensions': [], 'in_distributed_mode': False, 'integration_bridge': 'br-int', 'l2_population': False, 'log_agent_heartbeats': False, 'ovs_capabilities': {'datapath_types': ['netdev', 'system'], 'iface_types': ['erspan', 'geneve', 'gre', 'internal', 'ip6erspan', 'ip6gre', 'lisp', 'patch', 'stt', 'system', 'tap', 'vxlan']}, 'ovs_hybrid_plug': False, 'resource_provider_bandwidths': {}, 'resource_provider_hypervisors': {'br-data': 'dv-neutron-854233-1-hyperv'}, 'resource_provider_inventory_defaults': {'allocation_ratio': 1.0, 'min_unit': 1, 'step_size': 1, 'reserved': 0}, 'resource_provider_packet_processing_inventory_defaults': {'allocation_ratio': 1.0, 'min_unit': 1, 'step_size': 1, 'reserved': 0}, 'resource_provider_packet_processing_with_direction': {}, 'resource_provider_packet_processing_without_direction': {}, 'tunnel_types': [], 'tunneling_ip': None, 'vhostuser_socket_dir': '/var/run/openvswitch'}, 'resource_versions': {'AddressGroup': '1.2', 'ConntrackHelper': '1.0', 'LocalIPAssociation': '1.0', 'Log': '1.0', 'Network': '1.1', 'Port': '1.7', 'PortForwarding': '1.2', 'QosPolicy': '1.10', 'SecurityGroup': '1.5', 'SecurityGroupRule': '1.2', 'SubPort': '1.0', 'Subnet': '1.1', 'Trunk': '1.1'}} {{(pid=105387) bind_port /opt/stack/neutron/neutron/plugins/ml2/drivers/mech_agent.py:110}}
Aug 23 22:35:36.156686 dv-neutron-854233-1-hyperv neutron-server[105387]: DEBUG neutron.plugins.ml2.drivers.mech_agent [None req-f34ad01b-b35f-40e6-bbda-eafc9b9755ac None None] Checking segment: {'id': '4b7c39c9-139b-4f7f-aa49-e48632948db2', 'network_type': 'vlan', 'physical_network': 'physnet1', 'segmentation_id': 732, 'network_id': '52fcff4a-1718-4d52-96a8-e97ded90a654'} for mappings: {'physnet1': 'br-data'} with network types: ['local', 'flat', 'vlan'] {{(pid=105387) check_segment_for_agent /opt/stack/neutron/neutron/plugins/ml2/drivers/mech_agent.py:373}}
Aug 23 22:35:36.157269 dv-neutron-854233-1-hyperv neutron-server[105387]: DEBUG neutron_lib.callbacks.manager [None req-f34ad01b-b35f-40e6-bbda-eafc9b9755ac None None] Publish callbacks [] for ovs_bridge_name (None), before_read {{(pid=105387) _notify_loop /usr/local/lib/python3.8/dist-packages/neutron_lib/callbacks/manager.py:176}}
Aug 23 22:35:36.157914 dv-neutron-854233-1-hyperv neutron-server[105387]: DEBUG neutron.plugins.ml2.drivers.mech_agent [None req-f34ad01b-b35f-40e6-bbda-eafc9b9755ac None None] Bound using segment: {'id': '4b7c39c9-139b-4f7f-aa49-e48632948db2', 'network_type': 'vlan', 'physical_network': 'physnet1', 'segmentation_id': 732, 'network_id': '52fcff4a-1718-4d52-96a8-e97ded90a654'} {{(pid=105387) bind_port /opt/stack/neutron/neutron/plugins/ml2/drivers/mech_agent.py:120}}
Aug 23 22:35:36.158702 dv-neutron-854233-1-hyperv neutron-server[105387]: DEBUG neutron.plugins.ml2.managers [None req-f34ad01b-b35f-40e6-bbda-eafc9b9755ac None None] Bound port: 2c9e5222-34a5-4d18-9bf7-0c5d4ac0fecc, host: dv-neutron-854233-1-hyperv, vif_type: ovs, vif_details: {"connectivity": "l2", "port_filter": true, "ovs_hybrid_plug": false, "datapath_type": "system", "bridge_name": "br-int"}, binding_levels: [{'bound_driver': 'openvswitch', 'bound_segment': {'id': '4b7c39c9-139b-4f7f-aa49-e48632948db2', 'network_type': 'vlan', 'physical_network': 'physnet1', 'segmentation_id': 732, 'network_id': '52fcff4a-1718-4d52-96a8-e97ded90a654'}}] {{(pid=105387) _bind_port_level /opt/stack/neutron/neutron/plugins/ml2/managers.py:948}}
Aug 23 22:35:36.159320 dv-neutron-854233-1-hyperv neutron-server[105387]: DEBUG neutron_lib.callbacks.manager [None req-f34ad01b-b35f-40e6-bbda-eafc9b9755ac None None] Publish callbacks ['neutron.plugins.ml2.plugin.SecurityGroupDbMixin._ensure_default_security_group_handler-699799'] for port (2c9e5222-34a5-4d18-9bf7-0c5d4ac0fecc), before_update {{(pid=105387) _notify_loop /usr/local/lib/python3.8/dist-packages/neutron_lib/callbacks/manager.py:176}}
Aug 23 22:35:36.167396 dv-neutron-854233-1-hyperv neutron-server[105387]: DEBUG neutron.plugins.ml2.plugin [None req-bd224cb1-dbe2-4b26-810e-78d3722c34ad None None] Current status of the port fb091ccd-8dc1-41ec-a40b-3cb6160267d3 is: ACTIVE; New status is: ACTIVE {{(pid=105387) _update_individual_port_db_status /opt/stack/neutron/neutron/plugins/ml2/plugin.py:2268}}
Aug 23 22:35:36.168696 dv-neutron-854233-1-hyperv neutron-server[105387]: DEBUG neutron.plugins.ml2.rpc [None req-bd224cb1-dbe2-4b26-810e-78d3722c34ad None None] Device 6b467325-db59-4a7b-bfe2-39a27e8adcef up at agent ovs-agent-dv-neutron-854233-1-hyperv {{(pid=105387) update_device_up /opt/stack/neutron/neutron/plugins/ml2/rpc.py:296}}
Aug 23 22:35:36.264802 dv-neutron-854233-1-hyperv neutron-server[105387]: DEBUG neutron_lib.callbacks.manager [None req-499d8a97-f392-4f89-a048-f30c02822387 None None] Publish callbacks ['neutron.plugins.ml2.plugin.SecurityGroupServerNotifierRpcMixin._notify_sg_on_port_change-747285', 'neutron.plugins.ml2.ovo_rpc._ObjectChangeHandler.handle_event-33425784', 'neutron.api.rpc.agentnotifiers.dhcp_rpc_agent_api.DhcpAgentNotifyAPI._native_event_send_dhcp_notification-33242031', 'neutron.db.l3_db.L3RpcNotifierMixin._notify_gateway_port_ip_changed-8750006136926', 'neutron.db.l3_dvrscheduler_db._notify_l3_agent_port_update-8750005564088', 'neutron.db.l3_hascheduler_db._notify_l3_agent_ha_port_update-8750005564106'] for port (e55a6a6f-ae57-43fb-a7a3-06ab7b384221), after_update {{(pid=105387) _notify_loop /usr/local/lib/python3.8/dist-packages/neutron_lib/callbacks/manager.py:176}}
Aug 23 22:35:36.282570 dv-neutron-854233-1-hyperv neutron-server[105387]: DEBUG neutron.api.rpc.handlers.resources_rpc [None req-191dd678-6124-41d1-ad86-133887570b4e None None] Pushing event updated for resources: {'Port': ['ID=2c9e5222-34a5-4d18-9bf7-0c5d4ac0fecc,revision_number=3']} {{(pid=105387) push /opt/stack/neutron/neutron/api/rpc/handlers/resources_rpc.py:237}}
Aug 23 22:35:36.338557 dv-neutron-854233-1-hyperv neutron-server[105388]: DEBUG neutron.db.l3_dvr_db [None req-9240be87-0f95-4de9-8fc9-69c6b862b871 None None] Set router d9f23008-5ffa-4f06-b2f1-d785085bca55 gateway port host: dv-neutron-854233-1-hyperv {{(pid=105388) _build_routers_list /opt/stack/neutron/neutron/db/l3_dvr_db.py:906}}
Aug 23 22:35:36.416358 dv-neutron-854233-1-hyperv neutron-server[105385]: DEBUG neutron.scheduler.base_scheduler [None req-34cd1755-bee0-44e0-b690-3814e6706e9a tempest-ExternalNetworksTestJSON-1783453863 tempest-ExternalNetworksTestJSON-1783453863-project-admin] Resources bound (agent type, host, resource id): {{(pid=105385) schedule /opt/stack/neutron/neutron/scheduler/base_scheduler.py:57}}
Aug 23 22:35:36.434057 dv-neutron-854233-1-hyperv neutron-server[105385]: DEBUG neutron.db.l3_dvrscheduler_db [None req-34cd1755-bee0-44e0-b690-3814e6706e9a tempest-ExternalNetworksTestJSON-1783453863 tempest-ExternalNetworksTestJSON-1783453863-project-admin] Received port after_create {{(pid=105385) _notify_l3_agent_new_port /opt/stack/neutron/neutron/db/l3_dvrscheduler_db.py:532}}
Aug 23 22:35:36.454803 dv-neutron-854233-1-hyperv neutron-server[105385]: DEBUG neutron.api.v2.base [None req-6714557d-b528-4af0-a22e-e2cd263bb25a tempest-ServersTestJSON-1766123454 tempest-ServersTestJSON-1766123454-project] Request body: {'security_group_rule': {'security_group_id': 'b370f8bd-68e1-4869-9275-d80c9d64bdad', 'protocol': 'tcp', 'ethertype': 'IPv4', 'port_range_min': 22, 'port_range_max': 22, 'direction': 'ingress'}} {{(pid=105385) prepare_request_body /opt/stack/neutron/neutron/api/v2/base.py:730}}
Aug 23 22:35:36.483347 dv-neutron-854233-1-hyperv neutron-server[105386]: DEBUG neutron.scheduler.dhcp_agent_scheduler [None req-bee80f9a-da4b-4097-88ca-84dee0329463 tempest-DHCPAgentSchedulersTestJSON-2019276172 tempest-DHCPAgentSchedulersTestJSON-2019276172-project-admin] Network a7f7ef1e-255d-4c3e-9e35-63dc6a2073d5 is scheduled to be hosted by DHCP agent 7710c3bf-1183-486b-877b-9d4fd7aa9be7 with binding_index 1 {{(pid=105386) bind /opt/stack/neutron/neutron/scheduler/dhcp_agent_scheduler.py:227}}
Aug 23 22:35:36.495799 dv-neutron-854233-1-hyperv neutron-server[105385]: DEBUG neutron.api.rpc.handlers.resources_rpc [None req-34cd1755-bee0-44e0-b690-3814e6706e9a tempest-ExternalNetworksTestJSON-1783453863 tempest-ExternalNetworksTestJSON-1783453863-project-admin] Pushing event updated for resources: {'Port': ['ID=a75d5b35-71a6-4f29-b072-463a90b7025f,revision_number=1']} {{(pid=105385) push /opt/stack/neutron/neutron/api/rpc/handlers/resources_rpc.py:237}}
Aug 23 22:35:36.565102 dv-neutron-854233-1-hyperv neutron-server[105387]: DEBUG neutron.api.rpc.handlers.resources_rpc [None req-499d8a97-f392-4f89-a048-f30c02822387 None None] Pushing event updated for resources: {'Port': ['ID=e55a6a6f-ae57-43fb-a7a3-06ab7b384221,revision_number=2']} {{(pid=105387) push /opt/stack/neutron/neutron/api/rpc/handlers/resources_rpc.py:237}}
Aug 23 22:35:36.599045 dv-neutron-854233-1-hyperv neutron-server[105385]: DEBUG neutron_lib.callbacks.manager [None req-34cd1755-bee0-44e0-b690-3814e6706e9a tempest-ExternalNetworksTestJSON-1783453863 tempest-ExternalNetworksTestJSON-1783453863-project-admin] Publish callbacks [] for floatingip (80c74a9b-cd15-4722-935c-41700e82a007), precommit_create {{(pid=105385) _notify_loop /usr/local/lib/python3.8/dist-packages/neutron_lib/callbacks/manager.py:176}}
Aug 23 22:35:36.603308 dv-neutron-854233-1-hyperv neutron-server[105387]: DEBUG neutron.db.provisioning_blocks [None req-bd224cb1-dbe2-4b26-810e-78d3722c34ad None None] Provisioning complete for port 6b467325-db59-4a7b-bfe2-39a27e8adcef triggered by entity L2. {{(pid=105387) provisioning_complete /opt/stack/neutron/neutron/db/provisioning_blocks.py:140}}
Aug 23 22:35:36.605266 dv-neutron-854233-1-hyperv neutron-server[105387]: DEBUG neutron_lib.callbacks.manager [None req-bd224cb1-dbe2-4b26-810e-78d3722c34ad None None] Publish callbacks ['neutron.plugins.ml2.plugin.Ml2Plugin._port_provisioned-559152'] for port (6b467325-db59-4a7b-bfe2-39a27e8adcef), provisioning_complete {{(pid=105387) _notify_loop /usr/local/lib/python3.8/dist-packages/neutron_lib/callbacks/manager.py:176}}
Aug 23 22:35:36.645513 dv-neutron-854233-1-hyperv neutron-server[105386]: INFO neutron.wsgi [None req-bee80f9a-da4b-4097-88ca-84dee0329463 tempest-DHCPAgentSchedulersTestJSON-2019276172 tempest-DHCPAgentSchedulersTestJSON-2019276172-project-admin] 10.222.0.67 "POST /v2.0/agents/7710c3bf-1183-486b-877b-9d4fd7aa9be7/dhcp-networks HTTP/1.1" status: 201 len: 201 time: 0.5949419
Aug 23 22:35:36.648620 dv-neutron-854233-1-hyperv neutron-server[105386]: DEBUG neutron.wsgi [-] (105386) accepted ('10.222.0.67', 38014) {{(pid=105386) server /usr/local/lib/python3.8/dist-packages/eventlet/wsgi.py:1004}}
Aug 23 22:35:36.680814 dv-neutron-854233-1-hyperv neutron-server[105387]: DEBUG neutron.plugins.ml2.db [None req-f34ad01b-b35f-40e6-bbda-eafc9b9755ac None None] For port 2c9e5222-34a5-4d18-9bf7-0c5d4ac0fecc, host dv-neutron-854233-1-hyperv, cleared binding levels {{(pid=105387) clear_binding_levels /opt/stack/neutron/neutron/plugins/ml2/db.py:87}}
Aug 23 22:35:36.693385 dv-neutron-854233-1-hyperv neutron-server[105387]: DEBUG neutron.api.rpc.handlers.dhcp_rpc [None req-9f84fb2a-8c8a-484c-952c-8e5f3748ce7b None None] Network a7f7ef1e-255d-4c3e-9e35-63dc6a2073d5 requested from dv-neutron-854233-1-hyperv {{(pid=105387) get_network_info /opt/stack/neutron/neutron/api/rpc/handlers/dhcp_rpc.py:191}}
Aug 23 22:35:36.726381 dv-neutron-854233-1-hyperv neutron-server[105387]: DEBUG neutron.plugins.ml2.db [None req-f34ad01b-b35f-40e6-bbda-eafc9b9755ac None None] For port 2c9e5222-34a5-4d18-9bf7-0c5d4ac0fecc, host dv-neutron-854233-1-hyperv, set binding levels [PortBindingLevel(driver='openvswitch',host='dv-neutron-854233-1-hyperv',level=0,port_id=2c9e5222-34a5-4d18-9bf7-0c5d4ac0fecc,segment=NetworkSegment(4b7c39c9-139b-4f7f-aa49-e48632948db2),segment_id=4b7c39c9-139b-4f7f-aa49-e48632948db2)] {{(pid=105387) set_binding_levels /opt/stack/neutron/neutron/plugins/ml2/db.py:59}}
Aug 23 22:35:36.789861 dv-neutron-854233-1-hyperv neutron-server[105385]: DEBUG neutron_lib.callbacks.manager [None req-04cdb082-4700-47b3-a238-4d30da3714ce tempest-ServersTestManualDisk-2100386721 tempest-ServersTestManualDisk-2100386721-project] Publish callbacks [] for security_group_rule (5d0ce709-a78f-477c-b12d-fc00c6f1ed3f), before_create {{(pid=105385) _notify_loop /usr/local/lib/python3.8/dist-packages/neutron_lib/callbacks/manager.py:176}}
Aug 23 22:35:36.864377 dv-neutron-854233-1-hyperv neutron-server[105386]: DEBUG neutron_lib.callbacks.manager [None req-d55f5caa-2767-4094-a37d-1e6c20240d0f tempest-RoutersNegativeIpV6Test-688763297 tempest-RoutersNegativeIpV6Test-688763297-project] Publish callbacks ['neutron.plugins.ml2.ovo_rpc._ObjectChangeHandler.handle_event-33230801', 'neutron.api.rpc.agentnotifiers.dhcp_rpc_agent_api.DhcpAgentNotifyAPI._native_event_send_dhcp_notification-33242031', 'neutron.services.segments.plugin.NovaSegmentNotifier._notify_subnet_created-30558268', 'neutron.services.segments.plugin.SegmentHostRoutes.host_routes_after_create-30667440'] for subnet (64615bd3-8b63-45f3-88f4-7749c2ff2eb9), after_create {{(pid=105386) _notify_loop /usr/local/lib/python3.8/dist-packages/neutron_lib/callbacks/manager.py:176}}
