Aug 26 07:50:06.026910 dv-neutron-854191-6-hyperv devstack@keystone.service[81846]: DEBUG keystone.common.rbac_enforcer.enforcer [None req-f5c9bbb5-a5ba-4ae8-be5e-4918d1126def None admin] RBAC: Adding query filter params (name=admin) {{(pid=81846) _extract_filter_values /opt/stack/keystone/keystone/common/rbac_enforcer/enforcer.py:167}}
Aug 26 07:50:06.027212 dv-neutron-854191-6-hyperv devstack@keystone.service[81846]: DEBUG keystone.common.rbac_enforcer.enforcer [None req-f5c9bbb5-a5ba-4ae8-be5e-4918d1126def None admin] RBAC: Authorizing `identity:list_roles()` {{(pid=81846) enforce_call /opt/stack/keystone/keystone/common/rbac_enforcer/enforcer.py:449}}
Aug 26 07:50:06.028808 dv-neutron-854191-6-hyperv devstack@keystone.service[81846]: DEBUG keystone.common.rbac_enforcer.enforcer [None req-f5c9bbb5-a5ba-4ae8-be5e-4918d1126def None admin] RBAC: Authorization granted {{(pid=81846) enforce_call /opt/stack/keystone/keystone/common/rbac_enforcer/enforcer.py:457}}
Aug 26 07:50:06.041318 dv-neutron-854191-6-hyperv devstack@keystone.service[81846]: [pid: 81846|app: 0|req: 112/222] 10.222.0.58 () {56 vars in 1099 bytes} [Fri Aug 26 07:50:05 2022] GET /identity/v3/roles?name=admin => generated 339 bytes in 192 msecs (HTTP/1.1 200) 5 headers in 177 bytes (1 switches on core 0)
Aug 26 07:50:06.046222 dv-neutron-854191-6-hyperv devstack@keystone.service[81846]: DEBUG keystone.server.flask.request_processing.middleware.auth_context [None req-f5c9bbb5-a5ba-4ae8-be5e-4918d1126def None admin] Authenticating user token {{(pid=81846) process_request /usr/local/lib/python3.8/dist-packages/keystonemiddleware/auth_token/__init__.py:407}}
Aug 26 07:50:06.053145 dv-neutron-854191-6-hyperv devstack@keystone.service[81846]: DEBUG dbcounter [-] [81846] Writing DB stats keystone:SELECT=100 {{(pid=81846) stat_writer /usr/local/lib/python3.8/dist-packages/dbcounter.py:114}}
Aug 26 07:50:06.074891 dv-neutron-854191-6-hyperv devstack@keystone.service[81845]: DEBUG dbcounter [-] [81845] Writing DB stats keystone:SELECT=97,keystone:INSERT=3 {{(pid=81845) stat_writer /usr/local/lib/python3.8/dist-packages/dbcounter.py:114}}
Aug 26 07:50:06.136899 dv-neutron-854191-6-hyperv devstack@keystone.service[81845]: [pid: 81845|app: 0|req: 111/223] 10.222.0.58 () {58 vars in 1024 bytes} [Fri Aug 26 07:50:05 2022] POST /identity/v3/auth/tokens => generated 799 bytes in 152 msecs (HTTP/1.1 201) 6 headers in 363 bytes (1 switches on core 0)
Aug 26 07:50:06.148428 dv-neutron-854191-6-hyperv devstack@keystone.service[81845]: DEBUG keystone.server.flask.request_processing.middleware.auth_context [None req-1217b95f-45f7-4a24-a9f9-432dde487ab7 None None] Authenticating user token {{(pid=81845) process_request /usr/local/lib/python3.8/dist-packages/keystonemiddleware/auth_token/__init__.py:407}}
Aug 26 07:50:06.191155 dv-neutron-854191-6-hyperv devstack@keystone.service[81846]: DEBUG keystone.server.flask.request_processing.middleware.auth_context [None req-f5c9bbb5-a5ba-4ae8-be5e-4918d1126def None admin] Validating token access rules against request {{(pid=81846) validate_allowed_request /usr/local/lib/python3.8/dist-packages/keystonemiddleware/auth_token/__init__.py:545}}
Aug 26 07:50:06.253432 dv-neutron-854191-6-hyperv devstack@keystone.service[81846]: DEBUG keystone.server.flask.request_processing.middleware.auth_context [None req-66c7f541-f327-48e5-a827-25a113a0bbb0 None admin] RBAC: auth_context: {'token': , 'domain_id': None, 'trust_id': None, 'trustor_id': None, 'trustee_id': None, 'domain_name': None, 'group_ids': [], 'user_id': '04a58c78d1ce4a4ab0654ff859202ce0', 'user_domain_id': 'default', 'system_scope': 'all', 'project_id': None, 'project_domain_id': None, 'roles': ['admin', 'member', 'reader'], 'is_admin_project': True, 'service_user_id': None, 'service_user_domain_id': None, 'service_project_id': None, 'service_project_domain_id': None, 'service_roles': []} {{(pid=81846) fill_context /opt/stack/keystone/keystone/server/flask/request_processing/middleware/auth_context.py:478}}
Aug 26 07:50:06.254566 dv-neutron-854191-6-hyperv devstack@keystone.service[81846]: DEBUG keystone.server.flask.request_processing.req_logging [None req-66c7f541-f327-48e5-a827-25a113a0bbb0 None admin] REQUEST_METHOD: `GET` {{(pid=81846) log_request_info /opt/stack/keystone/keystone/server/flask/request_processing/req_logging.py:27}}
Aug 26 07:50:06.255515 dv-neutron-854191-6-hyperv devstack@keystone.service[81846]: DEBUG keystone.server.flask.request_processing.req_logging [None req-66c7f541-f327-48e5-a827-25a113a0bbb0 None admin] SCRIPT_NAME: `/identity` {{(pid=81846) log_request_info /opt/stack/keystone/keystone/server/flask/request_processing/req_logging.py:28}}
Aug 26 07:50:06.256242 dv-neutron-854191-6-hyperv devstack@keystone.service[81846]: DEBUG keystone.server.flask.request_processing.req_logging [None req-66c7f541-f327-48e5-a827-25a113a0bbb0 None admin] PATH_INFO: `/v3/auth/tokens` {{(pid=81846) log_request_info /opt/stack/keystone/keystone/server/flask/request_processing/req_logging.py:29}}
Aug 26 07:50:06.313407 dv-neutron-854191-6-hyperv devstack@keystone.service[81845]: DEBUG keystone.server.flask.request_processing.middleware.auth_context [None req-1217b95f-45f7-4a24-a9f9-432dde487ab7 None None] Validating token access rules against request {{(pid=81845) validate_allowed_request /usr/local/lib/python3.8/dist-packages/keystonemiddleware/auth_token/__init__.py:545}}
Aug 26 07:50:06.360545 dv-neutron-854191-6-hyperv devstack@keystone.service[81845]: DEBUG keystone.server.flask.request_processing.middleware.auth_context [None req-bfdea7c7-cbca-43ad-a7d8-76e39360c5cf None admin] RBAC: auth_context: {'token': , 'domain_id': None, 'trust_id': None, 'trustor_id': None, 'trustee_id': None, 'domain_name': None, 'group_ids': [], 'user_id': '04a58c78d1ce4a4ab0654ff859202ce0', 'user_domain_id': 'default', 'system_scope': 'all', 'project_id': None, 'project_domain_id': None, 'roles': ['admin', 'member', 'reader'], 'is_admin_project': True, 'service_user_id': None, 'service_user_domain_id': None, 'service_project_id': None, 'service_project_domain_id': None, 'service_roles': []} {{(pid=81845) fill_context /opt/stack/keystone/keystone/server/flask/request_processing/middleware/auth_context.py:478}}
Aug 26 07:50:06.361748 dv-neutron-854191-6-hyperv devstack@keystone.service[81845]: DEBUG keystone.server.flask.request_processing.req_logging [None req-bfdea7c7-cbca-43ad-a7d8-76e39360c5cf None admin] REQUEST_METHOD: `GET` {{(pid=81845) log_request_info /opt/stack/keystone/keystone/server/flask/request_processing/req_logging.py:27}}
Aug 26 07:50:06.362209 dv-neutron-854191-6-hyperv devstack@keystone.service[81845]: DEBUG keystone.server.flask.request_processing.req_logging [None req-bfdea7c7-cbca-43ad-a7d8-76e39360c5cf None admin] SCRIPT_NAME: `/identity` {{(pid=81845) log_request_info /opt/stack/keystone/keystone/server/flask/request_processing/req_logging.py:28}}
Aug 26 07:50:06.362723 dv-neutron-854191-6-hyperv devstack@keystone.service[81845]: DEBUG keystone.server.flask.request_processing.req_logging [None req-bfdea7c7-cbca-43ad-a7d8-76e39360c5cf None admin] PATH_INFO: `/v3/users/fc11b91471724fa1a606f1bc86ad4ae1` {{(pid=81845) log_request_info /opt/stack/keystone/keystone/server/flask/request_processing/req_logging.py:29}}
Aug 26 07:50:06.366080 dv-neutron-854191-6-hyperv devstack@keystone.service[81845]: DEBUG keystone.common.rbac_enforcer.enforcer [None req-bfdea7c7-cbca-43ad-a7d8-76e39360c5cf None admin] RBAC: Authorizing `identity:get_user(user_id=fc11b91471724fa1a606f1bc86ad4ae1)` {{(pid=81845) enforce_call /opt/stack/keystone/keystone/common/rbac_enforcer/enforcer.py:449}}
Aug 26 07:50:06.368014 dv-neutron-854191-6-hyperv devstack@keystone.service[81845]: DEBUG keystone.common.rbac_enforcer.enforcer [None req-bfdea7c7-cbca-43ad-a7d8-76e39360c5cf None admin] RBAC: Authorization granted {{(pid=81845) enforce_call /opt/stack/keystone/keystone/common/rbac_enforcer/enforcer.py:457}}
Aug 26 07:50:06.371234 dv-neutron-854191-6-hyperv devstack@keystone.service[81845]: [pid: 81845|app: 0|req: 112/224] 10.222.0.58 () {56 vars in 1177 bytes} [Fri Aug 26 07:50:06 2022] GET /identity/v3/users/fc11b91471724fa1a606f1bc86ad4ae1 => generated 283 bytes in 225 msecs (HTTP/1.1 200) 5 headers in 177 bytes (1 switches on core 0)
Aug 26 07:50:06.377525 dv-neutron-854191-6-hyperv devstack@keystone.service[81846]: DEBUG keystone.common.rbac_enforcer.enforcer [None req-66c7f541-f327-48e5-a827-25a113a0bbb0 None admin] RBAC: Authorizing `identity:validate_token()` {{(pid=81846) enforce_call /opt/stack/keystone/keystone/common/rbac_enforcer/enforcer.py:449}}
Aug 26 07:50:06.377922 dv-neutron-854191-6-hyperv devstack@keystone.service[81845]: DEBUG keystone.server.flask.request_processing.middleware.auth_context [None req-bfdea7c7-cbca-43ad-a7d8-76e39360c5cf None admin] Authenticating user token {{(pid=81845) process_request /usr/local/lib/python3.8/dist-packages/keystonemiddleware/auth_token/__init__.py:407}}
Aug 26 07:50:06.379101 dv-neutron-854191-6-hyperv devstack@keystone.service[81846]: DEBUG keystone.common.rbac_enforcer.enforcer [None req-66c7f541-f327-48e5-a827-25a113a0bbb0 None admin] RBAC: Authorization granted {{(pid=81846) enforce_call /opt/stack/keystone/keystone/common/rbac_enforcer/enforcer.py:457}}
Aug 26 07:50:06.383513 dv-neutron-854191-6-hyperv devstack@keystone.service[81846]: DEBUG dbcounter [-] [81846] Writing DB stats keystone:SELECT=100 {{(pid=81846) stat_writer /usr/local/lib/python3.8/dist-packages/dbcounter.py:114}}
Aug 26 07:50:06.453202 dv-neutron-854191-6-hyperv devstack@keystone.service[81845]: DEBUG dbcounter [-] [81845] Writing DB stats keystone:SELECT=100 {{(pid=81845) stat_writer /usr/local/lib/python3.8/dist-packages/dbcounter.py:114}}
Aug 26 07:50:06.562233 dv-neutron-854191-6-hyperv devstack@keystone.service[81845]: DEBUG keystone.server.flask.request_processing.middleware.auth_context [None req-bfdea7c7-cbca-43ad-a7d8-76e39360c5cf None admin] Validating token access rules against request {{(pid=81845) validate_allowed_request /usr/local/lib/python3.8/dist-packages/keystonemiddleware/auth_token/__init__.py:545}}
Aug 26 07:50:06.570637 dv-neutron-854191-6-hyperv devstack@keystone.service[81846]: [pid: 81846|app: 0|req: 113/225] 10.222.0.58 () {58 vars in 1282 bytes} [Fri Aug 26 07:50:06 2022] GET /identity/v3/auth/tokens => generated 799 bytes in 529 msecs (HTTP/1.1 200) 6 headers in 358 bytes (1 switches on core 0)
Aug 26 07:50:06.571606 dv-neutron-854191-6-hyperv devstack@keystone.service[81846]: DEBUG keystone.server.flask.request_processing.middleware.auth_context [None req-66c7f541-f327-48e5-a827-25a113a0bbb0 None admin] Authenticating user token {{(pid=81846) process_request /usr/local/lib/python3.8/dist-packages/keystonemiddleware/auth_token/__init__.py:407}}
Aug 26 07:50:06.621280 dv-neutron-854191-6-hyperv devstack@keystone.service[81845]: DEBUG keystone.server.flask.request_processing.middleware.auth_context [None req-301808e1-f097-4be0-9eec-95d6f98b0b07 None admin] RBAC: auth_context: {'token': , 'domain_id': None, 'trust_id': None, 'trustor_id': None, 'trustee_id': None, 'domain_name': None, 'group_ids': [], 'user_id': '04a58c78d1ce4a4ab0654ff859202ce0', 'user_domain_id': 'default', 'system_scope': 'all', 'project_id': None, 'project_domain_id': None, 'roles': ['admin', 'member', 'reader'], 'is_admin_project': True, 'service_user_id': None, 'service_user_domain_id': None, 'service_project_id': None, 'service_project_domain_id': None, 'service_roles': []} {{(pid=81845) fill_context /opt/stack/keystone/keystone/server/flask/request_processing/middleware/auth_context.py:478}}
Aug 26 07:50:06.621961 dv-neutron-854191-6-hyperv devstack@keystone.service[81845]: DEBUG keystone.server.flask.request_processing.req_logging [None req-301808e1-f097-4be0-9eec-95d6f98b0b07 None admin] REQUEST_METHOD: `GET` {{(pid=81845) log_request_info /opt/stack/keystone/keystone/server/flask/request_processing/req_logging.py:27}}
Aug 26 07:50:06.622241 dv-neutron-854191-6-hyperv devstack@keystone.service[81845]: DEBUG keystone.server.flask.request_processing.req_logging [None req-301808e1-f097-4be0-9eec-95d6f98b0b07 None admin] SCRIPT_NAME: `/identity` {{(pid=81845) log_request_info /opt/stack/keystone/keystone/server/flask/request_processing/req_logging.py:28}}
Aug 26 07:50:06.622512 dv-neutron-854191-6-hyperv devstack@keystone.service[81845]: DEBUG keystone.server.flask.request_processing.req_logging [None req-301808e1-f097-4be0-9eec-95d6f98b0b07 None admin] PATH_INFO: `/v3/projects/40d5103567e345fab031f6c930c4dc2c` {{(pid=81845) log_request_info /opt/stack/keystone/keystone/server/flask/request_processing/req_logging.py:29}}
Aug 26 07:50:06.623696 dv-neutron-854191-6-hyperv devstack@keystone.service[81845]: DEBUG keystone.common.rbac_enforcer.enforcer [None req-301808e1-f097-4be0-9eec-95d6f98b0b07 None admin] RBAC: Authorizing `identity:get_project(project_id=40d5103567e345fab031f6c930c4dc2c)` {{(pid=81845) enforce_call /opt/stack/keystone/keystone/common/rbac_enforcer/enforcer.py:449}}
Aug 26 07:50:06.625300 dv-neutron-854191-6-hyperv devstack@keystone.service[81845]: DEBUG keystone.common.rbac_enforcer.enforcer [None req-301808e1-f097-4be0-9eec-95d6f98b0b07 None admin] RBAC: Authorization granted {{(pid=81845) enforce_call /opt/stack/keystone/keystone/common/rbac_enforcer/enforcer.py:457}}
Aug 26 07:50:06.627014 dv-neutron-854191-6-hyperv devstack@keystone.service[81845]: [pid: 81845|app: 0|req: 113/226] 10.222.0.58 () {56 vars in 1186 bytes} [Fri Aug 26 07:50:06 2022] GET /identity/v3/projects/40d5103567e345fab031f6c930c4dc2c => generated 302 bytes in 250 msecs (HTTP/1.1 200) 5 headers in 177 bytes (1 switches on core 0)
Aug 26 07:50:06.632525 dv-neutron-854191-6-hyperv devstack@keystone.service[81845]: DEBUG keystone.server.flask.request_processing.middleware.auth_context [None req-301808e1-f097-4be0-9eec-95d6f98b0b07 None admin] Authenticating user token {{(pid=81845) process_request /usr/local/lib/python3.8/dist-packages/keystonemiddleware/auth_token/__init__.py:407}}
Aug 26 07:50:06.717676 dv-neutron-854191-6-hyperv devstack@keystone.service[81846]: DEBUG keystone.server.flask.request_processing.middleware.auth_context [None req-66c7f541-f327-48e5-a827-25a113a0bbb0 None admin] Validating token access rules against request {{(pid=81846) validate_allowed_request /usr/local/lib/python3.8/dist-packages/keystonemiddleware/auth_token/__init__.py:545}}
Aug 26 07:50:06.726199 dv-neutron-854191-6-hyperv devstack@keystone.service[81846]: DEBUG dbcounter [-] [81846] Writing DB stats keystone:SELECT=100 {{(pid=81846) stat_writer /usr/local/lib/python3.8/dist-packages/dbcounter.py:114}}
Aug 26 07:50:06.755686 dv-neutron-854191-6-hyperv devstack@keystone.service[81846]: DEBUG keystone.server.flask.request_processing.middleware.auth_context [None req-7efc8523-82ce-46db-b5b5-8c4327fb8d1e None admin] RBAC: auth_context: {'token': , 'domain_id': None, 'trust_id': None, 'trustor_id': None, 'trustee_id': None, 'domain_name': None, 'group_ids': [], 'user_id': '04a58c78d1ce4a4ab0654ff859202ce0', 'user_domain_id': 'default', 'system_scope': 'all', 'project_id': None, 'project_domain_id': None, 'roles': ['admin', 'member', 'reader'], 'is_admin_project': True, 'service_user_id': None, 'service_user_domain_id': None, 'service_project_id': None, 'service_project_domain_id': None, 'service_roles': []} {{(pid=81846) fill_context /opt/stack/keystone/keystone/server/flask/request_processing/middleware/auth_context.py:478}}
Aug 26 07:50:06.756446 dv-neutron-854191-6-hyperv devstack@keystone.service[81845]: DEBUG keystone.server.flask.request_processing.middleware.auth_context [None req-301808e1-f097-4be0-9eec-95d6f98b0b07 None admin] Validating token access rules against request {{(pid=81845) validate_allowed_request /usr/local/lib/python3.8/dist-packages/keystonemiddleware/auth_token/__init__.py:545}}
Aug 26 07:50:06.756841 dv-neutron-854191-6-hyperv devstack@keystone.service[81846]: DEBUG keystone.server.flask.request_processing.req_logging [None req-7efc8523-82ce-46db-b5b5-8c4327fb8d1e None admin] REQUEST_METHOD: `GET` {{(pid=81846) log_request_info /opt/stack/keystone/keystone/server/flask/request_processing/req_logging.py:27}}
Aug 26 07:50:06.756841 dv-neutron-854191-6-hyperv devstack@keystone.service[81846]: DEBUG keystone.server.flask.request_processing.req_logging [None req-7efc8523-82ce-46db-b5b5-8c4327fb8d1e None admin] SCRIPT_NAME: `/identity` {{(pid=81846) log_request_info /opt/stack/keystone/keystone/server/flask/request_processing/req_logging.py:28}}
Aug 26 07:50:06.756841 dv-neutron-854191-6-hyperv devstack@keystone.service[81846]: DEBUG keystone.server.flask.request_processing.req_logging [None req-7efc8523-82ce-46db-b5b5-8c4327fb8d1e None admin] PATH_INFO: `/v3/roles/anotherrole` {{(pid=81846) log_request_info /opt/stack/keystone/keystone/server/flask/request_processing/req_logging.py:29}}
Aug 26 07:50:06.758086 dv-neutron-854191-6-hyperv devstack@keystone.service[81845]: DEBUG dbcounter [-] [81845] Writing DB stats keystone:SELECT=100 {{(pid=81845) stat_writer /usr/local/lib/python3.8/dist-packages/dbcounter.py:114}}
Aug 26 07:50:06.771418 dv-neutron-854191-6-hyperv devstack@keystone.service[81846]: DEBUG keystone.common.rbac_enforcer.enforcer [None req-7efc8523-82ce-46db-b5b5-8c4327fb8d1e None admin] Extracting inferred target data resulted in "NOT FOUND (404)". {{(pid=81846) enforce_call /opt/stack/keystone/keystone/common/rbac_enforcer/enforcer.py:409}}
Aug 26 07:50:06.776740 dv-neutron-854191-6-hyperv devstack@keystone.service[81846]: ERROR keystone.server.flask.application [None req-7efc8523-82ce-46db-b5b5-8c4327fb8d1e None admin] Could not find role: anotherrole.: keystone.exception.RoleNotFound: Could not find role: anotherrole.
Aug 26 07:50:06.776740 dv-neutron-854191-6-hyperv devstack@keystone.service[81846]: ERROR keystone.server.flask.application
Traceback (most recent call last):
Aug 26 07:50:06.776740 dv-neutron-854191-6-hyperv devstack@keystone.service[81846]: ERROR keystone.server.flask.application
File "/usr/local/lib/python3.8/dist-packages/flask/app.py", line 1820, in full_dispatch_request
Aug 26 07:50:06.776740 dv-neutron-854191-6-hyperv devstack@keystone.service[81846]: ERROR keystone.server.flask.application rv = self.dispatch_request()
Aug 26 07:50:06.776740 dv-neutron-854191-6-hyperv devstack@keystone.service[81846]: ERROR keystone.server.flask.application
File "/usr/local/lib/python3.8/dist-packages/flask/app.py", line 1796, in dispatch_request
Aug 26 07:50:06.776740 dv-neutron-854191-6-hyperv devstack@keystone.service[81846]: ERROR keystone.server.flask.application return self.ensure_sync(self.view_functions[rule.endpoint])(**view_args)
Aug 26 07:50:06.776740 dv-neutron-854191-6-hyperv devstack@keystone.service[81846]: ERROR keystone.server.flask.application
File "/usr/local/lib/python3.8/dist-packages/flask_restful/__init__.py", line 467, in wrapper
Aug 26 07:50:06.776740 dv-neutron-854191-6-hyperv devstack@keystone.service[81846]: ERROR keystone.server.flask.application resp = resource(*args, **kwargs)
Aug 26 07:50:06.776740 dv-neutron-854191-6-hyperv devstack@keystone.service[81846]: ERROR keystone.server.flask.application
File "/usr/local/lib/python3.8/dist-packages/flask/views.py", line 107, in view
Aug 26 07:50:06.776740 dv-neutron-854191-6-hyperv devstack@keystone.service[81846]: ERROR keystone.server.flask.application return current_app.ensure_sync(self.dispatch_request)(**kwargs)
Aug 26 07:50:06.776740 dv-neutron-854191-6-hyperv devstack@keystone.service[81846]: ERROR keystone.server.flask.application
File "/usr/local/lib/python3.8/dist-packages/flask_restful/__init__.py", line 582, in dispatch_request
Aug 26 07:50:06.776740 dv-neutron-854191-6-hyperv devstack@keystone.service[81846]: ERROR keystone.server.flask.application resp = meth(*args, **kwargs)
Aug 26 07:50:06.776740 dv-neutron-854191-6-hyperv devstack@keystone.service[81846]: ERROR keystone.server.flask.application
File "/opt/stack/keystone/keystone/api/roles.py", line 50, in get
Aug 26 07:50:06.776740 dv-neutron-854191-6-hyperv devstack@keystone.service[81846]: ERROR keystone.server.flask.application return self._get_role(role_id)
Aug 26 07:50:06.776740 dv-neutron-854191-6-hyperv devstack@keystone.service[81846]: ERROR keystone.server.flask.application
File "/opt/stack/keystone/keystone/api/roles.py", line 70, in _get_role
Aug 26 07:50:06.776740 dv-neutron-854191-6-hyperv devstack@keystone.service[81846]: ERROR keystone.server.flask.application ENFORCER.enforce_call(action='identity:get_role')
Aug 26 07:50:06.779372 dv-neutron-854191-6-hyperv devstack@keystone.service[81846]: ERROR keystone.server.flask.application
File "/opt/stack/keystone/keystone/common/rbac_enforcer/enforcer.py", line 402, in enforce_call
Aug 26 07:50:06.779372 dv-neutron-854191-6-hyperv devstack@keystone.service[81846]: ERROR keystone.server.flask.application policy_dict.update(cls._extract_member_target_data(
Aug 26 07:50:06.779372 dv-neutron-854191-6-hyperv devstack@keystone.service[81846]: ERROR keystone.server.flask.application
File "/opt/stack/keystone/keystone/common/rbac_enforcer/enforcer.py", line 234, in _extract_member_target_data
Aug 26 07:50:06.779372 dv-neutron-854191-6-hyperv devstack@keystone.service[81846]: ERROR keystone.server.flask.application member_name: func(flask.request.view_args[key])
Aug 26 07:50:06.779372 dv-neutron-854191-6-hyperv devstack@keystone.service[81846]: ERROR keystone.server.flask.application
File "/opt/stack/keystone/keystone/common/manager.py", line 115, in wrapped
Aug 26 07:50:06.779372 dv-neutron-854191-6-hyperv devstack@keystone.service[81846]: ERROR keystone.server.flask.application __ret_val = __f(*args, **kwargs)
Aug 26 07:50:06.779372 dv-neutron-854191-6-hyperv devstack@keystone.service[81846]: ERROR keystone.server.flask.application
File "/usr/local/lib/python3.8/dist-packages/decorator.py", line 232, in fun
Aug 26 07:50:06.779372 dv-neutron-854191-6-hyperv devstack@keystone.service[81846]: ERROR keystone.server.flask.application return caller(func, *(extras + args), **kw)
Aug 26 07:50:06.779372 dv-neutron-854191-6-hyperv devstack@keystone.service[81846]: ERROR keystone.server.flask.application
File "/usr/local/lib/python3.8/dist-packages/dogpile/cache/region.py", line 1577, in get_or_create_for_user_func
Aug 26 07:50:06.779372 dv-neutron-854191-6-hyperv devstack@keystone.service[81846]: ERROR keystone.server.flask.application return self.get_or_create(
Aug 26 07:50:06.779372 dv-neutron-854191-6-hyperv devstack@keystone.service[81846]: ERROR keystone.server.flask.application
File "/usr/local/lib/python3.8/dist-packages/dogpile/cache/region.py", line 1042, in get_or_create
Aug 26 07:50:06.779372 dv-neutron-854191-6-hyperv devstack@keystone.service[81846]: ERROR keystone.server.flask.application with Lock(
Aug 26 07:50:06.779372 dv-neutron-854191-6-hyperv devstack@keystone.service[81846]: ERROR keystone.server.flask.application
File "/usr/local/lib/python3.8/dist-packages/dogpile/lock.py", line 185, in __enter__
Aug 26 07:50:06.779372 dv-neutron-854191-6-hyperv devstack@keystone.service[81846]: ERROR keystone.server.flask.application return self._enter()
Aug 26 07:50:06.779372 dv-neutron-854191-6-hyperv devstack@keystone.service[81846]: ERROR keystone.server.flask.application
File "/usr/local/lib/python3.8/dist-packages/dogpile/lock.py", line 94, in _enter
Aug 26 07:50:06.779372 dv-neutron-854191-6-hyperv devstack@keystone.service[81846]: ERROR keystone.server.flask.application generated = self._enter_create(value, createdtime)
Aug 26 07:50:06.781389 dv-neutron-854191-6-hyperv devstack@keystone.service[81846]: ERROR keystone.server.flask.application
File "/usr/local/lib/python3.8/dist-packages/dogpile/lock.py", line 178, in _enter_create
Aug 26 07:50:06.781389 dv-neutron-854191-6-hyperv devstack@keystone.service[81846]: ERROR keystone.server.flask.application return self.creator()
Aug 26 07:50:06.781389 dv-neutron-854191-6-hyperv devstack@keystone.service[81846]: ERROR keystone.server.flask.application
File "/usr/local/lib/python3.8/dist-packages/dogpile/cache/region.py", line 995, in gen_value
Aug 26 07:50:06.781389 dv-neutron-854191-6-hyperv devstack@keystone.service[81846]: ERROR keystone.server.flask.application created_value = creator(
Aug 26 07:50:06.781389 dv-neutron-854191-6-hyperv devstack@keystone.service[81846]: ERROR keystone.server.flask.application
File "/opt/stack/keystone/keystone/assignment/core.py", line 1276, in get_role
Aug 26 07:50:06.781389 dv-neutron-854191-6-hyperv devstack@keystone.service[81846]: ERROR keystone.server.flask.application return self.driver.get_role(role_id)
Aug 26 07:50:06.781389 dv-neutron-854191-6-hyperv devstack@keystone.service[81846]: ERROR keystone.server.flask.application
File "/opt/stack/keystone/keystone/assignment/role_backends/sql.py", line 70, in get_role
Aug 26 07:50:06.781389 dv-neutron-854191-6-hyperv devstack@keystone.service[81846]: ERROR keystone.server.flask.application return self._get_role(session, role_id).to_dict()
Aug 26 07:50:06.781389 dv-neutron-854191-6-hyperv devstack@keystone.service[81846]: ERROR keystone.server.flask.application
File "/opt/stack/keystone/keystone/assignment/role_backends/sql.py", line 65, in _get_role
Aug 26 07:50:06.781389 dv-neutron-854191-6-hyperv devstack@keystone.service[81846]: ERROR keystone.server.flask.application raise exception.RoleNotFound(role_id=role_id)
Aug 26 07:50:06.781389 dv-neutron-854191-6-hyperv devstack@keystone.service[81846]: ERROR keystone.server.flask.application keystone.exception.RoleNotFound: Could not find role: anotherrole.
Aug 26 07:50:06.781389 dv-neutron-854191-6-hyperv devstack@keystone.service[81846]: ERROR keystone.server.flask.application
Aug 26 07:50:06.781389 dv-neutron-854191-6-hyperv devstack@keystone.service[81846]: [pid: 81846|app: 0|req: 114/227] 10.222.0.58 () {56 vars in 1114 bytes} [Fri Aug 26 07:50:06 2022] GET /identity/v3/roles/anotherrole => generated 89 bytes in 207 msecs (HTTP/1.1 404) 5 headers in 183 bytes (1 switches on core 0)
Aug 26 07:50:06.781389 dv-neutron-854191-6-hyperv devstack@keystone.service[81846]: DEBUG keystone.server.flask.request_processing.middleware.auth_context [None req-7efc8523-82ce-46db-b5b5-8c4327fb8d1e None admin] Authenticating user token {{(pid=81846) process_request /usr/local/lib/python3.8/dist-packages/keystonemiddleware/auth_token/__init__.py:407}}
Aug 26 07:50:06.805509 dv-neutron-854191-6-hyperv devstack@keystone.service[81845]: DEBUG keystone.server.flask.request_processing.middleware.auth_context [None req-1d86ee6a-33d8-41b6-b1b6-ee025bb55ce3 None admin] RBAC: auth_context: {'token': , 'domain_id': None, 'trust_id': None, 'trustor_id': None, 'trustee_id': None, 'domain_name': None, 'group_ids': [], 'user_id': '04a58c78d1ce4a4ab0654ff859202ce0', 'user_domain_id': 'default', 'system_scope': 'all', 'project_id': None, 'project_domain_id': None, 'roles': ['admin', 'member', 'reader'], 'is_admin_project': True, 'service_user_id': None, 'service_user_domain_id': None, 'service_project_id': None, 'service_project_domain_id': None, 'service_roles': []} {{(pid=81845) fill_context /opt/stack/keystone/keystone/server/flask/request_processing/middleware/auth_context.py:478}}
Aug 26 07:50:06.806177 dv-neutron-854191-6-hyperv devstack@keystone.service[81845]: DEBUG keystone.server.flask.request_processing.req_logging [None req-1d86ee6a-33d8-41b6-b1b6-ee025bb55ce3 None admin] REQUEST_METHOD: `GET` {{(pid=81845) log_request_info /opt/stack/keystone/keystone/server/flask/request_processing/req_logging.py:27}}
Aug 26 07:50:06.806456 dv-neutron-854191-6-hyperv devstack@keystone.service[81845]: DEBUG keystone.server.flask.request_processing.req_logging [None req-1d86ee6a-33d8-41b6-b1b6-ee025bb55ce3 None admin] SCRIPT_NAME: `/identity` {{(pid=81845) log_request_info /opt/stack/keystone/keystone/server/flask/request_processing/req_logging.py:28}}
Aug 26 07:50:06.806729 dv-neutron-854191-6-hyperv devstack@keystone.service[81845]: DEBUG keystone.server.flask.request_processing.req_logging [None req-1d86ee6a-33d8-41b6-b1b6-ee025bb55ce3 None admin] PATH_INFO: `/v3/projects/40d5103567e345fab031f6c930c4dc2c` {{(pid=81845) log_request_info /opt/stack/keystone/keystone/server/flask/request_processing/req_logging.py:29}}
Aug 26 07:50:06.807881 dv-neutron-854191-6-hyperv devstack@keystone.service[81845]: DEBUG keystone.common.rbac_enforcer.enforcer [None req-1d86ee6a-33d8-41b6-b1b6-ee025bb55ce3 None admin] RBAC: Authorizing `identity:get_project(project_id=40d5103567e345fab031f6c930c4dc2c)` {{(pid=81845) enforce_call /opt/stack/keystone/keystone/common/rbac_enforcer/enforcer.py:449}}
Aug 26 07:50:06.809369 dv-neutron-854191-6-hyperv devstack@keystone.service[81845]: DEBUG keystone.common.rbac_enforcer.enforcer [None req-1d86ee6a-33d8-41b6-b1b6-ee025bb55ce3 None admin] RBAC: Authorization granted {{(pid=81845) enforce_call /opt/stack/keystone/keystone/common/rbac_enforcer/enforcer.py:457}}
Aug 26 07:50:06.811110 dv-neutron-854191-6-hyperv devstack@keystone.service[81845]: [pid: 81845|app: 0|req: 114/228] 10.222.0.58 () {56 vars in 1186 bytes} [Fri Aug 26 07:50:06 2022] GET /identity/v3/projects/40d5103567e345fab031f6c930c4dc2c => generated 302 bytes in 184 msecs (HTTP/1.1 200) 5 headers in 177 bytes (1 switches on core 0)
Aug 26 07:50:06.811975 dv-neutron-854191-6-hyperv devstack@keystone.service[81845]: DEBUG keystone.server.flask.request_processing.middleware.auth_context [None req-1d86ee6a-33d8-41b6-b1b6-ee025bb55ce3 None admin] Authenticating user token {{(pid=81845) process_request /usr/local/lib/python3.8/dist-packages/keystonemiddleware/auth_token/__init__.py:407}}
Aug 26 07:50:06.928485 dv-neutron-854191-6-hyperv devstack@keystone.service[81846]: DEBUG keystone.server.flask.request_processing.middleware.auth_context [None req-7efc8523-82ce-46db-b5b5-8c4327fb8d1e None admin] Validating token access rules against request {{(pid=81846) validate_allowed_request /usr/local/lib/python3.8/dist-packages/keystonemiddleware/auth_token/__init__.py:545}}
Aug 26 07:50:06.930114 dv-neutron-854191-6-hyperv devstack@keystone.service[81845]: DEBUG keystone.server.flask.request_processing.middleware.auth_context [None req-1d86ee6a-33d8-41b6-b1b6-ee025bb55ce3 None admin] Validating token access rules against request {{(pid=81845) validate_allowed_request /usr/local/lib/python3.8/dist-packages/keystonemiddleware/auth_token/__init__.py:545}}
Aug 26 07:50:06.967055 dv-neutron-854191-6-hyperv devstack@keystone.service[81846]: DEBUG keystone.server.flask.request_processing.middleware.auth_context [None req-7b52152d-9671-4b52-bda8-391742461246 None admin] RBAC: auth_context: {'token': , 'domain_id': None, 'trust_id': None, 'trustor_id': None, 'trustee_id': None, 'domain_name': None, 'group_ids': [], 'user_id': '04a58c78d1ce4a4ab0654ff859202ce0', 'user_domain_id': 'default', 'system_scope': 'all', 'project_id': None, 'project_domain_id': None, 'roles': ['admin', 'member', 'reader'], 'is_admin_project': True, 'service_user_id': None, 'service_user_domain_id': None, 'service_project_id': None, 'service_project_domain_id': None, 'service_roles': []} {{(pid=81846) fill_context /opt/stack/keystone/keystone/server/flask/request_processing/middleware/auth_context.py:478}}
Aug 26 07:50:06.967828 dv-neutron-854191-6-hyperv devstack@keystone.service[81846]: DEBUG keystone.server.flask.request_processing.req_logging [None req-7b52152d-9671-4b52-bda8-391742461246 None admin] REQUEST_METHOD: `PUT` {{(pid=81846) log_request_info /opt/stack/keystone/keystone/server/flask/request_processing/req_logging.py:27}}
Aug 26 07:50:06.968102 dv-neutron-854191-6-hyperv devstack@keystone.service[81846]: DEBUG keystone.server.flask.request_processing.req_logging [None req-7b52152d-9671-4b52-bda8-391742461246 None admin] SCRIPT_NAME: `/identity` {{(pid=81846) log_request_info /opt/stack/keystone/keystone/server/flask/request_processing/req_logging.py:28}}
Aug 26 07:50:06.968368 dv-neutron-854191-6-hyperv devstack@keystone.service[81846]: DEBUG keystone.server.flask.request_processing.req_logging [None req-7b52152d-9671-4b52-bda8-391742461246 None admin] PATH_INFO: `/v3/projects/40d5103567e345fab031f6c930c4dc2c/users/fc11b91471724fa1a606f1bc86ad4ae1/roles/b75e0ede2b1a42ac859cee858692a133` {{(pid=81846) log_request_info /opt/stack/keystone/keystone/server/flask/request_processing/req_logging.py:29}}
Aug 26 07:50:06.971260 dv-neutron-854191-6-hyperv devstack@keystone.service[81846]: DEBUG keystone.common.rbac_enforcer.enforcer [None req-7b52152d-9671-4b52-bda8-391742461246 None admin] RBAC: Authorizing `identity:create_grant(project_id=40d5103567e345fab031f6c930c4dc2c, user_id=fc11b91471724fa1a606f1bc86ad4ae1, role_id=b75e0ede2b1a42ac859cee858692a133)` {{(pid=81846) enforce_call /opt/stack/keystone/keystone/common/rbac_enforcer/enforcer.py:449}}
Aug 26 07:50:06.972860 dv-neutron-854191-6-hyperv devstack@keystone.service[81846]: DEBUG keystone.common.rbac_enforcer.enforcer [None req-7b52152d-9671-4b52-bda8-391742461246 None admin] RBAC: Authorization granted {{(pid=81846) enforce_call /opt/stack/keystone/keystone/common/rbac_enforcer/enforcer.py:457}}
Aug 26 07:50:06.979682 dv-neutron-854191-6-hyperv devstack@keystone.service[81845]: DEBUG keystone.server.flask.request_processing.middleware.auth_context [None req-7c193e69-77a5-4944-b89b-d9e78fb0122e None admin] RBAC: auth_context: {'token': , 'domain_id': None, 'trust_id': None, 'trustor_id': None, 'trustee_id': None, 'domain_name': None, 'group_ids': [], 'user_id': '04a58c78d1ce4a4ab0654ff859202ce0', 'user_domain_id': 'default', 'system_scope': 'all', 'project_id': None, 'project_domain_id': None, 'roles': ['admin', 'member', 'reader'], 'is_admin_project': True, 'service_user_id': None, 'service_user_domain_id': None, 'service_project_id': None, 'service_project_domain_id': None, 'service_roles': []} {{(pid=81845) fill_context /opt/stack/keystone/keystone/server/flask/request_processing/middleware/auth_context.py:478}}
Aug 26 07:50:06.980333 dv-neutron-854191-6-hyperv devstack@keystone.service[81845]: DEBUG keystone.server.flask.request_processing.req_logging [None req-7c193e69-77a5-4944-b89b-d9e78fb0122e None admin] REQUEST_METHOD: `GET` {{(pid=81845) log_request_info /opt/stack/keystone/keystone/server/flask/request_processing/req_logging.py:27}}
Aug 26 07:50:06.980612 dv-neutron-854191-6-hyperv devstack@keystone.service[81845]: DEBUG keystone.server.flask.request_processing.req_logging [None req-7c193e69-77a5-4944-b89b-d9e78fb0122e None admin] SCRIPT_NAME: `/identity` {{(pid=81845) log_request_info /opt/stack/keystone/keystone/server/flask/request_processing/req_logging.py:28}}
Aug 26 07:50:06.980884 dv-neutron-854191-6-hyperv devstack@keystone.service[81845]: DEBUG keystone.server.flask.request_processing.req_logging [None req-7c193e69-77a5-4944-b89b-d9e78fb0122e None admin] PATH_INFO: `/v3/roles` {{(pid=81845) log_request_info /opt/stack/keystone/keystone/server/flask/request_processing/req_logging.py:29}}
Aug 26 07:50:06.981734 dv-neutron-854191-6-hyperv devstack@keystone.service[81845]: DEBUG keystone.common.rbac_enforcer.enforcer [None req-7c193e69-77a5-4944-b89b-d9e78fb0122e None admin] RBAC: Adding query filter params (name=anotherrole) {{(pid=81845) _extract_filter_values /opt/stack/keystone/keystone/common/rbac_enforcer/enforcer.py:167}}
Aug 26 07:50:06.982109 dv-neutron-854191-6-hyperv devstack@keystone.service[81845]: DEBUG keystone.common.rbac_enforcer.enforcer [None req-7c193e69-77a5-4944-b89b-d9e78fb0122e None admin] RBAC: Authorizing `identity:list_roles()` {{(pid=81845) enforce_call /opt/stack/keystone/keystone/common/rbac_enforcer/enforcer.py:449}}
Aug 26 07:50:06.983707 dv-neutron-854191-6-hyperv devstack@keystone.service[81845]: DEBUG keystone.common.rbac_enforcer.enforcer [None req-7c193e69-77a5-4944-b89b-d9e78fb0122e None admin] RBAC: Authorization granted {{(pid=81845) enforce_call /opt/stack/keystone/keystone/common/rbac_enforcer/enforcer.py:457}}
Aug 26 07:50:06.989392 dv-neutron-854191-6-hyperv devstack@keystone.service[81846]: [pid: 81846|app: 0|req: 115/229] 10.222.0.58 () {58 vars in 1439 bytes} [Fri Aug 26 07:50:06 2022] PUT /identity/v3/projects/40d5103567e345fab031f6c930c4dc2c/users/fc11b91471724fa1a606f1bc86ad4ae1/roles/b75e0ede2b1a42ac859cee858692a133 => generated 0 bytes in 210 msecs (HTTP/1.1 204) 3 headers in 132 bytes (0 switches on core 0)
Aug 26 07:50:06.990575 dv-neutron-854191-6-hyperv devstack@keystone.service[81846]: DEBUG keystone.server.flask.request_processing.middleware.auth_context [None req-7b52152d-9671-4b52-bda8-391742461246 None admin] Authenticating user token {{(pid=81846) process_request /usr/local/lib/python3.8/dist-packages/keystonemiddleware/auth_token/__init__.py:407}}
Aug 26 07:50:07.002925 dv-neutron-854191-6-hyperv devstack@keystone.service[81845]: [pid: 81845|app: 0|req: 115/230] 10.222.0.58 () {56 vars in 1111 bytes} [Fri Aug 26 07:50:06 2022] GET /identity/v3/roles?name=anotherrole => generated 334 bytes in 191 msecs (HTTP/1.1 200) 5 headers in 177 bytes (1 switches on core 0)
Aug 26 07:50:07.009142 dv-neutron-854191-6-hyperv devstack@keystone.service[81845]: DEBUG keystone.server.flask.request_processing.middleware.auth_context [None req-7c193e69-77a5-4944-b89b-d9e78fb0122e None admin] Authenticating user token {{(pid=81845) process_request /usr/local/lib/python3.8/dist-packages/keystonemiddleware/auth_token/__init__.py:407}}
Aug 26 07:50:07.026427 dv-neutron-854191-6-hyperv devstack@keystone.service[81846]: DEBUG dbcounter [-] [81846] Writing DB stats keystone:SELECT=99,keystone:INSERT=1 {{(pid=81846) stat_writer /usr/local/lib/python3.8/dist-packages/dbcounter.py:114}}
Aug 26 07:50:07.072479 dv-neutron-854191-6-hyperv devstack@keystone.service[81845]: DEBUG dbcounter [-] [81845] Writing DB stats keystone:SELECT=100 {{(pid=81845) stat_writer /usr/local/lib/python3.8/dist-packages/dbcounter.py:114}}
Aug 26 07:50:07.122356 dv-neutron-854191-6-hyperv devstack@keystone.service[81846]: DEBUG keystone.server.flask.request_processing.middleware.auth_context [None req-7b52152d-9671-4b52-bda8-391742461246 None admin] Validating token access rules against request {{(pid=81846) validate_allowed_request /usr/local/lib/python3.8/dist-packages/keystonemiddleware/auth_token/__init__.py:545}}
Aug 26 07:50:07.162882 dv-neutron-854191-6-hyperv devstack@keystone.service[81846]: DEBUG keystone.server.flask.request_processing.middleware.auth_context [None req-c326f6a4-774d-4ba5-b72d-00cb6f965a44 None admin] RBAC: auth_context: {'token': , 'domain_id': None, 'trust_id': None, 'trustor_id': None, 'trustee_id': None, 'domain_name': None, 'group_ids': [], 'user_id': '04a58c78d1ce4a4ab0654ff859202ce0', 'user_domain_id': 'default', 'system_scope': 'all', 'project_id': None, 'project_domain_id': None, 'roles': ['admin', 'member', 'reader'], 'is_admin_project': True, 'service_user_id': None, 'service_user_domain_id': None, 'service_project_id': None, 'service_project_domain_id': None, 'service_roles': []} {{(pid=81846) fill_context /opt/stack/keystone/keystone/server/flask/request_processing/middleware/auth_context.py:478}}
Aug 26 07:50:07.163569 dv-neutron-854191-6-hyperv devstack@keystone.service[81846]: DEBUG keystone.server.flask.request_processing.req_logging [None req-c326f6a4-774d-4ba5-b72d-00cb6f965a44 None admin] REQUEST_METHOD: `GET` {{(pid=81846) log_request_info /opt/stack/keystone/keystone/server/flask/request_processing/req_logging.py:27}}
Aug 26 07:50:07.164009 dv-neutron-854191-6-hyperv devstack@keystone.service[81846]: DEBUG keystone.server.flask.request_processing.req_logging [None req-c326f6a4-774d-4ba5-b72d-00cb6f965a44 None admin] SCRIPT_NAME: `/identity` {{(pid=81846) log_request_info /opt/stack/keystone/keystone/server/flask/request_processing/req_logging.py:28}}
Aug 26 07:50:07.164419 dv-neutron-854191-6-hyperv devstack@keystone.service[81846]: DEBUG keystone.server.flask.request_processing.req_logging [None req-c326f6a4-774d-4ba5-b72d-00cb6f965a44 None admin] PATH_INFO: `/v3/role_assignments` {{(pid=81846) log_request_info /opt/stack/keystone/keystone/server/flask/request_processing/req_logging.py:29}}
Aug 26 07:50:07.165412 dv-neutron-854191-6-hyperv devstack@keystone.service[81846]: DEBUG keystone.common.rbac_enforcer.enforcer [None req-c326f6a4-774d-4ba5-b72d-00cb6f965a44 None admin] RBAC: Adding query filter params (role.id=c3a8d752d9c34405bbc0adbe026a8dc8, scope.project.id=40d5103567e345fab031f6c930c4dc2c, user.id=b713482b74354a62bcb0605b11c2689c) {{(pid=81846) _extract_filter_values /opt/stack/keystone/keystone/common/rbac_enforcer/enforcer.py:167}}
Aug 26 07:50:07.165868 dv-neutron-854191-6-hyperv devstack@keystone.service[81846]: DEBUG keystone.common.rbac_enforcer.enforcer [None req-c326f6a4-774d-4ba5-b72d-00cb6f965a44 None admin] RBAC: Authorizing `identity:list_role_assignments()` {{(pid=81846) enforce_call /opt/stack/keystone/keystone/common/rbac_enforcer/enforcer.py:449}}
Aug 26 07:50:07.167671 dv-neutron-854191-6-hyperv devstack@keystone.service[81846]: DEBUG keystone.common.rbac_enforcer.enforcer [None req-c326f6a4-774d-4ba5-b72d-00cb6f965a44 None admin] RBAC: Authorization granted {{(pid=81846) enforce_call /opt/stack/keystone/keystone/common/rbac_enforcer/enforcer.py:457}}
Aug 26 07:50:07.175046 dv-neutron-854191-6-hyperv devstack@keystone.service[81846]: [pid: 81846|app: 0|req: 116/231] 10.222.0.58 () {56 vars in 1374 bytes} [Fri Aug 26 07:50:06 2022] GET /identity/v3/role_assignments?user.id=b713482b74354a62bcb0605b11c2689c&scope.project.id=40d5103567e345fab031f6c930c4dc2c&role.id=c3a8d752d9c34405bbc0adbe026a8dc8 => generated 259 bytes in 185 msecs (HTTP/1.1 200) 5 headers in 177 bytes (1 switches on core 0)
Aug 26 07:50:07.214279 dv-neutron-854191-6-hyperv devstack@keystone.service[81845]: DEBUG keystone.server.flask.request_processing.middleware.auth_context [None req-7c193e69-77a5-4944-b89b-d9e78fb0122e None admin] Validating token access rules against request {{(pid=81845) validate_allowed_request /usr/local/lib/python3.8/dist-packages/keystonemiddleware/auth_token/__init__.py:545}}
Aug 26 07:50:07.267277 dv-neutron-854191-6-hyperv devstack@keystone.service[81845]: DEBUG keystone.server.flask.request_processing.middleware.auth_context [None req-c522077e-f6c2-4269-a8ef-42db25c97b7a None admin] RBAC: auth_context: {'token': , 'domain_id': None, 'trust_id': None, 'trustor_id': None, 'trustee_id': None, 'domain_name': None, 'group_ids': [], 'user_id': '04a58c78d1ce4a4ab0654ff859202ce0', 'user_domain_id': 'default', 'system_scope': 'all', 'project_id': None, 'project_domain_id': None, 'roles': ['admin', 'member', 'reader'], 'is_admin_project': True, 'service_user_id': None, 'service_user_domain_id': None, 'service_project_id': None, 'service_project_domain_id': None, 'service_roles': []} {{(pid=81845) fill_context /opt/stack/keystone/keystone/server/flask/request_processing/middleware/auth_context.py:478}}
Aug 26 07:50:07.268259 dv-neutron-854191-6-hyperv devstack@keystone.service[81845]: DEBUG keystone.server.flask.request_processing.req_logging [None req-c522077e-f6c2-4269-a8ef-42db25c97b7a None admin] REQUEST_METHOD: `GET` {{(pid=81845) log_request_info /opt/stack/keystone/keystone/server/flask/request_processing/req_logging.py:27}}
Aug 26 07:50:07.268678 dv-neutron-854191-6-hyperv devstack@keystone.service[81845]: DEBUG keystone.server.flask.request_processing.req_logging [None req-c522077e-f6c2-4269-a8ef-42db25c97b7a None admin] SCRIPT_NAME: `/identity` {{(pid=81845) log_request_info /opt/stack/keystone/keystone/server/flask/request_processing/req_logging.py:28}}
Aug 26 07:50:07.269157 dv-neutron-854191-6-hyperv devstack@keystone.service[81845]: DEBUG keystone.server.flask.request_processing.req_logging [None req-c522077e-f6c2-4269-a8ef-42db25c97b7a None admin] PATH_INFO: `/v3/users/fc11b91471724fa1a606f1bc86ad4ae1` {{(pid=81845) log_request_info /opt/stack/keystone/keystone/server/flask/request_processing/req_logging.py:29}}
Aug 26 07:50:07.270537 dv-neutron-854191-6-hyperv devstack@keystone.service[81845]: DEBUG keystone.common.rbac_enforcer.enforcer [None req-c522077e-f6c2-4269-a8ef-42db25c97b7a None admin] RBAC: Authorizing `identity:get_user(user_id=fc11b91471724fa1a606f1bc86ad4ae1)` {{(pid=81845) enforce_call /opt/stack/keystone/keystone/common/rbac_enforcer/enforcer.py:449}}
Aug 26 07:50:07.272163 dv-neutron-854191-6-hyperv devstack@keystone.service[81845]: DEBUG keystone.common.rbac_enforcer.enforcer [None req-c522077e-f6c2-4269-a8ef-42db25c97b7a None admin] RBAC: Authorization granted {{(pid=81845) enforce_call /opt/stack/keystone/keystone/common/rbac_enforcer/enforcer.py:457}}
Aug 26 07:50:07.275672 dv-neutron-854191-6-hyperv devstack@keystone.service[81845]: [pid: 81845|app: 0|req: 116/232] 10.222.0.58 () {56 vars in 1177 bytes} [Fri Aug 26 07:50:07 2022] GET /identity/v3/users/fc11b91471724fa1a606f1bc86ad4ae1 => generated 283 bytes in 266 msecs (HTTP/1.1 200) 5 headers in 177 bytes (2 switches on core 0)
Aug 26 07:50:07.289070 dv-neutron-854191-6-hyperv devstack@keystone.service[81846]: DEBUG keystone.server.flask.request_processing.middleware.auth_context [None req-c326f6a4-774d-4ba5-b72d-00cb6f965a44 None admin] Authenticating user token {{(pid=81846) process_request /usr/local/lib/python3.8/dist-packages/keystonemiddleware/auth_token/__init__.py:407}}
Aug 26 07:50:07.430882 dv-neutron-854191-6-hyperv devstack@keystone.service[81846]: DEBUG dbcounter [-] [81846] Writing DB stats keystone:SELECT=100 {{(pid=81846) stat_writer /usr/local/lib/python3.8/dist-packages/dbcounter.py:114}}
Aug 26 07:50:07.444219 dv-neutron-854191-6-hyperv devstack@keystone.service[81846]: DEBUG keystone.server.flask.request_processing.middleware.auth_context [None req-c326f6a4-774d-4ba5-b72d-00cb6f965a44 None admin] Validating token access rules against request {{(pid=81846) validate_allowed_request /usr/local/lib/python3.8/dist-packages/keystonemiddleware/auth_token/__init__.py:545}}
Aug 26 07:50:07.482009 dv-neutron-854191-6-hyperv devstack@keystone.service[81846]: DEBUG keystone.server.flask.request_processing.middleware.auth_context [None req-e258e82e-20fa-4298-8118-4c04374be599 None admin] RBAC: auth_context: {'token': , 'domain_id': None, 'trust_id': None, 'trustor_id': None, 'trustee_id': None, 'domain_name': None, 'group_ids': [], 'user_id': '04a58c78d1ce4a4ab0654ff859202ce0', 'user_domain_id': 'default', 'system_scope': 'all', 'project_id': None, 'project_domain_id': None, 'roles': ['admin', 'member', 'reader'], 'is_admin_project': True, 'service_user_id': None, 'service_user_domain_id': None, 'service_project_id': None, 'service_project_domain_id': None, 'service_roles': []} {{(pid=81846) fill_context /opt/stack/keystone/keystone/server/flask/request_processing/middleware/auth_context.py:478}}
Aug 26 07:50:07.482580 dv-neutron-854191-6-hyperv devstack@keystone.service[81846]: DEBUG keystone.server.flask.request_processing.req_logging [None req-e258e82e-20fa-4298-8118-4c04374be599 None admin] REQUEST_METHOD: `GET` {{(pid=81846) log_request_info /opt/stack/keystone/keystone/server/flask/request_processing/req_logging.py:27}}
Aug 26 07:50:07.482861 dv-neutron-854191-6-hyperv devstack@keystone.service[81846]: DEBUG keystone.server.flask.request_processing.req_logging [None req-e258e82e-20fa-4298-8118-4c04374be599 None admin] SCRIPT_NAME: `/identity` {{(pid=81846) log_request_info /opt/stack/keystone/keystone/server/flask/request_processing/req_logging.py:28}}
Aug 26 07:50:07.483127 dv-neutron-854191-6-hyperv devstack@keystone.service[81846]: DEBUG keystone.server.flask.request_processing.req_logging [None req-e258e82e-20fa-4298-8118-4c04374be599 None admin] PATH_INFO: `/v3/projects/40d5103567e345fab031f6c930c4dc2c` {{(pid=81846) log_request_info /opt/stack/keystone/keystone/server/flask/request_processing/req_logging.py:29}}
Aug 26 07:50:07.484298 dv-neutron-854191-6-hyperv devstack@keystone.service[81846]: DEBUG keystone.common.rbac_enforcer.enforcer [None req-e258e82e-20fa-4298-8118-4c04374be599 None admin] RBAC: Authorizing `identity:get_project(project_id=40d5103567e345fab031f6c930c4dc2c)` {{(pid=81846) enforce_call /opt/stack/keystone/keystone/common/rbac_enforcer/enforcer.py:449}}
Aug 26 07:50:07.486106 dv-neutron-854191-6-hyperv devstack@keystone.service[81846]: DEBUG keystone.common.rbac_enforcer.enforcer [None req-e258e82e-20fa-4298-8118-4c04374be599 None admin] RBAC: Authorization granted {{(pid=81846) enforce_call /opt/stack/keystone/keystone/common/rbac_enforcer/enforcer.py:457}}
Aug 26 07:50:07.488355 dv-neutron-854191-6-hyperv devstack@keystone.service[81846]: [pid: 81846|app: 0|req: 117/233] 10.222.0.58 () {56 vars in 1186 bytes} [Fri Aug 26 07:50:07 2022] GET /identity/v3/projects/40d5103567e345fab031f6c930c4dc2c => generated 302 bytes in 203 msecs (HTTP/1.1 200) 5 headers in 177 bytes (1 switches on core 0)
Aug 26 07:50:07.494200 dv-neutron-854191-6-hyperv devstack@keystone.service[81845]: DEBUG keystone.server.flask.request_processing.middleware.auth_context [None req-c522077e-f6c2-4269-a8ef-42db25c97b7a None admin] Authenticating user token {{(pid=81845) process_request /usr/local/lib/python3.8/dist-packages/keystonemiddleware/auth_token/__init__.py:407}}
Aug 26 07:50:07.624593 dv-neutron-854191-6-hyperv devstack@keystone.service[81845]: DEBUG dbcounter [-] [81845] Writing DB stats keystone:SELECT=100 {{(pid=81845) stat_writer /usr/local/lib/python3.8/dist-packages/dbcounter.py:114}}
Aug 26 07:50:07.628800 dv-neutron-854191-6-hyperv devstack@keystone.service[81845]: DEBUG keystone.server.flask.request_processing.middleware.auth_context [None req-c522077e-f6c2-4269-a8ef-42db25c97b7a None admin] Validating token access rules against request {{(pid=81845) validate_allowed_request /usr/local/lib/python3.8/dist-packages/keystonemiddleware/auth_token/__init__.py:545}}
