Aug 23 21:53:16.642238 dv-neutron-854191-3-hyperv devstack@keystone.service[81863]: DEBUG keystone.common.fernet_utils [None req-c080ea58-7069-4f45-a79b-e21c37a570fd None None] Loaded 2 Fernet keys from /etc/keystone/fernet-keys/, but `[fernet_tokens] max_active_keys = 3`; perhaps there have not been enough key rotations to reach `max_active_keys` yet? {{(pid=81863) load_keys /opt/stack/keystone/keystone/common/fernet_utils.py:286}}
Aug 23 21:53:16.656213 dv-neutron-854191-3-hyperv devstack@keystone.service[81864]: DEBUG keystone.auth.core [None req-897e264f-0995-4e09-b83d-33fe77ce04ed None None] MFA Rules not processed for user `960150d3c648494586146ff865ede75b`. Rule list: `[]` (Enabled: `True`). {{(pid=81864) check_auth_methods_against_rules /opt/stack/keystone/keystone/auth/core.py:438}}
Aug 23 21:53:16.657668 dv-neutron-854191-3-hyperv devstack@keystone.service[81864]: DEBUG keystone.common.fernet_utils [None req-897e264f-0995-4e09-b83d-33fe77ce04ed None None] Loaded 2 Fernet keys from /etc/keystone/fernet-keys/, but `[fernet_tokens] max_active_keys = 3`; perhaps there have not been enough key rotations to reach `max_active_keys` yet? {{(pid=81864) load_keys /opt/stack/keystone/keystone/common/fernet_utils.py:286}}
Aug 23 21:53:16.688933 dv-neutron-854191-3-hyperv devstack@keystone.service[81864]: DEBUG dbcounter [-] [81864] Writing DB stats keystone:SELECT=100 {{(pid=81864) stat_writer /usr/local/lib/python3.8/dist-packages/dbcounter.py:114}}
Aug 23 21:53:16.728272 dv-neutron-854191-3-hyperv devstack@keystone.service[81863]: [pid: 81863|app: 0|req: 108/211] 10.222.0.27 () {58 vars in 1024 bytes} [Tue Aug 23 21:53:16 2022] POST /identity/v3/auth/tokens => generated 799 bytes in 121 msecs (HTTP/1.1 201) 6 headers in 363 bytes (1 switches on core 0)
Aug 23 21:53:16.767803 dv-neutron-854191-3-hyperv devstack@keystone.service[81864]: [pid: 81864|app: 0|req: 104/212] 10.222.0.27 () {58 vars in 1024 bytes} [Tue Aug 23 21:53:16 2022] POST /identity/v3/auth/tokens => generated 799 bytes in 135 msecs (HTTP/1.1 201) 6 headers in 363 bytes (1 switches on core 0)
Aug 23 21:53:17.055034 dv-neutron-854191-3-hyperv devstack@keystone.service[81863]: DEBUG keystone.server.flask.request_processing.middleware.auth_context [None req-c080ea58-7069-4f45-a79b-e21c37a570fd None None] Authenticating user token {{(pid=81863) process_request /usr/local/lib/python3.8/dist-packages/keystonemiddleware/auth_token/__init__.py:407}}
Aug 23 21:53:17.087269 dv-neutron-854191-3-hyperv devstack@keystone.service[81864]: DEBUG keystone.server.flask.request_processing.middleware.auth_context [None req-897e264f-0995-4e09-b83d-33fe77ce04ed None None] Authenticating user token {{(pid=81864) process_request /usr/local/lib/python3.8/dist-packages/keystonemiddleware/auth_token/__init__.py:407}}
Aug 23 21:53:17.175398 dv-neutron-854191-3-hyperv devstack@keystone.service[81863]: DEBUG keystone.server.flask.request_processing.middleware.auth_context [None req-c080ea58-7069-4f45-a79b-e21c37a570fd None None] Validating token access rules against request {{(pid=81863) validate_allowed_request /usr/local/lib/python3.8/dist-packages/keystonemiddleware/auth_token/__init__.py:545}}
Aug 23 21:53:17.205427 dv-neutron-854191-3-hyperv devstack@keystone.service[81864]: DEBUG keystone.server.flask.request_processing.middleware.auth_context [None req-897e264f-0995-4e09-b83d-33fe77ce04ed None None] Validating token access rules against request {{(pid=81864) validate_allowed_request /usr/local/lib/python3.8/dist-packages/keystonemiddleware/auth_token/__init__.py:545}}
Aug 23 21:53:17.207295 dv-neutron-854191-3-hyperv devstack@keystone.service[81863]: DEBUG dbcounter [-] [81863] Writing DB stats keystone:SELECT=100 {{(pid=81863) stat_writer /usr/local/lib/python3.8/dist-packages/dbcounter.py:114}}
Aug 23 21:53:17.220605 dv-neutron-854191-3-hyperv devstack@keystone.service[81863]: DEBUG keystone.server.flask.request_processing.middleware.auth_context [None req-810c4585-db2c-48b3-97b6-1cd6056ef05d None admin] RBAC: auth_context: {'token': , 'domain_id': None, 'trust_id': None, 'trustor_id': None, 'trustee_id': None, 'domain_name': None, 'group_ids': [], 'user_id': '960150d3c648494586146ff865ede75b', 'user_domain_id': 'default', 'system_scope': 'all', 'project_id': None, 'project_domain_id': None, 'roles': ['admin', 'member', 'reader'], 'is_admin_project': True, 'service_user_id': None, 'service_user_domain_id': None, 'service_project_id': None, 'service_project_domain_id': None, 'service_roles': []} {{(pid=81863) fill_context /opt/stack/keystone/keystone/server/flask/request_processing/middleware/auth_context.py:478}}
Aug 23 21:53:17.222149 dv-neutron-854191-3-hyperv devstack@keystone.service[81863]: DEBUG keystone.server.flask.request_processing.req_logging [None req-810c4585-db2c-48b3-97b6-1cd6056ef05d None admin] REQUEST_METHOD: `GET` {{(pid=81863) log_request_info /opt/stack/keystone/keystone/server/flask/request_processing/req_logging.py:27}}
Aug 23 21:53:17.222588 dv-neutron-854191-3-hyperv devstack@keystone.service[81863]: DEBUG keystone.server.flask.request_processing.req_logging [None req-810c4585-db2c-48b3-97b6-1cd6056ef05d None admin] SCRIPT_NAME: `/identity` {{(pid=81863) log_request_info /opt/stack/keystone/keystone/server/flask/request_processing/req_logging.py:28}}
Aug 23 21:53:17.223160 dv-neutron-854191-3-hyperv devstack@keystone.service[81863]: DEBUG keystone.server.flask.request_processing.req_logging [None req-810c4585-db2c-48b3-97b6-1cd6056ef05d None admin] PATH_INFO: `/v3/roles/member` {{(pid=81863) log_request_info /opt/stack/keystone/keystone/server/flask/request_processing/req_logging.py:29}}
Aug 23 21:53:17.238295 dv-neutron-854191-3-hyperv devstack@keystone.service[81863]: DEBUG keystone.common.rbac_enforcer.enforcer [None req-810c4585-db2c-48b3-97b6-1cd6056ef05d None admin] Extracting inferred target data resulted in "NOT FOUND (404)". {{(pid=81863) enforce_call /opt/stack/keystone/keystone/common/rbac_enforcer/enforcer.py:409}}
Aug 23 21:53:17.243567 dv-neutron-854191-3-hyperv devstack@keystone.service[81864]: DEBUG keystone.server.flask.request_processing.middleware.auth_context [None req-54294701-c03a-417f-931e-e3129fc12869 None admin] RBAC: auth_context: {'token': , 'domain_id': None, 'trust_id': None, 'trustor_id': None, 'trustee_id': None, 'domain_name': None, 'group_ids': [], 'user_id': '960150d3c648494586146ff865ede75b', 'user_domain_id': 'default', 'system_scope': 'all', 'project_id': None, 'project_domain_id': None, 'roles': ['admin', 'member', 'reader'], 'is_admin_project': True, 'service_user_id': None, 'service_user_domain_id': None, 'service_project_id': None, 'service_project_domain_id': None, 'service_roles': []} {{(pid=81864) fill_context /opt/stack/keystone/keystone/server/flask/request_processing/middleware/auth_context.py:478}}
Aug 23 21:53:17.244312 dv-neutron-854191-3-hyperv devstack@keystone.service[81864]: DEBUG keystone.server.flask.request_processing.req_logging [None req-54294701-c03a-417f-931e-e3129fc12869 None admin] REQUEST_METHOD: `GET` {{(pid=81864) log_request_info /opt/stack/keystone/keystone/server/flask/request_processing/req_logging.py:27}}
Aug 23 21:53:17.244684 dv-neutron-854191-3-hyperv devstack@keystone.service[81864]: DEBUG keystone.server.flask.request_processing.req_logging [None req-54294701-c03a-417f-931e-e3129fc12869 None admin] SCRIPT_NAME: `/identity` {{(pid=81864) log_request_info /opt/stack/keystone/keystone/server/flask/request_processing/req_logging.py:28}}
Aug 23 21:53:17.245049 dv-neutron-854191-3-hyperv devstack@keystone.service[81864]: DEBUG keystone.server.flask.request_processing.req_logging [None req-54294701-c03a-417f-931e-e3129fc12869 None admin] PATH_INFO: `/v3/domains/default` {{(pid=81864) log_request_info /opt/stack/keystone/keystone/server/flask/request_processing/req_logging.py:29}}
Aug 23 21:53:17.245486 dv-neutron-854191-3-hyperv devstack@keystone.service[81863]: ERROR keystone.server.flask.application [None req-810c4585-db2c-48b3-97b6-1cd6056ef05d None admin] Could not find role: member.: keystone.exception.RoleNotFound: Could not find role: member.
Aug 23 21:53:17.245486 dv-neutron-854191-3-hyperv devstack@keystone.service[81863]: ERROR keystone.server.flask.application
Traceback (most recent call last):
Aug 23 21:53:17.245486 dv-neutron-854191-3-hyperv devstack@keystone.service[81863]: ERROR keystone.server.flask.application
File "/usr/local/lib/python3.8/dist-packages/flask/app.py", line 1820, in full_dispatch_request
Aug 23 21:53:17.245486 dv-neutron-854191-3-hyperv devstack@keystone.service[81863]: ERROR keystone.server.flask.application rv = self.dispatch_request()
Aug 23 21:53:17.245486 dv-neutron-854191-3-hyperv devstack@keystone.service[81863]: ERROR keystone.server.flask.application
File "/usr/local/lib/python3.8/dist-packages/flask/app.py", line 1796, in dispatch_request
Aug 23 21:53:17.245486 dv-neutron-854191-3-hyperv devstack@keystone.service[81863]: ERROR keystone.server.flask.application return self.ensure_sync(self.view_functions[rule.endpoint])(**view_args)
Aug 23 21:53:17.245486 dv-neutron-854191-3-hyperv devstack@keystone.service[81863]: ERROR keystone.server.flask.application
File "/usr/local/lib/python3.8/dist-packages/flask_restful/__init__.py", line 467, in wrapper
Aug 23 21:53:17.245486 dv-neutron-854191-3-hyperv devstack@keystone.service[81863]: ERROR keystone.server.flask.application resp = resource(*args, **kwargs)
Aug 23 21:53:17.245486 dv-neutron-854191-3-hyperv devstack@keystone.service[81863]: ERROR keystone.server.flask.application
File "/usr/local/lib/python3.8/dist-packages/flask/views.py", line 107, in view
Aug 23 21:53:17.245486 dv-neutron-854191-3-hyperv devstack@keystone.service[81863]: ERROR keystone.server.flask.application return current_app.ensure_sync(self.dispatch_request)(**kwargs)
Aug 23 21:53:17.245486 dv-neutron-854191-3-hyperv devstack@keystone.service[81863]: ERROR keystone.server.flask.application
File "/usr/local/lib/python3.8/dist-packages/flask_restful/__init__.py", line 582, in dispatch_request
Aug 23 21:53:17.245486 dv-neutron-854191-3-hyperv devstack@keystone.service[81863]: ERROR keystone.server.flask.application resp = meth(*args, **kwargs)
Aug 23 21:53:17.245486 dv-neutron-854191-3-hyperv devstack@keystone.service[81863]: ERROR keystone.server.flask.application
File "/opt/stack/keystone/keystone/api/roles.py", line 50, in get
Aug 23 21:53:17.245486 dv-neutron-854191-3-hyperv devstack@keystone.service[81863]: ERROR keystone.server.flask.application return self._get_role(role_id)
Aug 23 21:53:17.245486 dv-neutron-854191-3-hyperv devstack@keystone.service[81863]: ERROR keystone.server.flask.application
File "/opt/stack/keystone/keystone/api/roles.py", line 70, in _get_role
Aug 23 21:53:17.245486 dv-neutron-854191-3-hyperv devstack@keystone.service[81863]: ERROR keystone.server.flask.application ENFORCER.enforce_call(action='identity:get_role')
Aug 23 21:53:17.246519 dv-neutron-854191-3-hyperv devstack@keystone.service[81863]: ERROR keystone.server.flask.application
File "/opt/stack/keystone/keystone/common/rbac_enforcer/enforcer.py", line 402, in enforce_call
Aug 23 21:53:17.246519 dv-neutron-854191-3-hyperv devstack@keystone.service[81863]: ERROR keystone.server.flask.application policy_dict.update(cls._extract_member_target_data(
Aug 23 21:53:17.246519 dv-neutron-854191-3-hyperv devstack@keystone.service[81863]: ERROR keystone.server.flask.application
File "/opt/stack/keystone/keystone/common/rbac_enforcer/enforcer.py", line 234, in _extract_member_target_data
Aug 23 21:53:17.246519 dv-neutron-854191-3-hyperv devstack@keystone.service[81863]: ERROR keystone.server.flask.application member_name: func(flask.request.view_args[key])
Aug 23 21:53:17.246519 dv-neutron-854191-3-hyperv devstack@keystone.service[81863]: ERROR keystone.server.flask.application
File "/opt/stack/keystone/keystone/common/manager.py", line 115, in wrapped
Aug 23 21:53:17.246519 dv-neutron-854191-3-hyperv devstack@keystone.service[81863]: ERROR keystone.server.flask.application __ret_val = __f(*args, **kwargs)
Aug 23 21:53:17.246519 dv-neutron-854191-3-hyperv devstack@keystone.service[81863]: ERROR keystone.server.flask.application
File "/usr/local/lib/python3.8/dist-packages/decorator.py", line 232, in fun
Aug 23 21:53:17.246519 dv-neutron-854191-3-hyperv devstack@keystone.service[81863]: ERROR keystone.server.flask.application return caller(func, *(extras + args), **kw)
Aug 23 21:53:17.246519 dv-neutron-854191-3-hyperv devstack@keystone.service[81863]: ERROR keystone.server.flask.application
File "/usr/local/lib/python3.8/dist-packages/dogpile/cache/region.py", line 1577, in get_or_create_for_user_func
Aug 23 21:53:17.246519 dv-neutron-854191-3-hyperv devstack@keystone.service[81863]: ERROR keystone.server.flask.application return self.get_or_create(
Aug 23 21:53:17.246519 dv-neutron-854191-3-hyperv devstack@keystone.service[81863]: ERROR keystone.server.flask.application
File "/usr/local/lib/python3.8/dist-packages/dogpile/cache/region.py", line 1042, in get_or_create
Aug 23 21:53:17.246519 dv-neutron-854191-3-hyperv devstack@keystone.service[81863]: ERROR keystone.server.flask.application with Lock(
Aug 23 21:53:17.246519 dv-neutron-854191-3-hyperv devstack@keystone.service[81863]: ERROR keystone.server.flask.application
File "/usr/local/lib/python3.8/dist-packages/dogpile/lock.py", line 185, in __enter__
Aug 23 21:53:17.246519 dv-neutron-854191-3-hyperv devstack@keystone.service[81863]: ERROR keystone.server.flask.application return self._enter()
Aug 23 21:53:17.246519 dv-neutron-854191-3-hyperv devstack@keystone.service[81863]: ERROR keystone.server.flask.application
File "/usr/local/lib/python3.8/dist-packages/dogpile/lock.py", line 94, in _enter
Aug 23 21:53:17.246519 dv-neutron-854191-3-hyperv devstack@keystone.service[81863]: ERROR keystone.server.flask.application generated = self._enter_create(value, createdtime)
Aug 23 21:53:17.247540 dv-neutron-854191-3-hyperv devstack@keystone.service[81863]: ERROR keystone.server.flask.application
File "/usr/local/lib/python3.8/dist-packages/dogpile/lock.py", line 178, in _enter_create
Aug 23 21:53:17.247540 dv-neutron-854191-3-hyperv devstack@keystone.service[81863]: ERROR keystone.server.flask.application return self.creator()
Aug 23 21:53:17.247540 dv-neutron-854191-3-hyperv devstack@keystone.service[81863]: ERROR keystone.server.flask.application
File "/usr/local/lib/python3.8/dist-packages/dogpile/cache/region.py", line 995, in gen_value
Aug 23 21:53:17.247540 dv-neutron-854191-3-hyperv devstack@keystone.service[81863]: ERROR keystone.server.flask.application created_value = creator(
Aug 23 21:53:17.247540 dv-neutron-854191-3-hyperv devstack@keystone.service[81863]: ERROR keystone.server.flask.application
File "/opt/stack/keystone/keystone/assignment/core.py", line 1276, in get_role
Aug 23 21:53:17.247540 dv-neutron-854191-3-hyperv devstack@keystone.service[81863]: ERROR keystone.server.flask.application return self.driver.get_role(role_id)
Aug 23 21:53:17.247540 dv-neutron-854191-3-hyperv devstack@keystone.service[81863]: ERROR keystone.server.flask.application
File "/opt/stack/keystone/keystone/assignment/role_backends/sql.py", line 70, in get_role
Aug 23 21:53:17.247540 dv-neutron-854191-3-hyperv devstack@keystone.service[81863]: ERROR keystone.server.flask.application return self._get_role(session, role_id).to_dict()
Aug 23 21:53:17.247540 dv-neutron-854191-3-hyperv devstack@keystone.service[81863]: ERROR keystone.server.flask.application
File "/opt/stack/keystone/keystone/assignment/role_backends/sql.py", line 65, in _get_role
Aug 23 21:53:17.247540 dv-neutron-854191-3-hyperv devstack@keystone.service[81863]: ERROR keystone.server.flask.application raise exception.RoleNotFound(role_id=role_id)
Aug 23 21:53:17.247540 dv-neutron-854191-3-hyperv devstack@keystone.service[81863]: ERROR keystone.server.flask.application keystone.exception.RoleNotFound: Could not find role: member.
Aug 23 21:53:17.247540 dv-neutron-854191-3-hyperv devstack@keystone.service[81863]: ERROR keystone.server.flask.application
Aug 23 21:53:17.249172 dv-neutron-854191-3-hyperv devstack@keystone.service[81864]: DEBUG keystone.common.rbac_enforcer.enforcer [None req-54294701-c03a-417f-931e-e3129fc12869 None admin] RBAC: Authorizing `identity:get_domain(domain_id=default)` {{(pid=81864) enforce_call /opt/stack/keystone/keystone/common/rbac_enforcer/enforcer.py:449}}
Aug 23 21:53:17.250117 dv-neutron-854191-3-hyperv devstack@keystone.service[81863]: [pid: 81863|app: 0|req: 109/213] 10.222.0.27 () {56 vars in 1099 bytes} [Tue Aug 23 21:53:17 2022] GET /identity/v3/roles/member => generated 84 bytes in 196 msecs (HTTP/1.1 404) 5 headers in 183 bytes (1 switches on core 0)
Aug 23 21:53:17.255675 dv-neutron-854191-3-hyperv devstack@keystone.service[81864]: DEBUG keystone.common.rbac_enforcer.enforcer [None req-54294701-c03a-417f-931e-e3129fc12869 None admin] RBAC: Authorization granted {{(pid=81864) enforce_call /opt/stack/keystone/keystone/common/rbac_enforcer/enforcer.py:457}}
Aug 23 21:53:17.256157 dv-neutron-854191-3-hyperv devstack@keystone.service[81863]: DEBUG keystone.server.flask.request_processing.middleware.auth_context [None req-810c4585-db2c-48b3-97b6-1cd6056ef05d None admin] Authenticating user token {{(pid=81863) process_request /usr/local/lib/python3.8/dist-packages/keystonemiddleware/auth_token/__init__.py:407}}
Aug 23 21:53:17.262104 dv-neutron-854191-3-hyperv devstack@keystone.service[81864]: [pid: 81864|app: 0|req: 105/214] 10.222.0.27 () {56 vars in 1108 bytes} [Tue Aug 23 21:53:17 2022] GET /identity/v3/domains/default => generated 199 bytes in 171 msecs (HTTP/1.1 200) 5 headers in 177 bytes (1 switches on core 0)
Aug 23 21:53:17.263066 dv-neutron-854191-3-hyperv devstack@keystone.service[81864]: DEBUG keystone.server.flask.request_processing.middleware.auth_context [None req-54294701-c03a-417f-931e-e3129fc12869 None admin] Authenticating user token {{(pid=81864) process_request /usr/local/lib/python3.8/dist-packages/keystonemiddleware/auth_token/__init__.py:407}}
Aug 23 21:53:17.299160 dv-neutron-854191-3-hyperv devstack@keystone.service[81864]: DEBUG dbcounter [-] [81864] Writing DB stats keystone:SELECT=100 {{(pid=81864) stat_writer /usr/local/lib/python3.8/dist-packages/dbcounter.py:114}}
Aug 23 21:53:17.389329 dv-neutron-854191-3-hyperv devstack@keystone.service[81863]: DEBUG keystone.server.flask.request_processing.middleware.auth_context [None req-810c4585-db2c-48b3-97b6-1cd6056ef05d None admin] Validating token access rules against request {{(pid=81863) validate_allowed_request /usr/local/lib/python3.8/dist-packages/keystonemiddleware/auth_token/__init__.py:545}}
Aug 23 21:53:17.404309 dv-neutron-854191-3-hyperv devstack@keystone.service[81864]: DEBUG keystone.server.flask.request_processing.middleware.auth_context [None req-54294701-c03a-417f-931e-e3129fc12869 None admin] Validating token access rules against request {{(pid=81864) validate_allowed_request /usr/local/lib/python3.8/dist-packages/keystonemiddleware/auth_token/__init__.py:545}}
Aug 23 21:53:17.433282 dv-neutron-854191-3-hyperv devstack@keystone.service[81863]: DEBUG keystone.server.flask.request_processing.middleware.auth_context [None req-90a5309c-eb21-44fe-8fa8-aef1afeefddf None admin] RBAC: auth_context: {'token': , 'domain_id': None, 'trust_id': None, 'trustor_id': None, 'trustee_id': None, 'domain_name': None, 'group_ids': [], 'user_id': '960150d3c648494586146ff865ede75b', 'user_domain_id': 'default', 'system_scope': 'all', 'project_id': None, 'project_domain_id': None, 'roles': ['admin', 'member', 'reader'], 'is_admin_project': True, 'service_user_id': None, 'service_user_domain_id': None, 'service_project_id': None, 'service_project_domain_id': None, 'service_roles': []} {{(pid=81863) fill_context /opt/stack/keystone/keystone/server/flask/request_processing/middleware/auth_context.py:478}}
Aug 23 21:53:17.433901 dv-neutron-854191-3-hyperv devstack@keystone.service[81863]: DEBUG keystone.server.flask.request_processing.req_logging [None req-90a5309c-eb21-44fe-8fa8-aef1afeefddf None admin] REQUEST_METHOD: `GET` {{(pid=81863) log_request_info /opt/stack/keystone/keystone/server/flask/request_processing/req_logging.py:27}}
Aug 23 21:53:17.434183 dv-neutron-854191-3-hyperv devstack@keystone.service[81863]: DEBUG keystone.server.flask.request_processing.req_logging [None req-90a5309c-eb21-44fe-8fa8-aef1afeefddf None admin] SCRIPT_NAME: `/identity` {{(pid=81863) log_request_info /opt/stack/keystone/keystone/server/flask/request_processing/req_logging.py:28}}
Aug 23 21:53:17.434455 dv-neutron-854191-3-hyperv devstack@keystone.service[81863]: DEBUG keystone.server.flask.request_processing.req_logging [None req-90a5309c-eb21-44fe-8fa8-aef1afeefddf None admin] PATH_INFO: `/v3/roles` {{(pid=81863) log_request_info /opt/stack/keystone/keystone/server/flask/request_processing/req_logging.py:29}}
Aug 23 21:53:17.435135 dv-neutron-854191-3-hyperv devstack@keystone.service[81863]: DEBUG keystone.common.rbac_enforcer.enforcer [None req-90a5309c-eb21-44fe-8fa8-aef1afeefddf None admin] RBAC: Adding query filter params (name=member) {{(pid=81863) _extract_filter_values /opt/stack/keystone/keystone/common/rbac_enforcer/enforcer.py:167}}
Aug 23 21:53:17.435440 dv-neutron-854191-3-hyperv devstack@keystone.service[81863]: DEBUG keystone.common.rbac_enforcer.enforcer [None req-90a5309c-eb21-44fe-8fa8-aef1afeefddf None admin] RBAC: Authorizing `identity:list_roles()` {{(pid=81863) enforce_call /opt/stack/keystone/keystone/common/rbac_enforcer/enforcer.py:449}}
Aug 23 21:53:17.437594 dv-neutron-854191-3-hyperv devstack@keystone.service[81863]: DEBUG keystone.common.rbac_enforcer.enforcer [None req-90a5309c-eb21-44fe-8fa8-aef1afeefddf None admin] RBAC: Authorization granted {{(pid=81863) enforce_call /opt/stack/keystone/keystone/common/rbac_enforcer/enforcer.py:457}}
Aug 23 21:53:17.453149 dv-neutron-854191-3-hyperv devstack@keystone.service[81863]: [pid: 81863|app: 0|req: 110/215] 10.222.0.27 () {56 vars in 1101 bytes} [Tue Aug 23 21:53:17 2022] GET /identity/v3/roles?name=member => generated 341 bytes in 193 msecs (HTTP/1.1 200) 5 headers in 177 bytes (2 switches on core 0)
Aug 23 21:53:17.454260 dv-neutron-854191-3-hyperv devstack@keystone.service[81863]: DEBUG keystone.server.flask.request_processing.middleware.auth_context [None req-90a5309c-eb21-44fe-8fa8-aef1afeefddf None admin] Authenticating user token {{(pid=81863) process_request /usr/local/lib/python3.8/dist-packages/keystonemiddleware/auth_token/__init__.py:407}}
Aug 23 21:53:17.456511 dv-neutron-854191-3-hyperv devstack@keystone.service[81864]: DEBUG keystone.server.flask.request_processing.middleware.auth_context [None req-e7438afd-ea46-4895-b3de-d5b0083e30d4 None admin] RBAC: auth_context: {'token': , 'domain_id': None, 'trust_id': None, 'trustor_id': None, 'trustee_id': None, 'domain_name': None, 'group_ids': [], 'user_id': '960150d3c648494586146ff865ede75b', 'user_domain_id': 'default', 'system_scope': 'all', 'project_id': None, 'project_domain_id': None, 'roles': ['admin', 'member', 'reader'], 'is_admin_project': True, 'service_user_id': None, 'service_user_domain_id': None, 'service_project_id': None, 'service_project_domain_id': None, 'service_roles': []} {{(pid=81864) fill_context /opt/stack/keystone/keystone/server/flask/request_processing/middleware/auth_context.py:478}}
Aug 23 21:53:17.457493 dv-neutron-854191-3-hyperv devstack@keystone.service[81864]: DEBUG keystone.server.flask.request_processing.req_logging [None req-e7438afd-ea46-4895-b3de-d5b0083e30d4 None admin] REQUEST_METHOD: `POST` {{(pid=81864) log_request_info /opt/stack/keystone/keystone/server/flask/request_processing/req_logging.py:27}}
Aug 23 21:53:17.458102 dv-neutron-854191-3-hyperv devstack@keystone.service[81864]: DEBUG keystone.server.flask.request_processing.req_logging [None req-e7438afd-ea46-4895-b3de-d5b0083e30d4 None admin] SCRIPT_NAME: `/identity` {{(pid=81864) log_request_info /opt/stack/keystone/keystone/server/flask/request_processing/req_logging.py:28}}
Aug 23 21:53:17.458435 dv-neutron-854191-3-hyperv devstack@keystone.service[81864]: DEBUG keystone.server.flask.request_processing.req_logging [None req-e7438afd-ea46-4895-b3de-d5b0083e30d4 None admin] PATH_INFO: `/v3/users` {{(pid=81864) log_request_info /opt/stack/keystone/keystone/server/flask/request_processing/req_logging.py:29}}
Aug 23 21:53:17.459169 dv-neutron-854191-3-hyperv devstack@keystone.service[81864]: DEBUG keystone.common.rbac_enforcer.enforcer [None req-e7438afd-ea46-4895-b3de-d5b0083e30d4 None admin] RBAC: Authorizing `identity:create_user()` {{(pid=81864) enforce_call /opt/stack/keystone/keystone/common/rbac_enforcer/enforcer.py:449}}
Aug 23 21:53:17.460717 dv-neutron-854191-3-hyperv devstack@keystone.service[81864]: DEBUG keystone.common.rbac_enforcer.enforcer [None req-e7438afd-ea46-4895-b3de-d5b0083e30d4 None admin] RBAC: Authorization granted {{(pid=81864) enforce_call /opt/stack/keystone/keystone/common/rbac_enforcer/enforcer.py:457}}
Aug 23 21:53:17.491520 dv-neutron-854191-3-hyperv devstack@keystone.service[81864]: [pid: 81864|app: 0|req: 106/216] 10.222.0.27 () {60 vars in 1132 bytes} [Tue Aug 23 21:53:17 2022] POST /identity/v3/users => generated 297 bytes in 224 msecs (HTTP/1.1 201) 5 headers in 182 bytes (1 switches on core 0)
Aug 23 21:53:17.526593 dv-neutron-854191-3-hyperv devstack@keystone.service[81863]: DEBUG dbcounter [-] [81863] Writing DB stats keystone:SELECT=100 {{(pid=81863) stat_writer /usr/local/lib/python3.8/dist-packages/dbcounter.py:114}}
Aug 23 21:53:17.591104 dv-neutron-854191-3-hyperv devstack@keystone.service[81863]: DEBUG keystone.server.flask.request_processing.middleware.auth_context [None req-90a5309c-eb21-44fe-8fa8-aef1afeefddf None admin] Validating token access rules against request {{(pid=81863) validate_allowed_request /usr/local/lib/python3.8/dist-packages/keystonemiddleware/auth_token/__init__.py:545}}
Aug 23 21:53:17.630679 dv-neutron-854191-3-hyperv devstack@keystone.service[81863]: DEBUG keystone.server.flask.request_processing.middleware.auth_context [None req-4fd9d5a0-946f-4618-98be-8350ade92c58 None admin] RBAC: auth_context: {'token': , 'domain_id': None, 'trust_id': None, 'trustor_id': None, 'trustee_id': None, 'domain_name': None, 'group_ids': [], 'user_id': '960150d3c648494586146ff865ede75b', 'user_domain_id': 'default', 'system_scope': 'all', 'project_id': None, 'project_domain_id': None, 'roles': ['admin', 'member', 'reader'], 'is_admin_project': True, 'service_user_id': None, 'service_user_domain_id': None, 'service_project_id': None, 'service_project_domain_id': None, 'service_roles': []} {{(pid=81863) fill_context /opt/stack/keystone/keystone/server/flask/request_processing/middleware/auth_context.py:478}}
Aug 23 21:53:17.631340 dv-neutron-854191-3-hyperv devstack@keystone.service[81863]: DEBUG keystone.server.flask.request_processing.req_logging [None req-4fd9d5a0-946f-4618-98be-8350ade92c58 None admin] REQUEST_METHOD: `GET` {{(pid=81863) log_request_info /opt/stack/keystone/keystone/server/flask/request_processing/req_logging.py:27}}
Aug 23 21:53:17.631653 dv-neutron-854191-3-hyperv devstack@keystone.service[81863]: DEBUG keystone.server.flask.request_processing.req_logging [None req-4fd9d5a0-946f-4618-98be-8350ade92c58 None admin] SCRIPT_NAME: `/identity` {{(pid=81863) log_request_info /opt/stack/keystone/keystone/server/flask/request_processing/req_logging.py:28}}
Aug 23 21:53:17.631927 dv-neutron-854191-3-hyperv devstack@keystone.service[81863]: DEBUG keystone.server.flask.request_processing.req_logging [None req-4fd9d5a0-946f-4618-98be-8350ade92c58 None admin] PATH_INFO: `/v3/users/e4b06a9226a44d8394d36c38dfb7492b` {{(pid=81863) log_request_info /opt/stack/keystone/keystone/server/flask/request_processing/req_logging.py:29}}
Aug 23 21:53:17.648170 dv-neutron-854191-3-hyperv devstack@keystone.service[81863]: DEBUG keystone.common.rbac_enforcer.enforcer [None req-4fd9d5a0-946f-4618-98be-8350ade92c58 None admin] RBAC: Authorizing `identity:get_user(user_id=e4b06a9226a44d8394d36c38dfb7492b)` {{(pid=81863) enforce_call /opt/stack/keystone/keystone/common/rbac_enforcer/enforcer.py:449}}
Aug 23 21:53:17.649776 dv-neutron-854191-3-hyperv devstack@keystone.service[81863]: DEBUG keystone.common.rbac_enforcer.enforcer [None req-4fd9d5a0-946f-4618-98be-8350ade92c58 None admin] RBAC: Authorization granted {{(pid=81863) enforce_call /opt/stack/keystone/keystone/common/rbac_enforcer/enforcer.py:457}}
Aug 23 21:53:17.651887 dv-neutron-854191-3-hyperv devstack@keystone.service[81863]: [pid: 81863|app: 0|req: 111/217] 10.222.0.27 () {56 vars in 1177 bytes} [Tue Aug 23 21:53:17 2022] GET /identity/v3/users/e4b06a9226a44d8394d36c38dfb7492b => generated 297 bytes in 198 msecs (HTTP/1.1 200) 5 headers in 177 bytes (1 switches on core 0)
Aug 23 21:53:17.657877 dv-neutron-854191-3-hyperv devstack@keystone.service[81864]: DEBUG keystone.server.flask.request_processing.middleware.auth_context [None req-e7438afd-ea46-4895-b3de-d5b0083e30d4 None admin] Authenticating user token {{(pid=81864) process_request /usr/local/lib/python3.8/dist-packages/keystonemiddleware/auth_token/__init__.py:407}}
Aug 23 21:53:17.748126 dv-neutron-854191-3-hyperv devstack@keystone.service[81864]: DEBUG dbcounter [-] [81864] Writing DB stats keystone:SELECT=97,keystone:INSERT=3 {{(pid=81864) stat_writer /usr/local/lib/python3.8/dist-packages/dbcounter.py:114}}
Aug 23 21:53:17.771886 dv-neutron-854191-3-hyperv devstack@keystone.service[81864]: DEBUG keystone.server.flask.request_processing.middleware.auth_context [None req-e7438afd-ea46-4895-b3de-d5b0083e30d4 None admin] Validating token access rules against request {{(pid=81864) validate_allowed_request /usr/local/lib/python3.8/dist-packages/keystonemiddleware/auth_token/__init__.py:545}}
Aug 23 21:53:17.809184 dv-neutron-854191-3-hyperv devstack@keystone.service[81864]: DEBUG keystone.server.flask.request_processing.middleware.auth_context [None req-cc6a6e80-305a-4148-935b-7d0c8c3330ee None admin] RBAC: auth_context: {'token': , 'domain_id': None, 'trust_id': None, 'trustor_id': None, 'trustee_id': None, 'domain_name': None, 'group_ids': [], 'user_id': '960150d3c648494586146ff865ede75b', 'user_domain_id': 'default', 'system_scope': 'all', 'project_id': None, 'project_domain_id': None, 'roles': ['admin', 'member', 'reader'], 'is_admin_project': True, 'service_user_id': None, 'service_user_domain_id': None, 'service_project_id': None, 'service_project_domain_id': None, 'service_roles': []} {{(pid=81864) fill_context /opt/stack/keystone/keystone/server/flask/request_processing/middleware/auth_context.py:478}}
Aug 23 21:53:17.809811 dv-neutron-854191-3-hyperv devstack@keystone.service[81864]: DEBUG keystone.server.flask.request_processing.req_logging [None req-cc6a6e80-305a-4148-935b-7d0c8c3330ee None admin] REQUEST_METHOD: `GET` {{(pid=81864) log_request_info /opt/stack/keystone/keystone/server/flask/request_processing/req_logging.py:27}}
Aug 23 21:53:17.810092 dv-neutron-854191-3-hyperv devstack@keystone.service[81864]: DEBUG keystone.server.flask.request_processing.req_logging [None req-cc6a6e80-305a-4148-935b-7d0c8c3330ee None admin] SCRIPT_NAME: `/identity` {{(pid=81864) log_request_info /opt/stack/keystone/keystone/server/flask/request_processing/req_logging.py:28}}
Aug 23 21:53:17.810367 dv-neutron-854191-3-hyperv devstack@keystone.service[81864]: DEBUG keystone.server.flask.request_processing.req_logging [None req-cc6a6e80-305a-4148-935b-7d0c8c3330ee None admin] PATH_INFO: `/v3/auth/tokens` {{(pid=81864) log_request_info /opt/stack/keystone/keystone/server/flask/request_processing/req_logging.py:29}}
Aug 23 21:53:17.891412 dv-neutron-854191-3-hyperv devstack@keystone.service[81864]: DEBUG keystone.common.rbac_enforcer.enforcer [None req-cc6a6e80-305a-4148-935b-7d0c8c3330ee None admin] RBAC: Authorizing `identity:validate_token()` {{(pid=81864) enforce_call /opt/stack/keystone/keystone/common/rbac_enforcer/enforcer.py:449}}
Aug 23 21:53:17.892903 dv-neutron-854191-3-hyperv devstack@keystone.service[81864]: DEBUG keystone.common.rbac_enforcer.enforcer [None req-cc6a6e80-305a-4148-935b-7d0c8c3330ee None admin] RBAC: Authorization granted {{(pid=81864) enforce_call /opt/stack/keystone/keystone/common/rbac_enforcer/enforcer.py:457}}
Aug 23 21:53:17.989436 dv-neutron-854191-3-hyperv devstack@keystone.service[81863]: DEBUG keystone.server.flask.request_processing.req_logging [None req-111caa50-5ba5-49b5-a282-d699ea919238 None None] REQUEST_METHOD: `GET` {{(pid=81863) log_request_info /opt/stack/keystone/keystone/server/flask/request_processing/req_logging.py:27}}
Aug 23 21:53:17.989782 dv-neutron-854191-3-hyperv devstack@keystone.service[81863]: DEBUG keystone.server.flask.request_processing.req_logging [None req-111caa50-5ba5-49b5-a282-d699ea919238 None None] SCRIPT_NAME: `/identity` {{(pid=81863) log_request_info /opt/stack/keystone/keystone/server/flask/request_processing/req_logging.py:28}}
Aug 23 21:53:17.989987 dv-neutron-854191-3-hyperv devstack@keystone.service[81863]: DEBUG keystone.server.flask.request_processing.req_logging [None req-111caa50-5ba5-49b5-a282-d699ea919238 None None] PATH_INFO: `/` {{(pid=81863) log_request_info /opt/stack/keystone/keystone/server/flask/request_processing/req_logging.py:29}}
Aug 23 21:53:17.992380 dv-neutron-854191-3-hyperv devstack@keystone.service[81864]: DEBUG dbcounter [-] [81864] Writing DB stats keystone:SELECT=100 {{(pid=81864) stat_writer /usr/local/lib/python3.8/dist-packages/dbcounter.py:114}}
Aug 23 21:53:17.995194 dv-neutron-854191-3-hyperv devstack@keystone.service[81863]: [pid: 81863|app: 0|req: 112/218] 10.222.0.27 () {54 vars in 927 bytes} [Tue Aug 23 21:53:17 2022] GET /identity => generated 270 bytes in 3 msecs (HTTP/1.1 300) 6 headers in 234 bytes (2 switches on core 0)
Aug 23 21:53:17.997864 dv-neutron-854191-3-hyperv devstack@keystone.service[81863]: DEBUG keystone.server.flask.request_processing.req_logging [None req-7f55a117-6cfa-4cae-a367-e453abd7c4ae None None] REQUEST_METHOD: `POST` {{(pid=81863) log_request_info /opt/stack/keystone/keystone/server/flask/request_processing/req_logging.py:27}}
Aug 23 21:53:17.998153 dv-neutron-854191-3-hyperv devstack@keystone.service[81863]: DEBUG keystone.server.flask.request_processing.req_logging [None req-7f55a117-6cfa-4cae-a367-e453abd7c4ae None None] SCRIPT_NAME: `/identity` {{(pid=81863) log_request_info /opt/stack/keystone/keystone/server/flask/request_processing/req_logging.py:28}}
Aug 23 21:53:17.999073 dv-neutron-854191-3-hyperv devstack@keystone.service[81863]: DEBUG keystone.server.flask.request_processing.req_logging [None req-7f55a117-6cfa-4cae-a367-e453abd7c4ae None None] PATH_INFO: `/v3/auth/tokens` {{(pid=81863) log_request_info /opt/stack/keystone/keystone/server/flask/request_processing/req_logging.py:29}}
Aug 23 21:53:18.016158 dv-neutron-854191-3-hyperv devstack@keystone.service[81864]: [pid: 81864|app: 0|req: 107/219] 10.222.0.27 () {58 vars in 1282 bytes} [Tue Aug 23 21:53:17 2022] GET /identity/v3/auth/tokens => generated 799 bytes in 359 msecs (HTTP/1.1 200) 6 headers in 358 bytes (2 switches on core 0)
Aug 23 21:53:18.017609 dv-neutron-854191-3-hyperv devstack@keystone.service[81863]: DEBUG keystone.auth.core [None req-7f55a117-6cfa-4cae-a367-e453abd7c4ae None None] MFA Rules not processed for user `960150d3c648494586146ff865ede75b`. Rule list: `[]` (Enabled: `True`). {{(pid=81863) check_auth_methods_against_rules /opt/stack/keystone/keystone/auth/core.py:438}}
Aug 23 21:53:18.018802 dv-neutron-854191-3-hyperv devstack@keystone.service[81863]: DEBUG keystone.common.fernet_utils [None req-7f55a117-6cfa-4cae-a367-e453abd7c4ae None None] Loaded 2 Fernet keys from /etc/keystone/fernet-keys/, but `[fernet_tokens] max_active_keys = 3`; perhaps there have not been enough key rotations to reach `max_active_keys` yet? {{(pid=81863) load_keys /opt/stack/keystone/keystone/common/fernet_utils.py:286}}
Aug 23 21:53:18.024542 dv-neutron-854191-3-hyperv devstack@keystone.service[81864]: DEBUG keystone.server.flask.request_processing.middleware.auth_context [None req-cc6a6e80-305a-4148-935b-7d0c8c3330ee None admin] Authenticating user token {{(pid=81864) process_request /usr/local/lib/python3.8/dist-packages/keystonemiddleware/auth_token/__init__.py:407}}
Aug 23 21:53:18.155029 dv-neutron-854191-3-hyperv devstack@keystone.service[81864]: DEBUG keystone.server.flask.request_processing.middleware.auth_context [None req-cc6a6e80-305a-4148-935b-7d0c8c3330ee None admin] Validating token access rules against request {{(pid=81864) validate_allowed_request /usr/local/lib/python3.8/dist-packages/keystonemiddleware/auth_token/__init__.py:545}}
Aug 23 21:53:18.169056 dv-neutron-854191-3-hyperv devstack@keystone.service[81863]: [pid: 81863|app: 0|req: 113/220] 10.222.0.27 () {58 vars in 1024 bytes} [Tue Aug 23 21:53:17 2022] POST /identity/v3/auth/tokens => generated 799 bytes in 172 msecs (HTTP/1.1 201) 6 headers in 363 bytes (1 switches on core 0)
Aug 23 21:53:18.208522 dv-neutron-854191-3-hyperv devstack@keystone.service[81864]: DEBUG keystone.server.flask.request_processing.middleware.auth_context [None req-98c74967-9dfc-4a33-a621-848386a5cdc8 None admin] RBAC: auth_context: {'token': , 'domain_id': None, 'trust_id': None, 'trustor_id': None, 'trustee_id': None, 'domain_name': None, 'group_ids': [], 'user_id': '960150d3c648494586146ff865ede75b', 'user_domain_id': 'default', 'system_scope': 'all', 'project_id': None, 'project_domain_id': None, 'roles': ['admin', 'member', 'reader'], 'is_admin_project': True, 'service_user_id': None, 'service_user_domain_id': None, 'service_project_id': None, 'service_project_domain_id': None, 'service_roles': []} {{(pid=81864) fill_context /opt/stack/keystone/keystone/server/flask/request_processing/middleware/auth_context.py:478}}
Aug 23 21:53:18.209170 dv-neutron-854191-3-hyperv devstack@keystone.service[81864]: DEBUG keystone.server.flask.request_processing.req_logging [None req-98c74967-9dfc-4a33-a621-848386a5cdc8 None admin] REQUEST_METHOD: `GET` {{(pid=81864) log_request_info /opt/stack/keystone/keystone/server/flask/request_processing/req_logging.py:27}}
Aug 23 21:53:18.209448 dv-neutron-854191-3-hyperv devstack@keystone.service[81864]: DEBUG keystone.server.flask.request_processing.req_logging [None req-98c74967-9dfc-4a33-a621-848386a5cdc8 None admin] SCRIPT_NAME: `/identity` {{(pid=81864) log_request_info /opt/stack/keystone/keystone/server/flask/request_processing/req_logging.py:28}}
Aug 23 21:53:18.209718 dv-neutron-854191-3-hyperv devstack@keystone.service[81864]: DEBUG keystone.server.flask.request_processing.req_logging [None req-98c74967-9dfc-4a33-a621-848386a5cdc8 None admin] PATH_INFO: `/v3/projects/bcdfdb0fde0842cc8918447da5ee2845` {{(pid=81864) log_request_info /opt/stack/keystone/keystone/server/flask/request_processing/req_logging.py:29}}
Aug 23 21:53:18.210892 dv-neutron-854191-3-hyperv devstack@keystone.service[81864]: DEBUG keystone.common.rbac_enforcer.enforcer [None req-98c74967-9dfc-4a33-a621-848386a5cdc8 None admin] RBAC: Authorizing `identity:get_project(project_id=bcdfdb0fde0842cc8918447da5ee2845)` {{(pid=81864) enforce_call /opt/stack/keystone/keystone/common/rbac_enforcer/enforcer.py:449}}
Aug 23 21:53:18.212416 dv-neutron-854191-3-hyperv devstack@keystone.service[81864]: DEBUG keystone.common.rbac_enforcer.enforcer [None req-98c74967-9dfc-4a33-a621-848386a5cdc8 None admin] RBAC: Authorization granted {{(pid=81864) enforce_call /opt/stack/keystone/keystone/common/rbac_enforcer/enforcer.py:457}}
Aug 23 21:53:18.214098 dv-neutron-854191-3-hyperv devstack@keystone.service[81864]: [pid: 81864|app: 0|req: 108/221] 10.222.0.27 () {56 vars in 1186 bytes} [Tue Aug 23 21:53:18 2022] GET /identity/v3/projects/bcdfdb0fde0842cc8918447da5ee2845 => generated 302 bytes in 190 msecs (HTTP/1.1 200) 5 headers in 177 bytes (1 switches on core 0)
Aug 23 21:53:18.220745 dv-neutron-854191-3-hyperv devstack@keystone.service[81863]: DEBUG keystone.server.flask.request_processing.middleware.auth_context [None req-7f55a117-6cfa-4cae-a367-e453abd7c4ae None None] Authenticating user token {{(pid=81863) process_request /usr/local/lib/python3.8/dist-packages/keystonemiddleware/auth_token/__init__.py:407}}
Aug 23 21:53:18.259868 dv-neutron-854191-3-hyperv devstack@keystone.service[81863]: DEBUG dbcounter [-] [81863] Writing DB stats keystone:SELECT=100 {{(pid=81863) stat_writer /usr/local/lib/python3.8/dist-packages/dbcounter.py:114}}
Aug 23 21:53:18.344183 dv-neutron-854191-3-hyperv devstack@keystone.service[81863]: DEBUG keystone.server.flask.request_processing.middleware.auth_context [None req-7f55a117-6cfa-4cae-a367-e453abd7c4ae None None] Validating token access rules against request {{(pid=81863) validate_allowed_request /usr/local/lib/python3.8/dist-packages/keystonemiddleware/auth_token/__init__.py:545}}
Aug 23 21:53:18.394817 dv-neutron-854191-3-hyperv devstack@keystone.service[81863]: DEBUG keystone.server.flask.request_processing.middleware.auth_context [None req-82954ecf-b68a-4608-99bd-079468002de8 None admin] RBAC: auth_context: {'token': , 'domain_id': None, 'trust_id': None, 'trustor_id': None, 'trustee_id': None, 'domain_name': None, 'group_ids': [], 'user_id': '960150d3c648494586146ff865ede75b', 'user_domain_id': 'default', 'system_scope': 'all', 'project_id': None, 'project_domain_id': None, 'roles': ['admin', 'member', 'reader'], 'is_admin_project': True, 'service_user_id': None, 'service_user_domain_id': None, 'service_project_id': None, 'service_project_domain_id': None, 'service_roles': []} {{(pid=81863) fill_context /opt/stack/keystone/keystone/server/flask/request_processing/middleware/auth_context.py:478}}
Aug 23 21:53:18.395444 dv-neutron-854191-3-hyperv devstack@keystone.service[81863]: DEBUG keystone.server.flask.request_processing.req_logging [None req-82954ecf-b68a-4608-99bd-079468002de8 None admin] REQUEST_METHOD: `GET` {{(pid=81863) log_request_info /opt/stack/keystone/keystone/server/flask/request_processing/req_logging.py:27}}
Aug 23 21:53:18.395740 dv-neutron-854191-3-hyperv devstack@keystone.service[81863]: DEBUG keystone.server.flask.request_processing.req_logging [None req-82954ecf-b68a-4608-99bd-079468002de8 None admin] SCRIPT_NAME: `/identity` {{(pid=81863) log_request_info /opt/stack/keystone/keystone/server/flask/request_processing/req_logging.py:28}}
Aug 23 21:53:18.396005 dv-neutron-854191-3-hyperv devstack@keystone.service[81863]: DEBUG keystone.server.flask.request_processing.req_logging [None req-82954ecf-b68a-4608-99bd-079468002de8 None admin] PATH_INFO: `/v3/role_assignments` {{(pid=81863) log_request_info /opt/stack/keystone/keystone/server/flask/request_processing/req_logging.py:29}}
Aug 23 21:53:18.396903 dv-neutron-854191-3-hyperv devstack@keystone.service[81863]: DEBUG keystone.common.rbac_enforcer.enforcer [None req-82954ecf-b68a-4608-99bd-079468002de8 None admin] RBAC: Adding query filter params (role.id=13a732cc88ca4a1aaf64197372c091f6, scope.project.id=bcdfdb0fde0842cc8918447da5ee2845, user.id=e4b06a9226a44d8394d36c38dfb7492b) {{(pid=81863) _extract_filter_values /opt/stack/keystone/keystone/common/rbac_enforcer/enforcer.py:167}}
Aug 23 21:53:18.397212 dv-neutron-854191-3-hyperv devstack@keystone.service[81863]: DEBUG keystone.common.rbac_enforcer.enforcer [None req-82954ecf-b68a-4608-99bd-079468002de8 None admin] RBAC: Authorizing `identity:list_role_assignments()` {{(pid=81863) enforce_call /opt/stack/keystone/keystone/common/rbac_enforcer/enforcer.py:449}}
Aug 23 21:53:18.398652 dv-neutron-854191-3-hyperv devstack@keystone.service[81863]: DEBUG keystone.common.rbac_enforcer.enforcer [None req-82954ecf-b68a-4608-99bd-079468002de8 None admin] RBAC: Authorization granted {{(pid=81863) enforce_call /opt/stack/keystone/keystone/common/rbac_enforcer/enforcer.py:457}}
Aug 23 21:53:18.406040 dv-neutron-854191-3-hyperv devstack@keystone.service[81863]: [pid: 81863|app: 0|req: 114/222] 10.222.0.27 () {56 vars in 1374 bytes} [Tue Aug 23 21:53:18 2022] GET /identity/v3/role_assignments?user.id=e4b06a9226a44d8394d36c38dfb7492b&scope.project.id=bcdfdb0fde0842cc8918447da5ee2845&role.id=13a732cc88ca4a1aaf64197372c091f6 => generated 259 bytes in 186 msecs (HTTP/1.1 200) 5 headers in 177 bytes (1 switches on core 0)
Aug 23 21:53:18.458708 dv-neutron-854191-3-hyperv devstack@keystone.service[81864]: DEBUG keystone.server.flask.request_processing.req_logging [None req-22ebe5cc-d557-4587-9d76-e505357d92e2 None None] REQUEST_METHOD: `GET` {{(pid=81864) log_request_info /opt/stack/keystone/keystone/server/flask/request_processing/req_logging.py:27}}
Aug 23 21:53:18.458991 dv-neutron-854191-3-hyperv devstack@keystone.service[81864]: DEBUG keystone.server.flask.request_processing.req_logging [None req-22ebe5cc-d557-4587-9d76-e505357d92e2 None None] SCRIPT_NAME: `/identity` {{(pid=81864) log_request_info /opt/stack/keystone/keystone/server/flask/request_processing/req_logging.py:28}}
Aug 23 21:53:18.459497 dv-neutron-854191-3-hyperv devstack@keystone.service[81864]: DEBUG keystone.server.flask.request_processing.req_logging [None req-22ebe5cc-d557-4587-9d76-e505357d92e2 None None] PATH_INFO: `/` {{(pid=81864) log_request_info /opt/stack/keystone/keystone/server/flask/request_processing/req_logging.py:29}}
Aug 23 21:53:18.461362 dv-neutron-854191-3-hyperv devstack@keystone.service[81864]: [pid: 81864|app: 0|req: 109/223] 10.222.0.27 () {54 vars in 927 bytes} [Tue Aug 23 21:53:18 2022] GET /identity => generated 270 bytes in 4 msecs (HTTP/1.1 300) 6 headers in 234 bytes (1 switches on core 0)
Aug 23 21:53:18.469410 dv-neutron-854191-3-hyperv devstack@keystone.service[81863]: DEBUG keystone.server.flask.request_processing.req_logging [None req-7351dccd-627e-433e-856c-376f742ef5cd None None] REQUEST_METHOD: `POST` {{(pid=81863) log_request_info /opt/stack/keystone/keystone/server/flask/request_processing/req_logging.py:27}}
Aug 23 21:53:18.470006 dv-neutron-854191-3-hyperv devstack@keystone.service[81863]: DEBUG keystone.server.flask.request_processing.req_logging [None req-7351dccd-627e-433e-856c-376f742ef5cd None None] SCRIPT_NAME: `/identity` {{(pid=81863) log_request_info /opt/stack/keystone/keystone/server/flask/request_processing/req_logging.py:28}}
Aug 23 21:53:18.470477 dv-neutron-854191-3-hyperv devstack@keystone.service[81863]: DEBUG keystone.server.flask.request_processing.req_logging [None req-7351dccd-627e-433e-856c-376f742ef5cd None None] PATH_INFO: `/v3/auth/tokens` {{(pid=81863) log_request_info /opt/stack/keystone/keystone/server/flask/request_processing/req_logging.py:29}}
Aug 23 21:53:18.489374 dv-neutron-854191-3-hyperv devstack@keystone.service[81863]: DEBUG keystone.auth.core [None req-7351dccd-627e-433e-856c-376f742ef5cd None None] MFA Rules not processed for user `960150d3c648494586146ff865ede75b`. Rule list: `[]` (Enabled: `True`). {{(pid=81863) check_auth_methods_against_rules /opt/stack/keystone/keystone/auth/core.py:438}}
Aug 23 21:53:18.490959 dv-neutron-854191-3-hyperv devstack@keystone.service[81863]: DEBUG keystone.common.fernet_utils [None req-7351dccd-627e-433e-856c-376f742ef5cd None None] Loaded 2 Fernet keys from /etc/keystone/fernet-keys/, but `[fernet_tokens] max_active_keys = 3`; perhaps there have not been enough key rotations to reach `max_active_keys` yet? {{(pid=81863) load_keys /opt/stack/keystone/keystone/common/fernet_utils.py:286}}
Aug 23 21:53:18.580583 dv-neutron-854191-3-hyperv devstack@keystone.service[81863]: [pid: 81863|app: 0|req: 115/224] 10.222.0.27 () {58 vars in 1024 bytes} [Tue Aug 23 21:53:18 2022] POST /identity/v3/auth/tokens => generated 799 bytes in 114 msecs (HTTP/1.1 201) 6 headers in 363 bytes (1 switches on core 0)
Aug 23 21:53:18.617295 dv-neutron-854191-3-hyperv devstack@keystone.service[81864]: DEBUG keystone.server.flask.request_processing.middleware.auth_context [None req-22ebe5cc-d557-4587-9d76-e505357d92e2 None None] Authenticating user token {{(pid=81864) process_request /usr/local/lib/python3.8/dist-packages/keystonemiddleware/auth_token/__init__.py:407}}
Aug 23 21:53:18.684220 dv-neutron-854191-3-hyperv devstack@keystone.service[81864]: DEBUG dbcounter [-] [81864] Writing DB stats keystone:SELECT=100 {{(pid=81864) stat_writer /usr/local/lib/python3.8/dist-packages/dbcounter.py:114}}
Aug 23 21:53:18.744266 dv-neutron-854191-3-hyperv devstack@keystone.service[81864]: DEBUG keystone.server.flask.request_processing.middleware.auth_context [None req-22ebe5cc-d557-4587-9d76-e505357d92e2 None None] Validating token access rules against request {{(pid=81864) validate_allowed_request /usr/local/lib/python3.8/dist-packages/keystonemiddleware/auth_token/__init__.py:545}}
Aug 23 21:53:18.813130 dv-neutron-854191-3-hyperv devstack@keystone.service[81864]: DEBUG keystone.server.flask.request_processing.middleware.auth_context [None req-b0030f40-d6b7-43ab-bf47-f82f496a2573 None admin] RBAC: auth_context: {'token': , 'domain_id': None, 'trust_id': None, 'trustor_id': None, 'trustee_id': None, 'domain_name': None, 'group_ids': [], 'user_id': '960150d3c648494586146ff865ede75b', 'user_domain_id': 'default', 'system_scope': 'all', 'project_id': None, 'project_domain_id': None, 'roles': ['admin', 'member', 'reader'], 'is_admin_project': True, 'service_user_id': None, 'service_user_domain_id': None, 'service_project_id': None, 'service_project_domain_id': None, 'service_roles': []} {{(pid=81864) fill_context /opt/stack/keystone/keystone/server/flask/request_processing/middleware/auth_context.py:478}}
Aug 23 21:53:18.814141 dv-neutron-854191-3-hyperv devstack@keystone.service[81864]: DEBUG keystone.server.flask.request_processing.req_logging [None req-b0030f40-d6b7-43ab-bf47-f82f496a2573 None admin] REQUEST_METHOD: `GET` {{(pid=81864) log_request_info /opt/stack/keystone/keystone/server/flask/request_processing/req_logging.py:27}}
