Aug 23 00:16:18.101604 dv-neutron-854041-4-hyperv neutron-server[107223]: DEBUG neutron.api.v2.base [None req-2daf1012-1572-4fde-b6b3-4acac86f1cd7 tempest-QuotasNegativeTest-855523474 tempest-QuotasNegativeTest-855523474-project-admin] Request body: {'network': {'project_id': '1e6339a7840e46b79a2fd9a741d1992a'}} {{(pid=107223) prepare_request_body /opt/stack/neutron/neutron/api/v2/base.py:730}}
Aug 23 00:16:18.119496 dv-neutron-854041-4-hyperv neutron-server[107223]: WARNING neutron.services.metering.metering_plugin [None req-91323710-beaf-499c-ba22-5b8a977d29c3 tempest-MeteringTestJSON-950877937 tempest-MeteringTestJSON-950877937-project-admin] The use of 'remote_ip_prefix' in metering label rules is deprecated and will be removed in future releases. One should use instead the 'source_ip_prefix' and/or 'destination_ip_prefix' parameters. For more details, you can check the spec: https://review.opendev.org/#/c/744702/.
Aug 23 00:16:18.145081 dv-neutron-854041-4-hyperv neutron-server[107222]: DEBUG neutron_lib.callbacks.manager [None req-2f194fe7-9ee7-4692-8877-8eb0577efce1 tempest-ExternalNetworksTestJSON-1028619431 tempest-ExternalNetworksTestJSON-1028619431-project] Publish callbacks [] for security_group (e0f61360-f0ef-4e39-9c05-85718dd79cf1), precommit_create {{(pid=107222) _notify_loop /usr/local/lib/python3.8/dist-packages/neutron_lib/callbacks/manager.py:176}}
Aug 23 00:16:18.149236 dv-neutron-854041-4-hyperv neutron-server[107222]: DEBUG neutron_lib.callbacks.manager [None req-2c58f140-fb4c-4e93-900f-ddd4aa568dc0 tempest-DHCPAgentSchedulersTestJSON-629519729 tempest-DHCPAgentSchedulersTestJSON-629519729-project] Publish callbacks ['neutron.plugins.ml2.ovo_rpc._ObjectChangeHandler.handle_event-763813'] for security_group (94024386-0587-4405-b2d5-ac2e1c04c490), after_create {{(pid=107222) _notify_loop /usr/local/lib/python3.8/dist-packages/neutron_lib/callbacks/manager.py:176}}
Aug 23 00:16:18.183422 dv-neutron-854041-4-hyperv neutron-server[107222]: DEBUG neutron_lib.callbacks.manager [None req-2f194fe7-9ee7-4692-8877-8eb0577efce1 tempest-ExternalNetworksTestJSON-1028619431 tempest-ExternalNetworksTestJSON-1028619431-project] Publish callbacks ['neutron.plugins.ml2.ovo_rpc._ObjectChangeHandler.handle_event-763813'] for security_group (e0f61360-f0ef-4e39-9c05-85718dd79cf1), after_create {{(pid=107222) _notify_loop /usr/local/lib/python3.8/dist-packages/neutron_lib/callbacks/manager.py:176}}
Aug 23 00:16:18.190429 dv-neutron-854041-4-hyperv neutron-server[107224]: DEBUG neutron_lib.callbacks.manager [None req-dfaaa5fc-e240-486d-bb62-54ddbc1a8258 None None] Publish callbacks [] for port (1b8b7577-c8b3-441b-b909-eeec4643f129), precommit_create {{(pid=107224) _notify_loop /usr/local/lib/python3.8/dist-packages/neutron_lib/callbacks/manager.py:176}}
Aug 23 00:16:18.193542 dv-neutron-854041-4-hyperv neutron-server[107224]: DEBUG neutron_lib.callbacks.manager [None req-f9126d76-36c0-4cd6-abf1-64ea450282a9 None None] Publish callbacks ['neutron.plugins.ml2.plugin.SecurityGroupServerNotifierRpcMixin._notify_sg_on_port_change-1796341', 'neutron.plugins.ml2.ovo_rpc._ObjectChangeHandler.handle_event-997535', 'neutron.api.rpc.agentnotifiers.dhcp_rpc_agent_api.DhcpAgentNotifyAPI._native_event_send_dhcp_notification-530342', 'neutron.db.l3_db.L3RpcNotifierMixin._notify_gateway_port_ip_changed-8738742855289', 'neutron.db.l3_dvrscheduler_db._notify_l3_agent_port_update-8738742310979', 'neutron.db.l3_hascheduler_db._notify_l3_agent_ha_port_update-8738742310997'] for port (cec2f188-edd5-4e94-adec-cd93e67bc9f1), after_update {{(pid=107224) _notify_loop /usr/local/lib/python3.8/dist-packages/neutron_lib/callbacks/manager.py:176}}
Aug 23 00:16:18.194776 dv-neutron-854041-4-hyperv neutron-server[107222]: DEBUG neutron.plugins.ml2.drivers.helpers [None req-2f194fe7-9ee7-4692-8877-8eb0577efce1 tempest-ExternalNetworksTestJSON-1028619431 tempest-ExternalNetworksTestJSON-1028619431-project] vlan segment allocate from pool success with {'vlan_id': 187, 'physical_network': 'physnet1'} {{(pid=107222) allocate_partially_specified_segment /opt/stack/neutron/neutron/plugins/ml2/drivers/helpers.py:153}}
Aug 23 00:16:18.199497 dv-neutron-854041-4-hyperv neutron-server[107224]: DEBUG dbcounter [-] [107224] Writing DB stats neutron:SELECT=95,neutron:UPDATE=3,neutron:INSERT=2 {{(pid=107224) stat_writer /usr/local/lib/python3.8/dist-packages/dbcounter.py:114}}
Aug 23 00:16:18.203923 dv-neutron-854041-4-hyperv neutron-server[107222]: DEBUG neutron_lib.callbacks.manager [None req-2f194fe7-9ee7-4692-8877-8eb0577efce1 tempest-ExternalNetworksTestJSON-1028619431 tempest-ExternalNetworksTestJSON-1028619431-project] Publish callbacks ['neutron.plugins.ml2.plugin.Ml2Plugin._handle_segment_change-1376329'] for segment (6deb66ca-54b3-4154-b5b0-f419691cee2a), precommit_create {{(pid=107222) _notify_loop /usr/local/lib/python3.8/dist-packages/neutron_lib/callbacks/manager.py:176}}
Aug 23 00:16:18.204275 dv-neutron-854041-4-hyperv neutron-server[107222]: INFO neutron.db.segments_db [None req-2f194fe7-9ee7-4692-8877-8eb0577efce1 tempest-ExternalNetworksTestJSON-1028619431 tempest-ExternalNetworksTestJSON-1028619431-project] Added segment 6deb66ca-54b3-4154-b5b0-f419691cee2a of type vlan for network 904ec157-67ac-4b13-a436-2b98ee83c1bd
Aug 23 00:16:18.244772 dv-neutron-854041-4-hyperv neutron-server[107222]: DEBUG neutron_lib.callbacks.manager [None req-2f194fe7-9ee7-4692-8877-8eb0577efce1 tempest-ExternalNetworksTestJSON-1028619431 tempest-ExternalNetworksTestJSON-1028619431-project] Publish callbacks ['neutron.services.auto_allocate.db._ensure_external_network_default_value_callback-8738742292080'] for network (904ec157-67ac-4b13-a436-2b98ee83c1bd), precommit_create {{(pid=107222) _notify_loop /usr/local/lib/python3.8/dist-packages/neutron_lib/callbacks/manager.py:176}}
Aug 23 00:16:18.255489 dv-neutron-854041-4-hyperv neutron-server[107224]: DEBUG neutron.api.rpc.handlers.resources_rpc [None req-f9126d76-36c0-4cd6-abf1-64ea450282a9 None None] Pushing event updated for resources: {'Port': ['ID=cec2f188-edd5-4e94-adec-cd93e67bc9f1,revision_number=3']} {{(pid=107224) push /opt/stack/neutron/neutron/api/rpc/handlers/resources_rpc.py:237}}
Aug 23 00:16:18.258589 dv-neutron-854041-4-hyperv neutron-server[107224]: DEBUG neutron_lib.callbacks.manager [None req-dfaaa5fc-e240-486d-bb62-54ddbc1a8258 None None] Publish callbacks ['neutron.plugins.ml2.plugin.SecurityGroupServerNotifierRpcMixin._notify_sg_on_port_change-1796341', 'neutron.plugins.ml2.ovo_rpc._ObjectChangeHandler.handle_event-997535', 'neutron.api.rpc.agentnotifiers.dhcp_rpc_agent_api.DhcpAgentNotifyAPI._native_event_send_dhcp_notification-530342', 'neutron.db.l3_dvrscheduler_db._notify_l3_agent_new_port-8738742310961'] for port (1b8b7577-c8b3-441b-b909-eeec4643f129), after_create {{(pid=107224) _notify_loop /usr/local/lib/python3.8/dist-packages/neutron_lib/callbacks/manager.py:176}}
Aug 23 00:16:18.292698 dv-neutron-854041-4-hyperv neutron-server[107222]: DEBUG neutron_lib.callbacks.manager [None req-2f194fe7-9ee7-4692-8877-8eb0577efce1 tempest-ExternalNetworksTestJSON-1028619431 tempest-ExternalNetworksTestJSON-1028619431-project] Publish callbacks ['neutron.plugins.ml2.ovo_rpc._ObjectChangeHandler.handle_event-763894', 'neutron.api.rpc.agentnotifiers.dhcp_rpc_agent_api.DhcpAgentNotifyAPI._native_event_send_dhcp_notification-530342'] for network (904ec157-67ac-4b13-a436-2b98ee83c1bd), after_create {{(pid=107222) _notify_loop /usr/local/lib/python3.8/dist-packages/neutron_lib/callbacks/manager.py:176}}
Aug 23 00:16:18.297672 dv-neutron-854041-4-hyperv neutron-server[107222]: DEBUG neutron.pecan_wsgi.hooks.policy_enforcement [None req-2f194fe7-9ee7-4692-8877-8eb0577efce1 tempest-ExternalNetworksTestJSON-1028619431 tempest-ExternalNetworksTestJSON-1028619431-project] Attributes excluded by policy engine: ['standard_attr_id', 'provider:network_type', 'provider:physical_network', 'provider:segmentation_id', 'vlan_transparent'] {{(pid=107222) _exclude_attributes_by_policy /opt/stack/neutron/neutron/pecan_wsgi/hooks/policy_enforcement.py:259}}
Aug 23 00:16:18.298283 dv-neutron-854041-4-hyperv neutron-server[107222]: DEBUG neutron_lib.callbacks.manager [None req-2f194fe7-9ee7-4692-8877-8eb0577efce1 tempest-ExternalNetworksTestJSON-1028619431 tempest-ExternalNetworksTestJSON-1028619431-project] Publish callbacks ['neutron.api.rpc.agentnotifiers.dhcp_rpc_agent_api.DhcpAgentNotifyAPI._send_dhcp_notification-530356'] for network (None), before_response {{(pid=107222) _notify_loop /usr/local/lib/python3.8/dist-packages/neutron_lib/callbacks/manager.py:176}}
Aug 23 00:16:18.313981 dv-neutron-854041-4-hyperv neutron-server[107222]: DEBUG neutron.scheduler.dhcp_agent_scheduler [None req-f4c86966-ad49-4ff0-9c34-2bb9f4b73af7 admin admin] Network efa87d43-1b01-4de7-82ce-5e9fe7045585 is already hosted by enough agents. {{(pid=107222) _get_dhcp_agents_hosting_network /opt/stack/neutron/neutron/scheduler/dhcp_agent_scheduler.py:275}}
Aug 23 00:16:18.324633 dv-neutron-854041-4-hyperv neutron-server[107223]: DEBUG neutron_lib.callbacks.manager [None req-91323710-beaf-499c-ba22-5b8a977d29c3 tempest-MeteringTestJSON-950877937 tempest-MeteringTestJSON-950877937-project-admin] Publish callbacks [] for metering_label_rule (None), before_response {{(pid=107223) _notify_loop /usr/local/lib/python3.8/dist-packages/neutron_lib/callbacks/manager.py:176}}
Aug 23 00:16:18.329056 dv-neutron-854041-4-hyperv neutron-server[107223]: INFO neutron.wsgi [None req-91323710-beaf-499c-ba22-5b8a977d29c3 tempest-MeteringTestJSON-950877937 tempest-MeteringTestJSON-950877937-project-admin] 10.222.0.17 "POST /networking/v2.0/metering/metering-label-rules HTTP/1.1" status: 201 len: 466 time: 0.3466308
Aug 23 00:16:18.343166 dv-neutron-854041-4-hyperv neutron-server[107223]: DEBUG neutron.wsgi [-] (107223) accepted ('10.222.0.17', 57930) {{(pid=107223) server /usr/local/lib/python3.8/dist-packages/eventlet/wsgi.py:1004}}
Aug 23 00:16:18.343448 dv-neutron-854041-4-hyperv neutron-server[107223]: DEBUG neutron.wsgi [-] (107223) accepted ('10.222.0.17', 57932) {{(pid=107223) server /usr/local/lib/python3.8/dist-packages/eventlet/wsgi.py:1004}}
Aug 23 00:16:18.360522 dv-neutron-854041-4-hyperv neutron-server[107222]: INFO neutron.wsgi [None req-2f194fe7-9ee7-4692-8877-8eb0577efce1 tempest-ExternalNetworksTestJSON-1028619431 tempest-ExternalNetworksTestJSON-1028619431-project] 10.222.0.17 "POST /networking/v2.0/networks HTTP/1.1" status: 201 len: 792 time: 0.9324799
Aug 23 00:16:18.375997 dv-neutron-854041-4-hyperv neutron-server[107222]: DEBUG neutron.scheduler.base_scheduler [None req-f4c86966-ad49-4ff0-9c34-2bb9f4b73af7 admin admin] Resources bound (agent type, host, resource id): {{(pid=107222) schedule /opt/stack/neutron/neutron/scheduler/base_scheduler.py:57}}
Aug 23 00:16:18.379725 dv-neutron-854041-4-hyperv neutron-server[107222]: DEBUG neutron.wsgi [-] (107222) accepted ('10.222.0.17', 57934) {{(pid=107222) server /usr/local/lib/python3.8/dist-packages/eventlet/wsgi.py:1004}}
Aug 23 00:16:18.386425 dv-neutron-854041-4-hyperv neutron-server[107223]: DEBUG neutron.api.v2.base [None req-5c7ff01c-13ce-4d68-9bd1-9a343c8bc795 tempest-MeteringTestJSON-950877937 tempest-MeteringTestJSON-950877937-project-admin] Request body: {'metering_label_rule': {'remote_ip_prefix': '10.0.1.0/24', 'direction': 'ingress', 'metering_label_id': '9b0e2c4f-bc1f-438c-a03b-a2627ce17660'}} {{(pid=107223) prepare_request_body /opt/stack/neutron/neutron/api/v2/base.py:730}}
Aug 23 00:16:18.386914 dv-neutron-854041-4-hyperv neutron-server[107223]: DEBUG neutron.api.v2.base [None req-5c7ff01c-13ce-4d68-9bd1-9a343c8bc795 tempest-MeteringTestJSON-950877937 tempest-MeteringTestJSON-950877937-project-admin] Unknown quota resources ['metering_label_rule']. {{(pid=107223) _create /opt/stack/neutron/neutron/api/v2/base.py:497}}
Aug 23 00:16:18.392729 dv-neutron-854041-4-hyperv neutron-server[107222]: DEBUG neutron_lib.db.api [None req-2c58f140-fb4c-4e93-900f-ddd4aa568dc0 tempest-DHCPAgentSchedulersTestJSON-629519729 tempest-DHCPAgentSchedulersTestJSON-629519729-project] Retry wrapper got retriable exception: Unable to create the network. No available network found in maximum allowed attempts. {{(pid=107222) wrapped /usr/local/lib/python3.8/dist-packages/neutron_lib/db/api.py:188}}
Aug 23 00:16:18.393135 dv-neutron-854041-4-hyperv neutron-server[107222]: DEBUG oslo_db.api [None req-2c58f140-fb4c-4e93-900f-ddd4aa568dc0 tempest-DHCPAgentSchedulersTestJSON-629519729 tempest-DHCPAgentSchedulersTestJSON-629519729-project] Performing DB retry for function neutron.plugins.ml2.plugin.Ml2Plugin.create_network {{(pid=107222) wrapper /usr/local/lib/python3.8/dist-packages/oslo_db/api.py:155}}
Aug 23 00:16:18.393238 dv-neutron-854041-4-hyperv neutron-server[107223]: DEBUG neutron.api.v2.base [None req-b9e6faf5-58ce-4d03-b7da-51bc920c3f04 tempest-NetworksIpV6Test-1814445353 tempest-NetworksIpV6Test-1814445353-project] Request body: {'subnet': {'network_id': '2c7fe630-a202-4af7-8b73-2ac991017130', 'cidr': '2001:db8:0:ffff::/64', 'ip_version': 6, 'gateway_ip': '2001:db8:0:ffff::1'}} {{(pid=107223) prepare_request_body /opt/stack/neutron/neutron/api/v2/base.py:730}}
Aug 23 00:16:18.400306 dv-neutron-854041-4-hyperv neutron-server[107223]: DEBUG neutron_lib.callbacks.manager [None req-c0ea6ebc-e95f-4e4e-8894-0778dc491bff tempest-MeteringIpV6TestJSON-374833033 tempest-MeteringIpV6TestJSON-374833033-project-admin] Publish callbacks [] for metering_label_rule (None), before_response {{(pid=107223) _notify_loop /usr/local/lib/python3.8/dist-packages/neutron_lib/callbacks/manager.py:176}}
Aug 23 00:16:18.401449 dv-neutron-854041-4-hyperv neutron-server[107223]: INFO neutron.wsgi [None req-c0ea6ebc-e95f-4e4e-8894-0778dc491bff tempest-MeteringIpV6TestJSON-374833033 tempest-MeteringIpV6TestJSON-374833033-project-admin] 10.222.0.17 "POST /networking/v2.0/metering/metering-label-rules HTTP/1.1" status: 201 len: 464 time: 0.5773301
Aug 23 00:16:18.407849 dv-neutron-854041-4-hyperv neutron-server[107223]: DEBUG neutron.wsgi [-] (107223) accepted ('10.222.0.17', 57938) {{(pid=107223) server /usr/local/lib/python3.8/dist-packages/eventlet/wsgi.py:1004}}
Aug 23 00:16:18.409333 dv-neutron-854041-4-hyperv neutron-server[107224]: DEBUG neutron_lib.db.api [None req-0e2d186d-a4b1-483f-b141-509f824c957f None None] Retry wrapper got retriable exception: UPDATE statement on table 'standardattributes' expected to update 1 row(s); 0 were matched. {{(pid=107224) wrapped /usr/local/lib/python3.8/dist-packages/neutron_lib/db/api.py:188}}
Aug 23 00:16:18.409815 dv-neutron-854041-4-hyperv neutron-server[107224]: DEBUG oslo_db.api [None req-0e2d186d-a4b1-483f-b141-509f824c957f None None] Performing DB retry for function neutron.plugins.ml2.plugin.Ml2Plugin.update_port_statuses {{(pid=107224) wrapper /usr/local/lib/python3.8/dist-packages/oslo_db/api.py:155}}
Aug 23 00:16:18.412673 dv-neutron-854041-4-hyperv neutron-server[107223]: DEBUG neutron.api.v2.base [None req-54f31f74-83df-4e15-a37e-7e0521b3219a tempest-MeteringIpV6TestJSON-374833033 tempest-MeteringIpV6TestJSON-374833033-project-admin] Request body: {'metering_label_rule': {'remote_ip_prefix': 'fd03::/64', 'direction': 'ingress', 'metering_label_id': 'e6b564eb-ad5a-4223-aae1-dab7431a8bd0'}} {{(pid=107223) prepare_request_body /opt/stack/neutron/neutron/api/v2/base.py:730}}
Aug 23 00:16:18.413363 dv-neutron-854041-4-hyperv neutron-server[107223]: DEBUG neutron.api.v2.base [None req-54f31f74-83df-4e15-a37e-7e0521b3219a tempest-MeteringIpV6TestJSON-374833033 tempest-MeteringIpV6TestJSON-374833033-project-admin] Unknown quota resources ['metering_label_rule']. {{(pid=107223) _create /opt/stack/neutron/neutron/api/v2/base.py:497}}
Aug 23 00:16:18.457407 dv-neutron-854041-4-hyperv neutron-server[107224]: DEBUG neutron.scheduler.dhcp_agent_scheduler [None req-dfaaa5fc-e240-486d-bb62-54ddbc1a8258 None None] Network 5a5d7008-00f5-4c79-87a8-c303f5f01bcc is already hosted by enough agents. {{(pid=107224) _get_dhcp_agents_hosting_network /opt/stack/neutron/neutron/scheduler/dhcp_agent_scheduler.py:275}}
Aug 23 00:16:18.470151 dv-neutron-854041-4-hyperv neutron-server[107224]: DEBUG neutron.scheduler.base_scheduler [None req-dfaaa5fc-e240-486d-bb62-54ddbc1a8258 None None] Resources bound (agent type, host, resource id): {{(pid=107224) schedule /opt/stack/neutron/neutron/scheduler/base_scheduler.py:57}}
Aug 23 00:16:18.483872 dv-neutron-854041-4-hyperv neutron-server[107224]: DEBUG neutron.db.l3_dvrscheduler_db [None req-dfaaa5fc-e240-486d-bb62-54ddbc1a8258 None None] Received port after_create {{(pid=107224) _notify_l3_agent_new_port /opt/stack/neutron/neutron/db/l3_dvrscheduler_db.py:538}}
Aug 23 00:16:18.494387 dv-neutron-854041-4-hyperv neutron-server[107223]: DEBUG neutron.pecan_wsgi.hooks.quota_enforcement [None req-2daf1012-1572-4fde-b6b3-4acac86f1cd7 tempest-QuotasNegativeTest-855523474 tempest-QuotasNegativeTest-855523474-project-admin] Made reservation on behalf of 1e6339a7840e46b79a2fd9a741d1992a for: {'network': 1} {{(pid=107223) before /opt/stack/neutron/neutron/pecan_wsgi/hooks/quota_enforcement.py:53}}
Aug 23 00:16:18.497661 dv-neutron-854041-4-hyperv neutron-server[107223]: DEBUG neutron_lib.callbacks.manager [None req-2daf1012-1572-4fde-b6b3-4acac86f1cd7 tempest-QuotasNegativeTest-855523474 tempest-QuotasNegativeTest-855523474-project-admin] Publish callbacks ['neutron.plugins.ml2.plugin.SecurityGroupDbMixin._ensure_default_security_group_handler-1797424'] for network (None), before_create {{(pid=107223) _notify_loop /usr/local/lib/python3.8/dist-packages/neutron_lib/callbacks/manager.py:176}}
Aug 23 00:16:18.498653 dv-neutron-854041-4-hyperv neutron-server[107222]: DEBUG neutron.db.l3_dvrscheduler_db [None req-f4c86966-ad49-4ff0-9c34-2bb9f4b73af7 admin admin] Received port after_create {{(pid=107222) _notify_l3_agent_new_port /opt/stack/neutron/neutron/db/l3_dvrscheduler_db.py:538}}
Aug 23 00:16:18.499114 dv-neutron-854041-4-hyperv neutron-server[107222]: DEBUG neutron_lib.callbacks.manager [None req-f4c86966-ad49-4ff0-9c34-2bb9f4b73af7 admin admin] Publish callbacks ['neutron.services.l3_router.l3_router_plugin.DVRResourceOperationHandler._add_csnat_on_interface_create-343268'] for router_interface (cce284ed-0a57-4ef7-ae4c-132ca50fd2b0), before_create {{(pid=107222) _notify_loop /usr/local/lib/python3.8/dist-packages/neutron_lib/callbacks/manager.py:176}}
Aug 23 00:16:18.510383 dv-neutron-854041-4-hyperv neutron-server[107222]: DEBUG dbcounter [-] [107222] Writing DB stats neutron:SELECT=76,neutron:INSERT=20,neutron:UPDATE=2,neutron:DELETE=2 {{(pid=107222) stat_writer /usr/local/lib/python3.8/dist-packages/dbcounter.py:114}}
Aug 23 00:16:18.511602 dv-neutron-854041-4-hyperv neutron-server[107222]: DEBUG neutron.api.rpc.handlers.resources_rpc [None req-2f194fe7-9ee7-4692-8877-8eb0577efce1 tempest-ExternalNetworksTestJSON-1028619431 tempest-ExternalNetworksTestJSON-1028619431-project] Pushing event updated for resources: {'Network': ['ID=904ec157-67ac-4b13-a436-2b98ee83c1bd,revision_number=1']} {{(pid=107222) push /opt/stack/neutron/neutron/api/rpc/handlers/resources_rpc.py:237}}
Aug 23 00:16:18.515478 dv-neutron-854041-4-hyperv neutron-server[107222]: DEBUG neutron.api.rpc.handlers.resources_rpc [None req-2c58f140-fb4c-4e93-900f-ddd4aa568dc0 tempest-DHCPAgentSchedulersTestJSON-629519729 tempest-DHCPAgentSchedulersTestJSON-629519729-project] Pushing event updated for resources: {'SecurityGroup': ['ID=94024386-0587-4405-b2d5-ac2e1c04c490,revision_number=1']} {{(pid=107222) push /opt/stack/neutron/neutron/api/rpc/handlers/resources_rpc.py:237}}
Aug 23 00:16:18.539046 dv-neutron-854041-4-hyperv neutron-server[107224]: DEBUG neutron.api.rpc.handlers.resources_rpc [None req-dfaaa5fc-e240-486d-bb62-54ddbc1a8258 None None] Pushing event updated for resources: {'Port': ['ID=1b8b7577-c8b3-441b-b909-eeec4643f129,revision_number=1']} {{(pid=107224) push /opt/stack/neutron/neutron/api/rpc/handlers/resources_rpc.py:237}}
Aug 23 00:16:18.548320 dv-neutron-854041-4-hyperv neutron-server[107222]: DEBUG neutron.api.rpc.handlers.resources_rpc [None req-f4c86966-ad49-4ff0-9c34-2bb9f4b73af7 admin admin] Pushing event updated for resources: {'Port': ['ID=be336c1c-a5b8-442f-878b-b3a9b56f5fbe,revision_number=1']} {{(pid=107222) push /opt/stack/neutron/neutron/api/rpc/handlers/resources_rpc.py:237}}
Aug 23 00:16:18.555089 dv-neutron-854041-4-hyperv neutron-server[107224]: DEBUG neutron.plugins.ml2.rpc [None req-f9126d76-36c0-4cd6-abf1-64ea450282a9 None None] Network 904ec157-67ac-4b13-a436-2b98ee83c1bd details requested by agent ovs-agent-dv-neutron-854041-4-hyperv with host dv-neutron-854041-4-hyperv {{(pid=107224) get_network_details /opt/stack/neutron/neutron/plugins/ml2/rpc.py:248}}
Aug 23 00:16:18.658296 dv-neutron-854041-4-hyperv neutron-server[107222]: DEBUG neutron.api.rpc.handlers.resources_rpc [None req-2f194fe7-9ee7-4692-8877-8eb0577efce1 tempest-ExternalNetworksTestJSON-1028619431 tempest-ExternalNetworksTestJSON-1028619431-project] Pushing event updated for resources: {'SecurityGroup': ['ID=e0f61360-f0ef-4e39-9c05-85718dd79cf1,revision_number=1']} {{(pid=107222) push /opt/stack/neutron/neutron/api/rpc/handlers/resources_rpc.py:237}}
Aug 23 00:16:18.694338 dv-neutron-854041-4-hyperv neutron-server[107223]: WARNING neutron.services.metering.metering_plugin [None req-5c7ff01c-13ce-4d68-9bd1-9a343c8bc795 tempest-MeteringTestJSON-950877937 tempest-MeteringTestJSON-950877937-project-admin] The use of 'remote_ip_prefix' in metering label rules is deprecated and will be removed in future releases. One should use instead the 'source_ip_prefix' and/or 'destination_ip_prefix' parameters. For more details, you can check the spec: https://review.opendev.org/#/c/744702/.
Aug 23 00:16:18.696408 dv-neutron-854041-4-hyperv neutron-server[107223]: DEBUG dbcounter [-] [107223] Writing DB stats neutron:DELETE=2,neutron:SELECT=83,neutron:INSERT=11,neutron:UPDATE=4 {{(pid=107223) stat_writer /usr/local/lib/python3.8/dist-packages/dbcounter.py:114}}
Aug 23 00:16:18.718544 dv-neutron-854041-4-hyperv neutron-server[107224]: DEBUG neutron_lib.callbacks.manager [None req-e720ec8f-5904-4462-ac6b-430634c7ceea None None] Publish callbacks [] for port (3405c6bc-a1ea-4e86-98f3-81fb6770a6a2), precommit_update {{(pid=107224) _notify_loop /usr/local/lib/python3.8/dist-packages/neutron_lib/callbacks/manager.py:176}}
Aug 23 00:16:18.733644 dv-neutron-854041-4-hyperv neutron-server[107224]: DEBUG neutron_lib.callbacks.manager [None req-e720ec8f-5904-4462-ac6b-430634c7ceea None None] Publish callbacks ['neutron.plugins.ml2.plugin.SecurityGroupServerNotifierRpcMixin._notify_sg_on_port_change-1796341', 'neutron.plugins.ml2.ovo_rpc._ObjectChangeHandler.handle_event-997535', 'neutron.api.rpc.agentnotifiers.dhcp_rpc_agent_api.DhcpAgentNotifyAPI._native_event_send_dhcp_notification-530342', 'neutron.db.l3_db.L3RpcNotifierMixin._notify_gateway_port_ip_changed-8738742855289', 'neutron.db.l3_dvrscheduler_db._notify_l3_agent_port_update-8738742310979', 'neutron.db.l3_hascheduler_db._notify_l3_agent_ha_port_update-8738742310997'] for port (3405c6bc-a1ea-4e86-98f3-81fb6770a6a2), after_update {{(pid=107224) _notify_loop /usr/local/lib/python3.8/dist-packages/neutron_lib/callbacks/manager.py:176}}
Aug 23 00:16:18.752144 dv-neutron-854041-4-hyperv neutron-server[107224]: DEBUG neutron.plugins.ml2.managers [None req-dfaaa5fc-e240-486d-bb62-54ddbc1a8258 None None] Attempting to bind port 1b8b7577-c8b3-441b-b909-eeec4643f129 on host dv-neutron-854041-4-hyperv for vnic_type normal with profile {{(pid=107224) bind_port /opt/stack/neutron/neutron/plugins/ml2/managers.py:810}}
Aug 23 00:16:18.752526 dv-neutron-854041-4-hyperv neutron-server[107224]: DEBUG neutron.plugins.ml2.managers [None req-dfaaa5fc-e240-486d-bb62-54ddbc1a8258 None None] Attempting to bind port 1b8b7577-c8b3-441b-b909-eeec4643f129 by drivers openvswitch,hyperv on host dv-neutron-854041-4-hyperv at level 0 using segments [{'id': '3eca8562-bf59-46c6-9398-796d2d2c28bc', 'network_type': 'vlan', 'physical_network': 'physnet1', 'segmentation_id': 173, 'network_id': '5a5d7008-00f5-4c79-87a8-c303f5f01bcc'}] {{(pid=107224) _bind_port_level /opt/stack/neutron/neutron/plugins/ml2/managers.py:835}}
Aug 23 00:16:18.752897 dv-neutron-854041-4-hyperv neutron-server[107224]: DEBUG neutron.plugins.ml2.drivers.mech_agent [None req-dfaaa5fc-e240-486d-bb62-54ddbc1a8258 None None] Attempting to bind port 1b8b7577-c8b3-441b-b909-eeec4643f129 on network 5a5d7008-00f5-4c79-87a8-c303f5f01bcc {{(pid=107224) bind_port /opt/stack/neutron/neutron/plugins/ml2/drivers/mech_agent.py:91}}
Aug 23 00:16:18.761283 dv-neutron-854041-4-hyperv neutron-server[107223]: DEBUG neutron_lib.callbacks.manager [None req-2daf1012-1572-4fde-b6b3-4acac86f1cd7 tempest-QuotasNegativeTest-855523474 tempest-QuotasNegativeTest-855523474-project-admin] Publish callbacks [] for security_group (None), before_create {{(pid=107223) _notify_loop /usr/local/lib/python3.8/dist-packages/neutron_lib/callbacks/manager.py:176}}
Aug 23 00:16:18.773147 dv-neutron-854041-4-hyperv neutron-server[107222]: DEBUG neutron.api.v2.base [None req-6cbdf6ed-f4a4-42e2-862b-4af595c7d488 tempest-ExternalNetworksTestJSON-2134420793 tempest-ExternalNetworksTestJSON-2134420793-project-admin] Request body: {'network': {'name': 'tempest-network--1015056461', 'router:external': True}} {{(pid=107222) prepare_request_body /opt/stack/neutron/neutron/api/v2/base.py:730}}
Aug 23 00:16:18.773961 dv-neutron-854041-4-hyperv neutron-server[107224]: DEBUG dbcounter [-] [107224] Writing DB stats neutron:SELECT=97,neutron:UPDATE=3 {{(pid=107224) stat_writer /usr/local/lib/python3.8/dist-packages/dbcounter.py:114}}
Aug 23 00:16:18.787822 dv-neutron-854041-4-hyperv neutron-server[107224]: DEBUG neutron.plugins.ml2.managers [None req-e720ec8f-5904-4462-ac6b-430634c7ceea None None] Attempting to bind port 3405c6bc-a1ea-4e86-98f3-81fb6770a6a2 on host dv-neutron-854041-4-hyperv for vnic_type normal with profile {{(pid=107224) bind_port /opt/stack/neutron/neutron/plugins/ml2/managers.py:810}}
Aug 23 00:16:18.788189 dv-neutron-854041-4-hyperv neutron-server[107224]: DEBUG neutron.plugins.ml2.managers [None req-e720ec8f-5904-4462-ac6b-430634c7ceea None None] Attempting to bind port 3405c6bc-a1ea-4e86-98f3-81fb6770a6a2 by drivers openvswitch,hyperv on host dv-neutron-854041-4-hyperv at level 0 using segments [{'id': '31dca75d-9183-4e4b-b111-8489da666d5f', 'network_type': 'flat', 'physical_network': 'physnet1', 'segmentation_id': None, 'network_id': '15fa0671-efa4-447f-980b-ce535aee60a3'}] {{(pid=107224) _bind_port_level /opt/stack/neutron/neutron/plugins/ml2/managers.py:835}}
Aug 23 00:16:18.788565 dv-neutron-854041-4-hyperv neutron-server[107224]: DEBUG neutron.plugins.ml2.drivers.mech_agent [None req-e720ec8f-5904-4462-ac6b-430634c7ceea None None] Attempting to bind port 3405c6bc-a1ea-4e86-98f3-81fb6770a6a2 on network 15fa0671-efa4-447f-980b-ce535aee60a3 {{(pid=107224) bind_port /opt/stack/neutron/neutron/plugins/ml2/drivers/mech_agent.py:91}}
Aug 23 00:16:18.791436 dv-neutron-854041-4-hyperv neutron-server[107224]: DEBUG neutron.plugins.ml2.drivers.mech_agent [None req-dfaaa5fc-e240-486d-bb62-54ddbc1a8258 None None] Checking agent: {'id': '567815f2-608c-4eae-9248-edadcde33ea6', 'agent_type': 'Open vSwitch agent', 'binary': 'neutron-openvswitch-agent', 'topic': 'N/A', 'host': 'dv-neutron-854041-4-hyperv', 'admin_state_up': True, 'created_at': datetime.datetime(2022, 8, 23, 0, 8, 56), 'started_at': datetime.datetime(2022, 8, 23, 0, 9, 26), 'heartbeat_timestamp': datetime.datetime(2022, 8, 23, 0, 15, 56), 'description': None, 'resources_synced': None, 'availability_zone': None, 'alive': True, 'configurations': {'arp_responder_enabled': False, 'baremetal_smartnic': False, 'bridge_mappings': {'physnet1': 'br-data'}, 'datapath_type': 'system', 'devices': 0, 'enable_distributed_routing': False, 'extensions': [], 'in_distributed_mode': False, 'integration_bridge': 'br-int', 'l2_population': False, 'log_agent_heartbeats': False, 'ovs_capabilities': {'datapath_types': ['netdev', 'system'], 'iface_types': ['erspan', 'geneve', 'gre', 'internal', 'ip6erspan', 'ip6gre', 'lisp', 'patch', 'stt', 'system', 'tap', 'vxlan']}, 'ovs_hybrid_plug': False, 'resource_provider_bandwidths': {}, 'resource_provider_hypervisors': {'br-data': 'dv-neutron-854041-4-hyperv'}, 'resource_provider_inventory_defaults': {'allocation_ratio': 1.0, 'min_unit': 1, 'step_size': 1, 'reserved': 0}, 'resource_provider_packet_processing_inventory_defaults': {'allocation_ratio': 1.0, 'min_unit': 1, 'step_size': 1, 'reserved': 0}, 'resource_provider_packet_processing_with_direction': {}, 'resource_provider_packet_processing_without_direction': {}, 'tunnel_types': [], 'tunneling_ip': None, 'vhostuser_socket_dir': '/var/run/openvswitch'}, 'resource_versions': {'AddressGroup': '1.2', 'Agent': '1.1', 'ConntrackHelper': '1.0', 'LocalIPAssociation': '1.0', 'Log': '1.0', 'NDPProxy': '1.0', 'Network': '1.1', 'Port': '1.7', 'PortForwarding': '1.3', 'QosPolicy': '1.10', 'SecurityGroup': '1.5', 'SecurityGroupRule': '1.2', 'SubPort': '1.0', 'Subnet': '1.1', 'Trunk': '1.1'}} {{(pid=107224) bind_port /opt/stack/neutron/neutron/plugins/ml2/drivers/mech_agent.py:110}}
Aug 23 00:16:18.791816 dv-neutron-854041-4-hyperv neutron-server[107224]: DEBUG neutron.plugins.ml2.drivers.mech_agent [None req-dfaaa5fc-e240-486d-bb62-54ddbc1a8258 None None] Checking segment: {'id': '3eca8562-bf59-46c6-9398-796d2d2c28bc', 'network_type': 'vlan', 'physical_network': 'physnet1', 'segmentation_id': 173, 'network_id': '5a5d7008-00f5-4c79-87a8-c303f5f01bcc'} for mappings: {'physnet1': 'br-data'} with network types: ['local', 'flat', 'vlan'] {{(pid=107224) check_segment_for_agent /opt/stack/neutron/neutron/plugins/ml2/drivers/mech_agent.py:373}}
Aug 23 00:16:18.792569 dv-neutron-854041-4-hyperv neutron-server[107224]: DEBUG neutron_lib.callbacks.manager [None req-dfaaa5fc-e240-486d-bb62-54ddbc1a8258 None None] Publish callbacks [] for ovs_bridge_name (None), before_read {{(pid=107224) _notify_loop /usr/local/lib/python3.8/dist-packages/neutron_lib/callbacks/manager.py:176}}
Aug 23 00:16:18.792979 dv-neutron-854041-4-hyperv neutron-server[107224]: DEBUG neutron.plugins.ml2.drivers.mech_agent [None req-dfaaa5fc-e240-486d-bb62-54ddbc1a8258 None None] Bound using segment: {'id': '3eca8562-bf59-46c6-9398-796d2d2c28bc', 'network_type': 'vlan', 'physical_network': 'physnet1', 'segmentation_id': 173, 'network_id': '5a5d7008-00f5-4c79-87a8-c303f5f01bcc'} {{(pid=107224) bind_port /opt/stack/neutron/neutron/plugins/ml2/drivers/mech_agent.py:120}}
Aug 23 00:16:18.793467 dv-neutron-854041-4-hyperv neutron-server[107224]: DEBUG neutron.plugins.ml2.managers [None req-dfaaa5fc-e240-486d-bb62-54ddbc1a8258 None None] Bound port: 1b8b7577-c8b3-441b-b909-eeec4643f129, host: dv-neutron-854041-4-hyperv, vif_type: ovs, vif_details: {"connectivity": "l2", "port_filter": true, "ovs_hybrid_plug": false, "datapath_type": "system", "bridge_name": "br-int"}, binding_levels: [{'bound_driver': 'openvswitch', 'bound_segment': {'id': '3eca8562-bf59-46c6-9398-796d2d2c28bc', 'network_type': 'vlan', 'physical_network': 'physnet1', 'segmentation_id': 173, 'network_id': '5a5d7008-00f5-4c79-87a8-c303f5f01bcc'}}] {{(pid=107224) _bind_port_level /opt/stack/neutron/neutron/plugins/ml2/managers.py:947}}
Aug 23 00:16:18.793973 dv-neutron-854041-4-hyperv neutron-server[107224]: DEBUG neutron_lib.callbacks.manager [None req-dfaaa5fc-e240-486d-bb62-54ddbc1a8258 None None] Publish callbacks ['neutron.plugins.ml2.plugin.SecurityGroupDbMixin._ensure_default_security_group_handler-1797424'] for port (1b8b7577-c8b3-441b-b909-eeec4643f129), before_update {{(pid=107224) _notify_loop /usr/local/lib/python3.8/dist-packages/neutron_lib/callbacks/manager.py:176}}
Aug 23 00:16:18.800591 dv-neutron-854041-4-hyperv neutron-server[107224]: DEBUG dbcounter [-] [107224] Writing DB stats neutron:SELECT=90,neutron:UPDATE=6,neutron:INSERT=4 {{(pid=107224) stat_writer /usr/local/lib/python3.8/dist-packages/dbcounter.py:114}}
Aug 23 00:16:18.817959 dv-neutron-854041-4-hyperv neutron-server[107224]: DEBUG neutron.plugins.ml2.drivers.mech_agent [None req-e720ec8f-5904-4462-ac6b-430634c7ceea None None] Checking agent: {'id': '567815f2-608c-4eae-9248-edadcde33ea6', 'agent_type': 'Open vSwitch agent', 'binary': 'neutron-openvswitch-agent', 'topic': 'N/A', 'host': 'dv-neutron-854041-4-hyperv', 'admin_state_up': True, 'created_at': datetime.datetime(2022, 8, 23, 0, 8, 56), 'started_at': datetime.datetime(2022, 8, 23, 0, 9, 26), 'heartbeat_timestamp': datetime.datetime(2022, 8, 23, 0, 15, 56), 'description': None, 'resources_synced': None, 'availability_zone': None, 'alive': True, 'configurations': {'arp_responder_enabled': False, 'baremetal_smartnic': False, 'bridge_mappings': {'physnet1': 'br-data'}, 'datapath_type': 'system', 'devices': 0, 'enable_distributed_routing': False, 'extensions': [], 'in_distributed_mode': False, 'integration_bridge': 'br-int', 'l2_population': False, 'log_agent_heartbeats': False, 'ovs_capabilities': {'datapath_types': ['netdev', 'system'], 'iface_types': ['erspan', 'geneve', 'gre', 'internal', 'ip6erspan', 'ip6gre', 'lisp', 'patch', 'stt', 'system', 'tap', 'vxlan']}, 'ovs_hybrid_plug': False, 'resource_provider_bandwidths': {}, 'resource_provider_hypervisors': {'br-data': 'dv-neutron-854041-4-hyperv'}, 'resource_provider_inventory_defaults': {'allocation_ratio': 1.0, 'min_unit': 1, 'step_size': 1, 'reserved': 0}, 'resource_provider_packet_processing_inventory_defaults': {'allocation_ratio': 1.0, 'min_unit': 1, 'step_size': 1, 'reserved': 0}, 'resource_provider_packet_processing_with_direction': {}, 'resource_provider_packet_processing_without_direction': {}, 'tunnel_types': [], 'tunneling_ip': None, 'vhostuser_socket_dir': '/var/run/openvswitch'}, 'resource_versions': {'AddressGroup': '1.2', 'Agent': '1.1', 'ConntrackHelper': '1.0', 'LocalIPAssociation': '1.0', 'Log': '1.0', 'NDPProxy': '1.0', 'Network': '1.1', 'Port': '1.7', 'PortForwarding': '1.3', 'QosPolicy': '1.10', 'SecurityGroup': '1.5', 'SecurityGroupRule': '1.2', 'SubPort': '1.0', 'Subnet': '1.1', 'Trunk': '1.1'}} {{(pid=107224) bind_port /opt/stack/neutron/neutron/plugins/ml2/drivers/mech_agent.py:110}}
Aug 23 00:16:18.817959 dv-neutron-854041-4-hyperv neutron-server[107224]: DEBUG neutron.plugins.ml2.drivers.mech_agent [None req-e720ec8f-5904-4462-ac6b-430634c7ceea None None] Checking segment: {'id': '31dca75d-9183-4e4b-b111-8489da666d5f', 'network_type': 'flat', 'physical_network': 'physnet1', 'segmentation_id': None, 'network_id': '15fa0671-efa4-447f-980b-ce535aee60a3'} for mappings: {'physnet1': 'br-data'} with network types: ['local', 'flat', 'vlan'] {{(pid=107224) check_segment_for_agent /opt/stack/neutron/neutron/plugins/ml2/drivers/mech_agent.py:373}}
Aug 23 00:16:18.818287 dv-neutron-854041-4-hyperv neutron-server[107224]: DEBUG neutron_lib.callbacks.manager [None req-e720ec8f-5904-4462-ac6b-430634c7ceea None None] Publish callbacks [] for ovs_bridge_name (None), before_read {{(pid=107224) _notify_loop /usr/local/lib/python3.8/dist-packages/neutron_lib/callbacks/manager.py:176}}
Aug 23 00:16:18.818357 dv-neutron-854041-4-hyperv neutron-server[107222]: DEBUG neutron.pecan_wsgi.hooks.quota_enforcement [None req-6cbdf6ed-f4a4-42e2-862b-4af595c7d488 tempest-ExternalNetworksTestJSON-2134420793 tempest-ExternalNetworksTestJSON-2134420793-project-admin] Made reservation on behalf of e760417e0698424c999e44b31f462a77 for: {'network': 1} {{(pid=107222) before /opt/stack/neutron/neutron/pecan_wsgi/hooks/quota_enforcement.py:53}}
Aug 23 00:16:18.818889 dv-neutron-854041-4-hyperv neutron-server[107224]: DEBUG neutron.plugins.ml2.drivers.mech_agent [None req-e720ec8f-5904-4462-ac6b-430634c7ceea None None] Bound using segment: {'id': '31dca75d-9183-4e4b-b111-8489da666d5f', 'network_type': 'flat', 'physical_network': 'physnet1', 'segmentation_id': None, 'network_id': '15fa0671-efa4-447f-980b-ce535aee60a3'} {{(pid=107224) bind_port /opt/stack/neutron/neutron/plugins/ml2/drivers/mech_agent.py:120}}
Aug 23 00:16:18.821197 dv-neutron-854041-4-hyperv neutron-server[107224]: DEBUG neutron.plugins.ml2.managers [None req-e720ec8f-5904-4462-ac6b-430634c7ceea None None] Bound port: 3405c6bc-a1ea-4e86-98f3-81fb6770a6a2, host: dv-neutron-854041-4-hyperv, vif_type: ovs, vif_details: {"connectivity": "l2", "port_filter": true, "ovs_hybrid_plug": false, "datapath_type": "system", "bridge_name": "br-int"}, binding_levels: [{'bound_driver': 'openvswitch', 'bound_segment': {'id': '31dca75d-9183-4e4b-b111-8489da666d5f', 'network_type': 'flat', 'physical_network': 'physnet1', 'segmentation_id': None, 'network_id': '15fa0671-efa4-447f-980b-ce535aee60a3'}}] {{(pid=107224) _bind_port_level /opt/stack/neutron/neutron/plugins/ml2/managers.py:947}}
Aug 23 00:16:18.821197 dv-neutron-854041-4-hyperv neutron-server[107224]: DEBUG neutron_lib.callbacks.manager [None req-e720ec8f-5904-4462-ac6b-430634c7ceea None None] Publish callbacks ['neutron.plugins.ml2.plugin.SecurityGroupDbMixin._ensure_default_security_group_handler-1797424'] for port (3405c6bc-a1ea-4e86-98f3-81fb6770a6a2), before_update {{(pid=107224) _notify_loop /usr/local/lib/python3.8/dist-packages/neutron_lib/callbacks/manager.py:176}}
Aug 23 00:16:18.822547 dv-neutron-854041-4-hyperv neutron-server[107222]: DEBUG neutron_lib.callbacks.manager [None req-6cbdf6ed-f4a4-42e2-862b-4af595c7d488 tempest-ExternalNetworksTestJSON-2134420793 tempest-ExternalNetworksTestJSON-2134420793-project-admin] Publish callbacks ['neutron.plugins.ml2.plugin.SecurityGroupDbMixin._ensure_default_security_group_handler-1797424'] for network (None), before_create {{(pid=107222) _notify_loop /usr/local/lib/python3.8/dist-packages/neutron_lib/callbacks/manager.py:176}}
Aug 23 00:16:18.824101 dv-neutron-854041-4-hyperv neutron-server[107223]: WARNING neutron.services.metering.metering_plugin [None req-54f31f74-83df-4e15-a37e-7e0521b3219a tempest-MeteringIpV6TestJSON-374833033 tempest-MeteringIpV6TestJSON-374833033-project-admin] The use of 'remote_ip_prefix' in metering label rules is deprecated and will be removed in future releases. One should use instead the 'source_ip_prefix' and/or 'destination_ip_prefix' parameters. For more details, you can check the spec: https://review.opendev.org/#/c/744702/.
Aug 23 00:16:18.843040 dv-neutron-854041-4-hyperv neutron-server[107224]: DEBUG neutron.api.rpc.handlers.resources_rpc [None req-ab81ace5-9ba5-4193-8ef3-d70686dbc161 None None] Pushing event updated for resources: {'Port': ['ID=3405c6bc-a1ea-4e86-98f3-81fb6770a6a2,revision_number=2']} {{(pid=107224) push /opt/stack/neutron/neutron/api/rpc/handlers/resources_rpc.py:237}}
Aug 23 00:16:18.857259 dv-neutron-854041-4-hyperv neutron-server[107222]: DEBUG neutron_lib.callbacks.manager [None req-6cbdf6ed-f4a4-42e2-862b-4af595c7d488 tempest-ExternalNetworksTestJSON-2134420793 tempest-ExternalNetworksTestJSON-2134420793-project-admin] Publish callbacks [] for security_group (None), before_create {{(pid=107222) _notify_loop /usr/local/lib/python3.8/dist-packages/neutron_lib/callbacks/manager.py:176}}
Aug 23 00:16:18.878884 dv-neutron-854041-4-hyperv neutron-server[107222]: DEBUG neutron_lib.callbacks.manager [None req-f4c86966-ad49-4ff0-9c34-2bb9f4b73af7 admin admin] Publish callbacks ['neutron.plugins.ml2.plugin.SecurityGroupDbMixin._ensure_default_security_group_handler-1797424'] for port (be336c1c-a5b8-442f-878b-b3a9b56f5fbe), before_update {{(pid=107222) _notify_loop /usr/local/lib/python3.8/dist-packages/neutron_lib/callbacks/manager.py:176}}
Aug 23 00:16:18.894288 dv-neutron-854041-4-hyperv neutron-server[107222]: DEBUG neutron_lib.callbacks.manager [None req-2c58f140-fb4c-4e93-900f-ddd4aa568dc0 tempest-DHCPAgentSchedulersTestJSON-629519729 tempest-DHCPAgentSchedulersTestJSON-629519729-project] Publish callbacks ['neutron.plugins.ml2.plugin.SecurityGroupDbMixin._ensure_default_security_group_handler-1797424'] for network (None), before_create {{(pid=107222) _notify_loop /usr/local/lib/python3.8/dist-packages/neutron_lib/callbacks/manager.py:176}}
Aug 23 00:16:18.946361 dv-neutron-854041-4-hyperv neutron-server[107224]: DEBUG neutron.plugins.ml2.db [None req-e720ec8f-5904-4462-ac6b-430634c7ceea None None] For port 3405c6bc-a1ea-4e86-98f3-81fb6770a6a2, host dv-neutron-854041-4-hyperv, cleared binding levels {{(pid=107224) clear_binding_levels /opt/stack/neutron/neutron/plugins/ml2/db.py:87}}
Aug 23 00:16:18.949034 dv-neutron-854041-4-hyperv neutron-server[107224]: DEBUG neutron.plugins.ml2.db [None req-dfaaa5fc-e240-486d-bb62-54ddbc1a8258 None None] For port 1b8b7577-c8b3-441b-b909-eeec4643f129, host dv-neutron-854041-4-hyperv, cleared binding levels {{(pid=107224) clear_binding_levels /opt/stack/neutron/neutron/plugins/ml2/db.py:87}}
Aug 23 00:16:18.957415 dv-neutron-854041-4-hyperv neutron-server[107222]: DEBUG dbcounter [-] [107222] Writing DB stats neutron:SELECT=87,neutron:INSERT=9,neutron:UPDATE=4 {{(pid=107222) stat_writer /usr/local/lib/python3.8/dist-packages/dbcounter.py:114}}
Aug 23 00:16:18.975125 dv-neutron-854041-4-hyperv neutron-server[107224]: DEBUG neutron.plugins.ml2.db [None req-e720ec8f-5904-4462-ac6b-430634c7ceea None None] For port 3405c6bc-a1ea-4e86-98f3-81fb6770a6a2, host dv-neutron-854041-4-hyperv, set binding levels [PortBindingLevel(driver='openvswitch',host='dv-neutron-854041-4-hyperv',level=0,port_id=3405c6bc-a1ea-4e86-98f3-81fb6770a6a2,segment=NetworkSegment(31dca75d-9183-4e4b-b111-8489da666d5f),segment_id=31dca75d-9183-4e4b-b111-8489da666d5f)] {{(pid=107224) set_binding_levels /opt/stack/neutron/neutron/plugins/ml2/db.py:59}}
Aug 23 00:16:18.977625 dv-neutron-854041-4-hyperv neutron-server[107224]: DEBUG neutron.plugins.ml2.db [None req-dfaaa5fc-e240-486d-bb62-54ddbc1a8258 None None] For port 1b8b7577-c8b3-441b-b909-eeec4643f129, host dv-neutron-854041-4-hyperv, set binding levels [PortBindingLevel(driver='openvswitch',host='dv-neutron-854041-4-hyperv',level=0,port_id=1b8b7577-c8b3-441b-b909-eeec4643f129,segment=NetworkSegment(3eca8562-bf59-46c6-9398-796d2d2c28bc),segment_id=3eca8562-bf59-46c6-9398-796d2d2c28bc)] {{(pid=107224) set_binding_levels /opt/stack/neutron/neutron/plugins/ml2/db.py:59}}
Aug 23 00:16:18.978236 dv-neutron-854041-4-hyperv neutron-server[107222]: DEBUG neutron.plugins.ml2.drivers.helpers [None req-2c58f140-fb4c-4e93-900f-ddd4aa568dc0 tempest-DHCPAgentSchedulersTestJSON-629519729 tempest-DHCPAgentSchedulersTestJSON-629519729-project] vlan segment allocate from pool success with {'vlan_id': 160, 'physical_network': 'physnet1'} {{(pid=107222) allocate_partially_specified_segment /opt/stack/neutron/neutron/plugins/ml2/drivers/helpers.py:153}}
Aug 23 00:16:18.980476 dv-neutron-854041-4-hyperv neutron-server[107224]: DEBUG neutron.plugins.ml2.plugin [None req-0e2d186d-a4b1-483f-b141-509f824c957f None None] Current status of the port cec2f188-edd5-4e94-adec-cd93e67bc9f1 is: ACTIVE; New status is: ACTIVE {{(pid=107224) _update_individual_port_db_status /opt/stack/neutron/neutron/plugins/ml2/plugin.py:2302}}
Aug 23 00:16:18.987447 dv-neutron-854041-4-hyperv neutron-server[107224]: DEBUG neutron_lib.callbacks.manager [None req-e720ec8f-5904-4462-ac6b-430634c7ceea None None] Publish callbacks ['neutron.plugins.ml2.plugin.SecurityGroupServerNotifierRpcMixin._notify_sg_on_port_change-1796341', 'neutron.plugins.ml2.ovo_rpc._ObjectChangeHandler.handle_event-997535', 'neutron.api.rpc.agentnotifiers.dhcp_rpc_agent_api.DhcpAgentNotifyAPI._native_event_send_dhcp_notification-530342', 'neutron.db.l3_db.L3RpcNotifierMixin._notify_gateway_port_ip_changed-8738742855289', 'neutron.db.l3_dvrscheduler_db._notify_l3_agent_port_update-8738742310979', 'neutron.db.l3_hascheduler_db._notify_l3_agent_ha_port_update-8738742310997'] for port (3405c6bc-a1ea-4e86-98f3-81fb6770a6a2), after_update {{(pid=107224) _notify_loop /usr/local/lib/python3.8/dist-packages/neutron_lib/callbacks/manager.py:176}}
Aug 23 00:16:18.995350 dv-neutron-854041-4-hyperv neutron-server[107224]: DEBUG neutron_lib.callbacks.manager [None req-dfaaa5fc-e240-486d-bb62-54ddbc1a8258 None None] Publish callbacks ['neutron.plugins.ml2.plugin.SecurityGroupServerNotifierRpcMixin._notify_sg_on_port_change-1796341', 'neutron.plugins.ml2.ovo_rpc._ObjectChangeHandler.handle_event-997535', 'neutron.api.rpc.agentnotifiers.dhcp_rpc_agent_api.DhcpAgentNotifyAPI._native_event_send_dhcp_notification-530342', 'neutron.db.l3_db.L3RpcNotifierMixin._notify_gateway_port_ip_changed-8738742855289', 'neutron.db.l3_dvrscheduler_db._notify_l3_agent_port_update-8738742310979', 'neutron.db.l3_hascheduler_db._notify_l3_agent_ha_port_update-8738742310997'] for port (1b8b7577-c8b3-441b-b909-eeec4643f129), after_update {{(pid=107224) _notify_loop /usr/local/lib/python3.8/dist-packages/neutron_lib/callbacks/manager.py:176}}
Aug 23 00:16:19.015003 dv-neutron-854041-4-hyperv neutron-server[107222]: DEBUG neutron_lib.callbacks.manager [None req-2c58f140-fb4c-4e93-900f-ddd4aa568dc0 tempest-DHCPAgentSchedulersTestJSON-629519729 tempest-DHCPAgentSchedulersTestJSON-629519729-project] Publish callbacks ['neutron.plugins.ml2.plugin.Ml2Plugin._handle_segment_change-1376329'] for segment (1c28a81d-d62c-46e9-ba3c-d859e3ea114d), precommit_create {{(pid=107222) _notify_loop /usr/local/lib/python3.8/dist-packages/neutron_lib/callbacks/manager.py:176}}
Aug 23 00:16:19.015350 dv-neutron-854041-4-hyperv neutron-server[107222]: INFO neutron.db.segments_db [None req-2c58f140-fb4c-4e93-900f-ddd4aa568dc0 tempest-DHCPAgentSchedulersTestJSON-629519729 tempest-DHCPAgentSchedulersTestJSON-629519729-project] Added segment 1c28a81d-d62c-46e9-ba3c-d859e3ea114d of type vlan for network 3d5fdcc1-0b0a-4340-8136-10da4690732c
Aug 23 00:16:19.039712 dv-neutron-854041-4-hyperv neutron-server[107224]: DEBUG neutron.db.l3_dvrscheduler_db [None req-e720ec8f-5904-4462-ac6b-430634c7ceea None None] Routers {'cce284ed-0a57-4ef7-ae4c-132ca50fd2b0'} bound to L3 agent in host dv-neutron-854041-4-hyperv {{(pid=107224) _get_router_ids_for_agent /opt/stack/neutron/neutron/db/l3_dvrscheduler_db.py:422}}
Aug 23 00:16:19.040370 dv-neutron-854041-4-hyperv neutron-server[107224]: DEBUG neutron.db.l3_hamode_db [None req-e720ec8f-5904-4462-ac6b-430634c7ceea None None] neutron.services.l3_router.l3_router_plugin.L3RouterPlugin method get_ha_sync_data_for_host called with arguments (, 'dv-neutron-854041-4-hyperv', Agent(admin_state_up=True,agent_type='L3 agent',availability_zone='nova',binary='neutron-l3-agent',configurations={"agent_mode": "legacy", "ex_gw_ports": 1, "extensions": [], "floating_ips": 0, "handle_internal_only_routers": true, "interface_driver": "openvswitch", "interfaces": 1, "log_agent_heartbeats": false, "routers": 1},created_at=2022-08-23T00:08:52Z,description=,heartbeat_timestamp=2022-08-23T00:15:52Z,host='dv-neutron-854041-4-hyperv',id=93f3dcdb-697b-419b-ade9-2ecff186d7c6,load=0,resource_versions=,resources_synced=,started_at=2022-08-23T00:08:52Z,topic='l3_agent')) {'router_ids': ['cce284ed-0a57-4ef7-ae4c-132ca50fd2b0'], 'active': True} {{(pid=107224) wrapper /usr/local/lib/python3.8/dist-packages/oslo_log/helpers.py:65}}
Aug 23 00:16:19.066269 dv-neutron-854041-4-hyperv neutron-server[107223]: DEBUG neutron.db.db_base_plugin_common [None req-e899fd6c-b638-4cd9-9da6-34cf33b32d5f admin admin] Allocated IP 172.26.2.248 (15fa0671-efa4-447f-980b-ce535aee60a3/d01612aa-468b-4496-a2b4-80cee08ae4ad/eea82f22-2a86-4daa-8293-bea8f0cf97e5) {{(pid=107223) _store_ip_allocation /opt/stack/neutron/neutron/db/db_base_plugin_common.py:131}}
Aug 23 00:16:19.071192 dv-neutron-854041-4-hyperv neutron-server[107223]: DEBUG neutron_lib.callbacks.manager [None req-5c7ff01c-13ce-4d68-9bd1-9a343c8bc795 tempest-MeteringTestJSON-950877937 tempest-MeteringTestJSON-950877937-project-admin] Publish callbacks [] for metering_label_rule (None), before_response {{(pid=107223) _notify_loop /usr/local/lib/python3.8/dist-packages/neutron_lib/callbacks/manager.py:176}}
Aug 23 00:16:19.075577 dv-neutron-854041-4-hyperv neutron-server[107223]: INFO neutron.wsgi [None req-5c7ff01c-13ce-4d68-9bd1-9a343c8bc795 tempest-MeteringTestJSON-950877937 tempest-MeteringTestJSON-950877937-project-admin] 10.222.0.17 "POST /networking/v2.0/metering/metering-label-rules HTTP/1.1" status: 201 len: 466 time: 0.6924005
Aug 23 00:16:19.078730 dv-neutron-854041-4-hyperv neutron-server[107223]: DEBUG neutron.wsgi [-] (107223) accepted ('10.222.0.17', 57942) {{(pid=107223) server /usr/local/lib/python3.8/dist-packages/eventlet/wsgi.py:1004}}
Aug 23 00:16:19.086662 dv-neutron-854041-4-hyperv neutron-server[107223]: DEBUG neutron_lib.callbacks.manager [None req-54f31f74-83df-4e15-a37e-7e0521b3219a tempest-MeteringIpV6TestJSON-374833033 tempest-MeteringIpV6TestJSON-374833033-project-admin] Publish callbacks [] for metering_label_rule (None), before_response {{(pid=107223) _notify_loop /usr/local/lib/python3.8/dist-packages/neutron_lib/callbacks/manager.py:176}}
Aug 23 00:16:19.087778 dv-neutron-854041-4-hyperv neutron-server[107223]: INFO neutron.wsgi [None req-54f31f74-83df-4e15-a37e-7e0521b3219a tempest-MeteringIpV6TestJSON-374833033 tempest-MeteringIpV6TestJSON-374833033-project-admin] 10.222.0.17 "POST /networking/v2.0/metering/metering-label-rules HTTP/1.1" status: 201 len: 464 time: 0.6789417
Aug 23 00:16:19.100909 dv-neutron-854041-4-hyperv neutron-server[107223]: DEBUG neutron.wsgi [-] (107223) accepted ('10.222.0.17', 57944) {{(pid=107223) server /usr/local/lib/python3.8/dist-packages/eventlet/wsgi.py:1004}}
Aug 23 00:16:19.137568 dv-neutron-854041-4-hyperv neutron-server[107223]: INFO neutron.wsgi [None req-e08b7e67-976c-427c-8ad7-a1af5debb4fc tempest-MeteringTestJSON-950877937 tempest-MeteringTestJSON-950877937-project-admin] 10.222.0.17 "GET /networking/v2.0/metering/metering-label-rules?id=faefa5c1-96fc-40cd-92fb-f2eea896e79f HTTP/1.1" status: 200 len: 464 time: 0.0538776
