Sep 02 11:23:26.590090 dv-neutron-853779-4-hyperv devstack@keystone.service[81985]: DEBUG keystone.server.flask.request_processing.req_logging [None req-35af0580-2883-49b2-930f-458ea7c717ef None admin] PATH_INFO: `/v3/projects/842d49532781448387d7d476648b3dd6` {{(pid=81985) log_request_info /opt/stack/keystone/keystone/server/flask/request_processing/req_logging.py:29}}
Sep 02 11:23:26.591239 dv-neutron-853779-4-hyperv devstack@keystone.service[81985]: DEBUG keystone.common.rbac_enforcer.enforcer [None req-35af0580-2883-49b2-930f-458ea7c717ef None admin] RBAC: Authorizing `identity:get_project(project_id=842d49532781448387d7d476648b3dd6)` {{(pid=81985) enforce_call /opt/stack/keystone/keystone/common/rbac_enforcer/enforcer.py:449}}
Sep 02 11:23:26.592693 dv-neutron-853779-4-hyperv devstack@keystone.service[81985]: DEBUG keystone.common.rbac_enforcer.enforcer [None req-35af0580-2883-49b2-930f-458ea7c717ef None admin] RBAC: Authorization granted {{(pid=81985) enforce_call /opt/stack/keystone/keystone/common/rbac_enforcer/enforcer.py:457}}
Sep 02 11:23:26.594669 dv-neutron-853779-4-hyperv devstack@keystone.service[81985]: [pid: 81985|app: 0|req: 156/317] 10.222.0.74 () {56 vars in 1186 bytes} [Fri Sep 2 11:23:26 2022] GET /identity/v3/projects/842d49532781448387d7d476648b3dd6 => generated 302 bytes in 151 msecs (HTTP/1.1 200) 5 headers in 177 bytes (1 switches on core 0)
Sep 02 11:23:26.600605 dv-neutron-853779-4-hyperv devstack@keystone.service[81986]: DEBUG keystone.server.flask.request_processing.middleware.auth_context [None req-67608876-1872-4686-8a99-a202ec730f0b None admin] Authenticating user token {{(pid=81986) process_request /usr/local/lib/python3.8/dist-packages/keystonemiddleware/auth_token/__init__.py:407}}
Sep 02 11:23:26.668654 dv-neutron-853779-4-hyperv devstack@keystone.service[81986]: DEBUG dbcounter [-] [81986] Writing DB stats keystone:SELECT=100 {{(pid=81986) stat_writer /usr/local/lib/python3.8/dist-packages/dbcounter.py:114}}
Sep 02 11:23:26.714491 dv-neutron-853779-4-hyperv devstack@keystone.service[81986]: DEBUG keystone.server.flask.request_processing.middleware.auth_context [None req-67608876-1872-4686-8a99-a202ec730f0b None admin] Validating token access rules against request {{(pid=81986) validate_allowed_request /usr/local/lib/python3.8/dist-packages/keystonemiddleware/auth_token/__init__.py:545}}
Sep 02 11:23:26.754614 dv-neutron-853779-4-hyperv devstack@keystone.service[81986]: DEBUG keystone.server.flask.request_processing.middleware.auth_context [None req-a2705e86-eb8d-44fa-829a-0f338d2ab58d None admin] RBAC: auth_context: {'token': , 'domain_id': None, 'trust_id': None, 'trustor_id': None, 'trustee_id': None, 'domain_name': None, 'group_ids': [], 'user_id': '71bb15761c614cd09a11e05032f73c2f', 'user_domain_id': 'default', 'system_scope': 'all', 'project_id': None, 'project_domain_id': None, 'roles': ['admin', 'member', 'reader'], 'is_admin_project': True, 'service_user_id': None, 'service_user_domain_id': None, 'service_project_id': None, 'service_project_domain_id': None, 'service_roles': []} {{(pid=81986) fill_context /opt/stack/keystone/keystone/server/flask/request_processing/middleware/auth_context.py:478}}
Sep 02 11:23:26.755275 dv-neutron-853779-4-hyperv devstack@keystone.service[81986]: DEBUG keystone.server.flask.request_processing.req_logging [None req-a2705e86-eb8d-44fa-829a-0f338d2ab58d None admin] REQUEST_METHOD: `GET` {{(pid=81986) log_request_info /opt/stack/keystone/keystone/server/flask/request_processing/req_logging.py:27}}
Sep 02 11:23:26.755551 dv-neutron-853779-4-hyperv devstack@keystone.service[81986]: DEBUG keystone.server.flask.request_processing.req_logging [None req-a2705e86-eb8d-44fa-829a-0f338d2ab58d None admin] SCRIPT_NAME: `/identity` {{(pid=81986) log_request_info /opt/stack/keystone/keystone/server/flask/request_processing/req_logging.py:28}}
Sep 02 11:23:26.755818 dv-neutron-853779-4-hyperv devstack@keystone.service[81986]: DEBUG keystone.server.flask.request_processing.req_logging [None req-a2705e86-eb8d-44fa-829a-0f338d2ab58d None admin] PATH_INFO: `/v3/role_assignments` {{(pid=81986) log_request_info /opt/stack/keystone/keystone/server/flask/request_processing/req_logging.py:29}}
Sep 02 11:23:26.756544 dv-neutron-853779-4-hyperv devstack@keystone.service[81986]: DEBUG keystone.common.rbac_enforcer.enforcer [None req-a2705e86-eb8d-44fa-829a-0f338d2ab58d None admin] RBAC: Adding query filter params (role.id=f837a5481cfd46629cb866fe3b749379, scope.project.id=842d49532781448387d7d476648b3dd6, user.id=f66fea5e91594ff7babe6cea2f68b18a) {{(pid=81986) _extract_filter_values /opt/stack/keystone/keystone/common/rbac_enforcer/enforcer.py:167}}
Sep 02 11:23:26.756851 dv-neutron-853779-4-hyperv devstack@keystone.service[81986]: DEBUG keystone.common.rbac_enforcer.enforcer [None req-a2705e86-eb8d-44fa-829a-0f338d2ab58d None admin] RBAC: Authorizing `identity:list_role_assignments()` {{(pid=81986) enforce_call /opt/stack/keystone/keystone/common/rbac_enforcer/enforcer.py:449}}
Sep 02 11:23:26.758309 dv-neutron-853779-4-hyperv devstack@keystone.service[81986]: DEBUG keystone.common.rbac_enforcer.enforcer [None req-a2705e86-eb8d-44fa-829a-0f338d2ab58d None admin] RBAC: Authorization granted {{(pid=81986) enforce_call /opt/stack/keystone/keystone/common/rbac_enforcer/enforcer.py:457}}
Sep 02 11:23:26.765158 dv-neutron-853779-4-hyperv devstack@keystone.service[81986]: [pid: 81986|app: 0|req: 162/318] 10.222.0.74 () {56 vars in 1374 bytes} [Fri Sep 2 11:23:26 2022] GET /identity/v3/role_assignments?user.id=f66fea5e91594ff7babe6cea2f68b18a&scope.project.id=842d49532781448387d7d476648b3dd6&role.id=f837a5481cfd46629cb866fe3b749379 => generated 608 bytes in 165 msecs (HTTP/1.1 200) 5 headers in 177 bytes (2 switches on core 0)
Sep 02 11:23:26.891383 dv-neutron-853779-4-hyperv devstack@keystone.service[81985]: DEBUG keystone.server.flask.request_processing.req_logging [None req-1c28ccba-6f50-42c4-a733-4108ccef01d3 None None] REQUEST_METHOD: `GET` {{(pid=81985) log_request_info /opt/stack/keystone/keystone/server/flask/request_processing/req_logging.py:27}}
Sep 02 11:23:26.891848 dv-neutron-853779-4-hyperv devstack@keystone.service[81985]: DEBUG keystone.server.flask.request_processing.req_logging [None req-1c28ccba-6f50-42c4-a733-4108ccef01d3 None None] SCRIPT_NAME: `/identity` {{(pid=81985) log_request_info /opt/stack/keystone/keystone/server/flask/request_processing/req_logging.py:28}}
Sep 02 11:23:26.892312 dv-neutron-853779-4-hyperv devstack@keystone.service[81985]: DEBUG keystone.server.flask.request_processing.req_logging [None req-1c28ccba-6f50-42c4-a733-4108ccef01d3 None None] PATH_INFO: `/` {{(pid=81985) log_request_info /opt/stack/keystone/keystone/server/flask/request_processing/req_logging.py:29}}
Sep 02 11:23:26.895434 dv-neutron-853779-4-hyperv devstack@keystone.service[81985]: [pid: 81985|app: 0|req: 157/319] 10.222.0.74 () {54 vars in 927 bytes} [Fri Sep 2 11:23:26 2022] GET /identity => generated 270 bytes in 5 msecs (HTTP/1.1 300) 6 headers in 234 bytes (1 switches on core 0)
Sep 02 11:23:26.905507 dv-neutron-853779-4-hyperv devstack@keystone.service[81986]: DEBUG keystone.server.flask.request_processing.req_logging [None req-2c224297-f35c-4142-bd77-54e57f992200 None None] REQUEST_METHOD: `POST` {{(pid=81986) log_request_info /opt/stack/keystone/keystone/server/flask/request_processing/req_logging.py:27}}
Sep 02 11:23:26.905892 dv-neutron-853779-4-hyperv devstack@keystone.service[81986]: DEBUG keystone.server.flask.request_processing.req_logging [None req-2c224297-f35c-4142-bd77-54e57f992200 None None] SCRIPT_NAME: `/identity` {{(pid=81986) log_request_info /opt/stack/keystone/keystone/server/flask/request_processing/req_logging.py:28}}
Sep 02 11:23:26.906213 dv-neutron-853779-4-hyperv devstack@keystone.service[81986]: DEBUG keystone.server.flask.request_processing.req_logging [None req-2c224297-f35c-4142-bd77-54e57f992200 None None] PATH_INFO: `/v3/auth/tokens` {{(pid=81986) log_request_info /opt/stack/keystone/keystone/server/flask/request_processing/req_logging.py:29}}
Sep 02 11:23:26.926946 dv-neutron-853779-4-hyperv devstack@keystone.service[81986]: DEBUG keystone.auth.core [None req-2c224297-f35c-4142-bd77-54e57f992200 None None] MFA Rules not processed for user `71bb15761c614cd09a11e05032f73c2f`. Rule list: `[]` (Enabled: `True`). {{(pid=81986) check_auth_methods_against_rules /opt/stack/keystone/keystone/auth/core.py:438}}
Sep 02 11:23:26.928512 dv-neutron-853779-4-hyperv devstack@keystone.service[81986]: DEBUG keystone.common.fernet_utils [None req-2c224297-f35c-4142-bd77-54e57f992200 None None] Loaded 2 Fernet keys from /etc/keystone/fernet-keys/, but `[fernet_tokens] max_active_keys = 3`; perhaps there have not been enough key rotations to reach `max_active_keys` yet? {{(pid=81986) load_keys /opt/stack/keystone/keystone/common/fernet_utils.py:286}}
Sep 02 11:23:27.005699 dv-neutron-853779-4-hyperv devstack@keystone.service[81986]: [pid: 81986|app: 0|req: 163/320] 10.222.0.74 () {58 vars in 1024 bytes} [Fri Sep 2 11:23:26 2022] POST /identity/v3/auth/tokens => generated 799 bytes in 102 msecs (HTTP/1.1 201) 6 headers in 363 bytes (1 switches on core 0)
Sep 02 11:23:27.169356 dv-neutron-853779-4-hyperv devstack@keystone.service[81985]: DEBUG keystone.server.flask.request_processing.req_logging [None req-6c22116a-9753-4de3-ad56-41fcf41daa7e None None] REQUEST_METHOD: `GET` {{(pid=81985) log_request_info /opt/stack/keystone/keystone/server/flask/request_processing/req_logging.py:27}}
Sep 02 11:23:27.169649 dv-neutron-853779-4-hyperv devstack@keystone.service[81985]: DEBUG keystone.server.flask.request_processing.req_logging [None req-6c22116a-9753-4de3-ad56-41fcf41daa7e None None] SCRIPT_NAME: `/identity` {{(pid=81985) log_request_info /opt/stack/keystone/keystone/server/flask/request_processing/req_logging.py:28}}
Sep 02 11:23:27.169841 dv-neutron-853779-4-hyperv devstack@keystone.service[81985]: DEBUG keystone.server.flask.request_processing.req_logging [None req-6c22116a-9753-4de3-ad56-41fcf41daa7e None None] PATH_INFO: `/` {{(pid=81985) log_request_info /opt/stack/keystone/keystone/server/flask/request_processing/req_logging.py:29}}
Sep 02 11:23:27.171425 dv-neutron-853779-4-hyperv devstack@keystone.service[81985]: [pid: 81985|app: 0|req: 158/321] 10.222.0.74 () {54 vars in 927 bytes} [Fri Sep 2 11:23:27 2022] GET /identity => generated 270 bytes in 3 msecs (HTTP/1.1 300) 6 headers in 234 bytes (1 switches on core 0)
Sep 02 11:23:27.176437 dv-neutron-853779-4-hyperv devstack@keystone.service[81986]: DEBUG keystone.server.flask.request_processing.req_logging [None req-9122589f-f4a4-4152-8cb2-ea0bbb0fe9f6 None None] REQUEST_METHOD: `POST` {{(pid=81986) log_request_info /opt/stack/keystone/keystone/server/flask/request_processing/req_logging.py:27}}
Sep 02 11:23:27.176728 dv-neutron-853779-4-hyperv devstack@keystone.service[81986]: DEBUG keystone.server.flask.request_processing.req_logging [None req-9122589f-f4a4-4152-8cb2-ea0bbb0fe9f6 None None] SCRIPT_NAME: `/identity` {{(pid=81986) log_request_info /opt/stack/keystone/keystone/server/flask/request_processing/req_logging.py:28}}
Sep 02 11:23:27.177003 dv-neutron-853779-4-hyperv devstack@keystone.service[81986]: DEBUG keystone.server.flask.request_processing.req_logging [None req-9122589f-f4a4-4152-8cb2-ea0bbb0fe9f6 None None] PATH_INFO: `/v3/auth/tokens` {{(pid=81986) log_request_info /opt/stack/keystone/keystone/server/flask/request_processing/req_logging.py:29}}
Sep 02 11:23:27.195680 dv-neutron-853779-4-hyperv devstack@keystone.service[81986]: DEBUG keystone.auth.core [None req-9122589f-f4a4-4152-8cb2-ea0bbb0fe9f6 None None] MFA Rules not processed for user `71bb15761c614cd09a11e05032f73c2f`. Rule list: `[]` (Enabled: `True`). {{(pid=81986) check_auth_methods_against_rules /opt/stack/keystone/keystone/auth/core.py:438}}
Sep 02 11:23:27.196861 dv-neutron-853779-4-hyperv devstack@keystone.service[81986]: DEBUG keystone.common.fernet_utils [None req-9122589f-f4a4-4152-8cb2-ea0bbb0fe9f6 None None] Loaded 2 Fernet keys from /etc/keystone/fernet-keys/, but `[fernet_tokens] max_active_keys = 3`; perhaps there have not been enough key rotations to reach `max_active_keys` yet? {{(pid=81986) load_keys /opt/stack/keystone/keystone/common/fernet_utils.py:286}}
Sep 02 11:23:27.243116 dv-neutron-853779-4-hyperv devstack@keystone.service[81986]: DEBUG dbcounter [-] [81986] Writing DB stats keystone:SELECT=100 {{(pid=81986) stat_writer /usr/local/lib/python3.8/dist-packages/dbcounter.py:114}}
Sep 02 11:23:27.265175 dv-neutron-853779-4-hyperv devstack@keystone.service[81986]: [pid: 81986|app: 0|req: 164/322] 10.222.0.74 () {58 vars in 1024 bytes} [Fri Sep 2 11:23:27 2022] POST /identity/v3/auth/tokens => generated 799 bytes in 89 msecs (HTTP/1.1 201) 6 headers in 363 bytes (1 switches on core 0)
Sep 02 11:23:27.272401 dv-neutron-853779-4-hyperv devstack@keystone.service[81985]: DEBUG keystone.server.flask.request_processing.middleware.auth_context [None req-6c22116a-9753-4de3-ad56-41fcf41daa7e None None] Authenticating user token {{(pid=81985) process_request /usr/local/lib/python3.8/dist-packages/keystonemiddleware/auth_token/__init__.py:407}}
Sep 02 11:23:27.376537 dv-neutron-853779-4-hyperv devstack@keystone.service[81985]: DEBUG keystone.server.flask.request_processing.middleware.auth_context [None req-6c22116a-9753-4de3-ad56-41fcf41daa7e None None] Validating token access rules against request {{(pid=81985) validate_allowed_request /usr/local/lib/python3.8/dist-packages/keystonemiddleware/auth_token/__init__.py:545}}
Sep 02 11:23:27.409569 dv-neutron-853779-4-hyperv devstack@keystone.service[81985]: DEBUG keystone.server.flask.request_processing.middleware.auth_context [None req-0833b111-bd4d-4d5e-bc66-6e9567fa28c3 None admin] RBAC: auth_context: {'token': , 'domain_id': None, 'trust_id': None, 'trustor_id': None, 'trustee_id': None, 'domain_name': None, 'group_ids': [], 'user_id': '71bb15761c614cd09a11e05032f73c2f', 'user_domain_id': 'default', 'system_scope': 'all', 'project_id': None, 'project_domain_id': None, 'roles': ['admin', 'member', 'reader'], 'is_admin_project': True, 'service_user_id': None, 'service_user_domain_id': None, 'service_project_id': None, 'service_project_domain_id': None, 'service_roles': []} {{(pid=81985) fill_context /opt/stack/keystone/keystone/server/flask/request_processing/middleware/auth_context.py:478}}
Sep 02 11:23:27.410215 dv-neutron-853779-4-hyperv devstack@keystone.service[81985]: DEBUG keystone.server.flask.request_processing.req_logging [None req-0833b111-bd4d-4d5e-bc66-6e9567fa28c3 None admin] REQUEST_METHOD: `GET` {{(pid=81985) log_request_info /opt/stack/keystone/keystone/server/flask/request_processing/req_logging.py:27}}
Sep 02 11:23:27.410485 dv-neutron-853779-4-hyperv devstack@keystone.service[81985]: DEBUG keystone.server.flask.request_processing.req_logging [None req-0833b111-bd4d-4d5e-bc66-6e9567fa28c3 None admin] SCRIPT_NAME: `/identity` {{(pid=81985) log_request_info /opt/stack/keystone/keystone/server/flask/request_processing/req_logging.py:28}}
Sep 02 11:23:27.410748 dv-neutron-853779-4-hyperv devstack@keystone.service[81985]: DEBUG keystone.server.flask.request_processing.req_logging [None req-0833b111-bd4d-4d5e-bc66-6e9567fa28c3 None admin] PATH_INFO: `/v3/domains/default` {{(pid=81985) log_request_info /opt/stack/keystone/keystone/server/flask/request_processing/req_logging.py:29}}
Sep 02 11:23:27.411821 dv-neutron-853779-4-hyperv devstack@keystone.service[81985]: DEBUG keystone.common.rbac_enforcer.enforcer [None req-0833b111-bd4d-4d5e-bc66-6e9567fa28c3 None admin] RBAC: Authorizing `identity:get_domain(domain_id=default)` {{(pid=81985) enforce_call /opt/stack/keystone/keystone/common/rbac_enforcer/enforcer.py:449}}
Sep 02 11:23:27.413267 dv-neutron-853779-4-hyperv devstack@keystone.service[81985]: DEBUG keystone.common.rbac_enforcer.enforcer [None req-0833b111-bd4d-4d5e-bc66-6e9567fa28c3 None admin] RBAC: Authorization granted {{(pid=81985) enforce_call /opt/stack/keystone/keystone/common/rbac_enforcer/enforcer.py:457}}
Sep 02 11:23:27.415001 dv-neutron-853779-4-hyperv devstack@keystone.service[81985]: [pid: 81985|app: 0|req: 159/323] 10.222.0.74 () {56 vars in 1108 bytes} [Fri Sep 2 11:23:27 2022] GET /identity/v3/domains/default => generated 199 bytes in 143 msecs (HTTP/1.1 200) 5 headers in 177 bytes (1 switches on core 0)
Sep 02 11:23:27.420442 dv-neutron-853779-4-hyperv devstack@keystone.service[81986]: DEBUG keystone.server.flask.request_processing.middleware.auth_context [None req-9122589f-f4a4-4152-8cb2-ea0bbb0fe9f6 None None] Authenticating user token {{(pid=81986) process_request /usr/local/lib/python3.8/dist-packages/keystonemiddleware/auth_token/__init__.py:407}}
Sep 02 11:23:27.520568 dv-neutron-853779-4-hyperv devstack@keystone.service[81986]: DEBUG keystone.server.flask.request_processing.middleware.auth_context [None req-9122589f-f4a4-4152-8cb2-ea0bbb0fe9f6 None None] Validating token access rules against request {{(pid=81986) validate_allowed_request /usr/local/lib/python3.8/dist-packages/keystonemiddleware/auth_token/__init__.py:545}}
Sep 02 11:23:27.535914 dv-neutron-853779-4-hyperv devstack@keystone.service[81985]: DEBUG keystone.server.flask.request_processing.middleware.auth_context [None req-0833b111-bd4d-4d5e-bc66-6e9567fa28c3 None admin] Authenticating user token {{(pid=81985) process_request /usr/local/lib/python3.8/dist-packages/keystonemiddleware/auth_token/__init__.py:407}}
Sep 02 11:23:27.548075 dv-neutron-853779-4-hyperv devstack@keystone.service[81985]: DEBUG dbcounter [-] [81985] Writing DB stats keystone:SELECT=100 {{(pid=81985) stat_writer /usr/local/lib/python3.8/dist-packages/dbcounter.py:114}}
Sep 02 11:23:27.558005 dv-neutron-853779-4-hyperv devstack@keystone.service[81986]: DEBUG keystone.server.flask.request_processing.middleware.auth_context [None req-1226eef2-2fdb-4632-8396-98d4016e92d0 None admin] RBAC: auth_context: {'token': , 'domain_id': None, 'trust_id': None, 'trustor_id': None, 'trustee_id': None, 'domain_name': None, 'group_ids': [], 'user_id': '71bb15761c614cd09a11e05032f73c2f', 'user_domain_id': 'default', 'system_scope': 'all', 'project_id': None, 'project_domain_id': None, 'roles': ['admin', 'member', 'reader'], 'is_admin_project': True, 'service_user_id': None, 'service_user_domain_id': None, 'service_project_id': None, 'service_project_domain_id': None, 'service_roles': []} {{(pid=81986) fill_context /opt/stack/keystone/keystone/server/flask/request_processing/middleware/auth_context.py:478}}
Sep 02 11:23:27.558669 dv-neutron-853779-4-hyperv devstack@keystone.service[81986]: DEBUG keystone.server.flask.request_processing.req_logging [None req-1226eef2-2fdb-4632-8396-98d4016e92d0 None admin] REQUEST_METHOD: `POST` {{(pid=81986) log_request_info /opt/stack/keystone/keystone/server/flask/request_processing/req_logging.py:27}}
Sep 02 11:23:27.558936 dv-neutron-853779-4-hyperv devstack@keystone.service[81986]: DEBUG keystone.server.flask.request_processing.req_logging [None req-1226eef2-2fdb-4632-8396-98d4016e92d0 None admin] SCRIPT_NAME: `/identity` {{(pid=81986) log_request_info /opt/stack/keystone/keystone/server/flask/request_processing/req_logging.py:28}}
Sep 02 11:23:27.573281 dv-neutron-853779-4-hyperv devstack@keystone.service[81986]: DEBUG keystone.server.flask.request_processing.req_logging [None req-1226eef2-2fdb-4632-8396-98d4016e92d0 None admin] PATH_INFO: `/v3/groups` {{(pid=81986) log_request_info /opt/stack/keystone/keystone/server/flask/request_processing/req_logging.py:29}}
Sep 02 11:23:27.573281 dv-neutron-853779-4-hyperv devstack@keystone.service[81986]: DEBUG keystone.common.rbac_enforcer.enforcer [None req-1226eef2-2fdb-4632-8396-98d4016e92d0 None admin] RBAC: Authorizing `identity:create_group()` {{(pid=81986) enforce_call /opt/stack/keystone/keystone/common/rbac_enforcer/enforcer.py:449}}
Sep 02 11:23:27.573281 dv-neutron-853779-4-hyperv devstack@keystone.service[81986]: DEBUG keystone.common.rbac_enforcer.enforcer [None req-1226eef2-2fdb-4632-8396-98d4016e92d0 None admin] RBAC: Authorization granted {{(pid=81986) enforce_call /opt/stack/keystone/keystone/common/rbac_enforcer/enforcer.py:457}}
Sep 02 11:23:27.640091 dv-neutron-853779-4-hyperv devstack@keystone.service[81985]: DEBUG keystone.server.flask.request_processing.middleware.auth_context [None req-0833b111-bd4d-4d5e-bc66-6e9567fa28c3 None admin] Validating token access rules against request {{(pid=81985) validate_allowed_request /usr/local/lib/python3.8/dist-packages/keystonemiddleware/auth_token/__init__.py:545}}
Sep 02 11:23:27.667005 dv-neutron-853779-4-hyperv devstack@keystone.service[81986]: [pid: 81986|app: 0|req: 165/324] 10.222.0.74 () {60 vars in 1134 bytes} [Fri Sep 2 11:23:27 2022] POST /identity/v3/groups => generated 226 bytes in 247 msecs (HTTP/1.1 201) 5 headers in 182 bytes (1 switches on core 0)
Sep 02 11:23:27.676764 dv-neutron-853779-4-hyperv devstack@keystone.service[81985]: DEBUG keystone.server.flask.request_processing.middleware.auth_context [None req-40f0fb6a-cc67-4267-929b-a31f8ac694f8 None admin] RBAC: auth_context: {'token': , 'domain_id': None, 'trust_id': None, 'trustor_id': None, 'trustee_id': None, 'domain_name': None, 'group_ids': [], 'user_id': '71bb15761c614cd09a11e05032f73c2f', 'user_domain_id': 'default', 'system_scope': 'all', 'project_id': None, 'project_domain_id': None, 'roles': ['admin', 'member', 'reader'], 'is_admin_project': True, 'service_user_id': None, 'service_user_domain_id': None, 'service_project_id': None, 'service_project_domain_id': None, 'service_roles': []} {{(pid=81985) fill_context /opt/stack/keystone/keystone/server/flask/request_processing/middleware/auth_context.py:478}}
Sep 02 11:23:27.676764 dv-neutron-853779-4-hyperv devstack@keystone.service[81985]: DEBUG keystone.server.flask.request_processing.req_logging [None req-40f0fb6a-cc67-4267-929b-a31f8ac694f8 None admin] REQUEST_METHOD: `GET` {{(pid=81985) log_request_info /opt/stack/keystone/keystone/server/flask/request_processing/req_logging.py:27}}
Sep 02 11:23:27.676764 dv-neutron-853779-4-hyperv devstack@keystone.service[81985]: DEBUG keystone.server.flask.request_processing.req_logging [None req-40f0fb6a-cc67-4267-929b-a31f8ac694f8 None admin] SCRIPT_NAME: `/identity` {{(pid=81985) log_request_info /opt/stack/keystone/keystone/server/flask/request_processing/req_logging.py:28}}
Sep 02 11:23:27.676764 dv-neutron-853779-4-hyperv devstack@keystone.service[81985]: DEBUG keystone.server.flask.request_processing.req_logging [None req-40f0fb6a-cc67-4267-929b-a31f8ac694f8 None admin] PATH_INFO: `/v3/roles/reader` {{(pid=81985) log_request_info /opt/stack/keystone/keystone/server/flask/request_processing/req_logging.py:29}}
Sep 02 11:23:27.689659 dv-neutron-853779-4-hyperv devstack@keystone.service[81985]: DEBUG keystone.common.rbac_enforcer.enforcer [None req-40f0fb6a-cc67-4267-929b-a31f8ac694f8 None admin] Extracting inferred target data resulted in "NOT FOUND (404)". {{(pid=81985) enforce_call /opt/stack/keystone/keystone/common/rbac_enforcer/enforcer.py:409}}
Sep 02 11:23:27.695327 dv-neutron-853779-4-hyperv devstack@keystone.service[81985]: ERROR keystone.server.flask.application [None req-40f0fb6a-cc67-4267-929b-a31f8ac694f8 None admin] Could not find role: reader.: keystone.exception.RoleNotFound: Could not find role: reader.
Sep 02 11:23:27.695327 dv-neutron-853779-4-hyperv devstack@keystone.service[81985]: ERROR keystone.server.flask.application
Traceback (most recent call last):
Sep 02 11:23:27.695327 dv-neutron-853779-4-hyperv devstack@keystone.service[81985]: ERROR keystone.server.flask.application
File "/usr/local/lib/python3.8/dist-packages/flask/app.py", line 1820, in full_dispatch_request
Sep 02 11:23:27.695327 dv-neutron-853779-4-hyperv devstack@keystone.service[81985]: ERROR keystone.server.flask.application rv = self.dispatch_request()
Sep 02 11:23:27.695327 dv-neutron-853779-4-hyperv devstack@keystone.service[81985]: ERROR keystone.server.flask.application
File "/usr/local/lib/python3.8/dist-packages/flask/app.py", line 1796, in dispatch_request
Sep 02 11:23:27.695327 dv-neutron-853779-4-hyperv devstack@keystone.service[81985]: ERROR keystone.server.flask.application return self.ensure_sync(self.view_functions[rule.endpoint])(**view_args)
Sep 02 11:23:27.695327 dv-neutron-853779-4-hyperv devstack@keystone.service[81985]: ERROR keystone.server.flask.application
File "/usr/local/lib/python3.8/dist-packages/flask_restful/__init__.py", line 467, in wrapper
Sep 02 11:23:27.695327 dv-neutron-853779-4-hyperv devstack@keystone.service[81985]: ERROR keystone.server.flask.application resp = resource(*args, **kwargs)
Sep 02 11:23:27.695327 dv-neutron-853779-4-hyperv devstack@keystone.service[81985]: ERROR keystone.server.flask.application
File "/usr/local/lib/python3.8/dist-packages/flask/views.py", line 107, in view
Sep 02 11:23:27.695327 dv-neutron-853779-4-hyperv devstack@keystone.service[81985]: ERROR keystone.server.flask.application return current_app.ensure_sync(self.dispatch_request)(**kwargs)
Sep 02 11:23:27.695327 dv-neutron-853779-4-hyperv devstack@keystone.service[81985]: ERROR keystone.server.flask.application
File "/usr/local/lib/python3.8/dist-packages/flask_restful/__init__.py", line 582, in dispatch_request
Sep 02 11:23:27.695327 dv-neutron-853779-4-hyperv devstack@keystone.service[81985]: ERROR keystone.server.flask.application resp = meth(*args, **kwargs)
Sep 02 11:23:27.695327 dv-neutron-853779-4-hyperv devstack@keystone.service[81985]: ERROR keystone.server.flask.application
File "/opt/stack/keystone/keystone/api/roles.py", line 50, in get
Sep 02 11:23:27.695327 dv-neutron-853779-4-hyperv devstack@keystone.service[81985]: ERROR keystone.server.flask.application return self._get_role(role_id)
Sep 02 11:23:27.695327 dv-neutron-853779-4-hyperv devstack@keystone.service[81985]: ERROR keystone.server.flask.application
File "/opt/stack/keystone/keystone/api/roles.py", line 70, in _get_role
Sep 02 11:23:27.695327 dv-neutron-853779-4-hyperv devstack@keystone.service[81985]: ERROR keystone.server.flask.application ENFORCER.enforce_call(action='identity:get_role')
Sep 02 11:23:27.696338 dv-neutron-853779-4-hyperv devstack@keystone.service[81985]: ERROR keystone.server.flask.application
File "/opt/stack/keystone/keystone/common/rbac_enforcer/enforcer.py", line 402, in enforce_call
Sep 02 11:23:27.696338 dv-neutron-853779-4-hyperv devstack@keystone.service[81985]: ERROR keystone.server.flask.application policy_dict.update(cls._extract_member_target_data(
Sep 02 11:23:27.696338 dv-neutron-853779-4-hyperv devstack@keystone.service[81985]: ERROR keystone.server.flask.application
File "/opt/stack/keystone/keystone/common/rbac_enforcer/enforcer.py", line 234, in _extract_member_target_data
Sep 02 11:23:27.696338 dv-neutron-853779-4-hyperv devstack@keystone.service[81985]: ERROR keystone.server.flask.application member_name: func(flask.request.view_args[key])
Sep 02 11:23:27.696338 dv-neutron-853779-4-hyperv devstack@keystone.service[81985]: ERROR keystone.server.flask.application
File "/opt/stack/keystone/keystone/common/manager.py", line 115, in wrapped
Sep 02 11:23:27.696338 dv-neutron-853779-4-hyperv devstack@keystone.service[81985]: ERROR keystone.server.flask.application __ret_val = __f(*args, **kwargs)
Sep 02 11:23:27.696338 dv-neutron-853779-4-hyperv devstack@keystone.service[81985]: ERROR keystone.server.flask.application
File "/usr/local/lib/python3.8/dist-packages/decorator.py", line 232, in fun
Sep 02 11:23:27.696338 dv-neutron-853779-4-hyperv devstack@keystone.service[81985]: ERROR keystone.server.flask.application return caller(func, *(extras + args), **kw)
Sep 02 11:23:27.696338 dv-neutron-853779-4-hyperv devstack@keystone.service[81985]: ERROR keystone.server.flask.application
File "/usr/local/lib/python3.8/dist-packages/dogpile/cache/region.py", line 1577, in get_or_create_for_user_func
Sep 02 11:23:27.696338 dv-neutron-853779-4-hyperv devstack@keystone.service[81985]: ERROR keystone.server.flask.application return self.get_or_create(
Sep 02 11:23:27.696338 dv-neutron-853779-4-hyperv devstack@keystone.service[81985]: ERROR keystone.server.flask.application
File "/usr/local/lib/python3.8/dist-packages/dogpile/cache/region.py", line 1042, in get_or_create
Sep 02 11:23:27.696338 dv-neutron-853779-4-hyperv devstack@keystone.service[81985]: ERROR keystone.server.flask.application with Lock(
Sep 02 11:23:27.696338 dv-neutron-853779-4-hyperv devstack@keystone.service[81985]: ERROR keystone.server.flask.application
File "/usr/local/lib/python3.8/dist-packages/dogpile/lock.py", line 185, in __enter__
Sep 02 11:23:27.696338 dv-neutron-853779-4-hyperv devstack@keystone.service[81985]: ERROR keystone.server.flask.application return self._enter()
Sep 02 11:23:27.696338 dv-neutron-853779-4-hyperv devstack@keystone.service[81985]: ERROR keystone.server.flask.application
File "/usr/local/lib/python3.8/dist-packages/dogpile/lock.py", line 94, in _enter
Sep 02 11:23:27.696338 dv-neutron-853779-4-hyperv devstack@keystone.service[81985]: ERROR keystone.server.flask.application generated = self._enter_create(value, createdtime)
Sep 02 11:23:27.697206 dv-neutron-853779-4-hyperv devstack@keystone.service[81985]: ERROR keystone.server.flask.application
File "/usr/local/lib/python3.8/dist-packages/dogpile/lock.py", line 178, in _enter_create
Sep 02 11:23:27.697206 dv-neutron-853779-4-hyperv devstack@keystone.service[81985]: ERROR keystone.server.flask.application return self.creator()
Sep 02 11:23:27.697206 dv-neutron-853779-4-hyperv devstack@keystone.service[81985]: ERROR keystone.server.flask.application
File "/usr/local/lib/python3.8/dist-packages/dogpile/cache/region.py", line 995, in gen_value
Sep 02 11:23:27.697206 dv-neutron-853779-4-hyperv devstack@keystone.service[81985]: ERROR keystone.server.flask.application created_value = creator(
Sep 02 11:23:27.697206 dv-neutron-853779-4-hyperv devstack@keystone.service[81985]: ERROR keystone.server.flask.application
File "/opt/stack/keystone/keystone/assignment/core.py", line 1276, in get_role
Sep 02 11:23:27.697206 dv-neutron-853779-4-hyperv devstack@keystone.service[81985]: ERROR keystone.server.flask.application return self.driver.get_role(role_id)
Sep 02 11:23:27.697206 dv-neutron-853779-4-hyperv devstack@keystone.service[81985]: ERROR keystone.server.flask.application
File "/opt/stack/keystone/keystone/assignment/role_backends/sql.py", line 70, in get_role
Sep 02 11:23:27.697206 dv-neutron-853779-4-hyperv devstack@keystone.service[81985]: ERROR keystone.server.flask.application return self._get_role(session, role_id).to_dict()
Sep 02 11:23:27.697206 dv-neutron-853779-4-hyperv devstack@keystone.service[81985]: ERROR keystone.server.flask.application
File "/opt/stack/keystone/keystone/assignment/role_backends/sql.py", line 65, in _get_role
Sep 02 11:23:27.697206 dv-neutron-853779-4-hyperv devstack@keystone.service[81985]: ERROR keystone.server.flask.application raise exception.RoleNotFound(role_id=role_id)
Sep 02 11:23:27.697206 dv-neutron-853779-4-hyperv devstack@keystone.service[81985]: ERROR keystone.server.flask.application keystone.exception.RoleNotFound: Could not find role: reader.
Sep 02 11:23:27.697206 dv-neutron-853779-4-hyperv devstack@keystone.service[81985]: ERROR keystone.server.flask.application
Sep 02 11:23:27.698799 dv-neutron-853779-4-hyperv devstack@keystone.service[81985]: [pid: 81985|app: 0|req: 160/325] 10.222.0.74 () {56 vars in 1099 bytes} [Fri Sep 2 11:23:27 2022] GET /identity/v3/roles/reader => generated 84 bytes in 163 msecs (HTTP/1.1 404) 5 headers in 183 bytes (2 switches on core 0)
Sep 02 11:23:27.702628 dv-neutron-853779-4-hyperv devstack@keystone.service[81986]: DEBUG keystone.server.flask.request_processing.middleware.auth_context [None req-1226eef2-2fdb-4632-8396-98d4016e92d0 None admin] Authenticating user token {{(pid=81986) process_request /usr/local/lib/python3.8/dist-packages/keystonemiddleware/auth_token/__init__.py:407}}
Sep 02 11:23:27.714818 dv-neutron-853779-4-hyperv devstack@keystone.service[81985]: DEBUG keystone.server.flask.request_processing.req_logging [None req-3cd8344d-85f5-42bd-bd5c-d36c6ef45684 None None] REQUEST_METHOD: `GET` {{(pid=81985) log_request_info /opt/stack/keystone/keystone/server/flask/request_processing/req_logging.py:27}}
Sep 02 11:23:27.715146 dv-neutron-853779-4-hyperv devstack@keystone.service[81985]: DEBUG keystone.server.flask.request_processing.req_logging [None req-3cd8344d-85f5-42bd-bd5c-d36c6ef45684 None None] SCRIPT_NAME: `/identity` {{(pid=81985) log_request_info /opt/stack/keystone/keystone/server/flask/request_processing/req_logging.py:28}}
Sep 02 11:23:27.715365 dv-neutron-853779-4-hyperv devstack@keystone.service[81985]: DEBUG keystone.server.flask.request_processing.req_logging [None req-3cd8344d-85f5-42bd-bd5c-d36c6ef45684 None None] PATH_INFO: `/` {{(pid=81985) log_request_info /opt/stack/keystone/keystone/server/flask/request_processing/req_logging.py:29}}
Sep 02 11:23:27.716998 dv-neutron-853779-4-hyperv devstack@keystone.service[81985]: [pid: 81985|app: 0|req: 161/326] 10.222.0.74 () {54 vars in 927 bytes} [Fri Sep 2 11:23:27 2022] GET /identity => generated 270 bytes in 3 msecs (HTTP/1.1 300) 6 headers in 234 bytes (2 switches on core 0)
Sep 02 11:23:27.722727 dv-neutron-853779-4-hyperv devstack@keystone.service[81985]: DEBUG keystone.server.flask.request_processing.req_logging [None req-27878111-34fd-499d-b956-059999ed9ebb None None] REQUEST_METHOD: `POST` {{(pid=81985) log_request_info /opt/stack/keystone/keystone/server/flask/request_processing/req_logging.py:27}}
Sep 02 11:23:27.723009 dv-neutron-853779-4-hyperv devstack@keystone.service[81985]: DEBUG keystone.server.flask.request_processing.req_logging [None req-27878111-34fd-499d-b956-059999ed9ebb None None] SCRIPT_NAME: `/identity` {{(pid=81985) log_request_info /opt/stack/keystone/keystone/server/flask/request_processing/req_logging.py:28}}
Sep 02 11:23:27.723278 dv-neutron-853779-4-hyperv devstack@keystone.service[81985]: DEBUG keystone.server.flask.request_processing.req_logging [None req-27878111-34fd-499d-b956-059999ed9ebb None None] PATH_INFO: `/v3/auth/tokens` {{(pid=81985) log_request_info /opt/stack/keystone/keystone/server/flask/request_processing/req_logging.py:29}}
Sep 02 11:23:27.742789 dv-neutron-853779-4-hyperv devstack@keystone.service[81985]: DEBUG keystone.auth.core [None req-27878111-34fd-499d-b956-059999ed9ebb None None] MFA Rules not processed for user `71bb15761c614cd09a11e05032f73c2f`. Rule list: `[]` (Enabled: `True`). {{(pid=81985) check_auth_methods_against_rules /opt/stack/keystone/keystone/auth/core.py:438}}
Sep 02 11:23:27.744714 dv-neutron-853779-4-hyperv devstack@keystone.service[81985]: DEBUG keystone.common.fernet_utils [None req-27878111-34fd-499d-b956-059999ed9ebb None None] Loaded 2 Fernet keys from /etc/keystone/fernet-keys/, but `[fernet_tokens] max_active_keys = 3`; perhaps there have not been enough key rotations to reach `max_active_keys` yet? {{(pid=81985) load_keys /opt/stack/keystone/keystone/common/fernet_utils.py:286}}
Sep 02 11:23:27.752847 dv-neutron-853779-4-hyperv devstack@keystone.service[81986]: DEBUG dbcounter [-] [81986] Writing DB stats keystone:SELECT=99,keystone:INSERT=1 {{(pid=81986) stat_writer /usr/local/lib/python3.8/dist-packages/dbcounter.py:114}}
Sep 02 11:23:27.817536 dv-neutron-853779-4-hyperv devstack@keystone.service[81986]: DEBUG keystone.server.flask.request_processing.middleware.auth_context [None req-1226eef2-2fdb-4632-8396-98d4016e92d0 None admin] Validating token access rules against request {{(pid=81986) validate_allowed_request /usr/local/lib/python3.8/dist-packages/keystonemiddleware/auth_token/__init__.py:545}}
Sep 02 11:23:27.818697 dv-neutron-853779-4-hyperv devstack@keystone.service[81985]: DEBUG dbcounter [-] [81985] Writing DB stats keystone:SELECT=100 {{(pid=81985) stat_writer /usr/local/lib/python3.8/dist-packages/dbcounter.py:114}}
Sep 02 11:23:27.825197 dv-neutron-853779-4-hyperv devstack@keystone.service[81985]: [pid: 81985|app: 0|req: 162/327] 10.222.0.74 () {58 vars in 1024 bytes} [Fri Sep 2 11:23:27 2022] POST /identity/v3/auth/tokens => generated 799 bytes in 103 msecs (HTTP/1.1 201) 6 headers in 363 bytes (2 switches on core 0)
Sep 02 11:23:27.857648 dv-neutron-853779-4-hyperv devstack@keystone.service[81986]: DEBUG keystone.server.flask.request_processing.middleware.auth_context [None req-57b42378-2e5a-4304-b827-de3d5372b568 None admin] RBAC: auth_context: {'token': , 'domain_id': None, 'trust_id': None, 'trustor_id': None, 'trustee_id': None, 'domain_name': None, 'group_ids': [], 'user_id': '71bb15761c614cd09a11e05032f73c2f', 'user_domain_id': 'default', 'system_scope': 'all', 'project_id': None, 'project_domain_id': None, 'roles': ['admin', 'member', 'reader'], 'is_admin_project': True, 'service_user_id': None, 'service_user_domain_id': None, 'service_project_id': None, 'service_project_domain_id': None, 'service_roles': []} {{(pid=81986) fill_context /opt/stack/keystone/keystone/server/flask/request_processing/middleware/auth_context.py:478}}
Sep 02 11:23:27.858342 dv-neutron-853779-4-hyperv devstack@keystone.service[81986]: DEBUG keystone.server.flask.request_processing.req_logging [None req-57b42378-2e5a-4304-b827-de3d5372b568 None admin] REQUEST_METHOD: `GET` {{(pid=81986) log_request_info /opt/stack/keystone/keystone/server/flask/request_processing/req_logging.py:27}}
Sep 02 11:23:27.858620 dv-neutron-853779-4-hyperv devstack@keystone.service[81986]: DEBUG keystone.server.flask.request_processing.req_logging [None req-57b42378-2e5a-4304-b827-de3d5372b568 None admin] SCRIPT_NAME: `/identity` {{(pid=81986) log_request_info /opt/stack/keystone/keystone/server/flask/request_processing/req_logging.py:28}}
Sep 02 11:23:27.858913 dv-neutron-853779-4-hyperv devstack@keystone.service[81986]: DEBUG keystone.server.flask.request_processing.req_logging [None req-57b42378-2e5a-4304-b827-de3d5372b568 None admin] PATH_INFO: `/v3/roles` {{(pid=81986) log_request_info /opt/stack/keystone/keystone/server/flask/request_processing/req_logging.py:29}}
Sep 02 11:23:27.859580 dv-neutron-853779-4-hyperv devstack@keystone.service[81986]: DEBUG keystone.common.rbac_enforcer.enforcer [None req-57b42378-2e5a-4304-b827-de3d5372b568 None admin] RBAC: Adding query filter params (name=reader) {{(pid=81986) _extract_filter_values /opt/stack/keystone/keystone/common/rbac_enforcer/enforcer.py:167}}
Sep 02 11:23:27.859878 dv-neutron-853779-4-hyperv devstack@keystone.service[81986]: DEBUG keystone.common.rbac_enforcer.enforcer [None req-57b42378-2e5a-4304-b827-de3d5372b568 None admin] RBAC: Authorizing `identity:list_roles()` {{(pid=81986) enforce_call /opt/stack/keystone/keystone/common/rbac_enforcer/enforcer.py:449}}
Sep 02 11:23:27.861253 dv-neutron-853779-4-hyperv devstack@keystone.service[81986]: DEBUG keystone.common.rbac_enforcer.enforcer [None req-57b42378-2e5a-4304-b827-de3d5372b568 None admin] RBAC: Authorization granted {{(pid=81986) enforce_call /opt/stack/keystone/keystone/common/rbac_enforcer/enforcer.py:457}}
Sep 02 11:23:27.871876 dv-neutron-853779-4-hyperv devstack@keystone.service[81986]: [pid: 81986|app: 0|req: 166/328] 10.222.0.74 () {56 vars in 1101 bytes} [Fri Sep 2 11:23:27 2022] GET /identity/v3/roles?name=reader => generated 341 bytes in 170 msecs (HTTP/1.1 200) 5 headers in 177 bytes (1 switches on core 0)
Sep 02 11:23:27.877851 dv-neutron-853779-4-hyperv devstack@keystone.service[81985]: DEBUG keystone.server.flask.request_processing.middleware.auth_context [None req-27878111-34fd-499d-b956-059999ed9ebb None None] Authenticating user token {{(pid=81985) process_request /usr/local/lib/python3.8/dist-packages/keystonemiddleware/auth_token/__init__.py:407}}
Sep 02 11:23:27.987890 dv-neutron-853779-4-hyperv devstack@keystone.service[81985]: DEBUG keystone.server.flask.request_processing.middleware.auth_context [None req-27878111-34fd-499d-b956-059999ed9ebb None None] Validating token access rules against request {{(pid=81985) validate_allowed_request /usr/local/lib/python3.8/dist-packages/keystonemiddleware/auth_token/__init__.py:545}}
Sep 02 11:23:28.023626 dv-neutron-853779-4-hyperv devstack@keystone.service[81985]: DEBUG keystone.server.flask.request_processing.middleware.auth_context [None req-14e2e39a-e761-46ee-97fa-850148a7783b None admin] RBAC: auth_context: {'token': , 'domain_id': None, 'trust_id': None, 'trustor_id': None, 'trustee_id': None, 'domain_name': None, 'group_ids': [], 'user_id': '71bb15761c614cd09a11e05032f73c2f', 'user_domain_id': 'default', 'system_scope': 'all', 'project_id': None, 'project_domain_id': None, 'roles': ['admin', 'member', 'reader'], 'is_admin_project': True, 'service_user_id': None, 'service_user_domain_id': None, 'service_project_id': None, 'service_project_domain_id': None, 'service_roles': []} {{(pid=81985) fill_context /opt/stack/keystone/keystone/server/flask/request_processing/middleware/auth_context.py:478}}
Sep 02 11:23:28.024262 dv-neutron-853779-4-hyperv devstack@keystone.service[81985]: DEBUG keystone.server.flask.request_processing.req_logging [None req-14e2e39a-e761-46ee-97fa-850148a7783b None admin] REQUEST_METHOD: `GET` {{(pid=81985) log_request_info /opt/stack/keystone/keystone/server/flask/request_processing/req_logging.py:27}}
Sep 02 11:23:28.024536 dv-neutron-853779-4-hyperv devstack@keystone.service[81985]: DEBUG keystone.server.flask.request_processing.req_logging [None req-14e2e39a-e761-46ee-97fa-850148a7783b None admin] SCRIPT_NAME: `/identity` {{(pid=81985) log_request_info /opt/stack/keystone/keystone/server/flask/request_processing/req_logging.py:28}}
Sep 02 11:23:28.024800 dv-neutron-853779-4-hyperv devstack@keystone.service[81985]: DEBUG keystone.server.flask.request_processing.req_logging [None req-14e2e39a-e761-46ee-97fa-850148a7783b None admin] PATH_INFO: `/v3/users/aaa93dbff6374f7585687d64b2ed8156` {{(pid=81985) log_request_info /opt/stack/keystone/keystone/server/flask/request_processing/req_logging.py:29}}
Sep 02 11:23:28.026774 dv-neutron-853779-4-hyperv devstack@keystone.service[81985]: DEBUG keystone.common.rbac_enforcer.enforcer [None req-14e2e39a-e761-46ee-97fa-850148a7783b None admin] RBAC: Authorizing `identity:get_user(user_id=aaa93dbff6374f7585687d64b2ed8156)` {{(pid=81985) enforce_call /opt/stack/keystone/keystone/common/rbac_enforcer/enforcer.py:449}}
Sep 02 11:23:28.028233 dv-neutron-853779-4-hyperv devstack@keystone.service[81985]: DEBUG keystone.common.rbac_enforcer.enforcer [None req-14e2e39a-e761-46ee-97fa-850148a7783b None admin] RBAC: Authorization granted {{(pid=81985) enforce_call /opt/stack/keystone/keystone/common/rbac_enforcer/enforcer.py:457}}
Sep 02 11:23:28.030050 dv-neutron-853779-4-hyperv devstack@keystone.service[81985]: [pid: 81985|app: 0|req: 163/329] 10.222.0.74 () {56 vars in 1177 bytes} [Fri Sep 2 11:23:27 2022] GET /identity/v3/users/aaa93dbff6374f7585687d64b2ed8156 => generated 293 bytes in 153 msecs (HTTP/1.1 200) 5 headers in 177 bytes (1 switches on core 0)
Sep 02 11:23:28.035419 dv-neutron-853779-4-hyperv devstack@keystone.service[81986]: DEBUG keystone.server.flask.request_processing.middleware.auth_context [None req-57b42378-2e5a-4304-b827-de3d5372b568 None admin] Authenticating user token {{(pid=81986) process_request /usr/local/lib/python3.8/dist-packages/keystonemiddleware/auth_token/__init__.py:407}}
Sep 02 11:23:28.105010 dv-neutron-853779-4-hyperv devstack@keystone.service[81985]: DEBUG keystone.server.flask.request_processing.middleware.auth_context [None req-14e2e39a-e761-46ee-97fa-850148a7783b None admin] Authenticating user token {{(pid=81985) process_request /usr/local/lib/python3.8/dist-packages/keystonemiddleware/auth_token/__init__.py:407}}
Sep 02 11:23:28.161195 dv-neutron-853779-4-hyperv devstack@keystone.service[81986]: DEBUG keystone.server.flask.request_processing.middleware.auth_context [None req-57b42378-2e5a-4304-b827-de3d5372b568 None admin] Validating token access rules against request {{(pid=81986) validate_allowed_request /usr/local/lib/python3.8/dist-packages/keystonemiddleware/auth_token/__init__.py:545}}
Sep 02 11:23:28.163364 dv-neutron-853779-4-hyperv devstack@keystone.service[81986]: DEBUG dbcounter [-] [81986] Writing DB stats keystone:SELECT=100 {{(pid=81986) stat_writer /usr/local/lib/python3.8/dist-packages/dbcounter.py:114}}
Sep 02 11:23:28.186001 dv-neutron-853779-4-hyperv devstack@keystone.service[81985]: DEBUG dbcounter [-] [81985] Writing DB stats keystone:SELECT=100 {{(pid=81985) stat_writer /usr/local/lib/python3.8/dist-packages/dbcounter.py:114}}
Sep 02 11:23:28.204401 dv-neutron-853779-4-hyperv devstack@keystone.service[81986]: DEBUG keystone.server.flask.request_processing.middleware.auth_context [None req-250957a1-1895-48aa-b662-862f69a56471 None admin] RBAC: auth_context: {'token': , 'domain_id': None, 'trust_id': None, 'trustor_id': None, 'trustee_id': None, 'domain_name': None, 'group_ids': [], 'user_id': '71bb15761c614cd09a11e05032f73c2f', 'user_domain_id': 'default', 'system_scope': 'all', 'project_id': None, 'project_domain_id': None, 'roles': ['admin', 'member', 'reader'], 'is_admin_project': True, 'service_user_id': None, 'service_user_domain_id': None, 'service_project_id': None, 'service_project_domain_id': None, 'service_roles': []} {{(pid=81986) fill_context /opt/stack/keystone/keystone/server/flask/request_processing/middleware/auth_context.py:478}}
Sep 02 11:23:28.205221 dv-neutron-853779-4-hyperv devstack@keystone.service[81986]: DEBUG keystone.server.flask.request_processing.req_logging [None req-250957a1-1895-48aa-b662-862f69a56471 None admin] REQUEST_METHOD: `PUT` {{(pid=81986) log_request_info /opt/stack/keystone/keystone/server/flask/request_processing/req_logging.py:27}}
Sep 02 11:23:28.205666 dv-neutron-853779-4-hyperv devstack@keystone.service[81986]: DEBUG keystone.server.flask.request_processing.req_logging [None req-250957a1-1895-48aa-b662-862f69a56471 None admin] SCRIPT_NAME: `/identity` {{(pid=81986) log_request_info /opt/stack/keystone/keystone/server/flask/request_processing/req_logging.py:28}}
Sep 02 11:23:28.205973 dv-neutron-853779-4-hyperv devstack@keystone.service[81986]: DEBUG keystone.server.flask.request_processing.req_logging [None req-250957a1-1895-48aa-b662-862f69a56471 None admin] PATH_INFO: `/v3/system/users/aaa93dbff6374f7585687d64b2ed8156/roles/f837a5481cfd46629cb866fe3b749379` {{(pid=81986) log_request_info /opt/stack/keystone/keystone/server/flask/request_processing/req_logging.py:29}}
Sep 02 11:23:28.207594 dv-neutron-853779-4-hyperv devstack@keystone.service[81986]: DEBUG keystone.common.rbac_enforcer.enforcer [None req-250957a1-1895-48aa-b662-862f69a56471 None admin] RBAC: Authorizing `identity:create_system_grant_for_user(user_id=aaa93dbff6374f7585687d64b2ed8156, role_id=f837a5481cfd46629cb866fe3b749379)` {{(pid=81986) enforce_call /opt/stack/keystone/keystone/common/rbac_enforcer/enforcer.py:449}}
Sep 02 11:23:28.209273 dv-neutron-853779-4-hyperv devstack@keystone.service[81986]: DEBUG keystone.common.rbac_enforcer.enforcer [None req-250957a1-1895-48aa-b662-862f69a56471 None admin] RBAC: Authorization granted {{(pid=81986) enforce_call /opt/stack/keystone/keystone/common/rbac_enforcer/enforcer.py:457}}
Sep 02 11:23:28.230260 dv-neutron-853779-4-hyperv devstack@keystone.service[81985]: DEBUG keystone.server.flask.request_processing.middleware.auth_context [None req-14e2e39a-e761-46ee-97fa-850148a7783b None admin] Validating token access rules against request {{(pid=81985) validate_allowed_request /usr/local/lib/python3.8/dist-packages/keystonemiddleware/auth_token/__init__.py:545}}
Sep 02 11:23:28.268831 dv-neutron-853779-4-hyperv devstack@keystone.service[81985]: DEBUG keystone.server.flask.request_processing.middleware.auth_context [None req-05a1c758-78bd-402c-9adc-8597fbdf4a9d None admin] RBAC: auth_context: {'token': , 'domain_id': None, 'trust_id': None, 'trustor_id': None, 'trustee_id': None, 'domain_name': None, 'group_ids': [], 'user_id': '71bb15761c614cd09a11e05032f73c2f', 'user_domain_id': 'default', 'system_scope': 'all', 'project_id': None, 'project_domain_id': None, 'roles': ['admin', 'member', 'reader'], 'is_admin_project': True, 'service_user_id': None, 'service_user_domain_id': None, 'service_project_id': None, 'service_project_domain_id': None, 'service_roles': []} {{(pid=81985) fill_context /opt/stack/keystone/keystone/server/flask/request_processing/middleware/auth_context.py:478}}
Sep 02 11:23:28.269472 dv-neutron-853779-4-hyperv devstack@keystone.service[81985]: DEBUG keystone.server.flask.request_processing.req_logging [None req-05a1c758-78bd-402c-9adc-8597fbdf4a9d None admin] REQUEST_METHOD: `GET` {{(pid=81985) log_request_info /opt/stack/keystone/keystone/server/flask/request_processing/req_logging.py:27}}
Sep 02 11:23:28.269743 dv-neutron-853779-4-hyperv devstack@keystone.service[81985]: DEBUG keystone.server.flask.request_processing.req_logging [None req-05a1c758-78bd-402c-9adc-8597fbdf4a9d None admin] SCRIPT_NAME: `/identity` {{(pid=81985) log_request_info /opt/stack/keystone/keystone/server/flask/request_processing/req_logging.py:28}}
Sep 02 11:23:28.270146 dv-neutron-853779-4-hyperv devstack@keystone.service[81985]: DEBUG keystone.server.flask.request_processing.req_logging [None req-05a1c758-78bd-402c-9adc-8597fbdf4a9d None admin] PATH_INFO: `/v3/roles/member` {{(pid=81985) log_request_info /opt/stack/keystone/keystone/server/flask/request_processing/req_logging.py:29}}
Sep 02 11:23:28.278723 dv-neutron-853779-4-hyperv devstack@keystone.service[81986]: [pid: 81986|app: 0|req: 167/330] 10.222.0.74 () {58 vars in 1334 bytes} [Fri Sep 2 11:23:28 2022] PUT /identity/v3/system/users/aaa93dbff6374f7585687d64b2ed8156/roles/f837a5481cfd46629cb866fe3b749379 => generated 0 bytes in 244 msecs (HTTP/1.1 204) 3 headers in 132 bytes (0 switches on core 0)
