Aug 30 06:56:13.803048 dv-neutron-853115-2-hyperv neutron-server[107093]: DEBUG neutron_lib.callbacks.manager [None req-6c586dfe-63bf-4f6a-b884-cffabdf71951 None None] Publish callbacks [] for port (df8ee53d-4f50-45f6-adac-9960a5b164a8), precommit_create {{(pid=107093) _notify_loop /usr/local/lib/python3.8/dist-packages/neutron_lib/callbacks/manager.py:176}}
Aug 30 06:56:13.805529 dv-neutron-853115-2-hyperv neutron-server[107093]: DEBUG neutron_lib.callbacks.manager [None req-822a5738-fffd-415d-8968-b87a60a78a5d None None] Publish callbacks ['neutron.plugins.ml2.plugin.SecurityGroupServerNotifierRpcMixin._notify_sg_on_port_change-607346', 'neutron.plugins.ml2.ovo_rpc._ObjectChangeHandler.handle_event-500839', 'neutron.api.rpc.agentnotifiers.dhcp_rpc_agent_api.DhcpAgentNotifyAPI._native_event_send_dhcp_notification-3683157', 'neutron.db.l3_db.L3RpcNotifierMixin._notify_gateway_port_ip_changed-8765250434946', 'neutron.db.l3_dvrscheduler_db._notify_l3_agent_port_update-8765249987642', 'neutron.db.l3_hascheduler_db._notify_l3_agent_ha_port_update-8765249987660'] for port (9deef26d-6be3-4e5f-a961-936d683facfd), after_update {{(pid=107093) _notify_loop /usr/local/lib/python3.8/dist-packages/neutron_lib/callbacks/manager.py:176}}
Aug 30 06:56:13.852935 dv-neutron-853115-2-hyperv neutron-server[107092]: DEBUG neutron.api.rpc.handlers.resources_rpc [None req-22226ea0-5aa4-4091-97d0-82c89f270c56 tempest-ExternalNetworksAdminNegativeTestJSON-882058851 tempest-ExternalNetworksAdminNegativeTestJSON-882058851-project-admin] Pushing event updated for resources: {'SecurityGroup': ['ID=ee09ed69-23bd-4fb8-8c7a-60344cff75d7,revision_number=1']} {{(pid=107092) push /opt/stack/neutron/neutron/api/rpc/handlers/resources_rpc.py:237}}
Aug 30 06:56:13.866261 dv-neutron-853115-2-hyperv neutron-server[107093]: DEBUG dbcounter [-] [107093] Writing DB stats neutron:SELECT=94,neutron:UPDATE=5,neutron:INSERT=1 {{(pid=107093) stat_writer /usr/local/lib/python3.8/dist-packages/dbcounter.py:114}}
Aug 30 06:56:13.878480 dv-neutron-853115-2-hyperv neutron-server[107091]: DEBUG neutron.plugins.ml2.drivers.mech_agent [None req-80927c54-69b6-4881-9c57-6fcb2ff627bf tempest-PortsAdminExtendedAttrsTestJSON-1458739080 tempest-PortsAdminExtendedAttrsTestJSON-1458739080-project-admin] Checking segment: {'id': '058ced05-56f0-4bd5-93ad-aa401d5cdbce', 'network_type': 'vlan', 'physical_network': 'physnet1', 'segmentation_id': 128, 'network_id': '1bd0de2f-759f-44b9-a696-9d15043e61ca'} for mappings: {'physnet1': 'br-data'} with network types: ['local', 'flat', 'vlan'] {{(pid=107091) check_segment_for_agent /opt/stack/neutron/neutron/plugins/ml2/drivers/mech_agent.py:373}}
Aug 30 06:56:13.888643 dv-neutron-853115-2-hyperv neutron-server[107092]: INFO neutron.wsgi [None req-ee8b58ba-8832-40fd-b00f-35031e5fd80a tempest-MeteringTestJSON-267800322 tempest-MeteringTestJSON-267800322-project-admin] 10.222.0.25 "GET /networking/v2.0/metering/metering-labels/2ee47891-bc69-4dfb-a696-11f0f372c88f HTTP/1.1" status: 200 len: 473 time: 0.3986115
Aug 30 06:56:13.889733 dv-neutron-853115-2-hyperv neutron-server[107091]: DEBUG neutron.scheduler.dhcp_agent_scheduler [None req-80927c54-69b6-4881-9c57-6fcb2ff627bf tempest-PortsAdminExtendedAttrsTestJSON-1458739080 tempest-PortsAdminExtendedAttrsTestJSON-1458739080-project-admin] Network hostable DHCP agents. Network: 1bd0de2f-759f-44b9-a696-9d15043e61ca, hostable agents: ['3d02d10d-4c3f-4a5c-92e0-2dc904d36755'], hosted agents: [] {{(pid=107091) _get_network_hostable_dhcp_agents /opt/stack/neutron/neutron/scheduler/dhcp_agent_scheduler.py:329}}
Aug 30 06:56:13.892085 dv-neutron-853115-2-hyperv neutron-server[107091]: DEBUG neutron.wsgi [-] (107091) accepted ('10.222.0.25', 38756) {{(pid=107091) server /usr/local/lib/python3.8/dist-packages/eventlet/wsgi.py:1004}}
Aug 30 06:56:13.920245 dv-neutron-853115-2-hyperv neutron-server[107092]: DEBUG neutron_lib.callbacks.manager [None req-96bad450-3a25-4ae5-86d1-83fa78c236a9 tempest-ExternalNetworksTestJSON-742369358 tempest-ExternalNetworksTestJSON-742369358-project-admin] Subscribe: > segment before_delete 55550000 {{(pid=107092) subscribe /usr/local/lib/python3.8/dist-packages/neutron_lib/callbacks/manager.py:45}}
Aug 30 06:56:13.920626 dv-neutron-853115-2-hyperv neutron-server[107092]: DEBUG neutron_lib.callbacks.manager [None req-96bad450-3a25-4ae5-86d1-83fa78c236a9 tempest-ExternalNetworksTestJSON-742369358 tempest-ExternalNetworksTestJSON-742369358-project-admin] Subscribe: > subnet precommit_delete_associations 55550000 {{(pid=107092) subscribe /usr/local/lib/python3.8/dist-packages/neutron_lib/callbacks/manager.py:45}}
Aug 30 06:56:13.921354 dv-neutron-853115-2-hyperv neutron-server[107092]: DEBUG neutron_lib.callbacks.manager [None req-96bad450-3a25-4ae5-86d1-83fa78c236a9 tempest-ExternalNetworksTestJSON-742369358 tempest-ExternalNetworksTestJSON-742369358-project-admin] Subscribe: > segment_host_mapping after_create 55550000 {{(pid=107092) subscribe /usr/local/lib/python3.8/dist-packages/neutron_lib/callbacks/manager.py:45}}
Aug 30 06:56:13.921981 dv-neutron-853115-2-hyperv neutron-server[107092]: DEBUG neutron_lib.callbacks.manager [None req-96bad450-3a25-4ae5-86d1-83fa78c236a9 tempest-ExternalNetworksTestJSON-742369358 tempest-ExternalNetworksTestJSON-742369358-project-admin] Subscribe: > port after_create 55550000 {{(pid=107092) subscribe /usr/local/lib/python3.8/dist-packages/neutron_lib/callbacks/manager.py:45}}
Aug 30 06:56:13.921981 dv-neutron-853115-2-hyperv neutron-server[107092]: DEBUG neutron_lib.callbacks.manager [None req-96bad450-3a25-4ae5-86d1-83fa78c236a9 tempest-ExternalNetworksTestJSON-742369358 tempest-ExternalNetworksTestJSON-742369358-project-admin] Subscribe: > port after_delete 55550000 {{(pid=107092) subscribe /usr/local/lib/python3.8/dist-packages/neutron_lib/callbacks/manager.py:45}}
Aug 30 06:56:13.922336 dv-neutron-853115-2-hyperv neutron-server[107092]: DEBUG neutron_lib.callbacks.manager [None req-96bad450-3a25-4ae5-86d1-83fa78c236a9 tempest-ExternalNetworksTestJSON-742369358 tempest-ExternalNetworksTestJSON-742369358-project-admin] Subscribe: > port after_update 55550000 {{(pid=107092) subscribe /usr/local/lib/python3.8/dist-packages/neutron_lib/callbacks/manager.py:45}}
Aug 30 06:56:13.922729 dv-neutron-853115-2-hyperv neutron-server[107092]: DEBUG neutron_lib.callbacks.manager [None req-96bad450-3a25-4ae5-86d1-83fa78c236a9 tempest-ExternalNetworksTestJSON-742369358 tempest-ExternalNetworksTestJSON-742369358-project-admin] Subscribe: > segment after_delete 55550000 {{(pid=107092) subscribe /usr/local/lib/python3.8/dist-packages/neutron_lib/callbacks/manager.py:45}}
Aug 30 06:56:13.923073 dv-neutron-853115-2-hyperv neutron-server[107092]: DEBUG neutron_lib.callbacks.manager [None req-96bad450-3a25-4ae5-86d1-83fa78c236a9 tempest-ExternalNetworksTestJSON-742369358 tempest-ExternalNetworksTestJSON-742369358-project-admin] Subscribe: > subnet after_create 55550000 {{(pid=107092) subscribe /usr/local/lib/python3.8/dist-packages/neutron_lib/callbacks/manager.py:45}}
Aug 30 06:56:13.923822 dv-neutron-853115-2-hyperv neutron-server[107092]: DEBUG neutron_lib.callbacks.manager [None req-96bad450-3a25-4ae5-86d1-83fa78c236a9 tempest-ExternalNetworksTestJSON-742369358 tempest-ExternalNetworksTestJSON-742369358-project-admin] Subscribe: > subnet after_delete 55550000 {{(pid=107092) subscribe /usr/local/lib/python3.8/dist-packages/neutron_lib/callbacks/manager.py:45}}
Aug 30 06:56:13.923822 dv-neutron-853115-2-hyperv neutron-server[107092]: DEBUG neutron_lib.callbacks.manager [None req-96bad450-3a25-4ae5-86d1-83fa78c236a9 tempest-ExternalNetworksTestJSON-742369358 tempest-ExternalNetworksTestJSON-742369358-project-admin] Subscribe: > subnet after_update 55550000 {{(pid=107092) subscribe /usr/local/lib/python3.8/dist-packages/neutron_lib/callbacks/manager.py:45}}
Aug 30 06:56:13.965665 dv-neutron-853115-2-hyperv neutron-server[107093]: DEBUG neutron.api.rpc.handlers.resources_rpc [None req-c443a9d8-3c7d-4ad9-bcce-3e2f195476cd None None] Pushing event updated for resources: {'Port': ['ID=9deef26d-6be3-4e5f-a961-936d683facfd,revision_number=3']} {{(pid=107093) push /opt/stack/neutron/neutron/api/rpc/handlers/resources_rpc.py:237}}
Aug 30 06:56:14.007824 dv-neutron-853115-2-hyperv neutron-server[107091]: INFO neutron.wsgi [None req-b5af5bf8-92e4-4c69-80f8-ce9857ab2cdc tempest-MeteringTestJSON-267800322 tempest-MeteringTestJSON-267800322-project-admin] 10.222.0.25 "GET /networking/v2.0/metering/metering-label-rules/05efb11f-b533-48a0-8e48-0671b096277b HTTP/1.1" status: 200 len: 461 time: 0.0723541
Aug 30 06:56:14.015524 dv-neutron-853115-2-hyperv neutron-server[107091]: DEBUG neutron_lib.callbacks.manager [None req-82cfe5b1-8780-488b-a53a-4206a961f1d7 tempest-AllowedAddressPairIpV6TestJSON-1685484386 tempest-AllowedAddressPairIpV6TestJSON-1685484386-project] Publish callbacks ['neutron.plugins.ml2.plugin.SecurityGroupDbMixin._ensure_default_security_group_handler-607281'] for port (None), before_create {{(pid=107091) _notify_loop /usr/local/lib/python3.8/dist-packages/neutron_lib/callbacks/manager.py:176}}
Aug 30 06:56:14.017358 dv-neutron-853115-2-hyperv neutron-server[107091]: DEBUG neutron.wsgi [-] (107091) accepted ('10.222.0.25', 38758) {{(pid=107091) server /usr/local/lib/python3.8/dist-packages/eventlet/wsgi.py:1004}}
Aug 30 06:56:14.052973 dv-neutron-853115-2-hyperv neutron-server[107093]: DEBUG neutron_lib.callbacks.manager [None req-6c586dfe-63bf-4f6a-b884-cffabdf71951 None None] Publish callbacks ['neutron.plugins.ml2.plugin.SecurityGroupServerNotifierRpcMixin._notify_sg_on_port_change-607346', 'neutron.plugins.ml2.ovo_rpc._ObjectChangeHandler.handle_event-500839', 'neutron.api.rpc.agentnotifiers.dhcp_rpc_agent_api.DhcpAgentNotifyAPI._native_event_send_dhcp_notification-3683157', 'neutron.db.l3_dvrscheduler_db._notify_l3_agent_new_port-8765249987624'] for port (df8ee53d-4f50-45f6-adac-9960a5b164a8), after_create {{(pid=107093) _notify_loop /usr/local/lib/python3.8/dist-packages/neutron_lib/callbacks/manager.py:176}}
Aug 30 06:56:14.070924 dv-neutron-853115-2-hyperv neutron-server[107093]: DEBUG neutron.plugins.ml2.db [None req-9c1716ab-59dd-467b-ac2b-bf44eb349e68 None None] For port 86e79e7c-9e2a-499a-98d8-faddda330731, host dv-neutron-853115-2-hyperv, got binding levels [PortBindingLevel(driver='openvswitch',host='dv-neutron-853115-2-hyperv',level=0,port_id=86e79e7c-9e2a-499a-98d8-faddda330731,segment=NetworkSegment(0d7074f5-1f43-4744-bafb-42628304fa4b),segment_id=0d7074f5-1f43-4744-bafb-42628304fa4b)] {{(pid=107093) get_binding_level_objs /opt/stack/neutron/neutron/plugins/ml2/db.py:74}}
Aug 30 06:56:14.074747 dv-neutron-853115-2-hyperv neutron-server[107091]: DEBUG neutron.db.db_base_plugin_common [None req-ad927e09-ea8e-4d92-8af7-e73536468cbb admin admin] Allocated IP 172.20.0.1 (906acece-cff4-4fe8-865f-86c9b67fd5af/fa05c7ec-f250-45c1-a24b-553195b9b856/018176f9-aedf-4dfc-8820-e48fee7295f1) {{(pid=107091) _store_ip_allocation /opt/stack/neutron/neutron/db/db_base_plugin_common.py:131}}
Aug 30 06:56:14.083004 dv-neutron-853115-2-hyperv neutron-server[107091]: DEBUG neutron.scheduler.dhcp_agent_scheduler [None req-80927c54-69b6-4881-9c57-6fcb2ff627bf tempest-PortsAdminExtendedAttrsTestJSON-1458739080 tempest-PortsAdminExtendedAttrsTestJSON-1458739080-project-admin] Network 1bd0de2f-759f-44b9-a696-9d15043e61ca is scheduled to be hosted by DHCP agent 3d02d10d-4c3f-4a5c-92e0-2dc904d36755 with binding_index 1 {{(pid=107091) bind /opt/stack/neutron/neutron/scheduler/dhcp_agent_scheduler.py:227}}
Aug 30 06:56:14.102395 dv-neutron-853115-2-hyperv neutron-server[107091]: DEBUG dbcounter [-] [107091] Writing DB stats neutron:SELECT=91,neutron:INSERT=5,neutron:UPDATE=3,neutron:DELETE=1 {{(pid=107091) stat_writer /usr/local/lib/python3.8/dist-packages/dbcounter.py:114}}
Aug 30 06:56:14.140158 dv-neutron-853115-2-hyperv neutron-server[107093]: DEBUG neutron_lib.callbacks.manager [None req-9c1716ab-59dd-467b-ac2b-bf44eb349e68 None None] Publish callbacks ['neutron.plugins.ml2.plugin.SecurityGroupServerNotifierRpcMixin._notify_sg_on_port_change-607346', 'neutron.plugins.ml2.ovo_rpc._ObjectChangeHandler.handle_event-500839', 'neutron.api.rpc.agentnotifiers.dhcp_rpc_agent_api.DhcpAgentNotifyAPI._native_event_send_dhcp_notification-3683157', 'neutron.db.l3_db.L3RpcNotifierMixin._notify_gateway_port_ip_changed-8765250434946', 'neutron.db.l3_dvrscheduler_db._notify_l3_agent_port_update-8765249987642', 'neutron.db.l3_hascheduler_db._notify_l3_agent_ha_port_update-8765249987660'] for port (86e79e7c-9e2a-499a-98d8-faddda330731), after_update {{(pid=107093) _notify_loop /usr/local/lib/python3.8/dist-packages/neutron_lib/callbacks/manager.py:176}}
Aug 30 06:56:14.144110 dv-neutron-853115-2-hyperv neutron-server[107093]: DEBUG neutron.db.provisioning_blocks [None req-f407b251-b397-4917-9a47-59d128a85991 None None] Provisioning complete for port 86e79e7c-9e2a-499a-98d8-faddda330731 triggered by entity L2. {{(pid=107093) provisioning_complete /opt/stack/neutron/neutron/db/provisioning_blocks.py:144}}
Aug 30 06:56:14.144312 dv-neutron-853115-2-hyperv neutron-server[107093]: DEBUG neutron_lib.callbacks.manager [None req-f407b251-b397-4917-9a47-59d128a85991 None None] Publish callbacks ['neutron.plugins.ml2.plugin.Ml2Plugin._port_provisioned-997984'] for port (86e79e7c-9e2a-499a-98d8-faddda330731), provisioning_complete {{(pid=107093) _notify_loop /usr/local/lib/python3.8/dist-packages/neutron_lib/callbacks/manager.py:176}}
Aug 30 06:56:14.147186 dv-neutron-853115-2-hyperv neutron-server[107093]: DEBUG neutron.db.l3_dvrscheduler_db [None req-822a5738-fffd-415d-8968-b87a60a78a5d None None] Routers {'054ae53c-b364-4a2e-a26e-c6c0a621051e'} bound to L3 agent in host dv-neutron-853115-2-hyperv {{(pid=107093) _get_router_ids_for_agent /opt/stack/neutron/neutron/db/l3_dvrscheduler_db.py:422}}
Aug 30 06:56:14.148221 dv-neutron-853115-2-hyperv neutron-server[107093]: DEBUG neutron.db.l3_hamode_db [None req-822a5738-fffd-415d-8968-b87a60a78a5d None None] neutron.services.l3_router.l3_router_plugin.L3RouterPlugin method get_ha_sync_data_for_host called with arguments (, 'dv-neutron-853115-2-hyperv', Agent(admin_state_up=True,agent_type='L3 agent',availability_zone='nova',binary='neutron-l3-agent',configurations={"agent_mode": "legacy", "ex_gw_ports": 1, "extensions": [], "floating_ips": 0, "handle_internal_only_routers": true, "interface_driver": "openvswitch", "interfaces": 1, "log_agent_heartbeats": false, "routers": 1},created_at=2022-08-30T06:48:50Z,description=,heartbeat_timestamp=2022-08-30T06:55:50Z,host='dv-neutron-853115-2-hyperv',id=70236572-9c13-4eb7-9bc4-6d0571d7ea0d,load=0,resource_versions=,resources_synced=,started_at=2022-08-30T06:48:50Z,topic='l3_agent')) {'router_ids': ['054ae53c-b364-4a2e-a26e-c6c0a621051e'], 'active': True} {{(pid=107093) wrapper /usr/local/lib/python3.8/dist-packages/oslo_log/helpers.py:65}}
Aug 30 06:56:14.156930 dv-neutron-853115-2-hyperv neutron-server[107093]: DEBUG neutron.api.rpc.handlers.resources_rpc [None req-6c586dfe-63bf-4f6a-b884-cffabdf71951 None None] Pushing event updated for resources: {'Port': ['ID=df8ee53d-4f50-45f6-adac-9960a5b164a8,revision_number=1']} {{(pid=107093) push /opt/stack/neutron/neutron/api/rpc/handlers/resources_rpc.py:237}}
Aug 30 06:56:14.200487 dv-neutron-853115-2-hyperv neutron-server[107092]: DEBUG neutron_lib.callbacks.manager [None req-96bad450-3a25-4ae5-86d1-83fa78c236a9 tempest-ExternalNetworksTestJSON-742369358 tempest-ExternalNetworksTestJSON-742369358-project-admin] Subscribe: > subnet after_create 55550000 {{(pid=107092) subscribe /usr/local/lib/python3.8/dist-packages/neutron_lib/callbacks/manager.py:45}}
Aug 30 06:56:14.201214 dv-neutron-853115-2-hyperv neutron-server[107092]: DEBUG neutron_lib.callbacks.manager [None req-96bad450-3a25-4ae5-86d1-83fa78c236a9 tempest-ExternalNetworksTestJSON-742369358 tempest-ExternalNetworksTestJSON-742369358-project-admin] Subscribe: > subnet after_delete 55550000 {{(pid=107092) subscribe /usr/local/lib/python3.8/dist-packages/neutron_lib/callbacks/manager.py:45}}
Aug 30 06:56:14.201769 dv-neutron-853115-2-hyperv neutron-server[107092]: DEBUG neutron_lib.callbacks.manager [None req-96bad450-3a25-4ae5-86d1-83fa78c236a9 tempest-ExternalNetworksTestJSON-742369358 tempest-ExternalNetworksTestJSON-742369358-project-admin] Subscribe: > subnet before_create 55550000 {{(pid=107092) subscribe /usr/local/lib/python3.8/dist-packages/neutron_lib/callbacks/manager.py:45}}
Aug 30 06:56:14.202307 dv-neutron-853115-2-hyperv neutron-server[107092]: DEBUG neutron_lib.callbacks.manager [None req-96bad450-3a25-4ae5-86d1-83fa78c236a9 tempest-ExternalNetworksTestJSON-742369358 tempest-ExternalNetworksTestJSON-742369358-project-admin] Subscribe: > subnet before_update 55550000 {{(pid=107092) subscribe /usr/local/lib/python3.8/dist-packages/neutron_lib/callbacks/manager.py:45}}
Aug 30 06:56:14.202900 dv-neutron-853115-2-hyperv neutron-server[107092]: DEBUG neutron.services.segments.db [None req-96bad450-3a25-4ae5-86d1-83fa78c236a9 tempest-ExternalNetworksTestJSON-742369358 tempest-ExternalNetworksTestJSON-742369358-project-admin] neutron.services.segments.plugin.Plugin method get_segments called with arguments (,) {'filters': {'network_id': ['32644da1-1598-471d-9254-a8f1fe37903e']}} {{(pid=107092) wrapper /usr/local/lib/python3.8/dist-packages/oslo_log/helpers.py:65}}
Aug 30 06:56:14.217707 dv-neutron-853115-2-hyperv neutron-server[107093]: DEBUG neutron.scheduler.dhcp_agent_scheduler [None req-6c586dfe-63bf-4f6a-b884-cffabdf71951 None None] Network 22b917f0-f687-4d33-bd9f-ead5c307b0a7 is already hosted by enough agents. {{(pid=107093) _get_dhcp_agents_hosting_network /opt/stack/neutron/neutron/scheduler/dhcp_agent_scheduler.py:275}}
Aug 30 06:56:14.224586 dv-neutron-853115-2-hyperv neutron-server[107091]: DEBUG neutron_lib.db.api [None req-6f7d7b75-85ef-4ae4-b433-139040a52f59 tempest-DHCPAgentSchedulersTestJSON-140121037 tempest-DHCPAgentSchedulersTestJSON-140121037-project] Retry wrapper got retriable exception: Failed to create a duplicate IpamAllocation: for attribute(s) ['ipamallocations.PRIMARY'] with value(s) 172.20.0.2-710a199d-b43b-4ed3-9c4d-f9778872bdbb {{(pid=107091) wrapped /usr/local/lib/python3.8/dist-packages/neutron_lib/db/api.py:188}}
Aug 30 06:56:14.224985 dv-neutron-853115-2-hyperv neutron-server[107091]: DEBUG oslo_db.api [None req-6f7d7b75-85ef-4ae4-b433-139040a52f59 tempest-DHCPAgentSchedulersTestJSON-140121037 tempest-DHCPAgentSchedulersTestJSON-140121037-project] Performing DB retry for function neutron.plugins.ml2.plugin.Ml2Plugin.create_port {{(pid=107091) wrapper /usr/local/lib/python3.8/dist-packages/oslo_db/api.py:155}}
Aug 30 06:56:14.227259 dv-neutron-853115-2-hyperv neutron-server[107091]: DEBUG neutron.notifiers.nova [None req-82cfe5b1-8780-488b-a53a-4206a961f1d7 tempest-AllowedAddressPairIpV6TestJSON-1685484386 tempest-AllowedAddressPairIpV6TestJSON-1685484386-project] device_id is not set on port 35559ca0-7bc5-4496-a870-ee741cf66a97 yet. {{(pid=107091) _can_notify /opt/stack/neutron/neutron/notifiers/nova.py:199}}
Aug 30 06:56:14.235285 dv-neutron-853115-2-hyperv neutron-server[107091]: DEBUG neutron_lib.callbacks.manager [None req-ad927e09-ea8e-4d92-8af7-e73536468cbb admin admin] Publish callbacks [] for port (018176f9-aedf-4dfc-8820-e48fee7295f1), precommit_create {{(pid=107091) _notify_loop /usr/local/lib/python3.8/dist-packages/neutron_lib/callbacks/manager.py:176}}
Aug 30 06:56:14.236911 dv-neutron-853115-2-hyperv neutron-server[107091]: DEBUG neutron.scheduler.base_scheduler [None req-80927c54-69b6-4881-9c57-6fcb2ff627bf tempest-PortsAdminExtendedAttrsTestJSON-1458739080 tempest-PortsAdminExtendedAttrsTestJSON-1458739080-project-admin] Resources bound (agent type, host, resource id): (DHCP agent, dv-neutron-853115-2-hyperv, 1bd0de2f-759f-44b9-a696-9d15043e61ca) {{(pid=107091) schedule /opt/stack/neutron/neutron/scheduler/base_scheduler.py:57}}
Aug 30 06:56:14.275049 dv-neutron-853115-2-hyperv neutron-server[107093]: DEBUG neutron.scheduler.base_scheduler [None req-6c586dfe-63bf-4f6a-b884-cffabdf71951 None None] Resources bound (agent type, host, resource id): {{(pid=107093) schedule /opt/stack/neutron/neutron/scheduler/base_scheduler.py:57}}
Aug 30 06:56:14.278792 dv-neutron-853115-2-hyperv neutron-server[107093]: DEBUG neutron.db.l3_dvrscheduler_db [None req-6c586dfe-63bf-4f6a-b884-cffabdf71951 None None] Received port after_create {{(pid=107093) _notify_l3_agent_new_port /opt/stack/neutron/neutron/db/l3_dvrscheduler_db.py:538}}
Aug 30 06:56:14.285960 dv-neutron-853115-2-hyperv neutron-server[107091]: DEBUG neutron.db.l3_dvrscheduler_db [None req-80927c54-69b6-4881-9c57-6fcb2ff627bf tempest-PortsAdminExtendedAttrsTestJSON-1458739080 tempest-PortsAdminExtendedAttrsTestJSON-1458739080-project-admin] Received port after_create {{(pid=107091) _notify_l3_agent_new_port /opt/stack/neutron/neutron/db/l3_dvrscheduler_db.py:538}}
Aug 30 06:56:14.324855 dv-neutron-853115-2-hyperv neutron-server[107093]: DEBUG neutron.api.rpc.handlers.dhcp_rpc [None req-76d42f75-85e1-4dac-ae85-070a449ca9d9 None None] Network 1bd0de2f-759f-44b9-a696-9d15043e61ca requested from dv-neutron-853115-2-hyperv {{(pid=107093) get_network_info /opt/stack/neutron/neutron/api/rpc/handlers/dhcp_rpc.py:191}}
Aug 30 06:56:14.359564 dv-neutron-853115-2-hyperv neutron-server[107092]: DEBUG neutron.db.db_base_plugin_common [None req-e3c2effa-c293-4012-8b52-487c1917e1c5 admin admin] Allocated IP 172.20.0.1 (13aaba53-7c8e-4e3c-a407-ecbaaf0374d4/0b3302ab-a1ec-471c-a576-8a4fe98446fd/051ce073-15c7-447b-9450-979994661042) {{(pid=107092) _store_ip_allocation /opt/stack/neutron/neutron/db/db_base_plugin_common.py:131}}
Aug 30 06:56:14.395521 dv-neutron-853115-2-hyperv neutron-server[107091]: DEBUG dbcounter [-] [107091] Writing DB stats neutron:SELECT=91,neutron:INSERT=6,neutron:UPDATE=3 {{(pid=107091) stat_writer /usr/local/lib/python3.8/dist-packages/dbcounter.py:114}}
Aug 30 06:56:14.397251 dv-neutron-853115-2-hyperv neutron-server[107091]: DEBUG neutron_lib.callbacks.manager [None req-ad927e09-ea8e-4d92-8af7-e73536468cbb admin admin] Publish callbacks ['neutron.plugins.ml2.plugin.SecurityGroupServerNotifierRpcMixin._notify_sg_on_port_change-607346', 'neutron.plugins.ml2.ovo_rpc._ObjectChangeHandler.handle_event-500839', 'neutron.api.rpc.agentnotifiers.dhcp_rpc_agent_api.DhcpAgentNotifyAPI._native_event_send_dhcp_notification-3683157', 'neutron.db.l3_dvrscheduler_db._notify_l3_agent_new_port-8765249987624'] for port (018176f9-aedf-4dfc-8820-e48fee7295f1), after_create {{(pid=107091) _notify_loop /usr/local/lib/python3.8/dist-packages/neutron_lib/callbacks/manager.py:176}}
Aug 30 06:56:14.451125 dv-neutron-853115-2-hyperv neutron-server[107093]: DEBUG neutron.api.rpc.handlers.resources_rpc [None req-9c1716ab-59dd-467b-ac2b-bf44eb349e68 None None] Pushing event updated for resources: {'Port': ['ID=86e79e7c-9e2a-499a-98d8-faddda330731,revision_number=3']} {{(pid=107093) push /opt/stack/neutron/neutron/api/rpc/handlers/resources_rpc.py:237}}
Aug 30 06:56:14.457048 dv-neutron-853115-2-hyperv neutron-server[107091]: DEBUG neutron_lib.callbacks.manager [None req-2f583213-3d0e-45c6-b9c2-5d6cd7930e67 tempest-MeteringTestJSON-267800322 tempest-MeteringTestJSON-267800322-project-admin] Publish callbacks [] for metering_label_rule (None), before_response {{(pid=107091) _notify_loop /usr/local/lib/python3.8/dist-packages/neutron_lib/callbacks/manager.py:176}}
Aug 30 06:56:14.460478 dv-neutron-853115-2-hyperv neutron-server[107091]: INFO neutron.wsgi [None req-2f583213-3d0e-45c6-b9c2-5d6cd7930e67 tempest-MeteringTestJSON-267800322 tempest-MeteringTestJSON-267800322-project-admin] 10.222.0.25 "DELETE /networking/v2.0/metering/metering-label-rules/05efb11f-b533-48a0-8e48-0671b096277b HTTP/1.1" status: 204 len: 168 time: 0.4340687
Aug 30 06:56:14.467601 dv-neutron-853115-2-hyperv neutron-server[107091]: DEBUG neutron.wsgi [-] (107091) accepted ('10.222.0.25', 38760) {{(pid=107091) server /usr/local/lib/python3.8/dist-packages/eventlet/wsgi.py:1004}}
Aug 30 06:56:14.479615 dv-neutron-853115-2-hyperv neutron-server[107092]: DEBUG neutron_lib.callbacks.manager [None req-e3c2effa-c293-4012-8b52-487c1917e1c5 admin admin] Publish callbacks [] for port (051ce073-15c7-447b-9450-979994661042), precommit_create {{(pid=107092) _notify_loop /usr/local/lib/python3.8/dist-packages/neutron_lib/callbacks/manager.py:176}}
Aug 30 06:56:14.493026 dv-neutron-853115-2-hyperv neutron-server[107091]: DEBUG neutron.plugins.ml2.managers [None req-80927c54-69b6-4881-9c57-6fcb2ff627bf tempest-PortsAdminExtendedAttrsTestJSON-1458739080 tempest-PortsAdminExtendedAttrsTestJSON-1458739080-project-admin] Attempting to bind port 7ef47bf4-a198-4ef2-bc16-6065616d3dda on host hv-neutron-8531 for vnic_type normal with profile {{(pid=107091) bind_port /opt/stack/neutron/neutron/plugins/ml2/managers.py:810}}
Aug 30 06:56:14.493380 dv-neutron-853115-2-hyperv neutron-server[107091]: DEBUG neutron.plugins.ml2.managers [None req-80927c54-69b6-4881-9c57-6fcb2ff627bf tempest-PortsAdminExtendedAttrsTestJSON-1458739080 tempest-PortsAdminExtendedAttrsTestJSON-1458739080-project-admin] Attempting to bind port 7ef47bf4-a198-4ef2-bc16-6065616d3dda by drivers openvswitch,hyperv on host hv-neutron-8531 at level 0 using segments [{'id': '058ced05-56f0-4bd5-93ad-aa401d5cdbce', 'network_type': 'vlan', 'physical_network': 'physnet1', 'segmentation_id': 128, 'network_id': '1bd0de2f-759f-44b9-a696-9d15043e61ca'}] {{(pid=107091) _bind_port_level /opt/stack/neutron/neutron/plugins/ml2/managers.py:835}}
Aug 30 06:56:14.493759 dv-neutron-853115-2-hyperv neutron-server[107091]: DEBUG neutron.plugins.ml2.drivers.mech_agent [None req-80927c54-69b6-4881-9c57-6fcb2ff627bf tempest-PortsAdminExtendedAttrsTestJSON-1458739080 tempest-PortsAdminExtendedAttrsTestJSON-1458739080-project-admin] Attempting to bind port 7ef47bf4-a198-4ef2-bc16-6065616d3dda on network 1bd0de2f-759f-44b9-a696-9d15043e61ca {{(pid=107091) bind_port /opt/stack/neutron/neutron/plugins/ml2/drivers/mech_agent.py:91}}
Aug 30 06:56:14.504730 dv-neutron-853115-2-hyperv neutron-server[107092]: DEBUG neutron.services.segments.db [None req-96bad450-3a25-4ae5-86d1-83fa78c236a9 tempest-ExternalNetworksTestJSON-742369358 tempest-ExternalNetworksTestJSON-742369358-project-admin] neutron.services.segments.plugin.Plugin method delete_segment called with arguments (, '6a331382-a99f-456f-af20-943395b7ba81') {'for_net_delete': True} {{(pid=107092) wrapper /usr/local/lib/python3.8/dist-packages/oslo_log/helpers.py:65}}
Aug 30 06:56:14.505084 dv-neutron-853115-2-hyperv neutron-server[107092]: DEBUG neutron.services.segments.db [None req-96bad450-3a25-4ae5-86d1-83fa78c236a9 tempest-ExternalNetworksTestJSON-742369358 tempest-ExternalNetworksTestJSON-742369358-project-admin] neutron.services.segments.plugin.Plugin method get_segment called with arguments (, '6a331382-a99f-456f-af20-943395b7ba81') {} {{(pid=107092) wrapper /usr/local/lib/python3.8/dist-packages/oslo_log/helpers.py:65}}
Aug 30 06:56:14.541897 dv-neutron-853115-2-hyperv neutron-server[107092]: DEBUG neutron_lib.callbacks.manager [None req-96bad450-3a25-4ae5-86d1-83fa78c236a9 tempest-ExternalNetworksTestJSON-742369358 tempest-ExternalNetworksTestJSON-742369358-project-admin] Publish callbacks ['neutron.plugins.ml2.db._prevent_segment_delete_with_port_bound-8765250534319', 'neutron.services.segments.plugin.Plugin._prevent_segment_delete_with_subnet_associated-10456854'] for segment (6a331382-a99f-456f-af20-943395b7ba81), before_delete {{(pid=107092) _notify_loop /usr/local/lib/python3.8/dist-packages/neutron_lib/callbacks/manager.py:176}}
Aug 30 06:56:14.557393 dv-neutron-853115-2-hyperv neutron-server[107092]: INFO neutron.pecan_wsgi.hooks.translation [None req-22226ea0-5aa4-4091-97d0-82c89f270c56 tempest-ExternalNetworksAdminNegativeTestJSON-882058851 tempest-ExternalNetworksAdminNegativeTestJSON-882058851-project-admin] POST failed (client error): There was a conflict when trying to complete your request.
Aug 30 06:56:14.557931 dv-neutron-853115-2-hyperv neutron-server[107092]: DEBUG neutron.pecan_wsgi.hooks.notifier [None req-22226ea0-5aa4-4091-97d0-82c89f270c56 tempest-ExternalNetworksAdminNegativeTestJSON-882058851 tempest-ExternalNetworksAdminNegativeTestJSON-882058851-project-admin] No notification will be sent due to unsuccessful status code: 409 {{(pid=107092) after /opt/stack/neutron/neutron/pecan_wsgi/hooks/notifier.py:78}}
Aug 30 06:56:14.573935 dv-neutron-853115-2-hyperv neutron-server[107091]: DEBUG neutron.scheduler.dhcp_agent_scheduler [None req-ad927e09-ea8e-4d92-8af7-e73536468cbb admin admin] Network 906acece-cff4-4fe8-865f-86c9b67fd5af is already hosted by enough agents. {{(pid=107091) _get_dhcp_agents_hosting_network /opt/stack/neutron/neutron/scheduler/dhcp_agent_scheduler.py:275}}
Aug 30 06:56:14.581600 dv-neutron-853115-2-hyperv neutron-server[107092]: DEBUG neutron_lib.callbacks.manager [None req-96bad450-3a25-4ae5-86d1-83fa78c236a9 tempest-ExternalNetworksTestJSON-742369358 tempest-ExternalNetworksTestJSON-742369358-project-admin] Publish callbacks ['neutron.plugins.ml2.plugin.Ml2Plugin._handle_segment_change-993913'] for segment (6a331382-a99f-456f-af20-943395b7ba81), precommit_delete {{(pid=107092) _notify_loop /usr/local/lib/python3.8/dist-packages/neutron_lib/callbacks/manager.py:176}}
Aug 30 06:56:14.591833 dv-neutron-853115-2-hyperv neutron-server[107092]: DEBUG neutron_lib.callbacks.manager [None req-e3c2effa-c293-4012-8b52-487c1917e1c5 admin admin] Publish callbacks ['neutron.plugins.ml2.plugin.SecurityGroupServerNotifierRpcMixin._notify_sg_on_port_change-607346', 'neutron.plugins.ml2.ovo_rpc._ObjectChangeHandler.handle_event-500839', 'neutron.api.rpc.agentnotifiers.dhcp_rpc_agent_api.DhcpAgentNotifyAPI._native_event_send_dhcp_notification-3683157', 'neutron.db.l3_dvrscheduler_db._notify_l3_agent_new_port-8765249987624', 'neutron.services.segments.plugin.NovaSegmentNotifier._notify_port_created_or_deleted-2104070'] for port (051ce073-15c7-447b-9450-979994661042), after_create {{(pid=107092) _notify_loop /usr/local/lib/python3.8/dist-packages/neutron_lib/callbacks/manager.py:176}}
Aug 30 06:56:14.594460 dv-neutron-853115-2-hyperv neutron-server[107092]: DEBUG neutron.plugins.ml2.drivers.type_vlan [None req-96bad450-3a25-4ae5-86d1-83fa78c236a9 tempest-ExternalNetworksTestJSON-742369358 tempest-ExternalNetworksTestJSON-742369358-project-admin] Releasing vlan 103 on physical network physnet1 to pool {{(pid=107092) release_segment /opt/stack/neutron/neutron/plugins/ml2/drivers/type_vlan.py:304}}
Aug 30 06:56:14.594848 dv-neutron-853115-2-hyperv neutron-server[107092]: DEBUG neutron_lib.callbacks.manager [None req-96bad450-3a25-4ae5-86d1-83fa78c236a9 tempest-ExternalNetworksTestJSON-742369358 tempest-ExternalNetworksTestJSON-742369358-project-admin] Publish callbacks ['neutron.plugins.ml2.plugin.Ml2Plugin._handle_segment_change-993913', 'neutron.services.segments.plugin.NovaSegmentNotifier._notify_segment_deleted-2104147'] for segment (6a331382-a99f-456f-af20-943395b7ba81), after_delete {{(pid=107092) _notify_loop /usr/local/lib/python3.8/dist-packages/neutron_lib/callbacks/manager.py:176}}
Aug 30 06:56:14.608912 dv-neutron-853115-2-hyperv neutron-server[107091]: DEBUG neutron.scheduler.base_scheduler [None req-ad927e09-ea8e-4d92-8af7-e73536468cbb admin admin] Resources bound (agent type, host, resource id): {{(pid=107091) schedule /opt/stack/neutron/neutron/scheduler/base_scheduler.py:57}}
Aug 30 06:56:14.611571 dv-neutron-853115-2-hyperv neutron-server[107091]: DEBUG neutron.db.l3_dvrscheduler_db [None req-ad927e09-ea8e-4d92-8af7-e73536468cbb admin admin] Received port after_create {{(pid=107091) _notify_l3_agent_new_port /opt/stack/neutron/neutron/db/l3_dvrscheduler_db.py:538}}
Aug 30 06:56:14.612109 dv-neutron-853115-2-hyperv neutron-server[107091]: DEBUG neutron_lib.callbacks.manager [None req-ad927e09-ea8e-4d92-8af7-e73536468cbb admin admin] Publish callbacks ['neutron.services.l3_router.l3_router_plugin.DVRResourceOperationHandler._add_csnat_on_interface_create-4146009'] for router_interface (054ae53c-b364-4a2e-a26e-c6c0a621051e), before_create {{(pid=107091) _notify_loop /usr/local/lib/python3.8/dist-packages/neutron_lib/callbacks/manager.py:176}}
Aug 30 06:56:14.624890 dv-neutron-853115-2-hyperv neutron-server[107091]: DEBUG neutron.plugins.ml2.drivers.mech_agent [None req-80927c54-69b6-4881-9c57-6fcb2ff627bf tempest-PortsAdminExtendedAttrsTestJSON-1458739080 tempest-PortsAdminExtendedAttrsTestJSON-1458739080-project-admin] Port 7ef47bf4-a198-4ef2-bc16-6065616d3dda on network 1bd0de2f-759f-44b9-a696-9d15043e61ca not bound, no agent of type Open vSwitch agent registered on host hv-neutron-8531 {{(pid=107091) bind_port /opt/stack/neutron/neutron/plugins/ml2/drivers/mech_agent.py:103}}
Aug 30 06:56:14.625237 dv-neutron-853115-2-hyperv neutron-server[107091]: ERROR neutron.plugins.ml2.managers [None req-80927c54-69b6-4881-9c57-6fcb2ff627bf tempest-PortsAdminExtendedAttrsTestJSON-1458739080 tempest-PortsAdminExtendedAttrsTestJSON-1458739080-project-admin] Failed to bind port 7ef47bf4-a198-4ef2-bc16-6065616d3dda on host hv-neutron-8531 for vnic_type normal using segments [{'id': '058ced05-56f0-4bd5-93ad-aa401d5cdbce', 'network_type': 'vlan', 'physical_network': 'physnet1', 'segmentation_id': 128, 'network_id': '1bd0de2f-759f-44b9-a696-9d15043e61ca'}]
Aug 30 06:56:14.626015 dv-neutron-853115-2-hyperv neutron-server[107092]: INFO neutron.wsgi [None req-22226ea0-5aa4-4091-97d0-82c89f270c56 tempest-ExternalNetworksAdminNegativeTestJSON-882058851 tempest-ExternalNetworksAdminNegativeTestJSON-882058851-project-admin] 10.222.0.25 "POST /networking/v2.0/ports HTTP/1.1" status: 409 len: 372 time: 1.8241816
Aug 30 06:56:14.701560 dv-neutron-853115-2-hyperv neutron-server[107091]: INFO neutron.plugins.ml2.plugin [None req-80927c54-69b6-4881-9c57-6fcb2ff627bf tempest-PortsAdminExtendedAttrsTestJSON-1458739080 tempest-PortsAdminExtendedAttrsTestJSON-1458739080-project-admin] Attempt 2 to bind port 7ef47bf4-a198-4ef2-bc16-6065616d3dda
Aug 30 06:56:14.711489 dv-neutron-853115-2-hyperv neutron-server[107093]: DEBUG neutron.plugins.ml2.plugin [None req-f407b251-b397-4917-9a47-59d128a85991 None None] Current status of the port 86e79e7c-9e2a-499a-98d8-faddda330731 is: ACTIVE; New status is: ACTIVE {{(pid=107093) _update_individual_port_db_status /opt/stack/neutron/neutron/plugins/ml2/plugin.py:2302}}
Aug 30 06:56:14.760373 dv-neutron-853115-2-hyperv neutron-server[107092]: DEBUG neutron.wsgi [-] (107092) accepted ('10.222.0.25', 38764) {{(pid=107092) server /usr/local/lib/python3.8/dist-packages/eventlet/wsgi.py:1004}}
Aug 30 06:56:14.776233 dv-neutron-853115-2-hyperv neutron-server[107091]: DEBUG neutron.plugins.ml2.managers [None req-80927c54-69b6-4881-9c57-6fcb2ff627bf tempest-PortsAdminExtendedAttrsTestJSON-1458739080 tempest-PortsAdminExtendedAttrsTestJSON-1458739080-project-admin] Attempting to bind port 7ef47bf4-a198-4ef2-bc16-6065616d3dda on host hv-neutron-8531 for vnic_type normal with profile {{(pid=107091) bind_port /opt/stack/neutron/neutron/plugins/ml2/managers.py:810}}
Aug 30 06:56:14.776564 dv-neutron-853115-2-hyperv neutron-server[107091]: DEBUG neutron.plugins.ml2.managers [None req-80927c54-69b6-4881-9c57-6fcb2ff627bf tempest-PortsAdminExtendedAttrsTestJSON-1458739080 tempest-PortsAdminExtendedAttrsTestJSON-1458739080-project-admin] Attempting to bind port 7ef47bf4-a198-4ef2-bc16-6065616d3dda by drivers openvswitch,hyperv on host hv-neutron-8531 at level 0 using segments [{'id': '058ced05-56f0-4bd5-93ad-aa401d5cdbce', 'network_type': 'vlan', 'physical_network': 'physnet1', 'segmentation_id': 128, 'network_id': '1bd0de2f-759f-44b9-a696-9d15043e61ca'}] {{(pid=107091) _bind_port_level /opt/stack/neutron/neutron/plugins/ml2/managers.py:835}}
Aug 30 06:56:14.776908 dv-neutron-853115-2-hyperv neutron-server[107091]: DEBUG neutron.plugins.ml2.drivers.mech_agent [None req-80927c54-69b6-4881-9c57-6fcb2ff627bf tempest-PortsAdminExtendedAttrsTestJSON-1458739080 tempest-PortsAdminExtendedAttrsTestJSON-1458739080-project-admin] Attempting to bind port 7ef47bf4-a198-4ef2-bc16-6065616d3dda on network 1bd0de2f-759f-44b9-a696-9d15043e61ca {{(pid=107091) bind_port /opt/stack/neutron/neutron/plugins/ml2/drivers/mech_agent.py:91}}
Aug 30 06:56:14.779054 dv-neutron-853115-2-hyperv neutron-server[107091]: DEBUG neutron_lib.callbacks.manager [None req-6f7d7b75-85ef-4ae4-b433-139040a52f59 tempest-DHCPAgentSchedulersTestJSON-140121037 tempest-DHCPAgentSchedulersTestJSON-140121037-project] Publish callbacks ['neutron.plugins.ml2.plugin.SecurityGroupDbMixin._ensure_default_security_group_handler-607281'] for port (None), before_create {{(pid=107091) _notify_loop /usr/local/lib/python3.8/dist-packages/neutron_lib/callbacks/manager.py:176}}
Aug 30 06:56:14.796855 dv-neutron-853115-2-hyperv neutron-server[107092]: DEBUG neutron.scheduler.dhcp_agent_scheduler [None req-e3c2effa-c293-4012-8b52-487c1917e1c5 admin admin] Network 13aaba53-7c8e-4e3c-a407-ecbaaf0374d4 is already hosted by enough agents. {{(pid=107092) _get_dhcp_agents_hosting_network /opt/stack/neutron/neutron/scheduler/dhcp_agent_scheduler.py:275}}
Aug 30 06:56:14.817363 dv-neutron-853115-2-hyperv neutron-server[107091]: DEBUG neutron.notifiers.nova [None req-6f7d7b75-85ef-4ae4-b433-139040a52f59 tempest-DHCPAgentSchedulersTestJSON-140121037 tempest-DHCPAgentSchedulersTestJSON-140121037-project] device_id is not set on port 3a995476-c23a-4f96-a098-647a20aa8a60 yet. {{(pid=107091) _can_notify /opt/stack/neutron/neutron/notifiers/nova.py:199}}
Aug 30 06:56:14.846187 dv-neutron-853115-2-hyperv neutron-server[107093]: DEBUG neutron.plugins.ml2.managers [None req-6c586dfe-63bf-4f6a-b884-cffabdf71951 None None] Attempting to bind port df8ee53d-4f50-45f6-adac-9960a5b164a8 on host dv-neutron-853115-2-hyperv for vnic_type normal with profile {{(pid=107093) bind_port /opt/stack/neutron/neutron/plugins/ml2/managers.py:810}}
Aug 30 06:56:14.846550 dv-neutron-853115-2-hyperv neutron-server[107093]: DEBUG neutron.plugins.ml2.managers [None req-6c586dfe-63bf-4f6a-b884-cffabdf71951 None None] Attempting to bind port df8ee53d-4f50-45f6-adac-9960a5b164a8 by drivers openvswitch,hyperv on host dv-neutron-853115-2-hyperv at level 0 using segments [{'id': '7d1f21bc-97ed-43e5-bb54-c047d14a614a', 'network_type': 'vlan', 'physical_network': 'physnet1', 'segmentation_id': 140, 'network_id': '22b917f0-f687-4d33-bd9f-ead5c307b0a7'}] {{(pid=107093) _bind_port_level /opt/stack/neutron/neutron/plugins/ml2/managers.py:835}}
Aug 30 06:56:14.846908 dv-neutron-853115-2-hyperv neutron-server[107093]: DEBUG neutron.plugins.ml2.drivers.mech_agent [None req-6c586dfe-63bf-4f6a-b884-cffabdf71951 None None] Attempting to bind port df8ee53d-4f50-45f6-adac-9960a5b164a8 on network 22b917f0-f687-4d33-bd9f-ead5c307b0a7 {{(pid=107093) bind_port /opt/stack/neutron/neutron/plugins/ml2/drivers/mech_agent.py:91}}
Aug 30 06:56:14.849213 dv-neutron-853115-2-hyperv neutron-server[107093]: DEBUG neutron.db.provisioning_blocks [None req-c9f05d1d-d3a8-4092-ada2-42d079b1f77f None None] Provisioning complete for port 86e79e7c-9e2a-499a-98d8-faddda330731 triggered by entity DHCP. {{(pid=107093) provisioning_complete /opt/stack/neutron/neutron/db/provisioning_blocks.py:144}}
Aug 30 06:56:14.849572 dv-neutron-853115-2-hyperv neutron-server[107093]: DEBUG neutron_lib.callbacks.manager [None req-c9f05d1d-d3a8-4092-ada2-42d079b1f77f None None] Publish callbacks ['neutron.plugins.ml2.plugin.Ml2Plugin._port_provisioned-997984'] for port (86e79e7c-9e2a-499a-98d8-faddda330731), provisioning_complete {{(pid=107093) _notify_loop /usr/local/lib/python3.8/dist-packages/neutron_lib/callbacks/manager.py:176}}
Aug 30 06:56:14.855640 dv-neutron-853115-2-hyperv neutron-server[107092]: DEBUG neutron.scheduler.base_scheduler [None req-e3c2effa-c293-4012-8b52-487c1917e1c5 admin admin] Resources bound (agent type, host, resource id): {{(pid=107092) schedule /opt/stack/neutron/neutron/scheduler/base_scheduler.py:57}}
Aug 30 06:56:14.865866 dv-neutron-853115-2-hyperv neutron-server[107092]: DEBUG neutron_lib.callbacks.manager [None req-96bad450-3a25-4ae5-86d1-83fa78c236a9 tempest-ExternalNetworksTestJSON-742369358 tempest-ExternalNetworksTestJSON-742369358-project-admin] Publish callbacks ['neutron.plugins.ml2.plugin.Ml2Plugin._network_delete_after_delete_handler-991754', 'neutron.plugins.ml2.ovo_rpc._ObjectChangeHandler.handle_event-3777619', 'neutron.api.rpc.agentnotifiers.dhcp_rpc_agent_api.DhcpAgentNotifyAPI._native_event_send_dhcp_notification-3683157', 'neutron.services.l3_router.l3_router_plugin.DVRResourceOperationHandler.delete_fip_namespaces_for_ext_net-4145613'] for network (32644da1-1598-471d-9254-a8f1fe37903e), after_delete {{(pid=107092) _notify_loop /usr/local/lib/python3.8/dist-packages/neutron_lib/callbacks/manager.py:176}}
Aug 30 06:56:14.890417 dv-neutron-853115-2-hyperv neutron-server[107093]: DEBUG neutron.plugins.ml2.drivers.mech_agent [None req-6c586dfe-63bf-4f6a-b884-cffabdf71951 None None] Checking agent: {'id': '61f71c0d-4d92-462b-a855-884e55d9b335', 'agent_type': 'Open vSwitch agent', 'binary': 'neutron-openvswitch-agent', 'topic': 'N/A', 'host': 'dv-neutron-853115-2-hyperv', 'admin_state_up': True, 'created_at': datetime.datetime(2022, 8, 30, 6, 48, 53), 'started_at': datetime.datetime(2022, 8, 30, 6, 49, 23), 'heartbeat_timestamp': datetime.datetime(2022, 8, 30, 6, 55, 53), 'description': None, 'resources_synced': None, 'availability_zone': None, 'alive': True, 'configurations': {'arp_responder_enabled': False, 'baremetal_smartnic': False, 'bridge_mappings': {'physnet1': 'br-data'}, 'datapath_type': 'system', 'devices': 0, 'enable_distributed_routing': False, 'extensions': [], 'in_distributed_mode': False, 'integration_bridge': 'br-int', 'l2_population': False, 'log_agent_heartbeats': False, 'ovs_capabilities': {'datapath_types': ['netdev', 'system'], 'iface_types': ['erspan', 'geneve', 'gre', 'internal', 'ip6erspan', 'ip6gre', 'lisp', 'patch', 'stt', 'system', 'tap', 'vxlan']}, 'ovs_hybrid_plug': False, 'resource_provider_bandwidths': {}, 'resource_provider_hypervisors': {'br-data': 'dv-neutron-853115-2-hyperv'}, 'resource_provider_inventory_defaults': {'allocation_ratio': 1.0, 'min_unit': 1, 'step_size': 1, 'reserved': 0}, 'resource_provider_packet_processing_inventory_defaults': {'allocation_ratio': 1.0, 'min_unit': 1, 'step_size': 1, 'reserved': 0}, 'resource_provider_packet_processing_with_direction': {}, 'resource_provider_packet_processing_without_direction': {}, 'tunnel_types': [], 'tunneling_ip': None, 'vhostuser_socket_dir': '/var/run/openvswitch'}, 'resource_versions': {'AddressGroup': '1.2', 'Agent': '1.1', 'ConntrackHelper': '1.0', 'LocalIPAssociation': '1.0', 'Log': '1.0', 'NDPProxy': '1.0', 'Network': '1.1', 'Port': '1.7', 'PortForwarding': '1.3', 'QosPolicy': '1.10', 'SecurityGroup': '1.5', 'SecurityGroupRule': '1.2', 'SubPort': '1.0', 'Subnet': '1.1', 'Trunk': '1.1'}} {{(pid=107093) bind_port /opt/stack/neutron/neutron/plugins/ml2/drivers/mech_agent.py:110}}
Aug 30 06:56:14.890728 dv-neutron-853115-2-hyperv neutron-server[107093]: DEBUG neutron.plugins.ml2.drivers.mech_agent [None req-6c586dfe-63bf-4f6a-b884-cffabdf71951 None None] Checking segment: {'id': '7d1f21bc-97ed-43e5-bb54-c047d14a614a', 'network_type': 'vlan', 'physical_network': 'physnet1', 'segmentation_id': 140, 'network_id': '22b917f0-f687-4d33-bd9f-ead5c307b0a7'} for mappings: {'physnet1': 'br-data'} with network types: ['local', 'flat', 'vlan'] {{(pid=107093) check_segment_for_agent /opt/stack/neutron/neutron/plugins/ml2/drivers/mech_agent.py:373}}
Aug 30 06:56:14.891129 dv-neutron-853115-2-hyperv neutron-server[107093]: DEBUG neutron_lib.callbacks.manager [None req-6c586dfe-63bf-4f6a-b884-cffabdf71951 None None] Publish callbacks [] for ovs_bridge_name (None), before_read {{(pid=107093) _notify_loop /usr/local/lib/python3.8/dist-packages/neutron_lib/callbacks/manager.py:176}}
Aug 30 06:56:14.891526 dv-neutron-853115-2-hyperv neutron-server[107093]: DEBUG neutron.plugins.ml2.drivers.mech_agent [None req-6c586dfe-63bf-4f6a-b884-cffabdf71951 None None] Bound using segment: {'id': '7d1f21bc-97ed-43e5-bb54-c047d14a614a', 'network_type': 'vlan', 'physical_network': 'physnet1', 'segmentation_id': 140, 'network_id': '22b917f0-f687-4d33-bd9f-ead5c307b0a7'} {{(pid=107093) bind_port /opt/stack/neutron/neutron/plugins/ml2/drivers/mech_agent.py:120}}
Aug 30 06:56:14.892021 dv-neutron-853115-2-hyperv neutron-server[107093]: DEBUG neutron.plugins.ml2.managers [None req-6c586dfe-63bf-4f6a-b884-cffabdf71951 None None] Bound port: df8ee53d-4f50-45f6-adac-9960a5b164a8, host: dv-neutron-853115-2-hyperv, vif_type: ovs, vif_details: {"connectivity": "l2", "port_filter": true, "ovs_hybrid_plug": false, "datapath_type": "system", "bridge_name": "br-int"}, binding_levels: [{'bound_driver': 'openvswitch', 'bound_segment': {'id': '7d1f21bc-97ed-43e5-bb54-c047d14a614a', 'network_type': 'vlan', 'physical_network': 'physnet1', 'segmentation_id': 140, 'network_id': '22b917f0-f687-4d33-bd9f-ead5c307b0a7'}}] {{(pid=107093) _bind_port_level /opt/stack/neutron/neutron/plugins/ml2/managers.py:947}}
Aug 30 06:56:14.892394 dv-neutron-853115-2-hyperv neutron-server[107093]: DEBUG neutron_lib.callbacks.manager [None req-6c586dfe-63bf-4f6a-b884-cffabdf71951 None None] Publish callbacks ['neutron.plugins.ml2.plugin.SecurityGroupDbMixin._ensure_default_security_group_handler-607281'] for port (df8ee53d-4f50-45f6-adac-9960a5b164a8), before_update {{(pid=107093) _notify_loop /usr/local/lib/python3.8/dist-packages/neutron_lib/callbacks/manager.py:176}}
Aug 30 06:56:14.920931 dv-neutron-853115-2-hyperv neutron-server[107092]: DEBUG neutron.db.l3_dvrscheduler_db [None req-e3c2effa-c293-4012-8b52-487c1917e1c5 admin admin] Received port after_create {{(pid=107092) _notify_l3_agent_new_port /opt/stack/neutron/neutron/db/l3_dvrscheduler_db.py:538}}
Aug 30 06:56:14.981838 dv-neutron-853115-2-hyperv neutron-server[107092]: DEBUG neutron_lib.callbacks.manager [None req-e3c2effa-c293-4012-8b52-487c1917e1c5 admin admin] Publish callbacks ['neutron.services.l3_router.l3_router_plugin.DVRResourceOperationHandler._add_csnat_on_interface_create-4146009'] for router_interface (238086ae-4693-470f-9094-ee6246603424), before_create {{(pid=107092) _notify_loop /usr/local/lib/python3.8/dist-packages/neutron_lib/callbacks/manager.py:176}}
Aug 30 06:56:15.016757 dv-neutron-853115-2-hyperv neutron-server[107092]: DEBUG dbcounter [-] [107092] Writing DB stats neutron:SELECT=89,neutron:INSERT=2,neutron:UPDATE=2,neutron:DELETE=7 {{(pid=107092) stat_writer /usr/local/lib/python3.8/dist-packages/dbcounter.py:114}}
Aug 30 06:56:15.098764 dv-neutron-853115-2-hyperv neutron-server[107093]: DEBUG neutron.plugins.ml2.db [None req-6c586dfe-63bf-4f6a-b884-cffabdf71951 None None] For port df8ee53d-4f50-45f6-adac-9960a5b164a8, host dv-neutron-853115-2-hyperv, cleared binding levels {{(pid=107093) clear_binding_levels /opt/stack/neutron/neutron/plugins/ml2/db.py:87}}
Aug 30 06:56:15.102403 dv-neutron-853115-2-hyperv neutron-server[107093]: DEBUG neutron.plugins.ml2.db [None req-6c586dfe-63bf-4f6a-b884-cffabdf71951 None None] For port df8ee53d-4f50-45f6-adac-9960a5b164a8, host dv-neutron-853115-2-hyperv, set binding levels [PortBindingLevel(driver='openvswitch',host='dv-neutron-853115-2-hyperv',level=0,port_id=df8ee53d-4f50-45f6-adac-9960a5b164a8,segment=NetworkSegment(7d1f21bc-97ed-43e5-bb54-c047d14a614a),segment_id=7d1f21bc-97ed-43e5-bb54-c047d14a614a)] {{(pid=107093) set_binding_levels /opt/stack/neutron/neutron/plugins/ml2/db.py:59}}
Aug 30 06:56:15.131150 dv-neutron-853115-2-hyperv neutron-server[107093]: DEBUG neutron.db.l3_dvr_db [None req-822a5738-fffd-415d-8968-b87a60a78a5d None None] Set router 054ae53c-b364-4a2e-a26e-c6c0a621051e gateway port host: dv-neutron-853115-2-hyperv {{(pid=107093) _build_routers_list /opt/stack/neutron/neutron/db/l3_dvr_db.py:907}}
Aug 30 06:56:15.154387 dv-neutron-853115-2-hyperv neutron-server[107091]: DEBUG neutron.plugins.ml2.drivers.mech_agent [None req-80927c54-69b6-4881-9c57-6fcb2ff627bf tempest-PortsAdminExtendedAttrsTestJSON-1458739080 tempest-PortsAdminExtendedAttrsTestJSON-1458739080-project-admin] Port 7ef47bf4-a198-4ef2-bc16-6065616d3dda on network 1bd0de2f-759f-44b9-a696-9d15043e61ca not bound, no agent of type Open vSwitch agent registered on host hv-neutron-8531 {{(pid=107091) bind_port /opt/stack/neutron/neutron/plugins/ml2/drivers/mech_agent.py:103}}
Aug 30 06:56:15.154849 dv-neutron-853115-2-hyperv neutron-server[107091]: ERROR neutron.plugins.ml2.managers [None req-80927c54-69b6-4881-9c57-6fcb2ff627bf tempest-PortsAdminExtendedAttrsTestJSON-1458739080 tempest-PortsAdminExtendedAttrsTestJSON-1458739080-project-admin] Failed to bind port 7ef47bf4-a198-4ef2-bc16-6065616d3dda on host hv-neutron-8531 for vnic_type normal using segments [{'id': '058ced05-56f0-4bd5-93ad-aa401d5cdbce', 'network_type': 'vlan', 'physical_network': 'physnet1', 'segmentation_id': 128, 'network_id': '1bd0de2f-759f-44b9-a696-9d15043e61ca'}]
Aug 30 06:56:15.155192 dv-neutron-853115-2-hyperv neutron-server[107091]: DEBUG neutron.api.rpc.handlers.resources_rpc [None req-ad927e09-ea8e-4d92-8af7-e73536468cbb admin admin] Pushing event updated for resources: {'Port': ['ID=018176f9-aedf-4dfc-8820-e48fee7295f1,revision_number=1']} {{(pid=107091) push /opt/stack/neutron/neutron/api/rpc/handlers/resources_rpc.py:237}}
Aug 30 06:56:15.171984 dv-neutron-853115-2-hyperv neutron-server[107091]: INFO neutron.plugins.ml2.plugin [None req-80927c54-69b6-4881-9c57-6fcb2ff627bf tempest-PortsAdminExtendedAttrsTestJSON-1458739080 tempest-PortsAdminExtendedAttrsTestJSON-1458739080-project-admin] Attempt 3 to bind port 7ef47bf4-a198-4ef2-bc16-6065616d3dda
